INSERT INTO `tx_personinfo` (`id`, `sort`, `userid`, `name`, `sex`, `birthday`, `origin`, `nation`, `partymember`, `worktime`, `intime`, `inadj`, `inyear`, `posttime`, `postadj`, `unitkind`, `postname`, `unitname`, `isleader`, `lastposttime`, `lastunitkind`, `lastpostname`, `lastunitname`, `area`, `education`, `educationtime`, `schooltime`, `educationadj`, `teacherinfo`, `teacherbegin`, `teacherend`, `teacheradj`, `oneinfo`, `onebegin`, `oneend`, `oneadj`, `check2`, `check5`, `coveradj`, `cadre`, `retiretime`, `height`, `note`, `addon`,`ywcadre`) VALUES ('4854','0','68','郭太正','男','1983-01','贵州织金','汉族','党员','2006-07','2006-07','0','0','2017-05','0','机关单位','乡科级正职','西藏那曲','领导职务','','','','','','大专','2008-07','3','0','','','','0','','','','0','0','0','0','否','','0','','',''),('4804','5','68','达布朗杰旺久','男','1957-06','','藏族','','2011-05','2011-05','0','0','2016-05','0','机关单位','县处级正职','西藏那曲','领导职务','','','','','','大专','2003-07','3','8','','','','0','','','','0','0','0','0','否','','0','','',''),('4819','0','68','吉仲洛桑旦增','男','1953-12','西藏索县','藏族','','1973-07','1973-07','0','0','2010-07','0','机关单位','县处级正职','西藏那曲','领导职务','','','','','','暂时没有','','0','0','','','','0','','','','0','2006','2006','0','否','','0','','',''),('4871','33','68','米玛','男','1976-09','西藏山南','藏族','党员','2001-07','2001-07','0','0','2018-07','0','机关单位','乡科级正职','西藏那曲','领导职务','','','','','','大专','2001-07','3','0','','','','0','','','','0','0','0','0','否','','0','','',''),('4805','3','68','洛桑旦增','男','1952-06','','藏族','','2011-01','2011-01','0','0','2016-06','0','机关单位','县处级正职','西藏那曲','领导职务','','','','','','暂时没有','','0','0','','','','0','','','','0','0','0','0','否','','0','','',''),('4917','0','68','次珍','女','1989-02','拉萨曲水','藏族','党员','2012-11','2012-11','0','0','2018-07','0','机关单位','科员','西藏那曲','非领导职务','','','','','','本科','2012-11','4','0','','','','0','','','','0','0','0','0','否','','0','','',''),('4797','1','68','加色贡桑旦增','男','1943-02','','藏族','','1971-04','1971-04','0','0','1985-12','0','机关单位','厅局级副职','自治区佛协','领导职务','','','','','','暂时没有','','0','0','','','','0','','','','0','0','0','0','否','','0','','','');|INSERT INTO `tx_jobinfo` (`id`, `personid`, `sort`, `oldposttime`, `oldpostkind`, `oldpostname`, `oldarea`, `oldunitkind`, `oldunitname`, `oldisleader`, `height`)  VALUES ('43704','4805','0','2016-06','公务员','县处级正职','四类区','机关单位','西藏那曲','领导职务','0'),('43763','4871','0','2018-07','公务员','乡科级正职','四类区','机关单位','西藏那曲','领导职务','0'),('36130','4917','0','2018-07','公务员','科员','四类区','机关单位','西藏那曲','非领导职务','0'),('36129','4917','0','2016-03','事业单位管理人员','管理九级-科员','四类区','事业单位','西藏那曲','','0'),('43703','4805','0','2011-01','公务员','县处级副职','三类区','机关单位','西藏比如','领导职务','0'),('30414','4854','0','2006-07','公务员','科员','四类区','机关单位','西藏那曲','非领导职务','0'),('22534','4819','0','2010-07','公务员','县处级正职','四类区','机关单位','西藏那曲','领导职务','0'),('30415','4854','0','2013-05','公务员','乡科级副职','四类区','机关单位','西藏那曲','领导职务','0'),('22533','4819','0','1995-09','公务员','县处级副职','四类区','机关单位','西藏那曲','领导职务','0'),('43760','4871','0','2010-07','事业单位管理人员','管理九级-科员','四类区','事业单位','西藏那曲','','0'),('43759','4871','0','2001-07','事业单位专业技术人员','专技十三级-员级','四类区','事业单位','西藏那曲','','0'),('40935','4804','0','2011-05','公务员','县处级副职','三类区','机关单位','西藏索县','领导职务','0'),('30416','4854','0','2017-05','公务员','乡科级正职','四类区','机关单位','西藏那曲','领导职务','0'),('40936','4804','0','2016-05','公务员','县处级正职','四类区','机关单位','西藏那曲','领导职务','0'),('43762','4871','0','2015-04','事业单位管理人员','管理七级-正科','四类区','机关单位','西藏那曲','','0'),('36128','4917','0','2012-11','事业单位专业技术人员','专技十二级-助理','四类区','事业单位','西藏那曲','','0'),('40181','4797','0','1985-12','公务员','厅局级副职','四类区','机关单位','自治区佛协','领导职务','0'),('43761','4871','0','2013-01','事业单位管理人员','管理八级-副科','四类区','机关单位','西藏那曲','','0');|INSERT INTO `tx_heightinfo` (`id`, `personid`, `area`, `city`, `county`, `height`, `acc`, `iscity`, `heightid`, `gettime`)  VALUES ('21914','4797','那曲地区','那曲地区','那曲地区','4527','6-1-1','否','0','1971-04'),('13352','4819','那曲地区','那曲地区','那曲地区','4527','6-1-1','否','393473','2003-08'),('13351','4819','那曲地区','比如县','比如县','4130','6-4-1','否','394241','1973-07'),('20078','4917','那曲地区','申扎县','申扎镇','4750','6-9-2','是','0','2012-11'),('23627','4805','那曲地区','索县','索县','4096','6-8-1','否','0','2011-01'),('23664','4871','那曲地区','那曲县','那曲镇第二小学','4683','6-2-4','是','0','2009-03'),('23665','4871','那曲地区','那曲地区','那曲地区','4527','6-1-1','否','0','2011-07'),('23628','4805','那曲地区','那曲地区','那曲地区','4527','6-1-1','否','0','2016-06'),('23663','4871','那曲地区','比如县','比如县','4130','6-4-1','否','0','2001-07'),('17513','4854','那曲地区','那曲地区','那曲地区','4527','6-1-1','否','0','2006-07'),('22312','4804','那曲地区','比如县','比如县','4130','6-4-1','否','0','2011-01'),('20079','4917','那曲地区','那曲地区','那曲地区','4527','6-1-1','否','0','2016-04'),('22313','4804','那曲地区','那曲地区','那曲地区','4527','6-1-1','否','0','2016-05');|