INSERT INTO `tx_personinfo` (`id`, `sort`, `userid`, `name`, `sex`, `birthday`, `origin`, `nation`, `partymember`, `worktime`, `intime`, `inadj`, `inyear`, `posttime`, `postadj`, `unitkind`, `postname`, `unitname`, `isleader`, `lastposttime`, `lastunitkind`, `lastpostname`, `lastunitname`, `area`, `education`, `educationtime`, `schooltime`, `educationadj`, `teacherinfo`, `teacherbegin`, `teacherend`, `teacheradj`, `oneinfo`, `onebegin`, `oneend`, `oneadj`, `check2`, `check5`, `coveradj`, `cadre`, `retiretime`, `height`, `note`, `addon`) VALUES ('5479','0','93','央金卓嘎','女','1950-10','青海','藏族','党员','1970-10','1995-10','0','0','1995-10','0','事业单位','乡科级正职','西藏生育健康培训中心','非领导职务','','','','','','中专','1970-06','0','0','','','','0','','','','0','2006','2006','0','否','2003-01','0','',''),('6401','0','93','格萨拉姆','女','1996-01','西藏自治区日喀则地区萨迦县','藏族','团员','2017-11','2017-11','0','0','2017-11','0','事业单位','管理九级-科员','西藏人口和优生优育宣教中心','','','','','','','本科','2017-06','4','0','','','','0','','','','0','2017','2017','0','否','','0','学士学位',''),('2322','0','93','颜璐','女','1990-10','陕西洋县','汉族','党员','2008-12','2008-12','0','0','2015-10','0','事业单位','技术工五级-初级工','区生育健康培训中心','','','','','','','高中','2008-07','0','0','','','','0','','','','0','2008','2008','0','否','','0','',''),('2246','0','93','次珍','女','1969-11','西藏江孜','藏族','党员','1991-08','1991-08','0','0','2015-10','0','事业单位','管理七级-正科','区生育健康培训中心','领导职务','','','','','','中专','1991-07','6','0','','','','0','','','','0','0','0','0','否','2017-12','0','',''),('2325','0','93','王洪友','男','1990-04','安徽阜阳','汉族','党员','2009-12','2009-12','0','0','2015-08','0','事业单位','普通-普通工','区生育健康培训中心','','','','','','','高中','2007-07','0','0','','','','0','','','','0','2009','2009','0','否','','0','',''),('2323','0','93','次朗','男','1990-10','四川巴塘','藏族','党员','2008-12','2008-12','0','0','2015-08','0','事业单位','普通-普通工','区生育健康培训中心','','','','','','','高中','2008-07','0','0','','','','0','','','','0','0','0','0','否','','0','',''),('2296','0','93','仁青加措','男','1982-07','西藏昌都','藏族','党员','2000-12','2000-12','0','0','2013-07','0','事业单位','技术工四级-中级工','区生育健康培训中心','','','','','','','初中','2016-12','0','0','','','','0','','','','0','2006','2006','0','否','','0','',''),('2320','0','93','司明俊杰','男','1988-02','四川南充','藏族','','2006-12','2006-12','0','0','2009-08','0','事业单位','普通-普通工','区生育健康培训中心','','','','','','','高中','2006-07','0','0','','','','0','','','','0','2006','2006','0','否','','0','',''),('2257','0','93','德吉央宗','女','1973-11','河北邯郸','藏族','党员','1994-06','1994-06','0','0','2015-10','0','事业单位','管理七级-正科','区生育健康培训中心','非领导职务','','','','','','中专','1994-06','6','0','','','','0','','','','0','0','0','0','否','','0','学名 李红云 ',''),('2321','0','93','赵书燕','女','1972-07','河南遂平','汉族','','1990-09','2007-05','0','0','2012-08','0','事业单位','技术工三级-高级工','区生育健康培训中心','','','','','','','高中','1990-07','0','0','','','','0','','','','0','0','0','0','否','','0','',''),('2324','0','93','次旺晋美','男','1987-02','西藏拉萨','藏族','团员','2005-12','2005-12','0','0','2014-06','0','事业单位','技术工五级-初级工','区生育健康培训中心','','','','','','','高中','2005-06','0','0','','','','0','','','','0','2006','2006','0','否','','0','',''),('2299','0','93','次旦南加','男','1986-05','西藏日喀则','藏族','党员','2003-12','2003-12','0','0','2015-08','0','事业单位','技术工四级-中级工','区生育健康培训中心','','','','','','','高中','','2','0','','','','0','','','','0','2006','2006','0','否','','0','',''),('2319','0','93','尹清春','女','1962-07','四川德阳','汉族','','1996-12','1996-11','0','0','2008-01','0','事业单位','技术工三级-高级工','区生育健康培训中心','','','','','','','高中','1985-07','0','0','','','','0','','','','0','0','0','0','否','','0','',''),('2326','0','93','刘奇','男','1991-08','山东','汉族','','2010-12','2010-12','0','0','2015-08','0','事业单位','普通-普通工','区生育健康培训中心','','','','','','','高中','2010-06','0','0','','','','0','','','','0','2010','2010','0','否','','0','',''),('2255','0','93','毕香玲','女','1968-09','甘肃武威','藏族','党员','1984-12','1984-12','0','0','2015-10','0','事业单位','管理七级-正科','区生育健康培训中心','非领导职务','','','','','','高中','1984-07','0','0','','','','0','','','','0','0','0','0','否','2017-10','0','',''),('5270','0','93','达贵','男','1962-08','西藏日喀则','藏族','党员','1974-02','1974-02','0','0','2012-04','0','事业单位','管理五级-正县','生育健康培训中心','领导职务','','','','','','初中','1972-07','0','0','','','','0','','','','0','2006','2006','0','否','2016-01','0','',''),('5418','0','93','张丽群','女','1980-06','四川广安','汉族','党员','2001-07','2001-07','0','0','2017-04','0','事业单位','管理六级-副县','西藏人口优生优育宣教中心','非领导职务','','','','','','大专','2001-07','3','0','','','','0','','','','0','0','0','0','否','','0','',''),('5269','0','93','参曲拉姆','女','1964-06','四川乐山','藏族','团员','1985-06','1985-06','0','0','2010-01','0','事业单位','技术工三级-高级工','西藏生育健康培训中心','','','','','','','高中','1984-06','0','0','','','','0','','','','0','0','0','0','否','2015-07','0','',''),('5441','0','93','吉卓玛','女','1960-06','甘肃','藏族','','1978-08','1978-08','0','0','2007-10','0','事业单位','管理七级-正科','生育健康培训中心','','','','','','','中专','1978-06','0','0','','','','0','','','','0','2006','2006','0','否','2014-08','0','',''),('5440','0','93','拉巴次仁','男','1962-02','拉萨','藏族','','1979-12','1979-12','0','0','2014-08','0','事业单位','技术工一级-高级技师','西藏生育健康培训中心','','','','','','','高中','1979-06','0','0','','','','0','','','','0','0','0','0','否','2014-08','0','',''),('5475','0','93','唐伦凤','女','1963-11','重庆','汉族','党员','1981-04','1981-04','0','0','2006-06','0','事业单位','技术工三级-高级工','西藏生育健康培训中心','','','','','','','高中','1980-06','0','0','教师','1981-04','','0','','','','0','0','0','0','否','2015-07','0','',''),('5478','0','93','余耀东','男','1963-02','广东','汉族','党员','1981-07','1981-07','0','0','2006-06','0','事业单位','技术工三级-高级工','西藏生育健康培训中心','','','','','','','中专','1981-09','0','0','','','','0','','','','0','2006','2006','0','否','2014-07','0','',''),('4775','0','93','李霞','女','1963-02','山东临沂','汉族','党员','1986-11','2006-09','0','0','2015-08','0','事业单位','技术工三级-高级工','区生育健康培训中心','','','','','','','初中','1986-07','0','0','','','','0','','','','0','2006','2006','0','否','','0','',''),('2298','0','93','拉巴卓玛','女','1965-10','西藏山南','藏族','','1990-01','1990-01','0','0','2012-08','0','事业单位','技术工三级-高级工','区生育健康培训中心','','','','','','','高中','','0','0','','','','0','','','','0','2006','2006','0','否','','0','',''),('2297','0','93','陈美玲','女','1984-10','山西朔州','汉族','','2006-05','2006-05','0','0','2017-09','0','事业单位','管理九级-科员','西藏人口和优生优育宣教中心','','','','','','','中专','2003-07','3','0','','','','0','','','','0','0','0','0','否','','0','',''),('5477','0','93','德吉','女','1968-05','四川巴塘','藏族','','1984-11','1984-11','0','0','2006-06','0','事业单位','技术工三级-高级工','西藏生育健康培训中心','','','','','','','初中','1984-07','0','0','','','','0','','','','0','2006','2006','0','否','2014-07','0','',''),('6600','','93','黄灿','女','1988-12','重庆梁平','汉族','党员','2010-07','2010-07','0','','2018-03','0','事业单位','管理九级-科员','西藏自治区人口和优生优育宣教中心','','','','','','','大专','2010-07','2','0','','','','0','','','','0','0','0','0','否','','','','');|INSERT INTO `tx_jobinfo` (`id`, `personid`, `sort`, `oldposttime`, `oldpostkind`, `oldpostname`, `oldarea`, `oldunitkind`, `oldunitname`, `oldisleader`, `height`)  VALUES ('26453','5478','0','2006-06','事业单位工人','技术工三级-高级工','二类区','事业单位','西藏生育健康培训中心','','0'),('23511','2296','0','2013-07','事业单位工人','技术工四级-中级工','二类区','事业单位','区生育健康培训中心','','0'),('25143','5270','0','2003-12','公务员','县处级副职','二类区','机关单位','康马县人民政府','领导职务','0'),('25142','5270','0','2003-02','公务员','乡科级正职','二类区','机关单位','白朗县发改委主任','领导职务','0'),('33921','6600','','2018-03','事业单位管理人员','管理九级-科员','二类区','事业单位','西藏自治区人口和优生优育宣教中心','','0'),('33920','6600','','2014-10','事业单位专业技术人员','专技十三级-员级','二类区','机关单位','西藏自治区卫生和计划生育委员会','','0'),('33917','6600','','2010-07','事业单位专业技术人员','专技十三级-员级','二类区','事业单位','林芝地区工布江达县朱拉乡小学','','0'),('33918','6600','','2011-07','事业单位专业技术人员','专技十三级-员级','二类区','事业单位','林芝地区工布江达县小学','','0'),('33919','6600','','2013-01','事业单位专业技术人员','专技十三级-员级','二类区','事业单位','西藏自治区人口和计划生育委员会','','0'),('23509','2296','0','2006-08','事业单位工人','普通-普通工','二类区','事业单位','区生育健康培训中心','','0'),('23510','2296','0','2006-11','事业单位工人','技术工五级-初级工','二类区','事业单位','区生育健康培训中心','','0'),('23389','2298','0','1999-03','事业单位工人','技术工四级-中级工','二类区','事业单位','区生育 健康培训中心','','0'),('29075','2257','0','1996-08','公务员','科员','二类区','机关单位','拉萨市尼木县卫生局','非领导职务','0'),('29068','2297','0','2006-05','事业单位专业技术人员','专技十三级-员级','二类区','事业单位','山南地区错那县人民医院','','0'),('29074','2257','0','1994-06','公务员','办事员','二类区','机关单位','拉萨市尼木县卫生局','非领导职务','0'),('26440','5475','0','1993-09','事业单位工人','技术工五级-初级工','二类区','事业单位','拉萨市第四建筑公司材料库','','0'),('26441','5475','0','1996-11','事业单位工人','技术工五级-初级工','二类区','事业单位','西藏生育健康培训中心','','0'),('26438','5475','0','1981-04','事业单位工人','普通-普通工','二类区','事业单位','八一建司小学','','0'),('26457','5479','0','1995-10','公务员','乡科级正职','二类区','事业单位','西藏生育健康培训中心','非领导职务','0'),('26456','5479','0','1984-06','公务员','乡科级正职','二类区','机关单位','青海省政协','非领导职务','0'),('26454','5479','0','1970-10','事业单位专业技术人员','专技十三级-员级','二类区','机关单位','青海省忙和县兽医站','','0'),('26449','5477','0','2006-06','事业单位工人','技术工三级-高级工','二类区','事业单位','西藏生育健康培训中心','','0'),('29078','2257','0','2010-12','公务员','乡科级正职','二类区','事业单位','区生育健康培训中心','非领导职务','0'),('26442','5475','0','2006-06','事业单位工人','技术工三级-高级工','二类区','事业单位','西藏生育健康培训中心','','0'),('29079','2257','0','2015-10','事业单位管理人员','管理七级-正科','二类区','事业单位','区生育健康培训中心','非领导职务','0'),('26216','5441','0','2007-10','事业单位管理人员','管理七级-正科','二类区','事业单位','生育健康培训中心','','0'),('26447','5477','0','1988-06','机关工人','普通工','二类区','机关单位','自治区卫生厅','','0'),('26215','5441','0','1996-10','事业单位专业技术人员','专技十级-中级','二类区','事业单位','生育健康培训中心','','0'),('26455','5479','0','1975-06','公务员','办事员','二类区','机关单位','青海省政协','非领导职务','0'),('23415','2299','0','2015-08','事业单位工人','技术工四级-中级工','二类区','事业单位','区生育健康培训中心','','0'),('25139','5270','0','1978-02','事业单位专业技术人员','专技十三级-员级','二类区','事业单位','白朗县医院','','0'),('23401','2322','0','2015-10','事业单位工人','技术工五级-初级工','二类区','事业单位','区生育健康培训中心','','0'),('23411','2299','0','2003-12','机关工人','普通工','二类区','机关单位','西藏军区77556部队73分队服役','','0'),('26402','5418','0','2017-04','事业单位管理人员','管理六级-副县','二类区','事业单位','西藏人口优生优育宣教中心','非领导职务','0'),('23388','2298','0','1994-04','事业单位工人','技术工五级-初级工','二类区','事业单位','山南地区司法处','','0'),('24635','2324','0','2005-12','机关工人','普通工','二类区','机关单位','武警林芝支队卫生队','','0'),('24941','2321','0','2007-05','事业单位工人','技术工四级-中级工','二类区','事业单位','区生育健康培训中心','','0'),('24637','2324','0','2014-06','事业单位工人','技术工五级-初级工','二类区','事业单位','区生育健康培训中心','','0'),('29070','2297','0','2014-05','事业单位专业技术人员','专技十三级-员级','二类区','事业单位','山南地区人民医院医务科','','0'),('26397','5418','0','2001-07','公务员','科员','二类区','机关单位','西藏自治区林芝察隅县谷拉乡','非领导职务','0'),('26398','5418','0','2004-11','公务员','科员','二类区','机关单位','西藏自治区林芝工作委员办公室','非领导职务','0'),('26399','5418','0','2010-04','公务员','乡科级副职','二类区','机关单位','西藏林芝工作委员会办公室','非领导职务','0'),('25140','5270','0','1994-01','事业单位管理人员','管理八级-副科','二类区','事业单位','白朗县医院','','0'),('26400','5418','0','2011-04','公务员','乡科级副职','二类区','机关单位','西藏自治区计生委办公室','非领导职务','0'),('25144','5270','0','2012-04','事业单位管理人员','管理五级-正县','二类区','事业单位','生育健康培训中心','领导职务','0'),('33234','2246','0','1991-07','事业单位专业技术人员','专技十三级-员级','二类区','事业单位','日喀则地区江孜县江热乡公办小学','','0'),('33237','2246','0','2010-12','公务员','乡科级正职','二类区','事业单位','区生育健康培训中心','非领导职务','0'),('25141','5270','0','1997-06','公务员','乡科级正职','二类区','机关单位','白朗县卫生局','领导职务','0'),('33238','2246','0','2012-07','公务员','乡科级正职','二类区','事业单位','区生育健康培训中心','领导职务','0'),('33235','2246','0','1995-11','事业单位管理人员','管理九级-科员','二类区','事业单位','区生育健康培训中心','','0'),('33236','2246','0','2007-03','公务员','乡科级副职','二类区','事业单位','区生育健康培训中心','非领导职务','0'),('33239','2246','0','2015-10','事业单位管理人员','管理七级-正科','二类区','事业单位','区生育健康培训中心','领导职务','0'),('29077','2257','0','2007-03','公务员','乡科级副职','二类区','事业单位','区生育健康培训中心','非领导职务','0'),('25066','2255','0','1996-11','事业单位管理人员','管理十级-办事员','二类区','事业单位','区生育健康培训中心','','0'),('25065','2255','0','1995-10','事业单位工人','普通-普通工','二类区','事业单位','区生育健康培训中心','','0'),('23424','2325','0','2012-11','机关工人','普通工','二类区','机关单位','区人口和计划生育委员会','','0'),('25443','2323','0','2011-09','机关工人','普通工','二类区','机关单位','区人口和计划生育委员会','','0'),('25461','2319','0','2008-01','事业单位工人','技术工三级-高级工','二类区','事业单位','区生育健康培训中心','','0'),('23414','2299','0','2014-11','机关工人','中级工','二类区','机关单位','区人口和计划生育委员会','','0'),('23512','2320','0','2006-12','机关工人','普通工','四类区','机关单位','步兵第149师','','0'),('23513','2320','0','2009-08','事业单位工人','普通-普通工','二类区','事业单位','区生育健康培训中心','','0'),('24942','2321','0','2012-08','事业单位工人','技术工三级-高级工','二类区','事业单位','区生育健康培训中心','','0'),('26265','5440','0','1979-12','机关工人','初级工','二类区','机关单位','西藏','','0'),('23400','2322','0','2012-12','机关工人','初级工','二类区','机关单位','区生育健康培训中心','','0'),('26263','5440','0','2003-11','事业单位工人','技术工三级-高级工','二类区','事业单位','西藏生育健康培训中心','','0'),('25444','2323','0','2015-08','事业单位工人','普通-普通工','二类区','事业单位','区生育健康培训中心','','0'),('26211','5441','0','1978-08','事业单位专业技术人员','专技十三级-员级','四类区','事业单位','阿里地区人民医院','','0'),('23398','2322','0','2008-12','事业单位工人','普通-普通工','二类区','机关单位','77126部队医院','','0'),('25067','2255','0','2007-03','公务员','乡科级副职','二类区','事业单位','区生育健康培训中心','非领导职务','0'),('25460','2319','0','2006-11','事业单位工人','技术工四级-中级工','二类区','事业单位','区生育健康培训中心','','0'),('26448','5477','0','1998-04','事业单位工人','技术工五级-初级工','二类区','事业单位','西藏生育健康培训中心','','0'),('25459','2319','0','1996-11','事业单位工人','普通-普通工','二类区','事业单位','自治区旅游服务公司','','0'),('26446','5477','0','1984-11','机关工人','普通工','二类区','机关单位','日喀则通讯二战','','0'),('26262','5440','0','1995-12','事业单位工人','技术工四级-中级工','二类区','事业单位','西藏生育健康培训中心','','0'),('23387','2298','0','1991-01','事业单位工人','普通-普通工','二类区','事业单位','山南地区医药公司','','0'),('25133','5269','0','1985-06','事业单位工人','普通-普通工','二类区','事业单位','拉萨饭店','','0'),('25069','2255','0','2015-10','事业单位管理人员','管理七级-正科','二类区','事业单位','区生育健康培训中心','非领导职务','0'),('25068','2255','0','2010-12','公务员','乡科级正职','二类区','事业单位','区生育健康培训中心','非领导职务','0'),('25138','5270','0','1974-02','事业单位专业技术人员','专技十三级-员级','二类区','事业单位','日喀则白朗县旺丹区卫生所','','0'),('25134','5269','0','1991-04','事业单位工人','普通-普通工','二类区','事业单位','昌都地区水利局','','0'),('25135','5269','0','1993-10','事业单位工人','技术工五级-初级工','二类区','事业单位','昌都地区水利局','','0'),('26264','5440','0','2014-08','事业单位工人','技术工一级-高级技师','二类区','事业单位','西藏生育健康培训中心','','0'),('23423','2325','0','2009-12','机关工人','普通工','二类区','机关单位','武警西藏森林总队那曲大队','','0'),('26401','5418','0','2013-09','公务员','乡科级正职','二类区','机关单位','西藏自治区计生委办公室','非领导职务','0'),('23602','2326','0','2015-08','事业单位工人','普通-普通工','二类区','事业单位','区生育健康培训中心','','0'),('25064','2255','0','1984-12','事业单位工人','普通-普通工','二类区','事业单位','拉萨市皮革厂','','0'),('23419','4775','0','2015-08','事业单位工人','技术工三级-高级工','二类区','事业单位','区生育健康培训中心','','0'),('25462','2319','0','1997-05','事业单位工人','普通-普通工','二类区','事业单位','区生育健康培训中心','','0'),('25137','5269','0','2010-01','事业单位工人','技术工三级-高级工','二类区','事业单位','西藏生育健康培训中心','','0'),('25136','5269','0','1998-01','事业单位工人','技术工五级-初级工','二类区','事业单位',' 西藏生育健康培训中心','','0'),('23600','2326','0','2010-12','机关工人','普通工','二类区','机关单位','武警拉萨市支队','','0'),('23416','4775','0','1986-11','事业单位工人','普通-普通工','二类区','事业单位','江苏赣榆县供销社','','0'),('23425','2325','0','2015-08','事业单位工人','普通-普通工','二类区','事业单位','区生育健康培训中心','','0'),('23413','2299','0','2006-12','机关工人','初级工','二类区','机关单位','区人口和计划生育委员会','','0'),('23399','2322','0','2011-09','机关工人','普通工','二类区','机关单位','区人口计生委','','0'),('29071','2297','0','2015-10','事业单位专业技术人员','专技十三级-员级','二类区','事业单位','区人口和优生优育宣教中心','','0'),('23418','4775','0','2008-12','机关工人','高级工','二类区','机关单位','区人口和计划生育委员会','','0'),('23417','4775','0','2006-09','事业单位工人','普通-普通工','二类区','事业单位','区生育健康培训中心','','0'),('24940','2321','0','1990-09','事业单位工人','普通-普通工','二类区','事业单位','河南省遂平县瞿阳镇政府计生办','','0'),('24636','2324','0','2008-06','事业单位工人','普通-普通工','二类区','事业单位','区生育健康培训中心','','0'),('23390','2298','0','2012-08','事业单位工人','技术工三级-高级工','二类区','事业单位','区生育健康培训中心','','0'),('26451','5478','0','1990-12','事业单位工人','技术工五级-初级工','二类区','事业单位','西藏交通厅格尔木运输工资','','0'),('29072','2297','0','2015-11','事业单位专业技术人员','专技十二级-助理','二类区','事业单位','区生育健康培训中心','','0'),('23508','2296','0','2002-01','机关工人','普通工','二类区','机关单位','西藏公安边防总队','','0'),('29073','2297','0','2017-09','事业单位管理人员','管理九级-科员','二类区','事业单位','西藏人口和优生优育宣教中心','','0'),('23412','2299','0','2006-07','机关工人','普通工','二类区','机关单位','区人口和计划生育委员会','','0'),('23601','2326','0','2013-07','机关工人','普通工','二类区','机关单位','区人口和计划生育委员会','','0'),('26212','5441','0','1981-09','事业单位专业技术人员','专技十二级-助理','二类区','事业单位','区人民医院','','0'),('26439','5475','0','1982-04','事业单位工人','普通-普通工','二类区','事业单位','拉萨市第四建筑公司小学','','0'),('32123','6401','0','2017-11','事业单位管理人员','管理九级-科员','二类区','事业单位','西藏人口和优生优育宣教中心','','0'),('29076','2257','0','1999-01','公务员','科员','二类区','事业单位','区生育健康培训中心','非领导职务','0'),('26214','5441','0','1993-03','事业单位专业技术人员','专技十级-中级','二类区','事业单位','区人民医院','','0'),('26213','5441','0','1988-10','事业单位专业技术人员','专技十一级','二类区','事业单位','区人民医院','','0'),('23507','2296','0','2000-12','机关工人','普通工','二类区','机关单位','西藏公安边防总队','','0'),('25442','2323','0','2008-12','机关工人','普通工','二类区','机关单位','西藏消防总队','','0'),('26452','5478','0','1999-04','事业单位工人','技术工五级-初级工','二类区','事业单位','西藏生育健康培训中心','','0'),('29069','2297','0','2008-10','事业单位专业技术人员','专技十三级-员级','二类区','事业单位','山南地区人民医院口腔科','','0'),('26450','5478','0','1981-07','事业单位工人','普通-普通工','二类区','事业单位','西藏山南浪卡子县电站','','0');|INSERT INTO `tx_studyinfo` (`id`, `personid`, `level`, `gettime`, `school`)  VALUES ('4455','6401','本科','2017-06','浙江财经大学'),('2923','5479','大专','1975-07','中央民主学院'),('2918','5475','高中','1979-09','林芝八一中学'),('2922','5478','大专','2006-12','广东商学院'),('2703','5270','大专','2006-12','自治区党校'),('2416','4775','大专','1996-07','天津商学院'),('2920','5477','大专','1997-07','成都西南民院'),('2921','5478','中专','1981-09','西藏自治区工业水利电力学校'),('2919','5475','大专','1998-08','中共中央党校函授学院'),('2653','2324','中专','2006-06','四川职业技术学院'),('4793','2246','中专','1991-07','西藏民族学院预科班'),('2912','5418','本科','2007-12','中央党校函授学院'),('2412','2298','大专','1997-06','西藏民族学院'),('2414','2299','大专','2010-07','中央党校西藏分院'),('2911','5418','大专','2001-07','西藏民族学院语文系 汉语言文学专业'),('2417','2325','中专','2008-06','西南大学'),('2415','2299','本科','2012-06','中央党校西藏分院'),('2702','2255','本科','2007-12','中央党校函授学院'),('2701','2255','大专','2003-06','中央党校函授学院'),('4794','2246','大专','1995-11','中央党校函授学院西藏分院'),('2700','2255','中专','1988-07','吉林省二轻工业学校'),('4795','2246','本科','2005-12','中央党校函授学院'),('3738','2297','中专','2006-07','郑州铁路职业技术学院'),('3740','2257','大专','2006-01','四川生殖卫生学院'),('3739','2257','中专','1994-06','上海市行政管理学校'),('4992','6600','本科','2013-02','首都经济贸易大学'),('4991','6600','大专','2008-09','拉萨师范高等专科学校');|INSERT INTO `tx_noteinfo` (`id`, `personid`, `gettime`, `remark`)  VALUES ('64','5269','2015-07','正常退休'),('71','2257','2013-12','区先进驻村工作队员');|INSERT INTO `tx_heightinfo` (`id`, `personid`, `area`, `city`, `county`, `height`, `acc`, `iscity`, `heightid`, `gettime`)  VALUES ('16915','2297','拉萨市','城关区','城关区','3650','1-2-1','否','0','2015-10'),('15588','5475','林芝市','察隅县','古拉乡','3110','4-7-5','是','0','1981-04'),('15577','5418','林芝市','林芝市','林芝市','3095','4-1-1','否','0','2010-04'),('15589','5475','拉萨市','拉萨市','拉萨市','3658','1-1-1','否','0','1982-04'),('15578','5418','拉萨市','拉萨市','拉萨市','3650','1-1-1','否','0','2011-04'),('15576','5418','林芝市','察隅县','古拉乡','3110','4-7-5','是','0','2001-07'),('15593','5478','拉萨市','拉萨市','拉萨市','3650','1-1-1','否','65793','1990-12'),('15592','5478','山南市','浪卡子县','浪卡子县','4460','3-12-1','否','199681','1981-07'),('15594','5479','拉萨市','拉萨市','拉萨市','3650','1-1-1','否','65793','1995-10'),('15505','5441','拉萨市','拉萨市','拉萨市','3650','1-1-1','否','65793','1983-01'),('15591','5477','拉萨市','拉萨市','拉萨市','3650','1-1-1','否','65793','1988-07'),('15504','5441','阿里地区','阿里地区','阿里地区','4297','7-1-1','否','459009','1978-08'),('15566','5440','拉萨市','拉萨市','拉萨市','3650','1-1-1','否','0','1979-12'),('18606','2246','日喀则市','江孜县','江热乡','4127','2-4-14','是','0','1991-07'),('16916','2257','拉萨市','尼木县','尼木县','3836','1-5-1','否','0','1994-06'),('14017','2296','拉萨市','拉萨市','拉萨市','3650','1-1-1','否','0','2000-12'),('14919','2255','拉萨市','拉萨市','拉萨市','3650','1-1-1','否','0','1984-12'),('18607','2246','拉萨市','城关区','城关区','3650','1-2-1','否','0','1995-11'),('16914','2297','山南市','山南市','山南市','3550','3-1-1','否','0','2008-10'),('13942','2298','拉萨市','城关区','城关区','3650','1-2-1','否','0','1999-03'),('13941','2298','山南市','山南市','山南市','3550','3-1-1','否','0','1991-01'),('14863','2321','拉萨市','城关区','城关区','3650','1-2-1','否','0','2007-08'),('13945','2322','拉萨市','拉萨市','拉萨市','3650','1-1-1','否','0','2008-12'),('15071','2319','拉萨市','拉萨市','拉萨市','3650','1-1-1','否','0','1996-11'),('13950','2299','拉萨市','城关区','城关区','3650','1-2-1','否','0','2006-07'),('14018','2320','拉萨市','城关区','城关区','3650','1-2-1','否','0','2009-08'),('15066','2323','拉萨市','拉萨市','拉萨市','3650','1-1-1','否','0','2008-12'),('13953','2325','那曲地区','那曲地区','那曲地区','4527','6-1-1','否','0','2009-12'),('13954','2325','拉萨市','拉萨市','拉萨市','3650','1-1-1','否','0','2012-11'),('14736','2324','拉萨市','城关区','城关区','3650','1-2-1','否','0','2009-06'),('14735','2324','林芝市','林芝市','林芝市','3095','4-1-1','否','0','2005-12'),('14944','5269','拉萨市','拉萨市','拉萨市','3650','1-1-1','否','0','1998-01'),('14063','2326','拉萨市','拉萨市','拉萨市','3650','1-1-1','否','0','2010-12'),('14942','5269','拉萨市','拉萨市','拉萨市','3650','1-1-1','否','0','1985-06'),('14943','5269','昌都市','昌都市','昌都市','3560','5-1-1','否','0','1991-04'),('14945','5270','日喀则市','白朗县','旺丹乡','4063','2-10-6','是','133638','1974-02'),('14946','5270','日喀则市','康马县','康马县','4284','2-12-1','否','134145','2003-12'),('14947','5270','拉萨市','拉萨市','拉萨市','3650','1-1-1','否','0','2012-04'),('13951','4775','拉萨市','拉萨市','拉萨市','3650','1-1-1','否','0','2006-09'),('16917','2257','拉萨市','拉萨市','拉萨市','3650','1-1-1','否','0','2009-01'),('18868','6600','拉萨市','城关区','','3650','','','','2013-01'),('18866','6600','林芝市','工布江达','工布江达','3440','工布江达','否','','2010-07'),('18867','6600','林芝市','工布江达','朱拉乡','3500','工布江达朱拉乡','是','','2011-07'),('15590','5477','日喀则市','日喀则市','日喀则市','3835','2-1-1','否','131329','1984-11'),('18134','6401','拉萨市','拉萨市','拉萨市','3650','1-1-1','否','65793','2017-11'),('16913','2297','山南市','错那县','错那县','4380','3-11-1','否','0','2006-05');|