INSERT INTO `tx_personinfo` (`id`, `sort`, `userid`, `name`, `sex`, `birthday`, `origin`, `nation`, `partymember`, `worktime`, `intime`, `inadj`, `inyear`, `posttime`, `postadj`, `unitkind`, `postname`, `unitname`, `isleader`, `lastposttime`, `lastunitkind`, `lastpostname`, `lastunitname`, `area`, `education`, `educationtime`, `schooltime`, `educationadj`, `teacherinfo`, `teacherbegin`, `teacherend`, `teacheradj`, `oneinfo`, `onebegin`, `oneend`, `oneadj`, `check2`, `check5`, `coveradj`, `cadre`, `retiretime`, `height`, `note`, `addon`) VALUES ('663','0','92','徐梅','女','1971-08-30','天津','藏族','党员','1993-07','1993-07','0','0','2012-03','0','机关单位','县处级正职','山南市妇联','领导职务','','','','','','大专','1993-07','3','0','','','','0','','','','0','2006','2006','0','否','','0','',''),('664','0','92','米玛曲珍','女','1963-04-03','西藏拉萨','藏族','党员','1987-08','1987-08','0','0','2013-08','0','机关单位','县处级正职','山南市妇联','非领导职务','','','','','','本科','1987-08','4','0','','','','0','','','','0','2006','2006','0','否','','0','',''),('665','0','92','方红梅','女','1968-12-01','四川彭山','汉族','党员','1990-07','1990-07','0','0','2014-11','0','机关单位','县处级正职','山南市妇联','非领导职务','','','','','','本科','1990-07','4','0','','','','0','','','','0','2006','2006','0','否','','0','',''),('666','0','92','格桑美措','女','1970-03-01','西藏昌都','藏族','党员','1991-07','1991-07','0','0','2015-01','0','机关单位','县处级副职','山南市妇联','领导职务','','','','','','中专','1991-07','3','0','','','','0','','','','0','2006','2006','0','否','','0','',''),('667','0','92','王萍','女','1965-12-01','甘肃威武','汉族','党员','1983-01','1983-01','0','0','2015-01','0','机关单位','县处级副职','山南市妇联','领导职务','','','','','','中专','1983-01','3','0','','','','0','','','','0','2006','2006','0','否','','0','',''),('668','0','92','刘素芳','女','1976-08-01','江苏丹徒','汉族','党员','1999-07','1999-07','0','0','2015-01','0','机关单位','县处级副职','山南市妇联','非领导职务','','','','','','大专','1999-07','3','0','','','','0','','','','0','2006','2006','0','否','','0','',''),('669','0','92','尼玛措','女','1978-05-01','西藏聂荣','藏族','党员','1999-08','1999-08','0','0','2013-06','0','机关单位','乡科级正职','山南市妇联','领导职务','','','','','','中专','1999-07','3','0','','','','0','','','','0','2006','2006','0','否','','0','',''),('670','0','92','泽卓','女','1978-08-01','西藏昌都','藏族','党员','2002-09','2016-06','0','0','2013-11','0','机关单位','乡科级正职','山南市外事办','领导职务','','','','','','大专','2002-07','3','0','','','','0','','','','0','2006','2006','0','否','','0','',''),('671','0','92','德吉卓嘎','女','1984-09-01','西藏亚东','汉族','党员','2003-08','2003-08','0','0','2013-06','0','机关单位','乡科级副职','山南市妇联','领导职务','','','','','','中专','2003-07','3','0','','','','0','','','','0','2006','2006','0','否','','0','',''),('672','0','92','拉珍','女','1971-05-01','西藏扎朗','藏族','党员','1989-12','1989-12','0','0','2008-07','0','机关单位','乡科级副职','山南市妇联','非领导职务','','','','','','中专','1999-07','0','0','','','','0','','','','0','2006','2006','0','否','','0','',''),('673','0','92','姜娜','女','1980-12','山东青岛','汉族','党员','2005-07','2005-07','0','0','2010-09','0','机关单位','乡科级副职','加查县财政局','非领导职务','','','','','','本科','2005-06','4','0','','','','0','','','','0','2007','2007','0','否','','0','',''),('674','0','92','尼玛拉姆','女','1975-10-01','西藏错那','藏族','党员','1996-07','1996-07','0','0','2013-06','0','事业单位','管理八级-副科','山南市妇联','','','','','','','中专','1996-07','3','0','','','','0','','','','0','2006','2006','0','否','','0','',''),('675','0','92','白列琴','女','1966-06-28','陕西富县','汉族','党员','1990-03','1990-03','0','0','2015-08','0','事业单位','技术工三级-高级工','山南市妇联','','','','','','','大专','2009-07','0','0','','','','0','','','','0','2006','2006','0','否','','0','',''),('676','0','92','李亚平','女','1972-06-01','陕西武功','汉族','','1994-08','1994-08','0','0','2010-01','0','事业单位','技术工三级-高级工','山南市妇联','','','','','','','大专','2006-01','0','0','','','','0','','','','0','2006','2006','0','否','','0','',''),('677','0','92','巴桑卓玛','女','1989-08-01','山南市扎朗','藏族','党员','2008-12','2011-09','0','0','2016-06','0','事业单位','技术工五级-初级工','山南市妇联','','','','','','','高中','2008-06','0','0','','','','0','','','','0','2008','2008','0','否','','0','',''),('678','0','92','拉巴次仁','男','1989-04-01','山南市乃东','藏族','党员','2006-12','2012-11','0','0','2012-11','0','事业单位','技术工五级-初级工','山南市妇联','','','','','','','大专','2013-01','0','0','','','','0','','','','0','2006','2006','0','否','','0','',''),('679','0','92','普布扎西','男','1978-04-01','山南市乃东','藏族','党员','1996-01','1996-01','0','0','2014-06','0','机关单位','高级工','山南市妇联','','','','','','','暂时没有','','0','0','','','','0','','','','0','2006','2006','0','否','','0','',''),('5145','','92','邹威','男','1979-05','湖北松滋','汉族','党员','2002-08','2002-08','0','','2017-02','0','机关单位','县处级副职','山南地区邮政管理局','领导职务','','','','','','本科','2002-07','4','0','','','','0','','','','0','2006','2006','0','否','','','',''),('5143','','92','于时冰','男','1986-01','山东潍坊','汉族','党员','2012-11','2012-11','0','','2015-01','0','机关单位','乡科级副职','山南市邮政管理局','非领导职务','','','','','','本科','2009-07','4','0','','','','0','','','','0','2012','2012','0','否','','','',''),('5144','','92','翟灿','女','1987-10','河北石家庄','汉族','党员','2013-07','2013-07','0','','2016-11','0','机关单位','乡科级副职','山南市邮政管理局','非领导职务','','','','','','本科','2012-07','4','0','','','','0','','','','0','2012','2012','0','否','','','',''),('5141','','92','陈智强','男','1970-10','广东肇庆','汉族','党员','1991-07','1991-07','0','','2015-05','0','机关单位','县处级副职','山南地区邮政管理局','领导职务','','','','','','大专','1991-07','3','0','','','','0','','','','0','2006','2006','0','否','','','',''),('5142','','92','旦增平措','男','1988-10','青海湟源','藏族','党员','2010-07','2010-07','0','','2017-01','0','机关单位','乡科级正职','山南市邮政管理局','领导职务','','','','','','大专','2010-07','3','4','','','','0','','','','0','2010','2010','-2','否','','','',''),('5139','','92','田丽娟','女','1989-03','甘肃民乐','汉族','党员','2015-09','2015-09','0','','2015-09','0','机关单位','科员','西藏山南市邮政管理局','非领导职务','','','','','','本科','2012-06','4','0','','','','0','','','','0','2012','2012','0','否','','','',''),('5138','','92','潘红英','女','1982-10','内蒙古','汉族','党员','2006-07','2006-07','0','','2015-11','0','机关单位','乡科级正职','西藏山南地区邮政管理局','领导职务','','','','','','本科','2006-07','4','0','','','','0','','','','0','2006','2006','0','否','','','','');|INSERT INTO `tx_jobinfo` (`id`, `personid`, `sort`, `oldposttime`, `oldpostkind`, `oldpostname`, `oldarea`, `oldunitkind`, `oldunitname`, `oldisleader`, `height`)  VALUES ('3961','663','0','2005-07','公务员','县处级副职','二类区','机关单位','山南市妇联','领导职务','0'),('3962','663','0','2012-03','公务员','县处级正职','二类区','机关单位','山南市妇联','领导职务','0'),('3963','664','0','2002-07','公务员','县处级副职','二类区','机关单位','山南市妇联','领导职务','0'),('3964','664','0','2013-08','公务员','县处级正职','二类区','机关单位','山南市妇联','非领导职务','0'),('3965','665','0','2004-10','公务员','县处级副职','二类区','机关单位','山南市妇联','领导职务','0'),('3966','665','0','2014-11','公务员','县处级正职','二类区','机关单位','山南市妇联','非领导职务','0'),('3967','666','0','1991-07','公务员','科员','二类区','机关单位','山南市洛扎县','非领导职务','0'),('3968','666','0','2000-06','公务员','乡科级副职','二类区','机关单位','山南市贡嘎县','领导职务','0'),('3969','666','0','2003-12','公务员','乡科级正职','二类区','机关单位','山南市贡嘎县','领导职务','0'),('3970','666','0','2015-01','公务员','县处级副职','二类区','机关单位','山南市妇联','领导职务','0'),('3971','667','0','2005-01','公务员','乡科级正职','二类区','机关单位','山南市农发办','领导职务','0'),('3972','667','0','2015-01','公务员','县处级副职','二类区','机关单位','山南市妇联','领导职务','0'),('4017','668','0','2008-12','公务员','乡科级正职','二类区','机关单位','山南市妇联','领导职务','0'),('4016','668','0','2004-06','公务员','乡科级副职','二类区','机关单位','山南市妇联','领导职务','0'),('3976','669','0','2005-04','公务员','乡科级副职','二类区','机关单位','山南市加查县','领导职务','0'),('3977','669','0','2006-07','公务员','乡科级副职','二类区','机关单位','山南市妇联','领导职务','0'),('3978','669','0','2013-06','公务员','乡科级正职','二类区','机关单位','山南市妇联','领导职务','0'),('3979','670','0','2002-09','公务员','科员','二类区','机关单位','山南市外事办','非领导职务','0'),('3980','670','0','2009-04','公务员','乡科级副职','二类区','机关单位','山南市外事办','非领导职务','0'),('3981','670','0','2010-10','公务员','乡科级副职','二类区','机关单位','山南市外事办','领导职务','0'),('3982','670','0','2013-11','公务员','乡科级正职','二类区','机关单位','山南市外事办','领导职务','0'),('3991','671','0','2010-11','公务员','乡科级副职','二类区','机关单位','山南市妇联','非领导职务','0'),('3990','671','0','2008-09','公务员','乡科级副职','三类区','机关单位','西藏错那县','非领导职务','0'),('3989','671','0','2003-08','公务员','办事员','三类区','机关单位','西藏错那县','非领导职务','0'),('3986','672','0','2005-12','公务员','科员','三类区','机关单位','山南市浪卡子县','非领导职务','0'),('3987','672','0','2007-06','公务员','乡科级副职','三类区','机关单位','山南市浪卡子县','非领导职务','0'),('3988','672','0','2008-07','公务员','乡科级副职','二类区','机关单位','山南市妇联','非领导职务','0'),('3992','671','0','2013-06','公务员','乡科级副职','二类区','机关单位','山南市妇联','领导职务','0'),('23879','673','','2010-09','公务员','乡科级副职','二类区','机关单位','加查县财政局','非领导职务','0'),('23878','673','','2005-07','公务员','科员','二类区','机关单位','加查县财政局','非领导职务','0'),('3995','674','0','2000-07','事业单位管理人员','管理九级-科员','二类区','事业单位','曲松县','','0'),('3996','674','0','2013-06','事业单位管理人员','管理八级-副科','二类区','事业单位','山南市妇联','','0'),('4002','675','0','2015-08','事业单位工人','技术工三级-高级工','二类区','事业单位','山南市妇联','','0'),('4001','675','0','2000-04','事业单位工人','技术工四级-中级工','二类区','事业单位','扎朗养护段','','0'),('4000','675','0','1990-03','事业单位工人','普通-普通工','二类区','事业单位','当兵','','0'),('4003','676','0','1994-08','事业单位工人','技术工五级-初级工','二类区','事业单位','其他','','0'),('4004','676','0','2006-06','事业单位工人','技术工四级-中级工','二类区','事业单位','洛扎县','','0'),('4005','676','0','2010-01','事业单位工人','技术工三级-高级工','二类区','事业单位','山南市妇联','','0'),('4006','677','0','2011-09','事业单位工人','普通-普通工','二类区','事业单位','山南市妇联','','0'),('4007','677','0','2016-06','事业单位工人','技术工五级-初级工','二类区','事业单位','山南市妇联','','0'),('4008','678','0','2012-11','事业单位工人','技术工五级-初级工','二类区','事业单位','山南市妇联','','0'),('4009','679','0','1996-06','事业单位工人','技术工五级-初级工','二类区','事业单位','山南市妇联','','0'),('4010','679','0','2006-06','事业单位工人','技术工四级-中级工','二类区','事业单位','山南市妇联','','0'),('4011','679','0','2007-11','机关工人','中级工','二类区','机关单位','山南市妇联','','0'),('4012','679','0','2014-06','机关工人','高级工','二类区','机关单位','山南市妇联','','0'),('4018','668','0','2015-01','公务员','县处级副职','二类区','机关单位','山南市妇联','非领导职务','0'),('23891','5139','','2015-09','公务员','科员','二类区','机关单位','西藏山南市邮政管理局','非领导职务','0'),('24049','5141','','2012-10','事业单位管理人员','管理六级-副县','二类区','事业单位','自治区邮政公司','非领导职务','0'),('24050','5141','','2015-05','公务员','县处级副职','二类区','机关单位','山南地区邮政管理局','领导职务','0'),('24036','5142','','2017-01','公务员','乡科级正职','二类区','机关单位','山南市邮政管理局','领导职务','0'),('23996','5145','','2017-02','公务员','县处级副职','二类区','机关单位','山南地区邮政管理局','领导职务','0'),('23995','5145','','2012-08','公务员','乡科级正职','二类区','机关单位','山南地区邮政管理局','领导职务','0'),('23994','5145','','2011-07','事业单位管理人员','管理七级-正科','二类区','事业单位','山南地区交通','','0'),('23993','5145','','2008-02','事业单位管理人员','管理八级-副科','二类区','事业单位','山南地区交通','','0'),('23992','5145','','2002-07','事业单位管理人员','管理九级-科员','二类区','事业单位','山南地区交通','','0'),('23991','5144','','2016-11','公务员','乡科级副职','二类区','机关单位','山南市邮政管理局','非领导职务','0'),('23990','5144','','2013-07','公务员','科员','二类区','机关单位','山南市邮政管理局','非领导职务','0'),('23975','5143','','2015-01','公务员','乡科级副职','二类区','机关单位','山南市邮政管理局','非领导职务','0'),('24035','5142','','2016-01','公务员','乡科级副职','二类区','机关单位','山南市邮政管理局','领导职务','0'),('23974','5143','','2012-11','公务员','科员','二类区','机关单位','山南市邮政管理局','非领导职务','0'),('24034','5142','','2013-04','事业单位管理人员','管理八级-副科','二类区','事业单位','拉萨市邮政局','','0'),('24033','5142','','2010-07','事业单位管理人员','管理九级-科员','二类区','事业单位','拉萨市邮政局','','0'),('24047','5141','','2002-12','事业单位管理人员','管理七级-正科','二类区','事业单位','自治区邮政局','非领导职务','0'),('24048','5141','','2010-04','事业单位管理人员','管理六级-副县','二类区','事业单位','昌都地区邮政局','非领导职务','0'),('24044','5141','','1991-07','公务员','科员','二类区','机关单位','山南贡嘎县计委','非领导职务','0'),('24045','5141','','1994-01','事业单位管理人员','管理九级-科员','二类区','事业单位','山南地区邮电局','非领导职务','0'),('24046','5141','','1998-12','事业单位管理人员','管理八级-副科','二类区','事业单位','自治区邮政局计划财务处','非领导职务','0'),('23889','5138','','2015-11','公务员','乡科级正职','二类区','机关单位','西藏山南地区邮政管理局','领导职务','0'),('23888','5138','','2015-10','公务员','乡科级正职','二类区','机关单位','西藏山南地区邮政管理局','非领导职务','0'),('23887','5138','','2014-10','公务员','乡科级正职','二类区','机关单位','西藏团加查县委','领导职务','0'),('23886','5138','','2011-06','公务员','乡科级副职','二类区','机关单位','西藏山南加查县安绕镇','领导职务','0'),('23885','5138','','2006-07','公务员','科员','二类区','机关单位','西藏山南加查县县委办','非领导职务','0');|INSERT INTO `tx_checkinfo` (`id`, `personid`, `gettime`, `check` FROM `tx_checkinfo`)  VALUES ('384','678','2011','不通过'),('383','678','2010','不通过'),('382','678','2009','不通过'),('380','678','2007','不通过'),('379','678','2006','不通过'),('381','678','2008','不通过');|INSERT INTO `tx_heightinfo` (`id`, `personid`, `area`, `city`, `county`, `height`, `acc`, `iscity`, `heightid`, `gettime`)  VALUES ('1978','663','日喀则','日喀则','日喀则','3835','日喀则','否','0','1993-07'),('1979','663','山南市','山南市','山南市','3550','3-1-1','否','196865','1994-11'),('1980','664','山南市','山南市','山南市','3550','3-1-1','否','196865','1987-08'),('1981','665','山南市','加查县','加查县','3860','3-13-1','否','199937','1990-07'),('1982','666','山南市','洛扎县','洛扎县','3940','3-9-1','否','198913','1991-07'),('1983','666','山南市','贡嘎县','贡嘎县','3763','3-5-1','否','197889','1994-04'),('1984','666','山南市','贡嘎县','吉雄镇','3763','3-5-2','是','197890','2008-10'),('1985','666','山南市','山南市','山南市','3550','3-1-1','否','196865','2015-01'),('1986','667','山南市','隆子县','隆子县','3975','3-10-1','否','199169','1983-01'),('1987','667','山南市','山南市','山南市','3550','3-1-1','否','196865','1991-03'),('2019','668','山南市','山南市','山南市','3550','3-1-1','否','0','2000-09'),('2018','668','山南市','浪卡子县','浪卡子县','4460','3-12-1','否','0','1999-07'),('1990','669','山南市','加查县','拉绥乡','3585','3-13-5','是','199941','1999-07'),('1991','669','山南市','加查县','加查镇','3355','3-13-3','是','199939','2001-10'),('1992','669','山南市','山南市','山南市','3550','3-1-1','否','196865','2006-06'),('1993','670','山南市','山南市','山南市','3550','3-1-1','否','196865','2002-09'),('2001','671','山南市','山南市','山南市','3550','3-1-1','否','0','2010-11'),('2000','671','山南市','错那县','错那县','4380','3-11-1','否','0','2003-08'),('1996','672','山南市','浪卡子县','浪卡子县','4460','3-12-1','否','199681','1989-12'),('1997','672','山南市','山南市','山南市','3550','3-1-1','否','196865','2008-07'),('1998','672','山南市','隆子县','准巴乡','3430','3-10-8','是','199176','2012-09'),('1999','672','山南市','山南市','山南市','3550','3-1-1','否','196865','2016-01'),('14211','673','山南市','山南市','山南市','3550','3-1-1','否','','2013-07'),('14210','673','山南市','加查县','加查县','3860','3-13-1','否','','2005-07'),('2004','674','山南市','扎囊县','扎囊县','3635','3-4-1','否','197633','1996-07'),('2005','674','山南市','曲松县','曲松县','3905','3-6-1','否','198145','1997-09'),('2006','674','山南市','措美县','措美县','4230','3-8-1','否','198657','2004-03'),('2007','674','山南市','山南市','山南市','3550','3-1-1','否','196865','2016-07'),('2009','675','山南市','山南市','山南市','3550','3-1-1','否','0','1990-03'),('2010','676','山南市','山南市','山南市','3550','3-1-1','否','196865','1994-08'),('2011','676','山南市','洛扎县','洛扎县','3940','3-9-1','否','198913','2001-02'),('2012','676','山南市','山南市','山南市','3550','3-1-1','否','196865','2016-06'),('2013','677','山南市','山南市','山南市','3550','3-1-1','否','196865','2011-09'),('2014','678','山南市','山南市','山南市','3550','3-1-1','否','196865','2012-11'),('2015','679','山南市','山南市','山南市','3550','3-1-1','否','196865','1996-01'),('14300','5145','山南市','山南市','山南市','3550','3-1-1','否','196865','2002-07'),('14299','5144','山南市','山南市','山南市','3550','3-1-1','否','','2013-07'),('14291','5143','山南市','山南市','山南市','3550','3-1-1','否','196865','2012-11'),('14320','5142','山南市','山南市','山南市','3550','3-1-1','否','','2016-01'),('14319','5142','拉萨市','拉萨市','拉萨市','3650','1-1-1','否','','2010-07'),('14330','5141','山南市','山南市','山南市','3550','3-1-1','否','','2015-05'),('14329','5141','昌都市','昌都市','昌都市','3560','5-1-1','否','','2010-04'),('14328','5141','拉萨市','拉萨市','拉萨市','3650','1-1-1','否','','1994-04'),('14327','5141','山南市','山南市','山南市','3550','3-1-1','否','','1994-03'),('14326','5141','山南市','贡嘎县','贡嘎县','3763','3-5-1','否','','1991-07'),('14221','5139','山南市','山南市','山南市','3550','3-1-1','否','','2015-09'),('14219','5138','山南市','山南市','山南市','3550','3-1-1','否','','2015-11'),('14218','5138','山南市','加查县','加查县','3860','3-13-1','否','','2014-10'),('14217','5138','山南市','加查县','安绕镇','3860','3-13-2','是','','2011-06'),('14216','5138','山南市','加查县','加查县','3860','3-13-1','否','','2006-07');|