INSERT INTO `tx_personinfo` (`id`, `sort`, `userid`, `name`, `sex`, `birthday`, `origin`, `nation`, `partymember`, `worktime`, `intime`, `inadj`, `inyear`, `posttime`, `postadj`, `unitkind`, `postname`, `unitname`, `isleader`, `lastposttime`, `lastunitkind`, `lastpostname`, `lastunitname`, `area`, `education`, `educationtime`, `schooltime`, `educationadj`, `teacherinfo`, `teacherbegin`, `teacherend`, `teacheradj`, `oneinfo`, `onebegin`, `oneend`, `oneadj`, `check2`, `check5`, `coveradj`, `cadre`, `retiretime`, `height`, `note`, `addon`) VALUES ('1049','0','88','平措','男','1970-09-01','西藏拉萨','藏族','','1985-09','1985-09','0','0','2005-01','0','事业单位','专技十二级-助理','山南市人民医院','','','','','','','暂时没有','','0','0','','','','0','','','','0','2006','2006','0','否','','0','',''),('3724','0','88','赵煜颖','女','1993-01-01','云南保山','汉族','','2016-09','2016-09','0','0','2016-09','0','事业单位','专技十二级-助理','山南市人民医院','','','','','','','本科','2016-07','4','0','','','','0','','','','0','2016','2016','0','否','','0','',''),('1534','0','88','次拉姆','女','1992-06-01','西藏错那','藏族','','2014-07','2014-07','0','0','2014-07','0','事业单位','专技十三级-员级','山南市人民医院','','','','','','','大专','2014-07','3','0','护士','2014-07','','0','','','','0','2014','2014','0','否','','0','',''),('1194','0','88','白玛拉宗','女','1991-03-01','西藏林芝','藏族','','2014-07','2014-07','0','0','2014-07','0','事业单位','专技十三级-员级','山南市人民医院','','','','','','','大专','2014-07','3','0','','','','0','','','','0','2014','2014','0','否','','0','',''),('1907','0','88','匡涛','男','1992-09-01','湖北建始县','土家族','','2016-07','2016-07','0','0','2016-07','0','事业单位','专技十二级-助理','山南市人民医院','','','','','','','本科','2016-07','5','0','','','','0','','','','0','2016','2016','0','否','','0','',''),('3722','0','88','白玛色珍','女','1984-10-01','西藏乃东','藏族','','2007-07','2007-07','0','0','2016-09','0','机关单位','专技十二级-助理','山南市人民医院','','','','','','','大专','2007-07','3','0','','','','0','','','','0','2007','2007','0','否','','0','',''),('1662','0','88','扎西卓玛','女','1973-06-01','西藏隆子','藏族','','1994-07','1994-07','0','0','1994-07','0','事业单位','专技十三级-员级','山南市人民医院','','','','','','','中专','1994-07','3','0','','','','0','','','','0','2006','2006','0','否','','0','',''),('1531','0','88','吴凯','女','1992-06-01','青海德令哈','汉族','','2014-07','2014-07','0','0','2014-07','0','事业单位','专技十二级-助理','山南市人民医院','','','','','','','本科','2014-07','4','0','护士','2014-07','','0','','','','0','2014','2014','0','否','','0','',''),('1462','0','88','次仁桑珠','男','1983-07-01','西藏错那','藏族','党员','2008-08','2008-08','0','0','2016-04','0','事业单位','专技十级-中级','山南市人民医院','','','','','','','本科','2008-07','5','0','','','','0','','','','0','2008','2008','0','否','','0','',''),('1261','0','88','达娃卓嘎','女','1974-04-01','西藏错那','汉族','党员','1993-12','1993-12','0','0','2010-01','0','事业单位','专技十二级-助理','山南市人民医院','','','','','','','大专','2007-01','3','0','护士','1993-12','','0','','','','0','2006','2006','0','否','','0','',''),('1063','0','88','嘎多','女','1977-08-01','西藏扎囊','汉族','','2000-07','2000-07','0','0','2014-01','0','事业单位','专技十级-中级','山南市人民医院','','','','','','','大专','2000-07','3','0','','','','0','','','','0','2006','2006','0','否','','0','',''),('1233','0','88','普布卓玛','女','1970-08-01','西藏贡嘎','汉族','党员','1989-03','1989-03','0','0','2010-01','0','事业单位','专技十二级-助理','山南市人民医院','','','','','','','大专','2007-07','3','0','护士','1989-03','','0','','','','0','2006','2006','0','否','','0','',''),('1643','0','88','欧珠','男','1987-04-01','西藏','藏族','','2004-12','2004-12','0','0','2010-12','0','事业单位','技术工五级-初级工','山南市人民医院','','','','','','','高中','2004-12','3','0','','','','0','','','','0','2006','2006','0','否','','0','',''),('1163','0','88','普布卓玛','女','1977-05-01','西藏贡嘎','藏族','','1998-07','1998-07','0','0','2011-10','0','事业单位','专技十二级-助理','山南市人民医院','','','','','','','中专','1998-07','3','0','护士','1998-07','','0','','','','0','2006','2006','0','否','','0','',''),('1459','0','88','格桑卓嘎','女','1983-11-05','西藏乃东','藏族','党员','2006-09','2006-09','0','0','2014-01','0','事业单位','专技十级-中级','山南市人民医院','','','','','','','本科','2006-07','4','0','护士','2006-09','','0','','','','0','2006','2006','0','否','','0','',''),('1668','0','88','李辛','男','1990-04-01','云南石屏','汉族','','2014-07','2014-07','0','0','2014-07','0','事业单位','专技十二级-助理','山南市人民医院','','','','','','','本科','2014-07','5','0','','','','0','','','','0','2014','2014','0','否','','0','',''),('854','0','88','杨素娟','女','1984-09','云南大理','白族','党员','2009-07','2009-07','0','0','2013-06','0','事业单位','专技十二级-助理','山南市人民医院','','','','','','','本科','2009-07','5','0','','','','0','','','','0','2009','2009','0','否','','0','',''),('1270','0','88','姜元宝','男','1984-10-01','贵州锦屏','苗族','','2009-07','2009-07','0','0','2016-04','0','事业单位','专技十级-中级','山南市人民医院','','','','','','','本科','2009-06','5','0','','','','0','','','','0','2009','2009','0','否','','0','',''),('858','0','88','崔称旦增','男','1984-12','西藏琼结','藏族','党员','2008-08','2008-08','0','0','2016-12','0','事业单位','管理八级-副科','山南市人民医院','','','','','','','本科','2008-07','5','0','','','','0','','','','0','2008','2008','0','否','','0','',''),('1067','0','88','格桑德吉','女','1976-10-01','西藏扎囊','藏族','','2001-09','2001-09','0','0','2011-08','0','事业单位','专技十级-中级','山南市人民医院','','','','','','','本科','2001-06','5','0','','','','0','','','','0','2006','2006','0','否','','0','',''),('1057','0','88','吾根旦增','男','1972-10-01','西藏洛扎','汉族','党员','1992-07','1992-07','0','0','2016-05','0','事业单位','管理五级-正县','山南市人民医院','领导职务','','','','','','中专','1992-07','3','0','','','','0','','','','0','2006','2006','0','否','','0','',''),('1082','0','88','杨宏斌','男','1976-12-01','甘肃泰安','汉族','党员','2001-09','2001-09','0','0','2011-06','0','事业单位','专技十级-中级','山南市人民医院','','','','','','','本科','2001-06','5','0','','','','0','','','','0','2006','2006','0','否','','0','',''),('1457','0','88','扎西拥措','男','1983-05-01','西藏昌都','藏族','','2005-11','2005-11','0','0','2015-04','0','事业单位','专技十二级-助理','山南市人民医院','','','','','','','大专','2005-06','3','0','','','','0','','','','0','2006','2006','0','否','','0','',''),('1081','0','88','次嘎（固定工）','女','1972-05-01','西藏昌都','汉族','','1990-03','1990-03','0','0','2010-01','0','事业单位','专技十二级-助理','山南市人民医院','','','','','','','大专','2007-07','3','0','','','','0','','','','0','2006','2006','0','否','','0','',''),('1423','0','88','胡秀红','女','1992-05-01','河南郑州','汉族','','2014-07','2014-07','0','0','2014-07','0','事业单位','专技十二级-助理','山南市人民医院','','','','','','','本科','2014-07','5','0','','','','0','','','','0','2014','2014','0','否','','0','',''),('1048','0','88','白玛措姆','女','1971-12-01','西藏乃东','藏族','','1992-06','1992-06','0','0','2011-06','0','事业单位','专技十级-中级','山南市人民医院','','','','','','','大专','1992-06','3','0','','','','0','','','','0','2006','2006','0','否','','0','',''),('1068','0','88','余小华','女','1981-10-01','四川自贡','汉族','','2008-08','2008-08','0','0','2016-04','0','事业单位','专技十级-中级','山南市人民医院','','','','','','','本科','2008-06','3','0','','','','0','','','','0','2008','2008','0','否','','0','',''),('1060','0','88','尼玛曲珍','女','1971-05-01','西藏隆子','藏族','','1991-07','1991-07','0','0','2015-03','0','事业单位','专技十级-中级','山南市人民医院','','','','','','','中专','1991-06','3','0','护士','1991-07','','0','','','','0','2006','2006','0','否','','0','',''),('1677','0','88','大尼玛次仁','男','1965-07-01','西藏拉萨','藏族','','1984-12','1984-12','0','0','2006-06','0','事业单位','技术工三级-高级工','山南市人民医院','','','','','','','初中','','3','0','','','','0','','','','0','2006','2006','0','否','','0','',''),('1681','0','88','益西欧珠','男','1990-01-01','西藏乃东','藏族','','2013-12','2013-12','0','0','2013-12','0','事业单位','专技十二级-助理','山南市人民医院','','','','','','','本科','2013-07','5','0','','','','0','','','','0','2013','2013','0','否','','0','',''),('1083','0','88','强巴旦增','男','1981-07-01','西藏浪卡子','藏族','党员','2006-09','2006-09','0','0','2016-04','0','事业单位','专技十级-中级','山南市人民医院','','','','','','','本科','2006-07','5','0','','','','0','','','','0','2006','2006','0','否','','0','',''),('1692','0','88','索朗拉珍','女','1988-08-01','西藏措美','藏族','','2014-07','2014-07','0','0','2014-07','0','事业单位','专技十三级-员级','山南市人民医院','','','','','','','大专','2014-07','3','0','','','','0','','','','0','2014','2014','0','否','','0','',''),('1464','0','88','黄丹','男','1983-08','湖北黄岗','汉族','','2008-08','2008-08','0','0','2016-12','0','事业单位','管理八级-副科','山南市人民医院','','','','','','','本科','2008-06','5','0','','','','0','','','','0','2008','2008','0','否','','0','',''),('1207','0','88','李文星','男','1990-04-01','山西大同','汉族','','2014-07','2014-07','0','0','2014-07','0','机关单位','专技十二级-助理','山南市人民医院','','','','','','','本科','2014-07','5','0','','','','0','','','','0','2014','2014','0','否','','0','',''),('1266','0','88','贡觉卓玛','女','1985-07-01','西藏浪卡子','藏族','党员','2007-09','2007-09','0','0','2013-06','0','事业单位','专技十三级-员级','山南市人民医院','','','','','','','大专','2007-07','3','0','护士','2007-09','','0','','','','0','2007','2007','0','否','','0','',''),('1159','0','88','尼玛次仁','男','1960-02-01','西藏洛扎','藏族','党员','1981-08','1981-08','0','0','2016-10','0','事业单位','专技十级-中级','山南市人民医院','','','','','','','中专','1981-07','3','0','','','','0','','','','0','2006','2006','0','否','','0','',''),('1062','0','88','达娃顿珠','男','1982-09-01','西藏 乃东','藏族','','2002-07','2002-07','0','0','2015-04','0','事业单位','专技十二级-助理','山南市人民医院','','','','','','','中专','2002-06','3','0','','','','0','','','','0','2006','2006','0','否','','0','',''),('1903','0','88','罗召','男','1985-02-01','湖北武汉','汉族','','2010-08','2016-07','0','0','2016-07','0','事业单位','专技十二级-助理','山南市人民医院','','','','','','','本科','2010-07','5','0','','','','0','','','','0','2010','2010','0','否','','0','',''),('1056','0','88','小央珍','女','1969-08-01','西藏扎囊','藏族','','1991-07','1991-07','0','0','2011-06','0','事业单位','专技十级-中级','山南市人民医院','','','','','','','中专','1991-07','3','0','护士','1991-07','','0','','','','0','2006','2006','0','否','','0','',''),('1696','0','88','普布曲尼','女','1990-10-01','西藏加查','藏族','','2014-07','2014-07','0','0','2014-07','0','事业单位','专技十二级-助理','山南市人民医院','','','','','','','本科','2014-07','4','0','护士','2014-07','','0','','','','0','2014','2014','0','否','','0','',''),('972','0','88','普布曲珍','女','1977-07-01','西藏乃东','藏族','','1998-07','1998-07','0','0','2013-07','0','事业单位','专技十级-中级','山南市人民医院','','','','','','','本科','1998-06','5','0','','','','0','','','','0','2006','2006','0','否','','0','',''),('867','0','88','门普布次仁','男','1969-06-01','西藏曲松','藏族','党员','1987-12','1987-12','0','0','2012-11','0','事业单位','专技十级-中级','山南市人民医院','','','','','','','高中','','3','0','','','','0','','','','0','2006','2006','0','否','','0','',''),('862','0','88','石桂玲','女','1974-05-01','吉林松原','汉族','','1992-01','1992-01','0','0','2015-03','0','事业单位','专技十级-中级','山南市人民医院','','','','','','','大专','2005-07','3','0','护士','1992-01','','0','','','','0','2006','2006','0','否','','0','',''),('1435','0','88','影索朗卓嘎','女','1977-10-01','西藏拉萨','藏族','','1997-06','1997-06','0','0','2015-04','0','事业单位','专技十二级-助理','山南市人民医院','','','','','','','中专','1997-06','0','0','','','','0','','','','0','2006','2006','0','否','','0','',''),('1043','0','88','牛淑珍','女','1978-10-01','甘肃会宁','汉族','','2006-05','2006-05','0','0','2015-03','0','事业单位','专技十级-中级','山南市人民医院','','','','','','','大专','2000-07','3','0','','','','0','','','','0','2006','2006','0','否','','0','',''),('1064','0','88','蔡媛君','女','1971-09-01','四川绵阳','汉族','','2005-12','2005-12','0','0','2013-07','0','事业单位','专技十级-中级','山南市人民医院','','','','','','','暂时没有','','0','0','护士','2005-12','','0','','','','0','2006','2006','0','否','','0','',''),('1458','0','88','李斌杰','男','1986-05-01','青海民和','汉族','','2009-07','2009-07','0','0','2016-04','0','事业单位','专技十级-中级','山南市人民医院','','','','','','','本科','2009-06','5','0','','','','0','','','','0','2009','2009','0','否','','0','',''),('1440','0','88','拉宗卓玛','女','1983-11-01','西藏扎朗','藏族','','2005-05','2005-05','0','0','2014-12','0','事业单位','专技十级-中级','山南市人民医院','','','','','','','中专','2005-05','3','0','','','','0','','','','0','2006','2006','0','否','','0','',''),('1910','0','88','熊旋','女','1992-03-16','湖北利川市','汉族','','2016-07','2016-07','0','0','2016-07','0','事业单位','专技十二级-助理','山南市人民医院','','','','','','','本科','2016-07','4','0','','','','0','','','','0','2016','2016','0','否','','0','',''),('850','0','88','索朗次仁','男','1962-11-15','西藏曲松','藏族','党员','1978-08','1978-08','0','0','2009-10','0','事业单位','专技七级-副高','山南市人民医院','','','','','','','中专','1981-08','3','0','','','','0','','','','0','2006','2006','0','否','','0','',''),('1432','0','88','边巴','男','1973-06-01','西藏乃东','藏族','','1993-06','1993-06','0','0','1999-05','0','事业单位','专技十二级-助理','山南市人民医院','','','','','','','大专','1993-06','3','0','','','','0','','','','0','2006','2006','0','否','','0','',''),('1706','0','88','次仁卓嘎','女','1993-08-16','西藏错那','藏族','','2014-07','2014-07','0','0','2014-07','0','事业单位','专技十三级-员级','山南市人民医院','','','','','','','大专','2014-07','3','0','','','','0','','','','0','2014','2014','0','否','','0','',''),('1184','0','88','秦芳','女','1983-12-01','河南延津','汉族','党员','2002-09','2002-09','0','0','2014-01','0','事业单位','专技十二级-助理','山南市人民医院','','','','','','','大专','2002-07','3','0','护士','2002-09','','0','','','','0','2006','2006','0','否','','0','',''),('1162','0','88','达卓玛','女','1974-11-01','西藏日喀则','汉族','党员','1992-01','1992-01','0','0','2013-07','0','事业单位','专技十级-中级','山南市人民医院','','','','','','','大专','2007-01','3','0','护士','1992-01','','0','','','','0','2006','2006','0','否','','0','',''),('969','0','88','桑杰次仁','男','1974-08-01','西藏措美','藏族','','1996-08','1996-08','0','0','2014-01','0','事业单位','专技十级-中级','山南市人民医院','','','','','','','中专','1996-07','3','0','','','','0','','','','0','2006','2006','0','否','','0','',''),('1199','0','88','达娃曲珍','女','1978-09-01','西藏扎囊','藏族','','2000-07','2000-07','0','0','2016-04','0','事业单位','专技十级-中级','山南市人民医院','','','','','','','大专','2000-07','3','0','','','','0','','','','0','2006','2006','0','否','','0','',''),('1921','0','88','赵俊文','男','1992-04-01','四川','汉族','','2016-07','2016-07','0','0','2016-07','0','事业单位','专技十二级-助理','山南市人民医院','','','','','','','本科','2016-07','5','0','','','','0','','','','0','2016','2016','0','否','','0','',''),('863','0','88','任涛','男','1968-07-01','陕西西安','汉族','','1983-09','1983-09','0','0','2015-01','0','事业单位','技术工二级-技师','山南市人民医院','','','','','','','初中','','3','0','','','','0','','','','0','2006','2006','0','否','','0','',''),('1219','0','88','索朗措姆','女','1985-05-01','西藏乃东','藏族','','2008-08','2008-08','0','0','2010-06','0','事业单位','专技十二级-助理','山南市人民医院','','','','','','','大专','2008-06','3','0','护士','2008-08','','0','','','','0','2008','2008','0','否','','0','',''),('861','0','88','王红英','女','1972-01-01','四川绵阳','汉族','党员','1993-07','1993-07','0','0','2009-10','0','事业单位','专技十级-中级','山南市人民医院','','','','','','','中专','1993-07','3','0','护士','1993-07','','0','','','','0','2006','2006','0','否','','0','',''),('1191','0','88','张巧红','女','1973-09','四川三台','汉族','党员','1995-07','1995-07','0','0','2011-01','0','事业单位','专技十二级-助理','山南市人民医院','','','','','','','中专','1995-06','3','0','','','','0','','','','0','2006','2006','0','否','','0','',''),('853','0','88','祁连明','男','1993-06','青海民和','土族','党员','2008-07','2008-07','0','0','2016-12','0','事业单位','管理七级-正科','山南市人民医院','','','','','','','本科','2008-07','5','0','','','','0','','','','0','2008','2008','0','否','','0','',''),('1181','0','88','郭新凤','女','1968-09-01','陕西西安','汉族','','1989-11','1989-11','0','0','2011-06','0','事业单位','专技十级-中级','山南市人民医院','','','','','','','中专','1989-06','3','0','护士','1989-11','','0','','','','0','2006','2006','0','否','','0','',''),('1272','0','88','洛桑平措','男','1986-12-01','西藏琼结','藏族','','2009-11','2009-11','0','0','2009-11','0','事业单位','专技十二级-助理','山南市人民医院','','','','','','','本科','2009-06','5','0','护士','2009-11','','0','','','','0','2009','2009','0','否','','0','',''),('1204','0','88','达娃曲吉','女','1973-03-01','西藏乃东','汉族','党员','1992-11','1992-11','0','0','2003-11','0','事业单位','专技十三级-员级','山南市人民医院','','','','','','','大专','2007-07','3','0','护士','1992-11','','0','','','','0','2006','2006','0','否','','0','',''),('3651','0','88','肖帅','女','1991-11','河南滑县','汉族','','2014-08','2014-08','0','0','2016-08','0','事业单位','专技十三级-员级','山南市人民医院','','','','','','','大专','2014-07','3','0','','','','0','','','','0','0','0','0','否','','0','2014年考核不定等次，2015年考核不定等次，2016年考核不定等次',''),('1584','0','88','次仁','女','1984-09-01','西藏日喀则','藏族','','2005-07','2005-07','0','0','2015-12','0','事业单位','专技十二级-助理','山南市人民医院','','','','','','','大专','2005-07','3','0','护士','2005-07','','0','','','','0','2006','2006','0','否','','0','',''),('915','0','88','王櫻谚','女','1979-11','重庆江津','汉族','党员','2003-08','2003-08','0','0','2015-04','0','事业单位','专技十级-中级','山南市人民医院','','','','','','','本科','2003-07','5','0','','','','0','','','','0','2006','2006','0','否','','0','',''),('1453','0','88','次旦卓嘎','女','1973-09-01','西藏拉萨','藏族','','1998-08','1998-08','0','0','2007-05','0','事业单位','专技十二级-助理','山南市人民医院','','','','','','','大专','1998-06','3','0','','','','0','','','','0','2006','2006','0','否','','0','',''),('1040','0','88','曲吉','女','1968-02-01','西藏乃东','汉族','','1989-07','1989-07','0','0','2009-10','0','事业单位','专技十级-中级','山南市人民医院','','','','','','','高中','1989-07','3','0','护士','1989-07','','0','','','','0','2006','2006','0','否','','0','',''),('1539','0','88','嘎多','男','1965-03-01','西藏乃东','藏族','党员','1983-11','1983-11','0','0','2013-03','0','事业单位','专技十三级-员级','山南市人民医院','','','','','','','初中','','3','0','','','','0','','','','0','2006','2006','0','否','','0','',''),('1635','0','88','昂旺卓玛','女','1980-11-01','西藏昌都','藏族','党员','2003-08','2003-08','0','0','2014-07','0','事业单位','专技十二级-助理','山南市人民医院','','','','','','','大专','2003-07','3','0','','','','0','','','','0','2006','2006','0','否','','0','',''),('1203','0','88','白玛央宗','女','1986-12-01','西藏乃东','藏族','','2009-11','2009-11','0','0','2009-11','0','事业单位','专技十三级-员级','山南市人民医院','','','','','','','大专','2009-06','3','0','护士','2009-11','','0','','','','0','2009','2009','0','否','','0','',''),('1577','0','88','格桑曲宗','女','1991-04-01','西藏拉萨','藏族','','2015-09','2015-09','0','0','2015-09','0','事业单位','专技十三级-员级','山南市人民医院','','','','','','','大专','2015-07','3','0','护士','2015-09','','0','','','','0','2015','2015','0','否','','0','',''),('1466','0','88','普布琼达','女','1973-08-01','西藏浪卡子','汉族','','1992-01','1992-01','0','0','2016-04','0','事业单位','专技十级-中级','山南市人民医院','','','','','','','大专','2007-01','3','0','护士','1992-01','','0','','','','0','2006','2006','0','否','','0','',''),('1273','0','88','洛桑朗杰','男','1987-05-01','西藏琼结','藏族','党员','2013-12','2013-12','0','0','2013-12','0','事业单位','专技十二级-助理','山南市人民医院','','','','','','','本科','2013-07','5','0','','','','0','','','','0','2013','2013','0','否','','0','',''),('1183','0','88','次卓玛','女','1980-07-01','西藏拉萨','藏族','','2002-08','2002-08','0','0','2014-01','0','事业单位','专技十二级-助理','山南市人民医院','','','','','','','大专','2002-07','3','0','护士','2002-08','','0','','','','0','2006','2006','0','否','','0','',''),('1221','0','88','卓玛','女','1973-12-01','西藏贡嘎','藏族','','1994-08','1994-08','0','0','2016-04','0','事业单位','专技十级-中级','山南市人民医院','','','','','','','中专','1994-06','3','0','护士','1994-08','','0','','','','0','2006','2006','0','否','','0','',''),('1046','0','88','仓点','女','1972-09-01','西藏乃东','藏族','','1992-07','1992-07','0','0','2011-06','0','事业单位','专技十级-中级','山南市人民医院','','','','','','','中专','1992-07','3','0','','','','0','','','','0','2006','2006','0','否','','0','',''),('1227','0','88','格桑单增','男','1973-06-01','西藏措美','藏族','党员','1994-08','1994-08','0','0','2013-04','0','事业单位','专技十级-中级','山南市人民医院','','','','','','','中专','1994-07','3','0','','','','0','','','','0','2006','2006','0','否','','0','',''),('1671','0','88','戴丽蓉','女','1975-12-01','四川郫县','汉族','党员','1996-08','1996-08','0','0','2015-04','0','事业单位','专技十级-中级','山南市人民医院','','','','','','','中专','1996-07','3','0','','','','0','','','','0','2006','2006','0','否','','0','',''),('1490','0','88','韦刚','男','1976-02','四川富顺','汉族','','2002-09','2002-09','0','0','2015-03','0','事业单位','专技十级-中级','山南市人民医院','','','','','','','本科','2002-07','5','0','','','','0','','','','0','2006','2006','0','否','','0','',''),('1476','0','88','魏甲卫','女','1986-04-01','河南南阳','汉族','','2012-09','2012-09','0','0','2012-09','0','事业单位','专技十二级-助理','山南市人民医院','','','','','','','本科','2012-06','5','0','护士','2012-09','','0','','','','0','2012','2012','0','否','','0','',''),('1278','0','88','达珍','女','1974-06-01','西藏乃东','藏族','','1993-07','1993-07','0','0','2013-07','0','事业单位','专技十级-中级','山南市人民医院','','','','','','','中专','1993-07','3','0','','','','0','','','','0','2006','2006','0','否','','0','',''),('1280','0','88','次珠','男','1961-12-01','西藏扎囊','藏族','','1981-08','1981-08','0','0','2016-10','0','事业单位','专技十级-中级','山南市人民医院','','','','','','','中专','1981-06','3','0','','','','0','','','','0','2006','2006','0','否','','0','',''),('1540','0','88','尼玛卓玛','女','1968-05-01','西藏乃东','藏族','','1989-07','1989-07','0','0','2003-09','0','事业单位','管理九级-科员','山南市人民医院','','','','','','','中专','1989-06','3','0','','','','0','','','','0','2006','2006','0','否','','0','',''),('1426','0','88','小卓玛','女','1971-02-01','西藏日喀则','藏族','','1994-07','1994-07','0','0','2013-07','0','事业单位','专技十级-中级','山南市人民医院','','','','','','','中专','1994-06','3','0','护士','1994-07','','0','','','','0','2006','2006','0','否','','0','',''),('1547','0','88','姚彦鹏','男','1992-03-01','青海海晏','汉族','','2015-07','2015-07','0','0','2015-07','0','事业单位','专技十二级-助理','山南市人民医院','','','','','','','本科','2015-07','5','0','','','','0','','','','0','2015','2015','0','否','','0','',''),('967','0','88','琼达','女','1974-01','西藏乃东','藏族','','1994-03','1994-03','0','0','2009-10','0','事业单位','专技十级-中级','山南市人民医院','','','','','','','中专','1994-03','3','0','','','','0','','','','0','2006','2006','0','否','','0','',''),('1544','0','88','扎西群宗','女','1978-03-01','西藏曲松','藏族','','1998-01','1998-01','0','0','2010-01','0','事业单位','技术工四级-中级工','山南市人民医院','','','','','','','高中','','3','0','','','','0','','','','0','2006','2006','0','否','','0','',''),('1565','0','88','洛桑朗杰','男','1991-10-01','西藏扎囊','藏族','','2015-09','2015-09','0','0','2015-09','0','事业单位','专技十二级-助理','山南市人民医院','','','','','','','本科','2015-07','5','0','','','','0','','','','0','2015','2015','0','否','','0','',''),('1214','0','88','肖红','女','1974-06-01','重庆永川','汉族','党员','1994-08','1994-08','0','0','2013-07','0','事业单位','专技十级-中级','山南市人民医院','','','','','','','中专','1994-07','3','0','','','','0','','','','0','2006','2006','0','否','','0','',''),('1427','0','88','尼玛次旦','男','1971-08-01','西藏措美','藏族','党员','1993-06','1993-06','0','0','2007-11','0','事业单位','专技十级-中级','山南市人民医院','','','','','','','中专','1993-07','3','0','','','','0','','','','0','2006','2006','0','否','','0','',''),('1537','0','88','美朵卓玛','女','1970-02-01','西藏隆子','藏族','','1990-02','1990-02','0','0','2015-01','0','机关单位','技术工二级-技师','山南市人民医院','','','','','','','初中','','3','0','','','','0','','','','0','2006','2006','0','否','','0','',''),('1439','0','88','次仁仓决','男','1976-07','西藏扎囊','汉族','','1998-07','1998-07','0','0','2015-03','0','事业单位','专技十级-中级','山南市人民医院','','','','','','','中专','1998-06','3','0','','','','0','','','','0','2006','2006','0','否','','0','',''),('1573','0','88','次仁卓嘎','女','1982-11-01','西藏 贡嘎','藏族','','2008-08','2008-08','0','0','2016-04','0','事业单位','专技十级-中级','山南市人民医院','','','','','','','本科','2008-07','5','0','','','','0','','','','0','2008','2008','0','否','','0','',''),('1601','0','88','陈伟','男','1971-12','四川南部','汉族','党员','1995-07','1996-09','0','0','2014-11','0','事业单位','管理五级-正县','山南市人民医院','','','','','','','大专','1995-07','3','0','','','','0','','','','0','2006','2006','0','否','','0','',''),('1633','0','88','次仁巴珠','男','1978-03','西藏洛扎','藏族','党员','2001-07','2001-07','0','0','2016-12','0','事业单位','管理七级-正科','山南市人民医院','','','','','','','大专','2001-07','3','0','','','','0','','','','0','2006','2006','0','否','','0','',''),('1168','0','88','史睿','男','1984-07-01','山西沂州','汉族','党员','2009-09','2009-09','0','0','2010-12','0','事业单位','专技十二级-助理','山南市人民医院','非领导职务','','','','','','本科','2009-07','5','0','','','','0','','','','0','2009','2009','0','否','','0','',''),('1493','0','88','白玛曲珍','女','1985-07-01','西藏贡嘎','藏族','','2009-11','2009-11','0','0','2009-11','0','事业单位','专技十三级-员级','山南市人民医院','','','','','','','大专','2009-07','3','0','护士','2009-11','','0','','','','0','2009','2009','0','否','','0','',''),('1192','0','88','尼玛白珍','女','1984-10-01','西藏扎囊','藏族','','2008-08','2008-08','0','0','2008-08','0','事业单位','专技十二级-助理','山南市人民医院','','','','','','','本科','2008-07','5','0','','','','0','','','','0','2008','2008','0','否','','0','',''),('1454','0','88','扎西卓嘎','女','1982-10-01','西藏扎囊','藏族','党员','2005-08','2005-08','0','0','2015-04','0','事业单位','专技十二级-助理','山南市人民医院','','','','','','','大专','2005-07','3','0','','','','0','','','','0','2006','2006','0','否','','0','',''),('1210','0','88','旦增措姆','女','1992-05-01','西藏隆子','藏族','','2015-09','2015-09','0','0','2015-09','0','事业单位','专技十二级-助理','山南市人民医院','','','','','','','本科','2015-07','4','0','护士','2015-09','','0','','','','0','2015','2015','0','否','','0','',''),('1572','0','88','阿旺吉米','男','1986-11','西藏曲松','藏族','','2009-10','2009-10','0','0','2015-12','0','事业单位','专技十二级-助理','山南市人民医院','','','','','','','本科','2009-07','5','0','','','','0','','','','0','2009','2009','0','否','','0','',''),('1267','0','88','张晓霞','女','1980-09-01','甘肃会宁','汉族','','2003-07','2003-07','0','0','2011-10','0','事业单位','专技十二级-助理','山南市人民医院','','','','','','','中专','2003-07','3','0','护士','2003-07','','0','','','','0','2006','2006','0','否','','0','',''),('1532','0','88','德青','女','1993-02-01','西藏乃东','藏族','','2014-07','2014-07','0','0','2014-07','0','事业单位','专技十三级-员级','山南市人民医院','','','','','','','大专','2014-07','3','0','护士','2014-07','','0','','','','0','2014','2014','0','否','','0','',''),('1669','0','88','司平措','男','1983-06-01','西藏贡嘎','藏族','','2000-12','2000-12','0','0','2015-01','0','事业单位','技术工四级-中级工','山南市人民医院','','','','','','','中专','2015-07','3','0','','','','0','','','','0','2006','2006','0','否','','0','',''),('1616','0','88','仓决卓玛','女','1963-03-15','西藏隆子','藏族','党员','1981-08','1981-08','0','0','2014-10','0','事业单位','专技四级-正高','山南市人民医院','','','','','','','中专','1981-08','3','0','','','','0','','','','0','2006','2006','0','否','','0','',''),('1059','0','88','次旦卓嘎','女','1976-05-01','西藏日喀则','藏族','','1997-08','1997-08','0','0','2014-01','0','事业单位','专技十级-中级','山南市人民医院','','','','','','','中专','1997-07','3','0','护士','1997-08','','0','','','','0','2006','2006','0','否','','0','',''),('1053','0','88','暴金伦','男','1978-01-01','河南南阳','汉族','党员','2002-12','2002-12','0','0','2013-07','0','事业单位','专技十级-中级','山南市人民医院','','','','','','','本科','2002-12','5','0','','','','0','','','','0','2006','2006','0','否','','0','',''),('1171','0','88','倪广瑞','男','1989-08-01','江苏徐州','汉族','党员','2014-07','2014-07','0','0','2014-07','0','事业单位','专技十二级-助理','山南市人民医院','','','','','','','本科','2014-07','5','0','','','','0','','','','0','2014','2014','0','否','','0','',''),('1663','0','88','王林雁','女','1987-07-01','四川南部','汉族','','2010-11','2010-11','0','0','2010-11','0','事业单位','专技十三级-员级','山南市人民医院','','','','','','','大专','2010-07','3','0','','','','0','','','','0','2010','2010','0','否','','0','',''),('1650','0','88','阿旺卓玛','女','1978-06-01','西藏隆子','汉族','','2001-07','2001-07','0','0','2013-07','0','事业单位','专技十二级-助理','山南市人民医院','','','','','','','大专','2001-07','3','0','','','','0','','','','0','2006','2006','0','否','','0','',''),('1685','0','88','吴海瑜','女','1988-06-01','河南郑州','汉族','','2012-10','2012-10','0','0','2014-07','0','事业单位','专技十三级-员级','山南市人民医院','','','','','','','大专','2011-07','3','0','护士','2012-10','','0','','','','0','2014','2014','0','否','','0','',''),('1712','0','88','卓玛曲珍','女','1970-06-01','西藏隆子','汉族','','1991-07','1991-07','0','0','2011-01','0','事业单位','专技十级-中级','山南市人民医院','','','','','','','中专','1991-07','3','0','护士','1991-07','','0','','','','0','2006','2006','0','否','','0','',''),('1550','0','88','俞生','男','1992-01-01','安徽泗县','汉族','党员','2015-07','2015-07','0','0','2015-07','0','事业单位','专技十二级-助理','山南市人民医院','','','','','','','本科','2015-07','5','0','','','','0','','','','0','2015','2015','0','否','','0','',''),('1906','0','88','王双双','女','1993-10-01','安徽庐江县','汉族','','2016-07','2016-07','0','0','2016-07','0','事业单位','专技十二级-助理','山南市人民医院','','','','','','','本科','2016-07','4','0','护士','2016-07','','0','','','','0','2016','2016','0','否','','0','',''),('1218','0','88','窦元勇','女','1983-12-01','贵州贵阳','汉族','','2009-07','2009-07','0','0','2011-01','0','事业单位','专技十二级-助理','山南市人民医院','','','','','','','本科','2009-07','5','0','护士','2009-07','','0','','','','0','2009','2009','0','否','','0','',''),('1713','0','88','索朗卓嘎','女','1987-05-01','西藏扎囊','藏族','','2010-09','2010-09','0','0','2010-09','0','事业单位','专技十二级-助理','山南市人民医院','','','','','','','本科','2010-07','4','0','护士','2010-09','','0','','','','0','2010','2010','0','否','','0','',''),('1167','0','88','德吉卓玛','女','1982-05-01','西藏拉萨','藏族','','2005-08','2005-08','0','0','2011-10','0','事业单位','专技十二级-助理','山南市人民医院','','','','','','','大专','2005-06','3','0','护士','2005-08','','0','','','','0','2006','2006','0','否','','0','',''),('1568','0','88','罗布曲珍','女','1976-07-01','西藏扎囊','藏族','','1999-08','1999-08','0','0','2016-01','0','事业单位','专技十级-中级','山南市人民医院','','','','','','','本科','1999-07','3','0','','','','0','','','','0','2006','2006','0','否','','0','',''),('1438','0','88','次仁多吉','男','1969-05-01','西藏堆龙','汉族','党员','1988-07','1988-07','0','0','1993-05','0','事业单位','专技十二级-助理','山南市人民医院','','','','','','','中专','1988-07','3','0','','','','0','','','','0','2006','2006','0','否','','0','',''),('1920','0','88','邓文微','女','1992-10-01','湖北郧西县','汉族','','2016-07','2016-07','0','0','2016-07','0','事业单位','专技十二级-助理','山南市人民医院','','','','','','','本科','2016-07','4','0','护士','2016-07','','0','','','','0','2016','2016','0','否','','0','',''),('1419','0','88','检索朗卓嘎','女','1972-12-01','西藏乃东','藏族','','1993-07','1993-07','0','0','2013-03','0','事业单位','专技十级-中级','山南市人民医院','','','','','','','中专','1993-07','3','0','','','','0','','','','0','2006','2006','0','否','','0','',''),('1928','0','88','温云云','女','1994-08-01','云南曲靖','汉族','','2016-07','2016-07','0','0','2016-07','0','事业单位','专技十二级-助理','山南市人民医院','','','','','','','本科','2016-07','4','0','','','','0','','','','0','2016','2016','0','否','','0','',''),('1041','0','88','尼玛群宗','女','1968-09-01','西藏桑日','藏族','','1991-07','1991-07','0','0','2011-07','0','事业单位','专技十级-中级','山南市人民医院','','','','','','','中专','1991-06','3','0','护士','1991-07','','0','','','','0','2006','2006','0','否','','0','',''),('1704','0','88','毛启兄','女','1988-11-01','青海海西','汉族','','2012-09','2012-09','0','0','2012-09','0','事业单位','专技十二级-助理','山南市人民医院','','','','','','','本科','2012-07','3','0','','','','0','','','','0','2012','2012','0','否','','0','',''),('916','0','88','程习魁','男','1979-06-01','河南开封','汉族','党员','2002-10','2002-10','0','0','2014-01','0','事业单位','专技十级-中级','山南市人民医院','','','','','','','本科','2002-07','5','0','','','','0','','','','0','2006','2006','0','否','','0','',''),('1054','0','88','德庆','女','1979-09-01','西藏曲松','藏族','','2004-09','2004-09','0','0','2012-11','0','事业单位','专技十级-中级','山南市人民医院','','','','','','','本科','2004-07','5','0','','','','0','','','','0','2006','2006','0','否','','0','',''),('1430','0','88','格桑旦增','男','1970-06-01','西藏隆子','藏族','党员','1991-07','1991-07','0','0','2011-08','0','事业单位','专技十级-中级','山南市人民医院','','','','','','','中专','1991-07','3','0','','','','0','','','','0','2006','2006','0','否','','0','',''),('1582','0','88','次仁石曲','女','1984-07-01','西藏日喀则','藏族','','2006-05','2006-05','0','0','2015-12','0','事业单位','专技十三级-员级','山南市人民医院','','','','','','','大专','2004-07','3','0','护士','2006-05','','0','','','','0','2006','2006','0','否','','0','',''),('886','0','88','崔成洛桑','男','1964-07-15','西藏洛扎','藏族','党员','1983-08','1983-08','0','0','2006-12','0','事业单位','专技十级-中级','山南市人民医院','','','','','','','中专','1983-07','3','0','','','','0','','','','0','2006','2006','0','否','','0','',''),('1562','0','88','达瓦扎西','男','1992-02-01','西藏乃东','藏族','','2015-09','2015-09','0','0','2015-09','0','事业单位','专技十二级-助理','山南市人民医院','','','','','','','本科','2015-07','4','0','','','','0','','','','0','2015','2015','0','否','','0','',''),('1638','0','88','拉巴仓决','女','1984-07-01','西藏拉萨','藏族','党员','2008-08','2008-08','0','0','2012-03','0','事业单位','管理九级-科员','山南市人民医院','','','','','','','本科','2008-07','4','0','','','','0','','','','0','2008','2008','0','否','','0','',''),('1461','0','88','强巴曲珍','女','1970-08-01','西藏隆子','藏族','','1990-08','1999-08','0','0','2009-10','0','事业单位','专技十级-中级','山南市人民医院','','','','','','','大专','1990-06','3','0','护士','1990-08','','0','','','','0','2006','2006','0','否','','0','',''),('1421','0','88','兰英','女','1972-08-01','西藏江达','藏族','','1993-07','1993-07','0','0','2013-07','0','事业单位','专技十级-中级','山南市人民医院','','','','','','','中专','1993-06','3','0','','','','0','','','','0','2006','2006','0','否','','0','',''),('1555','0','88','德吉','女','1982-10-01','西藏贡嘎','藏族','','2006-08','2006-08','0','0','2016-04','0','事业单位','专技十级-中级','山南市人民医院','','','','','','','本科','2006-06','5','0','','','','0','','','','0','2006','2006','0','否','','0','',''),('1044','0','88','扎西央宗','女','1973-10-01','西藏乃东','藏族','','1993-06','1993-06','0','0','2013-07','0','事业单位','专技十级-中级','山南市人民医院','','','','','','','中专','1993-06','3','0','','','','0','','','','0','2006','2006','0','否','','0','',''),('1926','0','88','李红书','男','1991-09-01','湖北巴东县','土家族','','2016-07','2016-07','0','0','2016-07','0','事业单位','专技十二级-助理','山南市人民医院','','','','','','','本科','2016-07','4','0','护士','2016-07','','0','','','','0','2016','2016','0','否','','0','',''),('1557','0','88','青尼多吉','男','1985-01-01','西藏昌都','藏族','','2010-11','2010-11','0','0','2015-09','0','事业单位','专技十三级-员级','山南市人民医院','','','','','','','大专','2010-07','3','0','','','','0','','','','0','2013','2013','0','否','','0','',''),('1690','0','88','巴桑卓嘎（合同制）','女','1983-03-01','西藏贡嘎','藏族','','2004-07','2004-07','0','0','2011-01','0','事业单位','专技十二级-助理','山南市人民医院','','','','','','','中专','2004-07','3','0','','','','0','','','','0','2014','2014','0','否','','0','',''),('1561','0','88','罗布卓玛','女','1993-05-01','西藏拉萨','藏族','','2015-09','2015-09','0','0','2015-09','0','事业单位','专技十三级-员级','山南市人民医院','','','','','','','大专','2015-07','3','0','','','','0','','','','0','2015','2015','0','否','','0','',''),('1672','0','88','德吉央宗','女','1964-06-01','西藏措美','汉族','党员','1984-07','1984-07','0','0','2016-10','0','事业单位','专技七级-副高','山南市人民医院','','','','','','','中专','1984-07','3','0','护士','1984-08','','0','','','','0','2006','2006','0','否','','0','',''),('1065','0','88','米玛潘多','女','1975-11-01','西藏日喀则','藏族','党员','1996-08','1996-08','0','0','2012-11','0','事业单位','专技十级-中级','山南市人民医院','','','','','','','大专','1996-06','3','0','护士','1996-08','','0','','','','0','2006','2006','0','否','','0','',''),('1223','0','88','奥角','女','1990-07-01','青海华隆','藏族','','2014-07','2014-07','0','0','2014-07','0','事业单位','专技十二级-助理','山南市人民医院','','','','','','','本科','2014-07','5','0','护士','2014-07','','0','','','','0','2014','2014','0','否','','0','',''),('1425','0','88','古桑拉姆','女','1975-11-01','西藏措美','藏族','','1994-07','1994-07','0','0','2001-09','0','事业单位','专技十二级-助理','山南市人民医院','','','','','','','中专','1994-07','3','0','','','','0','','','','0','2006','2006','0','否','','0','',''),('1169','0','88','达娃','女','1990-06-01','西藏贡嘎','藏族','','2013-12','2013-12','0','0','2013-12','0','事业单位','专技十二级-助理','山南市人民医院','','','','','','','本科','2013-07','4','0','护士','2013-12','','0','','','','0','2013','2013','0','否','','0','',''),('1274','0','88','达娃卓玛','女','1992-06-01','西藏琼结','藏族','','2014-07','2014-07','0','0','2014-07','0','事业单位','专技十三级-员级','山南市人民医院','','','','','','','大专','2014-07','3','0','','','','0','','','','0','2014','2014','0','否','','0','',''),('1229','0','88','女巴珠','女','1968-11-01','西藏乃东','藏族','','1989-07','1989-07','0','0','2006-04','0','事业单位','专技十级-中级','山南市人民医院','','','','','','','中专','1989-06','3','0','护士','1989-07','','0','','','','0','2006','2006','0','否','','0','',''),('1038','0','88','王陈君','女','1977-03','甘肃泰安','汉族','','1998-08','1998-08','0','0','2015-03','0','事业单位','专技十级-中级','山南市人民医院','','','','','','','中专','1998-06','3','0','','','','0','','','','0','2006','2006','0','否','','0','',''),('1164','0','88','平措桑布','男','1973-12-01','西藏扎囊','藏族','党员','1996-08','1996-08','0','0','2016-04','0','事业单位','专技十级-中级','山南市人民医院','','','','','','','大专','1996-06','3','0','','','','0','','','','0','2006','2006','0','否','','0','',''),('1039','0','88','马晓伟','男','1986-11-01','山东威海','汉族','','2010-08','2010-08','0','0','2010-08','0','事业单位','专技十二级-助理','山南市人民医院','','','','','','','本科','2010-07','5','0','','','','0','','','','0','2010','2010','0','否','','0','',''),('1189','0','88','段慧杰','女','1987-01-01','山东菏泽','汉族','','2009-11','2009-11','0','0','2012-06','0','事业单位','专技十二级-助理','山南市人民医院','','','','','','','大专','2009-07','3','0','','','','0','','','','0','2009','2009','0','否','','0','',''),('1051','0','88','德吉曲珍','女','1981-10-01','西藏措美','藏族','','2004-07','2004-07','0','0','2016-04','0','事业单位','专技十级-中级','山南市人民医院','','','','','','','大专','2004-06','3','0','','','','0','','','','0','2006','2006','0','否','','0','',''),('1262','0','88','巴桑','女','1973-12-01','西藏贡嘎','藏族','','1992-01','1992-01','0','0','2010-01','0','事业单位','专技十二级-助理','山南市人民医院','','','','','','','大专','2007-01','3','0','护士','1992-01','','0','','','','0','2006','2006','0','否','','0','',''),('1231','0','88','益西达娃','男','1985-05-01','西藏措那','藏族','','2009-11','2009-11','0','0','2009-11','0','事业单位','专技十二级-助理','山南市人民医院','','','','','','','本科','2009-07','5','0','','','','0','','','','0','2009','2009','0','否','','0','',''),('1166','0','88','罗布顿珠','男','1985-10-01','西藏隆子','藏族','党员','2008-09','2008-09','0','0','2010-10','0','事业单位','专技十二级-助理','山南市人民医院','','','','','','','本科','2008-07','5','0','','','','0','','','','0','2008','2008','0','否','','0','',''),('1567','0','88','大普布次仁','男','1985-10-01','西藏日喀则','藏族','党员','2009-11','2009-11','0','0','2016-01','0','事业单位','专技十二级-助理','山南市人民医院','','','','','','','本科','2009-07','5','0','','','','0','','','','0','2009','2009','0','否','','0','',''),('1047','0','88','巴珠','女','1973-04-01','西藏琼结','藏族','','1993-05','1993-05','0','0','2011-08','0','事业单位','专技十级-中级','山南市人民医院','','','','','','','中专','1993-05','3','0','','','','0','','','','0','2006','2006','0','否','','0','',''),('1665','0','88','索朗央宗','女','1985-07-06','西藏贡嘎','藏族','','2008-09','2008-09','0','0','2010-12','0','事业单位','专技十三级-员级','山南市人民医院','','','','','','','大专','2008-07','3','0','','','','0','','','','0','2008','2008','0','否','','0','',''),('1084','0','88','次仁伦珠','男','1980-12-01','西藏日喀则','藏族','党员','2005-08','2005-08','0','0','2014-11','0','事业单位','管理八级-副科','山南市人民医院','','','','','','','本科','2005-07','5','0','','','','0','','','','0','2006','2006','0','否','','0','',''),('1424','0','88','扎西仓决','女','1974-02-01','西藏错那','藏族','党员','1994-07','1994-07','0','0','2013-07','0','事业单位','专技十级-中级','山南市人民医院','','','','','','','中专','1994-07','3','0','','','','0','','','','0','2006','2006','0','否','','0','',''),('866','0','88','次仁措姆','女','1977-12','西藏曲松','藏族','党员','1997-08','1997-08','0','0','2016-12','0','事业单位','管理七级-正科','山南市人民医院','','','','','','','大专','1997-06','3','0','','','','0','','','','0','2006','2006','0','否','','0','',''),('1173','0','88','次巴卓玛','女','1981-11-01','西藏拉萨','藏族','党员','2005-08','2005-08','0','0','2013-07','0','事业单位','专技十级-中级','山南市人民医院','','','','','','','本科','2005-07','5','0','','','','0','','','','0','2006','2006','0','否','','0','',''),('1569','0','88','白玛央珍','女','1981-08-01','西藏乃东','藏族','','2009-10','2009-10','0','0','2016-01','0','机关单位','专技十二级-助理','山南市人民医院','','','','','','','本科','2009-07','5','0','','','','0','','','','0','2009','2009','0','否','','0','',''),('1655','0','88','白玛央金','女','1978-11-01','西藏隆子','藏族','','1998-08','1998-08','0','0','1998-08','0','事业单位','专技十三级-员级','山南市人民医院','','','','','','','大专','1998-07','3','0','','','','0','','','','0','2006','2006','0','否','','0','',''),('1564','0','88','邵曦','男','1987-10-01','安徽丰台','汉族','','2015-09','2015-09','0','0','2015-09','0','事业单位','专技十二级-助理','山南市人民医院','','','','','','','本科','2010-07','5','0','','','','0','','','','0','2015','2015','0','否','','0','',''),('1206','0','88','央珍','女','1980-04-01','西藏拉萨','藏族','','2000-07','2000-07','0','0','2015-03','0','事业单位','专技十级-中级','山南市人民医院','','','','','','','大专','2000-06','3','0','','','','0','','','','0','2006','2006','0','否','','0','',''),('1558','0','88','任毅','男','1992-09-01','重庆渝北','汉族','','2015-09','2015-09','0','0','2015-09','0','事业单位','专技十二级-助理','山南市人民医院','','','','','','','本科','2015-07','5','0','','','','0','','','','0','2015','2015','0','否','','0','',''),('1202','0','88','米玛拉姆','女','1972-03-01','西藏拉萨','汉族','','1992-01','1992-01','0','0','2008-01','0','事业单位','专技十二级-助理','山南市人民医院','','','','','','','大专','2005-07','3','0','护士','1992-01','','0','','','','0','2006','2006','0','否','','0','',''),('1574','0','88','次仁卓玛','女','1979-09-01','西藏贡嘎','藏族','','1998-10','1998-10','0','0','2016-04','0','事业单位','专技十级-中级','山南市人民医院','','','','','','','暂时没有','','0','0','护士','1998-10','','0','','','','0','2006','2006','0','否','','0','',''),('1646','0','88','次仁德吉','女','1973-04-01','西藏日喀则','藏族','党员','1994-07','1994-07','0','0','2013-09','0','事业单位','专技十级-中级','山南市人民医院','','','','','','','中专','1994-07','4','0','护士','1994-07','','0','','','','0','2006','2006','0','否','','0','',''),('1050','0','88','扎西拉姆','女','1976-11-01','西藏隆子','藏族','','1996-07','1996-07','0','0','2008-01','0','事业单位','专技十二级-助理','山南市人民医院','','','','','','','中专','1996-07','3','0','','','','0','','','','0','2006','2006','0','否','','0','',''),('1484','0','88','白玛央珍','女','1989-12-01','西藏贡嘎','藏族','','2013-12','2013-12','0','0','2013-12','0','事业单位','专技十二级-助理','山南市人民医院','','','','','','','本科','2013-07','4','0','护士','2013-12','','0','','','','0','2013','2013','0','否','','0','',''),('1182','0','88','郭娟','女','1980-12-01','四川射洪','汉族','党员','2005-08','2005-08','0','0','2014-01','0','事业单位','专技十级-中级','山南市人民医院','','','','','','','本科','2005-06','5','0','','','','0','','','','0','2006','2006','0','否','','0','',''),('1916','0','88','秦小磊','女','1992-05-04','湖北宜城市','汉族','','2016-07','2016-07','0','0','2016-07','0','事业单位','专技十二级-助理','山南市人民医院','','','','','','','本科','2016-07','5','0','','','','0','','','','0','2016','2016','0','否','','0','',''),('1052','0','88','小尼玛次仁','男','1965-06-01','西藏桑日','藏族','','1988-08','1988-08','0','0','2006-06','0','事业单位','技术工三级-高级工','山南市人民医院','','','','','','','高中','','3','0','','','','0','','','','0','2006','2006','0','否','','0','',''),('1197','0','88','如吉','女','1989-08-01','西藏乃东','藏族','','2014-07','2014-07','0','0','2014-07','0','事业单位','专技十二级-助理','山南市人民医院','','','','','','','本科','2014-07','5','0','护士','2014-07','','0','','','','0','2014','2014','0','否','','0','',''),('857','0','88','德吉央宗','女','1976-11-01','西藏措美','藏族','','1997-07','1997-07','0','0','2016-04','0','事业单位','专技十级-中级','山南市人民医院','','','','','','','中专','1997-07','3','0','','','','0','','','','0','2006','2006','0','否','','0','',''),('1420','0','88','白玛央宗','女','1972-06-01','西藏琼结','藏族','党员','1994-07','1994-07','0','0','2011-08','0','事业单位','专技十级-中级','山南市人民医院','','','','','','','中专','1994-07','3','0','','','','0','','','','0','2006','2006','0','否','','0','',''),('1923','0','88','向金凤','女','1993-08-01','湖南巴东县','土家族','','2016-07','2016-07','0','0','2016-07','0','事业单位','专技十二级-助理','山南市人民医院','','','','','','','本科','2016-07','4','0','护士','2016-07','','0','','','','0','2016','2016','0','否','','0','',''),('1422','0','88','米努尼玛','男','1983-10-01','西藏索县','藏族','党员','2002-09','2002-09','0','0','2010-12','0','事业单位','专技十三级-员级','山南市人民医院','','','','','','','中专','2002-07','3','0','','','','0','','','','0','2006','2006','0','否','','0','',''),('1527','0','88','梁振京','男','1980-05-01','河北保定','汉族','党员','2005-12','2005-12','0','0','2013-07','0','事业单位','专技十级-中级','山南市人民医院','','','','','','','本科','2005-06','5','0','','','','0','','','','0','2006','2006','0','否','','0','',''),('1172','0','88','索朗格桑','男','1990-12-01','西藏日喀则','藏族','党员','2014-07','2014-07','0','0','2014-07','0','事业单位','专技十二级-助理','山南市人民医院','','','','','','','本科','2014-07','4','0','','','','0','','','','0','2014','2014','0','否','','0','',''),('1679','0','88','手次仁卓嘎','女','1968-12-01','西藏洛扎','藏族','党员','1971-07','1971-07','0','0','2011-07','0','事业单位','专技十级-中级','山南市人民医院','','','','','','','中专','1971-07','3','0','护士','1985-01','','0','','','','0','2006','2006','0','否','','0','',''),('1904','0','88','王丽','女','1995-01-01','宁夏吴忠市','汉族','','2016-07','2016-07','0','0','2016-07','0','事业单位','专技十二级-助理','山南市人民医院','','','','','','','本科','2016-07','4','0','护士','2016-07','','0','','','','0','2016','2016','0','否','','0','',''),('856','0','88','达娃','女','1975-05','西藏贡嘎','藏族','党员','1994-07','1994-07','0','0','2014-01','0','事业单位','专技十级-中级','山南市人民医院','','','','','','','中专','1994-07','3','0','','','','0','','','','0','2006','2006','0','否','','0','',''),('1188','0','88','德珍','女','1986-09-04','四川甘孜','藏族','党员','2009-11','2009-11','0','0','2009-11','0','事业单位','专技十二级-助理','山南市人民医院','','','','','','','本科','2009-07','5','0','','','','0','','','','0','2009','2009','0','否','','0','',''),('1710','0','88','赤列曲珍','女','1993-04-01','西藏隆子','藏族','','2015-09','2015-09','0','0','2015-09','0','事业单位','专技十二级-助理','山南市人民医院','','','','','','','本科','2015-07','4','0','护士','2015-07','','0','','','','0','2015','2015','0','否','','0','',''),('1913','0','88','苏静','女','1993-07-08','四川大邑','汉族','','2016-07','2016-07','0','0','2016-07','0','事业单位','专技十二级-助理','山南市人民医院','','','','','','','本科','2016-07','4','0','','','','0','','','','0','2016','2016','0','否','','0','',''),('1535','0','88','邓云萍','女','1966-05-01','西藏成都','汉族','','1981-08','1981-08','0','0','2016-10','0','事业单位','专技十级-中级','山南市人民医院','','','','','','','中专','2004-07','3','0','','','','0','','','','0','2006','2006','0','否','','0','',''),('1513','0','88','陈曼','女','1987-08-01','河南平顶山','汉族','','2009-11','2009-11','0','0','2013-06','0','事业单位','专技十二级-助理','山南市人民医院','','','','','','','大专','2009-07','3','0','护士','2009-11','','0','','','','0','2009','2009','0','否','','0','',''),('1914','0','88','毛莉瑶','女','1991-11-14','青海共和','藏族','','2016-07','2016-07','0','0','2016-07','0','事业单位','专技十二级-助理','山南市人民医院','','','','','','','本科','2016-07','5','0','','','','0','','','','0','2016','2016','0','否','','0','',''),('1648','0','88','白珍（合同制）','女','1978-05-01','西藏拉萨','藏族','','1996-01','1996-01','0','0','2006-06','0','事业单位','技术工四级-中级工','山南市人民医院','','','','','','','高中','','3','0','','','','0','','','','0','2006','2006','0','否','','0','',''),('1554','0','88','旦增多吉','男','1986-03-01','西藏乃东','藏族','','2009-09','2009-09','0','0','2012-12','0','事业单位','专技十二级-助理','山南市人民医院','','','','','','','本科','2009-07','4','0','','','','0','','','','0','2009','2009','0','否','','0','',''),('1543','0','88','德吉','女','1976-09-01','西藏琼结','藏族','党员','1994-12','1994-12','0','0','2009-07','0','事业单位','技术工三级-高级工','山南市人民医院','','','','','','','中专','1994-12','3','0','','','','0','','','','0','2006','2006','0','否','','0','',''),('1552','0','88','曾礼辉','男','1992-09-01','江西兴国','汉族','','2015-07','2015-07','0','0','2015-07','0','事业单位','专技十二级-助理','山南市人民医院','','','','','','','本科','2015-07','5','0','','','','0','','','','0','2015','2015','0','否','','0','',''),('1538','0','88','索朗多不拉','男','1979-08-01','西藏日喀则','藏族','党员','1999-12','1999-12','0','0','2006-08','0','事业单位','技术工四级-中级工','山南市人民医院','','','','','','','高中','','3','0','','','','0','','','','0','2006','2006','0','否','','0','',''),('1919','0','88','胡梦','女','1995-01-01','湖北西县','汉族','','2016-07','2016-07','0','0','2016-07','0','事业单位','专技十二级-助理','山南市人民医院','','','','','','','本科','2016-07','4','0','护士','2016-07','','0','','','','0','2016','2016','0','否','','0','',''),('1530','0','88','涂则因','女','1991-12-01','重庆万州','汉族','','2014-07','2014-07','0','0','2014-07','0','事业单位','专技十三级-员级','山南市人民医院','','','','','','','大专','2014-07','3','0','','','','0','','','','0','2014','2014','0','否','','0','',''),('1925','0','88','龙枫雪','女','1993-11-11','湖北枝江','汉族','','2016-07','2016-07','0','0','2016-07','0','事业单位','专技十二级-助理','山南市人民医院','','','','','','','本科','2016-07','4','0','护士','2016-07','','0','','','','0','2016','2016','0','否','','0','',''),('1917','0','88','闫苗苗','女','1993-04-24','湖北钟祥','汉族','','2016-07','2016-07','0','0','2016-07','0','事业单位','专技十二级-助理','山南市人民医院','','','','','','','本科','2016-07','5','0','','','','0','','','','0','2016','2016','0','否','','0','',''),('1657','0','88','索朗曲珍','女','1984-03-01','西藏错那','藏族','','2003-07','2003-07','0','0','2003-07','0','事业单位','专技十三级-员级','山南市人民医院','','','','','','','中专','2003-07','3','0','','','','0','','','','0','2006','2006','0','否','','0','',''),('1570','0','88','罗布占堆','男','1986-04-01','西藏浪卡子','藏族','党员','2010-11','2010-11','0','0','2016-01','0','事业单位','专技十二级-助理','山南市人民医院','','','','','','','本科','2010-07','5','0','','','','0','','','','0','2010','2010','0','否','','0','',''),('1055','0','88','达珍','女','1987-02-01','西藏乃东','藏族','党员','2009-11','2009-11','0','0','2012-08','0','事业单位','专技十二级-助理','山南市人民医院','','','','','','','中专','2005-07','3','0','护士','2009-11','','0','','','','0','2009','2009','0','否','','0','',''),('1042','0','88','刘海军','男','1971-12-01','河南遂平','汉族','','1992-07','2000-07','0','0','2013-07','0','事业单位','专技十级-中级','山南市人民医院','','','','','','','中专','1992-07','3','0','','','','0','','','','0','2006','2006','0','否','','0','',''),('1452','0','88','贡觉卓玛（合同制）','女','1973-07-01','西藏波密','藏族','','1995-12','1995-12','0','0','2006-06','0','事业单位','技术工四级-中级工','山南市人民医院','','','','','','','暂时没有','','0','0','','','','0','','','','0','2006','2006','0','否','','0','',''),('1170','0','88','次仁卓玛','女','1983-10-01','西藏乃东','藏族','','2005-08','2005-08','0','0','2016-04','0','事业单位','专技十级-中级','山南市人民医院','','','','','','','大专','2005-07','5','0','护士','2005-08','','0','','','','0','2006','2006','0','否','','0','',''),('1563','0','88','白玛央珍','女','1993-04-01','西藏扎囊','藏族','','2015-09','2015-09','0','0','2015-09','0','事业单位','专技十三级-员级','山南市人民医院','','','','','','','大专','2015-07','3','0','','','','0','','','','0','2015','2015','0','否','','0','',''),('1211','0','88','索朗卓嘎','女','1994-01-01','西藏拉萨','藏族','','2015-09','2015-09','0','0','2015-09','0','事业单位','专技十三级-员级','山南市人民医院','','','','','','','大专','2015-06','3','0','护士','2015-09','','0','','','','0','2015','2015','0','否','','0','',''),('1528','0','88','达娃曲旦','男','1979-09-01','西藏隆子','汉族','','2002-07','2002-07','0','0','2016-04','0','事业单位','专技十级-中级','山南市人民医院','','','','','','','大专','2002-07','3','0','','','','0','','','','0','2006','2006','0','否','','0','',''),('1924','0','88','周玉娇','女','1992-09-01','四川邛崃','汉族','','2016-07','2016-07','0','0','2016-07','0','事业单位','专技十二级-助理','山南市人民医院','','','','','','','本科','2016-07','4','0','护士','2016-07','','0','','','','0','2016','2016','0','否','','0','',''),('1922','0','88','王焕彪','男','1992-01-01','湖南宁远县','汉族','','2016-07','2016-07','0','0','2016-07','0','事业单位','专技十二级-助理','山南市人民医院','','','','','','','本科','2016-07','5','0','','','','0','','','','0','2016','2016','0','否','','0','',''),('1571','0','88','次旺','男','1979-02-01','西藏日喀则','藏族','党员','2000-07','2000-07','0','0','2015-12','0','事业单位','专技十二级-助理','山南市人民医院','','','','','','','大专','2000-07','3','0','','','','0','','','','0','2006','2006','0','否','','0','',''),('1222','0','88','德珍','女','1992-06-01','西藏拉萨','藏族','','2014-07','2014-07','0','0','2014-07','0','事业单位','专技十三级-员级','山南市人民医院','','','','','','','大专','2014-07','3','0','','','','0','','','','0','2014','2014','0','否','','0','',''),('1929','0','88','刘乐','女','1987-04-01','云南','汉族','','2016-07','2016-07','0','0','2016-07','0','事业单位','专技十二级-助理','山南市人民医院','','','','','','','本科','2016-07','4','0','','','','0','','','','0','2016','2016','0','否','','0','',''),('1546','0','88','刘俊德','男','1991-04-01','青海大通','汉族','','2015-07','2015-07','0','0','2015-07','0','事业单位','专技十二级-助理','山南市人民医院','','','','','','','本科','2015-07','5','0','','','','0','','','','0','2015','2015','0','否','','0','',''),('1930','0','88','温硕兰','女','1994-08-14','湖南省石门县','土家族','','2016-07','2016-07','0','0','2016-07','0','事业单位','专技十二级-助理','山南市人民医院','','','','','','','本科','2016-07','4','0','','','','0','','','','0','2016','2016','0','否','','0','',''),('1559','0','88','次仁卓嘎','女','1992-07-01','西藏隆子','藏族','','2015-09','2015-09','0','0','2015-09','0','事业单位','专技十三级-员级','山南市人民医院','','','','','','','大专','2015-07','3','0','','','','0','','','','0','2015','2015','0','否','','0','',''),('1271','0','88','龙成科','男','1985-09-01','贵州天柱','汉族','','2009-07','2009-07','0','0','2016-04','0','事业单位','专技十级-中级','山南市人民医院','','','','','','','本科','2009-06','5','0','','','','0','','','','0','2009','2009','0','否','','0','',''),('1918','0','88','徐瑜栀','女','1996-10-18','湖南长沙','汉族','','2016-07','2016-07','0','0','2016-07','0','事业单位','专技十二级-助理','山南市人民医院','','','','','','','本科','2016-07','4','0','护士','2016-07','','0','','','','0','2016','2016','0','否','','0','',''),('1575','0','88','次仁卓嘎','女','1993-10-01','西藏贡嘎','藏族','','2015-09','2015-09','0','0','2015-09','0','事业单位','专技十三级-员级','山南市人民医院','','','','','','','大专','2015-07','3','0','护士','2015-09','','0','','','','0','2015','2015','0','否','','0','',''),('1433','0','88','影普布次仁','男','1972-01-01','西藏拉萨','藏族','','1994-07','1994-07','0','0','1999-08','0','事业单位','专技十二级-助理','山南市人民医院','','','','','','','中专','1994-07','3','0','','','','0','','','','0','2006','2006','0','否','','0','',''),('1185','0','88','其米白珍','女','1972-12-01','西藏日喀则','藏族','','1996-07','1996-07','0','0','2010-01','0','事业单位','专技十二级-助理','山南市人民医院','','','','','','','中专','1996-06','3','0','护士','1996-07','','0','','','','0','2006','2006','0','否','','0','',''),('1474','0','88','手索朗卓嘎','女','1981-04-01','西藏浪卡子','藏族','','2004-07','2004-07','0','0','2016-07','0','机关单位','专技十级-中级','山南市人民医院','','','','','','','大专','2004-06','3','0','护士','2011-10','','0','','','','0','2006','2006','0','否','','0','',''),('2873','0','88','潘汉林','男','1992-12-01','广西','壮族','','2016-07','2016-07','0','0','2016-07','0','事业单位','专技十二级-助理','山南市人民医院','','','','','','','本科','2016-07','5','0','','','','0','','','','0','2016','2016','0','否','','0','',''),('3652','0','88','马晓方','女','1990-03-01','安徽','汉族','','2014-08','2014-08','0','0','2016-08','0','事业单位','专技十三级-员级','山南市人民医院','','','','','','','大专','2014-07','3','0','','','','0','','','','0','2014','2014','0','否','','0','',''),('1708','0','88','李丹','女','1985-04-01','河北保定','汉族','党员','2014-07','2014-07','0','0','2014-07','0','事业单位','专技十二级-助理','山南市人民医院','','','','','','','本科','2010-07','4','0','护士','2014-07','','0','','','','0','2014','2014','0','否','','0','',''),('3648','0','88','王单','女','1987-05-01','西藏拉萨','汉族','','2016-08','2016-08','0','0','2016-08','0','事业单位','专技十三级-员级','山南市人民医院','','','','','','','大专','2016-08','3','0','护士','2016-08','','0','','','','0','2016','2016','0','否','','0','',''),('3483','0','88','央珍','女','1992-02-01','西藏堆龙','藏族','','2016-08','2016-08','0','0','2016-08','0','事业单位','专技十三级-员级','山南市人民医院','','','','','','','大专','2016-07','3','0','护士','2016-08','','0','','','','0','2016','2016','0','否','','0','',''),('1684','0','88','申雅琴','女','1985-02','四川绵阳','汉族','','2009-11','2009-11','0','0','2013-12','0','事业单位','专技十二级-助理','山南市人民医院','','','','','','','大专','2009-07','3','0','护士','2009-11','','0','','','','0','2009','2009','0','否','','0','',''),('1688','0','88','拉巴仓决','女','1988-06-01','西藏拉萨','藏族','','2013-12','2013-12','0','0','2013-12','0','事业单位','专技十二级-助理','山南市人民医院','','','','','','','本科','2013-07','5','0','','','','0','','','','0','2013','2013','0','否','','0','',''),('3647','0','88','贡吉尼玛','女','1994-07-01','西藏堆龙','藏族','','2016-08','2016-08','0','0','2016-08','0','事业单位','专技十三级-员级','山南市人民医院','','','','','','','大专','2016-08','3','0','护士','2016-08','','0','','','','0','2016','2016','0','否','','0','',''),('1226','0','88','田卫军','男','1971-09-01','甘肃民勤','汉族','党员','1996-08','1996-08','0','0','2013-01','0','事业单位','专技七级-副高','山南市人民医院','','','','','','','本科','1996-06','5','0','','','','0','','','','0','2006','2006','0','否','','0','',''),('1549','0','88','李毛才让','女','1989-07-01','青海同仁','藏族','','2015-07','2015-07','0','0','2015-07','0','事业单位','专技十二级-助理','山南市人民医院','','','','','','','本科','2015-07','5','0','','','','0','','','','0','2015','2015','0','否','','0','',''),('3347','0','88','饶军','男','1984-02-22','四川巴中','汉族','党员','2004-12','2004-12','0','0','2016-09','0','机关单位','管理九级-科员','山南市人民医院','','','','','','','本科','2012-07','4','0','','','','0','','','','0','2006','2006','0','否','','0','',''),('3736','0','88','仓吉','女','1986-12-01','西藏贡嘎','藏族','','2010-11','2010-11','0','0','2016-09','0','事业单位','专技十二级-助理','山南市人民医院','','','','','','','本科','2010-07','3','5','','','','0','','','','0','2010','2010','0','否','','0','',''),('1694','0','88','边巴卓玛','女','1994-06-01','西藏拉萨','藏族','','2014-07','2014-07','0','0','2014-07','0','事业单位','专技十三级-员级','山南市人民医院','','','','','','','大专','2014-07','3','0','护士','2014-07','','0','','','','0','2014','2014','0','否','','0','',''),('2871','0','88','郑云','男','1992-06-01','山东','汉族','','2016-07','2016-07','0','0','2016-07','0','事业单位','专技十二级-助理','山南市人民医院','','','','','','','本科','2016-07','5','0','','','','0','','','','0','2016','2016','0','否','','0','',''),('1208','0','88','王萍','女','1989-06-01','甘肃兰州','汉族','','2015-09','2015-09','0','0','2015-09','0','事业单位','专技十三级-员级','山南市人民医院','','','','','','','大专','2015-06','3','0','护士','2015-09','','0','','','','0','2015','2015','0','否','','0','',''),('2870','0','88','  肖周海','男','1994-03-01','江西','汉族','','2016-07','2016-07','0','0','2016-07','0','事业单位','专技十二级-助理','山南市人民医院','','','','','','','本科','2016-07','4','0','','','','0','','','','0','2016','2016','0','否','','0','',''),('3485','0','88','白玛央金','女','1993-05-01','西藏措美','藏族','','2016-08','2016-08','0','0','2016-07','0','事业单位','专技十二级-助理','山南市人民医院','','','','','','','大专','2016-07','3','0','护士','','','0','','','','0','2016','2016','0','否','','0','',''),('1160','0','88','拉珍','女','1966-04-01','西藏浪卡子','藏族','党员','1986-08','1986-08','0','0','2006-04','0','事业单位','专技十级-中级','山南市人民医院','','','','','','','中专','1986-06','3','0','护士','1986-06','','0','','','','0','2006','2006','0','否','','0','',''),('1220','0','88','米玛仓决','女','1979-10-01','西藏乃东','藏族','','1997-08','1997-08','0','0','2011-05','0','事业单位','专技十二级-助理','山南市人民医院','','','','','','','中专','1997-06','3','0','','','','0','','','','0','2006','2006','0','否','','0','',''),('1058','0','88','卓嘎','女','1979-04-01','西藏昌都','藏族','党员','2000-08','2000-08','0','0','2016-05','0','事业单位','管理六级-副县','山南市人民医院','领导职务','','','','','','中专','2000-07','3','0','','','','0','','','','0','2006','2006','0','否','','0','',''),('865','0','88','边巴次仁','男','1965-11-01','西藏乃东','藏族','','1986-04','1986-04','0','0','2006-06','0','事业单位','技术工三级-高级工','山南市人民医院','','','','','','','暂时没有','','0','0','','','','0','','','','0','2006','2006','0','否','','0','',''),('3654','0','88','桑正丽','女','1990-12-01','云南曲靖','汉族','','2014-08','2014-08','0','0','2016-08','0','事业单位','专技十二级-助理','山南市人民医院','','','','','','','本科','2014-12','3','0','','','','0','','','','0','2014','2014','0','否','','0','',''),('1551','0','88','张志斌','男','1989-10-01','云南大理','汉族','','2015-07','2015-07','0','0','2015-07','0','事业单位','专技十二级-助理','山南市人民医院','','','','','','','本科','2015-06','5','0','','','','0','','','','0','2015','2015','0','否','','0','',''),('3486','0','88','拉姆玉珍','女','1995-04-01','西藏措美','藏族','','2016-08','2016-08','0','0','2016-08','0','事业单位','专技十三级-员级','山南市人民医院','','','','','','','大专','2016-06','3','0','护士','2016-08','','0','','','','0','2016','2016','0','否','','0','',''),('3482','0','88','胡泽娟','女','1990-08-01','四川凉山','汉族','','2016-08','2016-08','0','0','2016-08','0','事业单位','专技十三级-员级','山南市人民医院','','','','','','','大专','2012-07','3','0','护士','2016-08','','0','','','','0','2016','2016','0','否','','0','',''),('2872','0','88',' 董宗磊','男','1992-07-01','河南','汉族','','2016-07','2016-07','0','0','2016-07','0','事业单位','专技十二级-助理','山南市人民医院','','','','','','','本科','2016-07','5','0','','','','0','','','','0','2016','2016','0','否','','0','',''),('3484','0','88','尼玛央金','女','1993-06-01','西藏措美','藏族','','2016-08','2016-08','0','0','2016-08','0','事业单位','专技十三级-员级','山南市人民医院','','','','','','','大专','2016-06','3','0','护士','2016-08','','0','','','','0','2016','2016','0','否','','0','',''),('3653','0','88','张蕙兰','女','1992-11-01','湖南常德','汉族','','2014-08','2014-08','0','0','2016-08','0','事业单位','专技十三级-员级','山南市人民医院','','','','','','','大专','2014-07','3','0','','','','0','','','','0','2014','2014','0','否','','0','',''),('1077','0','88','郇霞','女','1983-10-01','河南洛阳','汉族','','2008-07','2008-07','0','0','2016-04','0','事业单位','专技十级-中级','山南市人民医院','','','','','','','本科','2008-06','5','0','','','','0','','','','0','2008','2008','0','否','','0','',''),('1673','0','88','韦圣焕','男','1981-06-01','贵州锦屏','藏族','','2004-09','2004-09','0','0','2013-04','0','事业单位','专技十二级-助理','山南市人民医院','','','','','','','大专','2004-07','3','0','','','','0','','','','0','2006','2006','0','否','','0','',''),('1436','0','88','邓卫林','男','1978-03-01','西藏拉萨','回族','','1999-08','1999-08','0','0','2014-01','0','事业单位','专技十二级-助理','山南市人民医院','','','','','','','中专','1999-07','3','0','','','','0','','','','0','2006','2006','0','否','','0','',''),('3650','0','88','尼玛拉姆','女','1993-08-01','西藏日喀则','藏族','','2016-08','2016-08','0','0','2016-08','0','事业单位','专技十三级-员级','山南市人民医院','','','','','','','大专','2016-08','3','0','护士','2016-08','','0','','','','0','2016','2016','0','否','','0','',''),('3649','0','88','张娜','女','1988-08-01','西藏昌都','汉族','','2016-08','2016-08','0','0','2016-08','0','事业单位','专技十三级-员级','山南市人民医院','','','','','','','大专','2016-08','3','3','护士','2016-08','','0','','','','0','2016','2016','0','否','','0','',''),('3655','0','88','普布央金','女','1987-05-01','四川甘孜','藏族','','2011-07','2011-07','0','0','2016-09','0','事业单位','专技十二级-助理','山南市人民医院','','','','','','','大专','2011-07','3','0','护士','2011-07','','0','','','','0','2011','2011','0','否','','0','',''),('701','0','88','米玛拉姆','女','1974-06','青海囊谦','汉族','党员','1996-07','1996-07','0','0','2016-12','0','事业单位','管理七级-正科','山南市人民医院','','','','','','','中专','1996-07','3','0','','','','0','','','','0','2006','2006','0','否','','0','',''),('1529','0','88','蒲蓉','女','1960-12-01','四川广元','汉族','党员','2010-11','2010-11','0','0','2014-12','0','事业单位','专技十二级-助理','山南市人民医院','','','','','','','大专','2010-07','3','0','','','','0','','','','0','2010','2010','0','否','','0','',''),('1675','0','88','普布次仁','男','1986-06-01','西藏扎囊','藏族','','2009-11','2009-11','0','0','2009-11','0','事业单位','专技十二级-助理','山南市人民医院','','','','','','','本科','2009-07','5','0','','','','0','','','','0','2009','2009','0','否','','0','',''),('1486','0','88','白珍','女','1992-03-29','西藏浪卡子','藏族','','2014-07','2014-07','0','0','2014-07','0','事业单位','专技十三级-员级','山南市人民医院','','','','','','','大专','2014-07','3','0','护士','2014-07','','0','','','','0','2014','2014','0','否','','0','',''),('3727','0','88','普布顿珠','男','1983-08-01','西藏浪卡子','藏族','','2007-01','2007-01','0','0','2016-09','0','事业单位','专技十二级-助理','山南市人民医院','','','','','','','中专','2006-07','3','0','','','','0','','','','0','2007','2007','0','否','','0','',''),('1524','0','88','拉巴普尺','女','1985-07-01','西藏日喀则','藏族','','2009-11','2009-11','0','0','2009-11','0','事业单位','专技十三级-员级','山南市人民医院','','','','','','','大专','2009-06','3','0','','','','0','','','','0','2009','2009','0','否','','0','',''),('1200','0','88','普布扎西','男','1985-10-01','西藏乃东','藏族','','2009-11','2009-11','0','0','2009-11','0','事业单位','专技十二级-助理','山南市人民医院','','','','','','','本科','2009-07','5','0','','','','0','','','','0','2009','2009','0','否','','0','',''),('1702','0','88','江阿次仁','男','1959-09-01','西藏乃东','藏族','党员','1977-08','1977-08','0','0','2009-10','0','事业单位','专技七级-副高','山南市人民医院','','','','','','','中专','1977-07','3','0','','','','0','','','','0','2006','2006','0','否','','0','',''),('1526','0','88','吾金德吉','女','1991-06-01','西藏隆子','藏族','','2013-12','2013-12','0','0','2013-12','0','事业单位','专技十二级-助理','山南市人民医院','','','','','','','本科','2013-07','4','0','护士','2013-12','','0','','','','0','2013','2013','0','否','','0','',''),('1187','0','88','拉巴卓玛','女','1976-12-01','西藏措美','藏族','党员','1995-07','1995-07','0','0','1995-07','0','事业单位','专技十二级-助理','山南市人民医院','','','','','','','中专','1995-06','3','0','','','','0','','','','0','2006','2006','0','否','','0','',''),('1579','0','88','嘎珍','女','1989-10-01','西藏乃东','藏族','','2011-11','2011-11','0','0','2016-01','0','事业单位','专技十二级-助理','山南市人民医院','','','','','','','本科','2011-07','4','0','护士','2011-11','','0','','','','0','2011','2011','0','否','','0','',''),('1193','0','88','边巴吉拉','女','1992-03-01','西藏扎囊','藏族','','2014-07','2014-07','0','0','2014-07','0','事业单位','专技十三级-员级','山南市人民医院','','','','','','','大专','2014-07','3','0','','','','0','','','','0','2014','2014','0','否','','0','',''),('1683','0','88','徐彦博','男','1984-08-01','河南商丘','汉族','','2008-08','2008-08','0','0','2008-08','0','事业单位','专技十二级-助理','山南市人民医院','','','','','','','本科','2008-07','5','0','','','','0','','','','0','2008','2008','0','否','','0','',''),('1587','0','88','仁增旺姆','女','1986-03-01','西藏浪卡子','藏族','','2010-11','2010-11','0','0','2016-04','0','事业单位','专技十级-中级','山南市人民医院','','','','','','','本科','2010-07','4','0','护士','2010-11','','0','','','','0','2010','2010','0','否','','0','',''),('1911','0','88','文英','女','1991-09-14','湖北宜恩','土家族','','2016-07','2016-07','0','0','2016-07','0','事业单位','专技十二级-助理','山南市人民医院','','','','','','','本科','2016-07','5','0','','','','0','','','','0','2016','2016','0','否','','0','',''),('1909','0','88','况辉','男','1993-09-01','湖北利川市','土家族','','2016-07','2016-07','0','0','2016-07','0','事业单位','专技十二级-助理','山南市人民医院','','','','','','','本科','2016-07','4','0','','','','0','','','','0','2016','2016','0','否','','0','',''),('1905','0','88','张梅','女','1993-10-01','甘肃民乐县','汉族','','2016-07','2016-07','0','0','2016-07','0','事业单位','专技十二级-助理','山南市人民医院','','','','','','','本科','2016-07','4','0','','','','0','','','','0','2016','2016','0','否','','0','',''),('1216','0','88','格桑德吉','女','1975-01-01','西藏隆子','藏族','','1999-08','1999-08','0','0','2014-01','0','事业单位','专技十级-中级','山南市人民医院','','','','','','','本科','1999-06','5','0','','','','0','','','','0','2006','2006','0','否','','0','',''),('1533','0','88','普布德吉','女','1990-09-01','西藏乃东','藏族','','2014-07','2014-07','0','0','2014-07','0','事业单位','专技十三级-员级','山南市人民医院','','','','','','','大专','2014-07','3','0','护士','2014-07','','0','','','','0','2014','2014','0','否','','0','',''),('1431','0','88','张瑜','女','1972-08-01','重庆渝北','藏族','','1993-06','1993-06','0','0','2000-01','0','事业单位','专技十二级-助理','山南市人民医院','','','','','','','中专','1993-07','3','0','','','','0','','','','0','2006','2006','0','否','','0','',''),('864','0','88','达娃央宗','女','1973-03-01','西藏贡嘎','藏族','','1990-03','1990-03','0','0','2006-06','0','事业单位','技术工三级-高级工','山南市人民医院','','','','','','','暂时没有','','0','0','','','','0','','','','0','2006','2006','0','否','','0','',''),('1230','0','88','加雷','女','1968-10-01','西藏拉萨从','藏族','党员','1988-07','1988-07','0','0','2008-11','0','事业单位','专技十级-中级','山南市人民医院','','','','','','','中专','1988-06','3','0','护士','1988-07','','0','','','','0','2006','2006','0','否','','0','',''),('1912','0','88','马喜武','男','1991-10-21','青海西宁','撒拉族','','2016-07','2016-07','0','0','2016-07','0','事业单位','专技十二级-助理','山南市人民医院','','','','','','','本科','2016-07','5','0','','','','0','','','','0','2016','2016','0','否','','0','',''),('1536','0','88','洛桑央珠','男','1977-11-01','西藏曲松','藏族','','1997-07','1997-07','0','0','2016-07','0','事业单位','技术工四级-中级工','山南市人民医院','','','','','','','大专','1997-06','3','0','','','','0','','','','0','2006','2006','0','否','','0','',''),('3732','0','88','李蕊','女','1991-05-27','','藏族','','2013-12','2013-12','0','0','2016-09','0','事业单位','专技十三级-员级','山南市人民医院','','','','','','','大专','2013-05','3','0','护士','2013-12','','0','','','','0','2013','2013','0','否','','0','',''),('3738','0','88','敬才均','男','1971-05-01','四川三台','汉族','党员','1990-08','2016-10','0','0','2016-10','0','事业单位','专技七级-副高','山南市人民医院','','','','','','','中专','1990-07','3','0','','','','0','','','','0','2006','2006','0','否','','0','',''),('1908','0','88','陈云航','男','1993-02-12','重庆大足县','汉族','','2016-07','2016-07','0','0','2016-07','0','事业单位','专技十二级-助理','山南市人民医院','','','','','','','本科','2016-07','4','0','护士','2016-07','','0','','','','0','2016','2016','0','否','','0','',''),('1281','0','88','巴桑拉姆','女','1971-09-01','西藏乃东','藏族','','1992-07','1992-07','0','0','2011-08','0','事业单位','专技十级-中级','山南市人民医院','','','','','','','中专','1992-07','3','0','','','','0','','','','0','2006','2006','0','否','','0','',''),('1676','0','88','王月燕','女','1989-08','河北城管','汉族','','2013-11','2013-11','0','0','2013-11','0','事业单位','专技十三级-员级','山南市人民医院','','','','','','','大专','2012-07','3','0','','','','0','','','','0','2013','2013','0','否','','0','',''),('1634','0','88','平措','男','1979-08-01','西藏拉萨','藏族','党员','1999-08','1999-08','0','0','2014-11','0','事业单位','管理八级-副科','山南市人民医院','','','','','','','中专','1999-07','3','0','','','','0','','','','0','2006','2006','0','否','','0','',''),('1667','0','88','徐小东','男','1991-04-01','重庆渝北','汉族','','2014-07','2014-07','0','0','2014-07','0','事业单位','专技十二级-助理','山南市人民医院','','','','','','','本科','2014-07','5','0','','','','0','','','','0','2014','2014','0','否','','0','',''),('1061','0','88','洛桑卓玛','女','1982-07-01','西藏琼结','藏族','','2005-08','2005-08','0','0','2013-06','0','事业单位','专技十二级-助理','山南市人民医院','','','','','','','中专','2005-06','3','0','护士','2005-08','','0','','','','0','2006','2006','0','否','','0','',''),('1674','0','88','张宁','女','1984-04-23','山东济宁','汉族','','2013-11','2013-11','0','0','2015-04','0','事业单位','专技十二级-助理','山南市人民医院','','','','','','','大专','2009-07','3','0','','','','0','','','','0','2013','2013','0','否','','0','',''),('4105','0','88','陈婕','女','1986-08-17','四川资阳','汉族','','2011-11','2011-11','0','0','2016-10','0','事业单位','专技十三级-员级','山南市人民医院','','','','','','','大专','2009-07','3','0','','','','0','','','','0','2011','2011','0','否','','0','','');|INSERT INTO `tx_jobinfo` (`id`, `personid`, `sort`, `oldposttime`, `oldpostkind`, `oldpostname`, `oldarea`, `oldunitkind`, `oldunitname`, `oldisleader`, `height`)  VALUES ('17493','3483','0','2016-08','事业单位专业技术人员','专技十三级-员级','二类区','事业单位','山南市人民医院','','0'),('16133','3482','0','2016-08','事业单位专业技术人员','专技十三级-员级','二类区','事业单位','山南市人民医院','','0'),('15645','3347','0','2004-12','事业单位专业技术人员','专技十二级-助理','二类区','机关单位','洛扎县广播电视台','','0'),('21357','1674','0','2013-11','事业单位专业技术人员','专技十三级-员级','二类区','事业单位','山南市人民医院','','0'),('17502','1219','0','2008-08','事业单位专业技术人员','专技十三级-员级','二类区','事业单位','山南市人民医院','','0'),('13435','2871','0','2016-07','事业单位专业技术人员','专技十二级-助理','二类区','事业单位','山南市人民医院','','0'),('13434','2870','0','2016-07','事业单位专业技术人员','专技十二级-助理','二类区','事业单位','山南市人民医院','','0'),('13443','2873','0','2016-07','事业单位专业技术人员','专技十二级-助理','二类区','事业单位','山南市人民医院','','0'),('22297','853','0','2016-12','事业单位管理人员','管理七级-正科','二类区','事业单位','山南市人民医院','','0'),('23568','1633','0','2001-07','事业单位管理人员','管理十级-办事员','二类区','事业单位','山南市人民医院','','0'),('9260','1928','0','2016-07','事业单位专业技术人员','专技十二级-助理','二类区','事业单位','山南市人民医院','','0'),('9228','1929','0','2016-07','事业单位专业技术人员','专技十二级-助理','二类区','事业单位','山南市人民医院','','0'),('9282','1267','0','2003-07','事业单位专业技术人员','专技十三级-员级','二类区','事业单位','山南市人民医院','','0'),('9237','1926','0','2016-07','事业单位专业技术人员','专技十二级-助理','二类区','事业单位','山南市人民医院','','0'),('9249','1925','0','2016-07','事业单位专业技术人员','专技十二级-助理','二类区','事业单位','山南市人民医院','','0'),('9229','1924','0','2016-07','事业单位专业技术人员','专技十二级-助理','二类区','事业单位','山南市人民医院','','0'),('9242','1923','0','2016-07','事业单位专业技术人员','专技十二级-助理','二类区','事业单位','山南市人民医院','','0'),('9252','1922','0','2016-07','事业单位专业技术人员','专技十二级-助理','二类区','事业单位','山南市人民医院','','0'),('9219','1921','0','2016-07','事业单位专业技术人员','专技十二级-助理','二类区','事业单位','山南市人民医院','','0'),('9256','1920','0','2016-07','事业单位专业技术人员','专技十二级-助理','二类区','事业单位','山南市人民医院','','0'),('9246','1918','0','2016-07','事业单位专业技术人员','专技十二级-助理','二类区','事业单位','山南市人民医院','','0'),('9230','1919','0','2016-07','事业单位专业技术人员','专技十二级-助理','二类区','事业单位','山南市人民医院','','0'),('9255','1916','0','2016-07','事业单位专业技术人员','专技十二级-助理','二类区','事业单位','山南市人民医院','','0'),('9250','1917','0','2016-07','事业单位专业技术人员','专技十二级-助理','二类区','事业单位','山南市人民医院','','0'),('9248','1913','0','2016-07','事业单位专业技术人员','专技十二级-助理','二类区','事业单位','山南市人民医院','','0'),('9245','1914','0','2016-07','事业单位专业技术人员','专技十二级-助理','二类区','事业单位','山南市人民医院','','0'),('9251','1912','0','2016-07','事业单位专业技术人员','专技十二级-助理','二类区','事业单位','山南市人民医院','','0'),('17490','1903','0','2016-07','事业单位专业技术人员','专技十二级-助理','二类区','事业单位','山南市人民医院','','0'),('9241','1930','0','2016-07','事业单位专业技术人员','专技十二级-助理','二类区','事业单位','山南市人民医院','','0'),('14425','1055','0','2012-03','事业单位专业技术人员','专技十三级-员级','二类区','事业单位','山南市人民医院','','0'),('14424','1055','0','2009-11','事业单位专业技术人员','专技十三级-员级','二类区','事业单位','阿里普兰县人民医院','','0'),('8828','886','0','2006-12','事业单位专业技术人员','专技十级-中级','二类区','事业单位','山南市人民医院','','0'),('8827','886','0','1983-08','事业单位专业技术人员','专技十三级-员级','二类区','事业单位','洛扎县人民医院','','0'),('8824','1431','0','1993-06','事业单位专业技术人员','专技十三级-员级','二类区','事业单位','山南市人民医院','','0'),('8822','1184','0','2002-09','事业单位专业技术人员','专技十三级-员级','二类区','事业单位','山南市人民医院','','0'),('8687','1425','0','2001-09','事业单位专业技术人员','专技十二级-助理','二类区','事业单位','山南市人民医院','','0'),('8447','1170','0','2011-01','事业单位专业技术人员','专技十二级-助理','二类区','事业单位','曲松县人民医院','','0'),('8694','1189','0','2012-06','事业单位专业技术人员','专技十二级-助理','二类区','事业单位','山南市人民医院','','0'),('8425','1171','0','2014-07','事业单位专业技术人员','专技十二级-助理','二类区','事业单位','山南市人民医院','','0'),('8186','1172','0','2014-07','事业单位专业技术人员','专技十二级-助理','二类区','事业单位','山南市人民医院','','0'),('8745','1173','0','2013-07','事业单位专业技术人员','专技十级-中级','二类区','事业单位','山南市人民医院','','0'),('8816','1433','0','1997-07','事业单位专业技术人员','专技十三级-员级','二类区','事业单位','山南市人民医院','','0'),('8820','1266','0','2013-06','事业单位专业技术人员','专技十三级-员级','二类区','事业单位','山南市人民医院','','0'),('8815','1433','0','1994-07','事业单位专业技术人员','专技十三级-员级','二类区','事业单位','山南隆子县人民医院','','0'),('8813','1218','0','2009-07','事业单位专业技术人员','专技十二级-助理','二类区','事业单位','山南市人民医院','','0'),('9254','1905','0','2016-07','事业单位专业技术人员','专技十二级-助理','二类区','事业单位','山南市人民医院','','0'),('9257','1904','0','2016-07','事业单位专业技术人员','专技十二级-助理','二类区','事业单位','山南市人民医院','','0'),('9259','1906','0','2016-07','事业单位专业技术人员','专技十二级-助理','二类区','事业单位','山南市人民医院','','0'),('8817','1685','0','2012-10','事业单位专业技术人员','专技十三级-员级','二类区','事业单位','扎朗县人民医院','','0'),('23551','1439','0','1998-07','事业单位专业技术人员','专技十三级-员级','二类区','事业单位','山南市人民医院','','0'),('8774','1424','0','1994-07','事业单位专业技术人员','专技十三级-员级','二类区','事业单位','错那县人民医院','','0'),('9253','1907','0','2016-07','事业单位专业技术人员','专技十二级-助理','二类区','事业单位','山南市人民医院','','0'),('9234','1908','0','2016-07','事业单位专业技术人员','专技十二级-助理','二类区','事业单位','山南市人民医院','','0'),('8750','1278','0','1993-07','事业单位专业技术人员','专技十三级-员级','二类区','事业单位','山南市人民医院','','0'),('8749','1278','0','2000-01','事业单位专业技术人员','专技十二级-助理','二类区','事业单位','山南市人民医院','','0'),('7368','1551','0','2015-07','事业单位专业技术人员','专技十二级-助理','二类区','事业单位','山南市人民医院','','0'),('8232','1552','0','2015-07','事业单位专业技术人员','专技十二级-助理','二类区','事业单位','山南市人民医院','','0'),('17476','1554','0','2012-12','事业单位专业技术人员','专技十二级-助理','二类区','事业单位','山南市人民医院','','0'),('8213','1563','0','2015-09','事业单位专业技术人员','专技十三级-员级','二类区','事业单位','山南市人民医院','','0'),('7339','1540','0','2003-09','事业单位管理人员','管理九级-科员','二类区','事业单位','山南市人民医院','','0'),('7358','1543','0','2009-07','事业单位工人','技术工三级-高级工','二类区','事业单位','山南市人民医院','','0'),('7359','1544','0','2010-01','事业单位工人','技术工四级-中级工','二类区','事业单位','山南市人民医院','','0'),('8171','1546','0','2015-07','事业单位专业技术人员','专技十二级-助理','二类区','事业单位','山南市人民医院','','0'),('8187','1547','0','2015-07','事业单位专业技术人员','专技十二级-助理','二类区','事业单位','山南市人民医院','','0'),('8274','1549','0','2015-07','事业单位专业技术人员','专技十二级-助理','二类区','事业单位','山南市人民医院','','0'),('8735','861','0','1993-07','事业单位专业技术人员','专技十三级-员级','二类区','事业单位','山南市人民医院','','0'),('23857','854','0','2009-07','事业单位专业技术人员','专技十二级-助理','三类区','事业单位','山南浪卡子疾控中心','','0'),('17439','1457','0','2005-11','事业单位专业技术人员','专技十三级-员级','二类区','事业单位','昌都市察雅医院','','0'),('17440','1457','0','2007-01','事业单位专业技术人员','专技十三级-员级','二类区','事业单位','山南市人民医院','','0'),('8722','1227','0','1994-08','事业单位专业技术人员','专技十三级-员级','二类区','事业单位','山南市人民医院','','0'),('8723','1227','0','2013-04','事业单位专业技术人员','专技十级-中级','二类区','事业单位','山南市人民医院','','0'),('8695','1189','0','2009-11','事业单位专业技术人员','专技十三级-员级','二类区','事业单位','山南市人民医院','','0'),('8693','1420','0','2002-02','事业单位专业技术人员','专技十三级-员级','二类区','事业单位','山南市人民医院','','0'),('8692','1420','0','1994-07','事业单位专业技术人员','专技十三级-员级','二类区','事业单位','隆子县人民医院','','0'),('8682','1528','0','2002-07','事业单位专业技术人员','专技十三级-员级','二类区','事业单位','桑日县人民医院','','0'),('8689','1425','0','1998-12','事业单位专业技术人员','专技十三级-员级','二类区','事业单位','山南市人民医院','','0'),('8683','1528','0','2008-04','事业单位专业技术人员','专技十二级-助理','二类区','事业单位','桑日县人民医院','','0'),('8688','1425','0','1994-07','事业单位专业技术人员','专技十三级-员级','二类区','事业单位','桑日县人民医院','','0'),('8677','1047','0','2005-08','事业单位专业技术人员','专技十二级-助理','二类区','事业单位','山南市人民医院','','0'),('8676','1047','0','1993-05','事业单位专业技术人员','专技十三级-员级','二类区','事业单位','措美县人民医院','','0'),('8661','1043','0','2006-05','事业单位专业技术人员','专技十三级-员级','二类区','事业单位','日喀则地区萨嘎县夏如乡卫生院','','0'),('8662','1043','0','2009-01','事业单位专业技术人员','专技十二级-助理','二类区','事业单位','日喀则地区萨嘎县夏如乡卫生院','','0'),('8665','1043','0','2015-03','事业单位专业技术人员','专技十级-中级','二类区','事业单位','山南市人民医院','','0'),('8663','1043','0','2010-12','事业单位专业技术人员','专技十二级-助理','二类区','事业单位','错那县人民医院','','0'),('6337','1206','0','2015-03','事业单位专业技术人员','专技十级-中级','二类区','事业单位','山南市人民医院','','0'),('8463','1513','0','2009-11','事业单位专业技术人员','专技十三级-员级','二类区','事业单位','山南市人民医院','','0'),('8461','1183','0','2012-09','事业单位专业技术人员','专技十三级-员级','二类区','事业单位','山南市人民医院','','0'),('8460','1183','0','2002-08','事业单位专业技术人员','专技十三级-员级','二类区','事业单位','日喀则谢通门县人民医院','','0'),('8450','1170','0','2014-04','事业单位专业技术人员','专技十二级-助理','二类区','机关单位','山南市人民医院','','0'),('8449','1170','0','2005-08','事业单位专业技术人员','专技十三级-员级','二类区','事业单位','曲松县人民医院','','0'),('8431','1050','0','1996-07','事业单位专业技术人员','专技十三级-员级','二类区','事业单位','山南市人民医院','','0'),('8428','1436','0','1999-08','事业单位专业技术人员','专技十三级-员级','二类区','事业单位','山南市人民医院','','0'),('8411','1281','0','1992-07','事业单位专业技术人员','专技十三级-员级','二类区','事业单位','山南市人民医院','','0'),('8406','1059','0','1997-08','事业单位专业技术人员','专技十三级-员级','二类区','事业单位','山南市人民医院','','0'),('8396','1679','0','1971-07','事业单位专业技术人员','专技十三级-员级','二类区','事业单位','山南市人民医院','','0'),('8397','1679','0','2000-01','事业单位专业技术人员','专技十二级-助理','二类区','事业单位','山南市人民医院','','0'),('8385','862','0','2008-09','事业单位专业技术人员','专技十二级-助理','二类区','事业单位','错那县人民医院','','0'),('20097','1159','0','1988-03','事业单位专业技术人员','专技十二级-助理','二类区','事业单位','洛扎县人民医院','','0'),('20094','1535','0','1993-07','事业单位专业技术人员','专技十二级-助理','二类区','事业单位','山南市人民医院','','0'),('17432','1430','0','1994-05','事业单位专业技术人员','专技十三级-员级','二类区','事业单位','加查县人民医院','','0'),('17431','1430','0','1991-07','事业单位专业技术人员','专技十三级-员级','二类区','事业单位','加查县安绕乡卫生院','','0'),('17433','1430','0','1997-06','事业单位专业技术人员','专技十三级-员级','二类区','事业单位','山南市人民医院','','0'),('17499','1214','0','1998-08','事业单位专业技术人员','专技十三级-员级','二类区','事业单位','山南市人民医院','','0'),('17498','1214','0','1994-08','事业单位专业技术人员','专技十三级-员级','三类区','事业单位','那曲地区人民医院','','0'),('17500','1214','0','2003-10','事业单位专业技术人员','专技十二级-助理','二类区','事业单位','山南市人民医院','','0'),('8297','1083','0','2006-09','事业单位专业技术人员','专技十二级-助理','二类区','事业单位','山南市人民医院','','0'),('22319','856','0','2014-01','事业单位专业技术人员','专技十级-中级','二类区','事业单位','山南市人民医院','','0'),('8280','1166','0','2010-10','事业单位专业技术人员','专技十二级-助理','二类区','事业单位','山南市人民医院','','0'),('23571','1633','0','2016-12','事业单位管理人员','管理七级-正科','二类区','事业单位','山南市人民医院','','0'),('9244','1911','0','2016-07','事业单位专业技术人员','专技十二级-助理','二类区','事业单位','山南市人民医院','','0'),('9247','1910','0','2016-07','事业单位专业技术人员','专技十二级-助理','二类区','事业单位','山南市人民医院','','0'),('9258','1909','0','2016-07','事业单位专业技术人员','专技十二级-助理','二类区','事业单位','山南市人民医院','','0'),('14429','1168','0','2009-09','公务员','科员','二类区','机关单位','贡嘎县公安局','非领导职务','0'),('8246','1422','0','2010-12','事业单位专业技术人员','专技十三级-员级','二类区','事业单位','山南市人民医院','','0'),('8182','1454','0','2015-04','事业单位专业技术人员','专技十二级-助理','二类区','事业单位','山南市人民医院','','0'),('8181','1454','0','2008-07','事业单位专业技术人员','专技十三级-员级','二类区','事业单位','山南市人民医院','','0'),('8177','1557','0','2015-09','事业单位专业技术人员','专技十三级-员级','二类区','事业单位','山南市人民医院','','0'),('8170','1570','0','2016-01','事业单位专业技术人员','专技十二级-助理','二类区','事业单位','山南市人民医院','','0'),('8190','1573','0','2008-08','事业单位专业技术人员','专技十二级-助理','二类区','事业单位','曲松县罗布沙镇卫生院','','0'),('8161','1571','0','2013-08','事业单位专业技术人员','专技十二级-助理','二类区','事业单位','日喀则樟木镇人民医院','','0'),('8151','1569','0','2016-01','事业单位专业技术人员','专技十二级-助理','二类区','机关单位','山南市人民医院','','0'),('17504','1220','0','2011-05','事业单位专业技术人员','专技十二级-助理','二类区','事业单位','山南市人民医院','','0'),('17482','1568','0','1999-08','事业单位专业技术人员','专技十三级-员级','二类区','事业单位','山南曲松县人民医院','','0'),('8149','1579','0','2016-01','事业单位专业技术人员','专技十二级-助理','二类区','事业单位','山南市人民医院','','0'),('17483','1568','0','2005-01','事业单位专业技术人员','专技十二级-助理','二类区','事业单位','山南曲松县人民医院','','0'),('8159','1571','0','2000-07','事业单位专业技术人员','专技十三级-员级','二类区','事业单位','日喀则樟木镇人民医院','','0'),('23615','1572','0','2011-08','事业单位专业技术人员','专技十二级-助理','三类区','事业单位','日喀则定日县人民医院','','0'),('23614','1572','0','2009-10','事业单位专业技术人员','专技十二级-助理','二类区','事业单位','定日县绒辖乡卫生院','','0'),('17455','1587','0','2016-02','事业单位专业技术人员','专技十二级-助理','二类区','事业单位','山南市人民医院','','0'),('8152','1584','0','2005-07','事业单位专业技术人员','专技十三级-员级','二类区','事业单位','阿里革吉县文不当桑乡卫生所','','0'),('8126','1567','0','2009-11','事业单位专业技术人员','专技十二级-助理','二类区','事业单位','阿里普兰县卫生服务中心','','0'),('8153','1584','0','2011-01','事业单位专业技术人员','专技十三级-员级','二类区','事业单位','阿里革吉县人民医院','','0'),('8122','1582','0','2006-05','事业单位专业技术人员','专技十三级-员级','二类区','事业单位','措美县人民医院','','0'),('8082','1574','0','1998-10','事业单位专业技术人员','专技十三级-员级','二类区','事业单位','山南市人民医院','','0'),('8191','1573','0','2015-12','事业单位专业技术人员','专技十二级-助理','二类区','事业单位','山南市人民医院','','0'),('23570','1633','0','2011-07','事业单位管理人员','管理八级-副科','二类区','事业单位','山南市人民医院','','0'),('23569','1633','0','2005-12','事业单位管理人员','管理九级-科员','二类区','事业单位','山南市人民医院','','0'),('8040','1646','0','1994-07','事业单位专业技术人员','专技十三级-员级','二类区','事业单位','山南市人民医院','','0'),('8041','1646','0','2001-03','事业单位专业技术人员','专技十二级-助理','二类区','事业单位','山南市人民医院','','0'),('8779','1042','0','2003-06','事业单位专业技术人员','专技十二级-助理','二类区','事业单位','山南市人民医院','','0'),('8778','1042','0','1998-11','事业单位专业技术人员','专技十二级-助理','二类区','事业单位','河南驻马店市人民医院','','0'),('8265','1650','0','2001-07','事业单位专业技术人员','专技十三级-员级','二类区','事业单位','山南市人民医院','','0'),('8777','1042','0','1995-06','事业单位专业技术人员','专技十三级-员级','二类区','事业单位','河南驻马店市人民医院','','0'),('8809','1063','0','2000-07','事业单位专业技术人员','专技十三级-员级','二类区','事业单位','山南市人民医院','','0'),('8744','1173','0','2005-08','事业单位专业技术人员','专技十二级-助理','二类区','事业单位','山南市人民医院','','0'),('8376','969','0','1996-08','事业单位专业技术人员','专技十三级-员级','二类区','事业单位','山南市人民医院','','0'),('23546','1038','0','1998-08','事业单位专业技术人员','专技十三级-员级','二类区','事业单位','山南市人民医院','','0'),('22310','858','0','2008-08','事业单位管理人员','管理九级-科员','二类区','事业单位','山南市人民医院','','0'),('8382','862','0','2012-02','事业单位专业技术人员','专技十二级-助理','二类区','事业单位','山南市人民医院','','0'),('8733','861','0','2000-01','事业单位专业技术人员','专技十二级-助理','二类区','事业单位','山南市人民医院','','0'),('20090','1672','0','1993-03','事业单位专业技术人员','专技十二级-助理','二类区','事业单位','山南市人民医院','','0'),('7909','1671','0','1996-08','事业单位专业技术人员','专技十三级-员级','二类区','事业单位','山南市人民医院','','0'),('17477','1554','0','2009-09','事业单位专业技术人员','专技十二级-助理','二类区','事业单位','加查县人民医院','','0'),('20091','1672','0','2004-02','事业单位专业技术人员','专技十级-中级','二类区','事业单位','山南市人民医院','','0'),('8452','1673','0','2004-09','事业单位专业技术人员','专技十三级-员级','二类区','事业单位','山南市人民医院','','0'),('22305','701','0','1998-07','事业单位管理人员','管理九级-科员','二类区','事业单位','山南市人民医院','','0'),('7874','1677','0','1965-07','事业单位工人','技术工五级-初级工','二类区','事业单位','山南市人民医院','','0'),('7873','1677','0','2002-10','事业单位工人','技术工四级-中级工','二类区','事业单位','山南市人民医院','','0'),('8208','1665','0','2008-09','事业单位专业技术人员','专技十三级-员级','二类区','事业单位','琼结县人民医院','','0'),('23852','1684','0','2009-11','事业单位专业技术人员','专技十三级-员级','二类区','事业单位','山南市人民医院','','0'),('8670','1702','0','1977-08','事业单位专业技术人员','专技十三级-员级','二类区','事业单位','山南市人民医院','','0'),('8671','1702','0','1988-08','事业单位专业技术人员','专技十二级-助理','二类区','事业单位','山南市人民医院','','0'),('8672','1702','0','1993-04','事业单位专业技术人员','专技十级-中级','二类区','事业单位','山南市人民医院','','0'),('10519','1713','0','2010-09','事业单位专业技术人员','专技十二级-助理','二类区','事业单位','山南市人民医院','','0'),('7905','1712','0','2000-01','事业单位专业技术人员','专技十二级-助理','二类区','事业单位','山南市人民医院','','0'),('17501','1214','0','2013-07','事业单位专业技术人员','专技十级-中级','二类区','事业单位','山南市人民医院','','0'),('17547','1216','0','2014-01','事业单位专业技术人员','专技十级-中级','二类区','事业单位','山南市人民医院','','0'),('7904','1712','0','2011-01','事业单位专业技术人员','专技十级-中级','二类区','事业单位','山南市人民医院','','0'),('7903','1712','0','1991-07','事业单位专业技术人员','专技十三级-员级','二类区','事业单位','山南市人民医院','','0'),('8215','1710','0','2015-09','事业单位专业技术人员','专技十二级-助理','二类区','事业单位','山南市人民医院','','0'),('8727','1708','0','2014-07','事业单位专业技术人员','专技十二级-助理','二类区','事业单位','山南市人民医院','','0'),('14299','1706','0','2014-07','事业单位专业技术人员','专技十三级-员级','二类区','事业单位','山南市人民医院','','0'),('17543','1704','0','2012-09','事业单位专业技术人员','专技十二级-助理','二类区','事业单位','山南市人民医院','','0'),('8673','1702','0','2009-10','事业单位专业技术人员','专技七级-副高','二类区','事业单位','山南市人民医院','','0'),('8210','1696','0','2014-07','事业单位专业技术人员','专技十二级-助理','二类区','事业单位','山南市人民医院','','0'),('8214','1694','0','2014-07','事业单位专业技术人员','专技十三级-员级','二类区','事业单位','山南市人民医院','','0'),('8184','1692','0','2014-07','事业单位专业技术人员','专技十三级-员级','二类区','事业单位','山南市人民医院','','0'),('7858','1690','0','2004-07','事业单位专业技术人员','专技十三级-员级','二类区','事业单位','山南市人民医院','','0'),('7859','1690','0','2011-01','事业单位专业技术人员','专技十二级-助理','二类区','事业单位','山南市人民医院','','0'),('8414','1688','0','2013-12','事业单位专业技术人员','专技十二级-助理','二类区','事业单位','山南市人民医院','','0'),('8818','1685','0','2014-07','事业单位专业技术人员','专技十三级-员级','二类区','事业单位','山南市人民医院','','0'),('23853','1684','0','2013-12','事业单位专业技术人员','专技十二级-助理','二类区','事业单位','山南市人民医院','','0'),('14997','1683','0','2008-08','事业单位专业技术人员','专技十二级-助理','二类区','事业单位','山南市人民医院','','0'),('8421','1681','0','2013-12','事业单位专业技术人员','专技十二级-助理','二类区','事业单位','山南市人民医院','','0'),('8398','1679','0','2011-07','事业单位专业技术人员','专技十级-中级','二类区','事业单位','山南市人民医院','','0'),('7872','1677','0','2006-06','事业单位工人','技术工三级-高级工','二类区','事业单位','山南市人民医院','','0'),('23854','1676','0','2013-11','事业单位专业技术人员','专技十三级-员级','二类区','事业单位','山南市人民医院','','0'),('21358','1674','0','2015-04','事业单位专业技术人员','专技十二级-助理','二类区','事业单位','山南市人民医院','','0'),('14464','1675','0','2009-11','事业单位专业技术人员','专技十二级-助理','二类区','事业单位','山南市人民医院','','0'),('8453','1673','0','2013-04','事业单位专业技术人员','专技十二级-助理','二类区','事业单位','山南市人民医院','','0'),('20092','1672','0','2016-10','事业单位专业技术人员','专技七级-副高','二类区','事业单位','山南市人民医院','','0'),('7910','1671','0','2015-04','事业单位专业技术人员','专技十级-中级','二类区','事业单位','山南市人民医院','','0'),('8384','862','0','2005-07','事业单位专业技术人员','专技十三级-员级','二类区','事业单位','山南市人民医院','','0'),('17475','1669','0','2015-01','事业单位工人','技术工四级-中级工','二类区','事业单位','山南市人民医院','','0'),('8216','1668','0','2014-07','事业单位专业技术人员','专技十二级-助理','二类区','事业单位','山南市人民医院','','0'),('8209','1665','0','2010-12','事业单位专业技术人员','专技十三级-员级','二类区','事业单位','山南市人民医院','','0'),('7929','1663','0','2010-11','事业单位专业技术人员','专技十三级-员级','二类区','事业单位','山南市人民医院','','0'),('8775','1662','0','1994-07','事业单位专业技术人员','专技十三级-员级','二类区','事业单位','山南市人民医院','','0'),('7931','1655','0','1998-08','事业单位专业技术人员','专技十三级-员级','二类区','事业单位','山南市人民医院','','0'),('7930','1657','0','2003-07','事业单位专业技术人员','专技十三级-员级','二类区','事业单位','山南市人民医院','','0'),('8266','1650','0','2013-07','事业单位专业技术人员','专技十二级-助理','二类区','事业单位','山南市人民医院','','0'),('7947','1648','0','2006-06','事业单位工人','技术工四级-中级工','二类区','事业单位','山南市人民医院','','0'),('8042','1646','0','2013-09','事业单位专业技术人员','专技十级-中级','二类区','事业单位','山南市人民医院','','0'),('17463','1643','0','2010-12','事业单位工人','技术工五级-初级工','二类区','事业单位','山南市人民医院','','0'),('17460','1638','0','2008-08','事业单位管理人员','管理九级-科员','三类区','机关单位','那去申扎县人民政府','','0'),('8331','1635','0','2014-07','事业单位专业技术人员','专技十二级-助理','二类区','事业单位','山南市人民医院','','0'),('8330','1635','0','2010-02','事业单位专业技术人员','专技十三级-员级','二类区','事业单位','山南市人民医院','','0'),('8300','1634','0','1999-08','事业单位管理人员','管理十级-办事员','二类区','事业单位','山南市人民医院','','0'),('8236','1207','0','2014-07','事业单位专业技术人员','专技十二级-助理','二类区','机关单位','山南市人民医院','','0'),('8301','1634','0','2014-11','事业单位管理人员','管理八级-副科','二类区','事业单位','山南市人民医院','','0'),('7621','1058','0','2016-05','事业单位管理人员','管理六级-副县','二类区','事业单位','山南市人民医院','领导职务','0'),('9275','1057','0','2016-05','事业单位管理人员','管理五级-正县','二类区','事业单位','山南市人民医院','领导职务','0'),('7650','1616','0','1986-10','事业单位专业技术人员','专技十二级-助理','二类区','事业单位','山南市人民医院','','0'),('7649','1616','0','1981-08','事业单位专业技术人员','专技十三级-员级','二类区','事业单位','山南市人民医院','','0'),('7651','1616','0','2006-02','事业单位专业技术人员','专技七级-副高','二类区','事业单位','山南市人民医院','','0'),('7652','1616','0','2014-10','事业单位专业技术人员','专技四级-正高','二类区','事业单位','山南市人民医院','','0'),('23810','1601','0','2001-06','事业单位管理人员','管理八级-副科','二类区','事业单位','山南市人民医院','','0'),('23811','1601','0','2003-03','事业单位管理人员','管理七级-正科','二类区','事业单位','山南市人民医院','','0'),('23812','1601','0','2010-11','事业单位管理人员','管理六级-副县','二类区','事业单位','山南市人民医院','','0'),('23813','1601','0','2014-11','事业单位管理人员','管理五级-正县','二类区','事业单位','山南市人民医院','','0'),('9272','1057','0','2002-12','公务员','乡科级正职','二类区','机关单位','洛扎','领导职务','0'),('17456','1587','0','2016-04','事业单位专业技术人员','专技十级-中级','二类区','事业单位','山南市人民医院','','0'),('17454','1587','0','2010-11','事业单位专业技术人员','专技十二级-助理','二类区','事业单位','乃东县疾控中心','','0'),('8155','1584','0','2015-12','事业单位专业技术人员','专技十二级-助理','二类区','事业单位','山南市人民医院','','0'),('8154','1584','0','2014-10','事业单位专业技术人员','专技十二级-助理','二类区','事业单位','阿里革吉县人民医院','','0'),('8123','1582','0','2015-12','事业单位专业技术人员','专技十三级-员级','二类区','事业单位','山南市人民医院','','0'),('8148','1579','0','2011-11','事业单位专业技术人员','专技十二级-助理','二类区','事业单位','山南曲松县人民医院','','0'),('8424','1577','0','2015-09','事业单位专业技术人员','专技十三级-员级','二类区','事业单位','山南市人民医院','','0'),('8199','1575','0','2015-09','事业单位专业技术人员','专技十三级-员级','二类区','事业单位','山南市人民医院','','0'),('8084','1574','0','2016-04','事业单位专业技术人员','专技十级-中级','二类区','事业单位','山南市人民医院','','0'),('8083','1574','0','2011-11','事业单位专业技术人员','专技十二级-助理','二类区','事业单位','山南市人民医院','','0'),('8192','1573','0','2016-04','事业单位专业技术人员','专技十级-中级','二类区','事业单位','山南市人民医院','','0'),('23616','1572','0','2015-12','事业单位专业技术人员','专技十二级-助理','二类区','事业单位','山南市人民医院','','0'),('8160','1571','0','2015-12','事业单位专业技术人员','专技十二级-助理','二类区','事业单位','山南市人民医院','','0'),('8169','1570','0','2010-11','事业单位专业技术人员','专技十二级-助理','二类区','事业单位','仁布县人民医院','','0'),('8150','1569','0','2009-10','事业单位专业技术人员','专技十二级-助理','二类区','事业单位','阿里地区人民医院','','0'),('17484','1568','0','2012-12','事业单位专业技术人员','专技十级-中级','二类区','事业单位','山南曲松县人民医院','','0'),('6566','1271','0','2011-07','事业单位专业技术人员','专技十二级-助理','二类区','事业单位','山南市人民医院','','0'),('6567','1271','0','2016-04','事业单位专业技术人员','专技十级-中级','二类区','事业单位','山南市人民医院','','0'),('14440','1272','0','2009-11','事业单位专业技术人员','专技十二级-助理','二类区','事业单位','山南市人民医院','','0'),('8417','1273','0','2013-12','事业单位专业技术人员','专技十二级-助理','二类区','事业单位','山南市人民医院','','0'),('8748','1278','0','2013-07','事业单位专业技术人员','专技十级-中级','二类区','事业单位','山南市人民医院','','0'),('17485','1568','0','2016-01','事业单位专业技术人员','专技十级-中级','二类区','事业单位','山南市人民医院','','0'),('8127','1567','0','2016-01','事业单位专业技术人员','专技十二级-助理','二类区','事业单位','山南市人民医院','','0'),('8690','1420','0','2002-12','事业单位专业技术人员','专技十二级-助理','二类区','事业单位','山南市人民医院','','0'),('7045','1421','0','2000-01','事业单位专业技术人员','专技十二级-助理','二类区','事业单位','山南市人民医院','','0'),('8241','1565','0','2015-09','事业单位专业技术人员','专技十二级-助理','二类区','事业单位','山南市人民医院','','0'),('8409','1281','0','2000-01','事业单位专业技术人员','专技十二级-助理','二类区','事业单位','山南市人民医院','','0'),('8183','1564','0','2015-09','事业单位专业技术人员','专技十二级-助理','二类区','事业单位','山南市人民医院','','0'),('8185','1562','0','2015-09','事业单位专业技术人员','专技十二级-助理','二类区','事业单位','山南市人民医院','','0'),('8234','1561','0','2015-09','事业单位专业技术人员','专技十三级-员级','二类区','事业单位','山南市人民医院','','0'),('8206','1559','0','2015-09','事业单位专业技术人员','专技十三级-员级','二类区','事业单位','山南市人民医院','','0'),('8278','1558','0','2015-09','事业单位专业技术人员','专技十二级-助理','二类区','事业单位','山南市人民医院','','0'),('8176','1557','0','2010-11','事业单位专业技术人员','专技十三级-员级','二类区','事业单位','昌都市左贡县美玉乡卫生院','','0'),('7374','1555','0','2016-04','事业单位专业技术人员','专技十级-中级','二类区','事业单位','山南市人民医院','','0'),('7373','1555','0','2011-08','事业单位专业技术人员','专技十二级-助理','二类区','事业单位','山南市人民医院','','0'),('8237','1550','0','2015-07','事业单位专业技术人员','专技十二级-助理','二类区','事业单位','山南市人民医院','','0'),('15646','3347','0','2016-09','事业单位管理人员','管理九级-科员','二类区','机关单位','山南市人民医院','','0'),('8228','1222','0','2014-07','事业单位专业技术人员','专技十三级-员级','二类区','事业单位','山南市人民医院','','0'),('7338','1539','0','2013-03','事业单位专业技术人员','专技十三级-员级','二类区','事业单位','山南市人民医院','','0'),('7337','1538','0','2006-08','事业单位工人','技术工四级-中级工','二类区','事业单位','山南市人民医院','','0'),('7336','1537','0','2015-01','事业单位工人','技术工二级-技师','二类区','机关单位','山南市人民医院','','0'),('7334','1536','0','2016-07','事业单位工人','技术工四级-中级工','二类区','事业单位','山南市人民医院','','0'),('20095','1535','0','2016-10','事业单位专业技术人员','专技十级-中级','二类区','事业单位','山南市人民医院','','0'),('8272','1534','0','2014-07','事业单位专业技术人员','专技十三级-员级','二类区','事业单位','山南市人民医院','','0'),('8271','1533','0','2014-07','事业单位专业技术人员','专技十三级-员级','二类区','事业单位','山南市人民医院','','0'),('8250','1532','0','2014-07','事业单位专业技术人员','专技十三级-员级','二类区','事业单位','山南市人民医院','','0'),('8172','1531','0','2014-07','事业单位专业技术人员','专技十二级-助理','二类区','事业单位','山南市人民医院','','0'),('8275','1530','0','2014-07','事业单位专业技术人员','专技十三级-员级','二类区','事业单位','山南市人民医院','','0'),('17448','1529','0','2010-11','事业单位专业技术人员','专技十三级-员级','二类区','事业单位','山南市人民医院','','0'),('17449','1529','0','2014-12','事业单位专业技术人员','专技十二级-助理','二类区','事业单位','山南市人民医院','','0'),('8685','1528','0','2016-04','事业单位专业技术人员','专技十级-中级','二类区','事业单位','山南市人民医院','','0'),('7064','867','0','1998-07','事业单位专业技术人员','专技十二级-助理','二类区','事业单位','山南市人民医院','','0'),('8826','886','0','2004-02','事业单位专业技术人员','专技十级-中级','二类区','事业单位','洛扎县人民医院','','0'),('17445','1527','0','2005-12','事业单位专业技术人员','专技十二级-助理','二类区','事业单位','山南市人民医院','','0'),('7089','1435','0','2015-04','事业单位专业技术人员','专技十二级-助理','二类区','事业单位','山南市人民医院','','0'),('7319','1524','0','2009-11','事业单位专业技术人员','专技十三级-员级','二类区','事业单位','山南市人民医院','','0'),('8462','1513','0','2013-06','事业单位专业技术人员','专技十二级-助理','二类区','事业单位','山南市人民医院','','0'),('8408','1493','0','2009-11','事业单位专业技术人员','专技十三级-员级','二类区','事业单位','山南市人民医院','','0'),('23573','1490','0','2015-03','事业单位专业技术人员','专技十级-中级','二类区','事业单位','山南市人民医院','','0'),('23572','1490','0','2002-09','事业单位专业技术人员','专技十二级-助理','二类区','事业单位','山南市人民医院','','0'),('8207','1486','0','2014-07','事业单位专业技术人员','专技十三级-员级','二类区','事业单位','山南市人民医院','','0'),('17348','1484','0','2013-12','事业单位专业技术人员','专技十二级-助理','二类区','事业单位','山南市人民医院','','0'),('7200','1476','0','2012-09','事业单位专业技术人员','专技十二级-助理','二类区','事业单位','山南市人民医院','','0'),('7198','1474','0','2016-07','事业单位专业技术人员','专技十级-中级','二类区','机关单位','山南市人民医院','','0'),('7197','1474','0','2011-10','事业单位专业技术人员','专技十二级-助理','二类区','事业单位','山南市人民医院','','0'),('7344','1466','0','2008-01','事业单位专业技术人员','专技十二级-助理','二类区','事业单位','山南市人民医院','','0'),('7345','1466','0','2016-04','事业单位专业技术人员','专技十级-中级','二类区','事业单位','山南市人民医院','','0'),('23575','1464','0','2016-12','事业单位管理人员','管理八级-副科','二类区','事业单位','山南市人民医院','','0'),('14449','1462','0','2016-04','事业单位专业技术人员','专技十级-中级','二类区','事业单位','山南市人民医院','','0'),('14448','1462','0','2008-08','事业单位专业技术人员','专技十二级-助理','二类区','事业单位','山南市人民医院','','0'),('7167','1461','0','2009-10','事业单位专业技术人员','专技十级-中级','二类区','事业单位','山南市人民医院','','0'),('7166','1461','0','2001-09','事业单位专业技术人员','专技十二级-助理','二类区','事业单位','山南市人民医院','','0'),('10719','1459','0','2014-01','事业单位专业技术人员','专技十级-中级','二类区','事业单位','山南市人民医院','','0'),('10718','1459','0','2006-09','事业单位专业技术人员','专技十二级-助理','二类区','事业单位','山南市人民医院','','0'),('7160','1458','0','2016-04','事业单位专业技术人员','专技十级-中级','二类区','事业单位','山南市人民医院','','0'),('7159','1458','0','2010-10','事业单位专业技术人员','专技十二级-助理','二类区','事业单位','山南市人民医院','','0'),('17441','1457','0','2015-04','事业单位专业技术人员','专技十二级-助理','二类区','事业单位','山南市人民医院','','0'),('17443','1453','0','2007-05','事业单位专业技术人员','专技十二级-助理','二类区','事业单位','山南市人民医院','','0'),('7149','1452','0','2006-06','事业单位工人','技术工四级-中级工','二类区','事业单位','山南市人民医院','','0'),('7104','1440','0','2014-12','事业单位专业技术人员','专技十级-中级','二类区','事业单位','山南市人民医院','','0'),('7103','1440','0','2006-05','事业单位专业技术人员','专技十三级-员级','二类区','事业单位','山南市人民医院','','0'),('23550','1439','0','2015-03','事业单位专业技术人员','专技十级-中级','二类区','事业单位','山南市人民医院','','0'),('23549','1439','0','2006-01','事业单位专业技术人员','专技十二级-助理','二类区','事业单位','山南市人民医院','','0'),('9425','1438','0','1993-05','事业单位专业技术人员','专技十二级-助理','二类区','事业单位','山南市人民医院','','0'),('8427','1436','0','2014-01','事业单位专业技术人员','专技十二级-助理','二类区','事业单位','山南市人民医院','','0'),('8814','1433','0','1999-08','事业单位专业技术人员','专技十二级-助理','二类区','事业单位','山南市人民医院','','0'),('8180','1454','0','2005-08','事业单位专业技术人员','专技十三级-员级','二类区','事业单位','那曲地区索县人民医院','','0'),('7718','863','0','2006-06','事业单位工人','技术工三级-高级工','二类区','事业单位','山南市人民医院','','0'),('8823','1431','0','2000-01','事业单位专业技术人员','专技十二级-助理','二类区','事业单位','山南市人民医院','','0'),('7084','1432','0','1999-05','事业单位专业技术人员','专技十二级-助理','二类区','事业单位','山南市人民医院','','0'),('7348','1081','0','2010-01','事业单位专业技术人员','专技十二级-助理','二类区','事业单位','山南市人民医院','','0'),('17435','1430','0','2011-08','事业单位专业技术人员','专技十级-中级','二类区','事业单位','山南市人民医院','','0'),('17434','1430','0','2000-01','事业单位专业技术人员','专技十二级-助理','二类区','事业单位','山南市人民医院','','0'),('8110','1427','0','2000-01','事业单位专业技术人员','专技十二级-助理','二类区','事业单位','山南市人民医院','','0'),('8111','1427','0','2007-11','事业单位专业技术人员','专技十级-中级','二类区','事业单位','山南市人民医院','','0'),('7071','1426','0','2013-07','事业单位专业技术人员','专技十级-中级','二类区','事业单位','山南市人民医院','','0'),('8772','1424','0','2001-04','事业单位专业技术人员','专技十二级-助理','二类区','事业单位','山南市人民医院','','0'),('8773','1424','0','2013-07','事业单位专业技术人员','专技十级-中级','二类区','事业单位','山南市人民医院','','0'),('7070','1426','0','2000-01','事业单位专业技术人员','专技十二级-助理','二类区','事业单位','山南市人民医院','','0'),('7619','1058','0','2006-09','公务员','乡科级正职','二类区','机关单位','洛扎','领导职务','0'),('7054','1164','0','2016-04','事业单位专业技术人员','专技十级-中级','二类区','事业单位','山南市人民医院','','0'),('14308','1423','0','2014-07','事业单位专业技术人员','专技十二级-助理','二类区','事业单位','山南市人民医院','','0'),('7046','1421','0','2013-07','事业单位专业技术人员','专技十级-中级','二类区','事业单位','山南市人民医院','','0'),('8245','1422','0','2002-09','事业单位专业技术人员','专技十三级-员级','二类区','事业单位','那曲地区索县人民医院','','0'),('8717','1419','0','2013-03','事业单位专业技术人员','专技十级-中级','二类区','事业单位','山南市人民医院','','0'),('8691','1420','0','2011-08','事业单位专业技术人员','专技十级-中级','二类区','事业单位','山南市人民医院','','0'),('8716','1419','0','2000-01','事业单位专业技术人员','专技十二级-助理','二类区','事业单位','山南市人民医院','','0'),('8410','1281','0','2011-08','事业单位专业技术人员','专技十级-中级','二类区','事业单位','山南市人民医院','','0'),('20102','1280','0','2016-10','事业单位专业技术人员','专技十级-中级','二类区','事业单位','山南市人民医院','','0'),('7055','1270','0','2011-06','事业单位专业技术人员','专技十二级-助理','二类区','事业单位','山南市人民医院','','0'),('7056','1270','0','2016-04','事业单位专业技术人员','专技十级-中级','二类区','事业单位','山南市人民医院','','0'),('8819','1266','0','2007-09','事业单位专业技术人员','专技十三级-员级','二类区','事业单位','日喀则南木县艾玛乡卫生院','','0'),('7342','1262','0','2010-01','事业单位专业技术人员','专技十二级-助理','二类区','事业单位','山南市人民医院','','0'),('8240','1274','0','2014-07','事业单位专业技术人员','专技十三级-员级','二类区','事业单位','山南市人民医院','','0'),('7341','1261','0','2010-01','事业单位专业技术人员','专技十二级-助理','二类区','事业单位','山南市人民医院','','0'),('9281','1267','0','2011-10','事业单位专业技术人员','专技十二级-助理','二类区','事业单位','山南市人民医院','','0'),('20104','1233','0','2010-01','事业单位专业技术人员','专技十二级-助理','二类区','事业单位','山南市人民医院','','0'),('8454','1231','0','2009-11','事业单位专业技术人员','专技十二级-助理','二类区','事业单位','山南市人民医院','','0'),('6410','1230','0','2008-11','事业单位专业技术人员','专技十级-中级','二类区','事业单位','山南市人民医院','','0'),('6409','1230','0','1993-08','事业单位专业技术人员','专技十二级-助理','二类区','事业单位','山南市人民医院','','0'),('6390','1229','0','2006-04','事业单位专业技术人员','专技十级-中级','二类区','事业单位','山南市人民医院','','0'),('22304','701','0','1996-07','事业单位管理人员','管理十级-办事员','二类区','事业单位','山南市人民医院','','0'),('6389','1229','0','1995-05','事业单位专业技术人员','专技十二级-助理','二类区','事业单位','山南市人民医院','','0'),('8720','1227','0','2000-12','事业单位专业技术人员','专技十二级-助理','二类区','事业单位','措美县人民医院','','0'),('8721','1227','0','2012-11','事业单位专业技术人员','专技十级-中级','二类区','事业单位','措美县人民医院','','0'),('6378','1226','0','2013-01','事业单位专业技术人员','专技七级-副高','二类区','事业单位','山南市人民医院','','0'),('8724','1223','0','2014-07','事业单位专业技术人员','专技十二级-助理','二类区','事业单位','山南市人民医院','','0'),('8386','862','0','2008-01','事业单位专业技术人员','专技十二级-助理','二类区','事业单位','山南市人民医院','','0'),('6369','1221','0','2016-04','事业单位专业技术人员','专技十级-中级','二类区','事业单位','山南市人民医院','','0'),('13441','2872','0','2016-07','事业单位专业技术人员','专技十二级-助理','二类区','事业单位','山南市人民医院','','0'),('6368','1221','0','2005-01','事业单位专业技术人员','专技十二级-助理','二类区','事业单位','山南市人民医院','','0'),('17546','1216','0','1999-08','事业单位专业技术人员','专技十二级-助理','二类区','事业单位','山南市人民医院','','0'),('8812','1218','0','2011-01','事业单位专业技术人员','专技十二级-助理','二类区','事业单位','山南市人民医院','','0'),('17503','1219','0','2010-06','事业单位专业技术人员','专技十二级-助理','二类区','事业单位','山南市人民医院','','0'),('6346','1211','0','2015-09','事业单位专业技术人员','专技十三级-员级','二类区','事业单位','山南市人民医院','','0'),('6339','1208','0','2015-09','事业单位专业技术人员','专技十三级-员级','二类区','事业单位','山南市人民医院','','0'),('8231','1210','0','2015-09','事业单位专业技术人员','专技十二级-助理','二类区','事业单位','山南市人民医院','','0'),('7335','1537','0','2006-06','事业单位工人','技术工四级-中级工','二类区','事业单位','山南市人民医院','','0'),('8383','862','0','2015-03','事业单位专业技术人员','专技十级-中级','二类区','事业单位','山南市人民医院','','0'),('6336','1206','0','2009-11','事业单位专业技术人员','专技十二级-助理','二类区','事业单位','山南市人民医院','','0'),('8734','861','0','2009-10','事业单位专业技术人员','专技十级-中级','二类区','事业单位','山南市人民医院','','0'),('8684','1528','0','2008-08','事业单位专业技术人员','专技十二级-助理','二类区','事业单位','山南市人民医院','','0'),('17541','1202','0','2008-01','事业单位专业技术人员','专技十二级-助理','二类区','事业单位','山南市人民医院','','0'),('14435','1203','0','2009-11','事业单位专业技术人员','专技十三级-员级','二类区','事业单位','山南市人民医院','','0'),('8218','1197','0','2014-07','事业单位专业技术人员','专技十二级-助理','二类区','事业单位','山南市人民医院','','0'),('8179','1194','0','2014-07','事业单位专业技术人员','专技十三级-员级','二类区','事业单位','山南市人民医院','','0'),('8174','1193','0','2014-07','事业单位专业技术人员','专技十三级-员级','二类区','事业单位','山南市人民医院','','0'),('7911','1671','0','2007-05','事业单位专业技术人员','专技十二级-助理','二类区','机关单位','山南市人民医院','','0'),('8451','1192','0','2008-08','事业单位专业技术人员','专技十二级-助理','二类区','事业单位','山南市人民医院','','0'),('17709','1188','0','2009-11','事业单位专业技术人员','专技十二级-助理','二类区','事业单位','山南市人民医院','','0'),('6290','1187','0','1995-07','事业单位专业技术人员','专技十二级-助理','二类区','事业单位','山南市人民医院','','0'),('6287','1185','0','2010-01','事业单位专业技术人员','专技十二级-助理','二类区','事业单位','山南市人民医院','','0'),('8821','1184','0','2014-01','事业单位专业技术人员','专技十二级-助理','二类区','事业单位','山南市人民医院','','0'),('8459','1183','0','2014-01','事业单位专业技术人员','专技十二级-助理','二类区','事业单位','山南市人民医院','','0'),('6277','1182','0','2014-01','事业单位专业技术人员','专技十级-中级','二类区','事业单位','山南市人民医院','','0'),('6276','1181','0','2011-06','事业单位专业技术人员','专技十级-中级','二类区','事业单位','山南市人民医院','','0'),('8448','1170','0','2016-04','事业单位专业技术人员','专技十级-中级','二类区','事业单位','山南市人民医院','','0'),('14430','1168','0','2010-12','事业单位专业技术人员','专技十二级-助理','二类区','事业单位','山南市人民医院','非领导职务','0'),('14434','1169','0','2013-12','事业单位专业技术人员','专技十二级-助理','二类区','事业单位','山南市人民医院','','0'),('6210','1167','0','2011-10','事业单位专业技术人员','专技十二级-助理','二类区','事业单位','山南市人民医院','','0'),('6209','1167','0','2006-09','事业单位专业技术人员','专技十三级-员级','二类区','事业单位','山南市人民医院','','0'),('24557','1191','','1995-07','事业单位专业技术人员','专技十三级-员级','二类区','事业单位','昌都左贡县田绥乡卫生服务中心','','0'),('8279','1166','0','2008-09','事业单位专业技术人员','专技十二级-助理','二类区','事业单位','山南琼结县人民医院','','0'),('24558','1191','','2006-06','事业单位专业技术人员','专技十二级-助理','二类区','事业单位','昌都左贡县田绥乡卫生服务中心','','0'),('7053','1164','0','2015-05','事业单位专业技术人员','专技十二级-助理','二类区','事业单位','山南市人民医院','','0'),('8304','1163','0','1998-07','事业单位专业技术人员','专技十三级-员级','二类区','事业单位','山南市人民医院','','0'),('8305','1163','0','2011-10','事业单位专业技术人员','专技十二级-助理','二类区','事业单位','山南市人民医院','','0'),('7355','1162','0','2000-01','事业单位专业技术人员','专技十三级-员级','二类区','事业单位','山南市人民医院','','0'),('7356','1162','0','2010-01','事业单位专业技术人员','专技十二级-助理','二类区','事业单位','山南市人民医院','','0'),('7357','1162','0','2013-07','事业单位专业技术人员','专技十级-中级','二类区','事业单位','山南市人民医院','','0'),('17536','1199','0','2006-05','事业单位专业技术人员','专技十二级-助理','二类区','事业单位','山南市人民医院','','0'),('17537','1199','0','2016-04','事业单位专业技术人员','专技十级-中级','二类区','事业单位','山南市人民医院','','0'),('8426','1200','0','2009-11','事业单位专业技术人员','专技十二级-助理','二类区','事业单位','山南市人民医院','','0'),('17553','1204','0','2003-11','事业单位专业技术人员','专技十三级-员级','二类区','事业单位','山南市人民医院','','0'),('6180','1160','0','2006-04','事业单位专业技术人员','专技十级-中级','二类区','事业单位','山南市人民医院','','0'),('20099','1159','0','2016-10','事业单位专业技术人员','专技十级-中级','二类区','事业单位','山南市人民医院','','0'),('8763','1084','0','2014-11','事业单位管理人员','管理八级-副科','二类区','事业单位','山南市人民医院','','0'),('8762','1084','0','2005-08','事业单位专业技术人员','专技十二级-助理','二类区','事业单位','山南市人民医院','','0'),('8296','1083','0','2016-04','事业单位专业技术人员','专技十级-中级','二类区','事业单位','山南市人民医院','','0'),('5763','1082','0','2011-06','事业单位专业技术人员','专技十级-中级','二类区','事业单位','山南市人民医院','','0'),('5741','1077','0','2016-04','事业单位专业技术人员','专技十级-中级','二类区','事业单位','山南市人民医院','','0'),('5740','1077','0','2010-01','事业单位专业技术人员','专技十二级-助理','二类区','事业单位','山南市人民医院','','0'),('5697','1068','0','2016-04','事业单位专业技术人员','专技十级-中级','二类区','事业单位','山南市人民医院','','0'),('5696','1068','0','2010-01','事业单位专业技术人员','专技十二级-助理','二类区','事业单位','山南市人民医院','','0'),('17548','1067','0','2001-09','事业单位专业技术人员','专技十二级-助理','二类区','事业单位','山南市人民医院','','0'),('17549','1067','0','2011-08','事业单位专业技术人员','专技十级-中级','二类区','事业单位','山南市人民医院','','0'),('5690','1065','0','2012-11','事业单位专业技术人员','专技十级-中级','二类区','事业单位','山南市人民医院','','0'),('5689','1065','0','2004-05','事业单位专业技术人员','专技十二级-助理','二类区','事业单位','山南市人民医院','','0'),('5688','1064','0','2013-07','事业单位专业技术人员','专技十级-中级','二类区','事业单位','山南市人民医院','','0'),('5687','1064','0','2005-12','事业单位专业技术人员','专技十二级-助理','二类区','事业单位','山南市人民医院','','0'),('8810','1063','0','2007-05','事业单位专业技术人员','专技十二级-助理','二类区','事业单位','山南市人民医院','','0'),('8811','1063','0','2014-01','事业单位专业技术人员','专技十级-中级','二类区','事业单位','山南市人民医院','','0'),('24559','1191','','2011-01','事业单位专业技术人员','专技十二级-助理','二类区','事业单位','山南市人民医院','','0'),('5677','1061','0','2013-06','事业单位专业技术人员','专技十二级-助理','二类区','事业单位','山南市人民医院','','0'),('5678','1062','0','2015-04','事业单位专业技术人员','专技十二级-助理','二类区','事业单位','山南市人民医院','','0'),('5676','1060','0','2015-03','事业单位专业技术人员','专技十级-中级','二类区','事业单位','山南市人民医院','','0'),('5675','1060','0','1999-03','事业单位专业技术人员','专技十二级-助理','二类区','事业单位','山南市人民医院','','0'),('8404','1059','0','2003-12','事业单位专业技术人员','专技十二级-助理','二类区','事业单位','山南市人民医院','','0'),('8405','1059','0','2014-01','事业单位专业技术人员','专技十级-中级','二类区','事业单位','山南市人民医院','','0'),('7620','1058','0','2011-06','公务员','县处级副职','二类区','机关单位','隆子','领导职务','0'),('7618','1058','0','2004-08','公务员','乡科级副职','二类区','机关单位','洛扎','领导职务','0'),('7617','1058','0','2002-07','公务员','科员','二类区','机关单位','洛扎','非领导职务','0'),('7616','1058','0','2000-08','公务员','办事员','二类区','机关单位','洛扎','非领导职务','0'),('9273','1057','0','2004-09','公务员','县处级副职','二类区','机关单位','洛扎','领导职务','0'),('9274','1057','0','2012-07','公务员','县处级正职','二类区','机关单位','洛扎','领导职务','0'),('9271','1057','0','1997-10','公务员','乡科级副职','二类区','机关单位','洛扎','领导职务','0'),('9270','1057','0','1995-03','公务员','科员','二类区','机关单位','洛扎','非领导职务','0'),('9269','1057','0','1992-07','公务员','办事员','二类区','机关单位','洛扎','非领导职务','0'),('5650','1056','0','2011-06','事业单位专业技术人员','专技十级-中级','二类区','事业单位','山南市人民医院','','0'),('5649','1056','0','2000-07','事业单位专业技术人员','专技十二级-助理','二类区','事业单位','山南市人民医院','','0'),('14426','1055','0','2012-08','事业单位专业技术人员','专技十二级-助理','二类区','事业单位','山南市人民医院','','0'),('8289','1054','0','2004-09','事业单位专业技术人员','专技十二级-助理','二类区','事业单位','山南市人民医院','','0'),('8290','1054','0','2012-11','事业单位专业技术人员','专技十级-中级','二类区','事业单位','山南市人民医院','','0'),('7914','1053','0','2002-12','事业单位专业技术人员','专技十二级-助理','二类区','事业单位','山南市人民医院','','0'),('16134','3484','0','2016-08','事业单位专业技术人员','专技十三级-员级','二类区','事业单位','山南市人民医院','','0'),('7915','1053','0','2013-07','事业单位专业技术人员','专技十级-中级','二类区','事业单位','山南市人民医院','','0'),('5643','1052','0','2006-06','事业单位工人','技术工三级-高级工','二类区','事业单位','山南市人民医院','','0'),('20098','1159','0','2006-10','事业单位专业技术人员','专技十二级-助理','二类区','事业单位','山南市人民医院','','0'),('5642','1052','0','2002-10','事业单位工人','技术工四级-中级工','二类区','事业单位','山南市人民医院','','0'),('5641','1051','0','2016-04','事业单位专业技术人员','专技十级-中级','二类区','事业单位','山南市人民医院','','0'),('5638','1049','0','2005-01','事业单位专业技术人员','专技十二级-助理','二类区','事业单位','山南市人民医院','','0'),('5640','1051','0','2008-03','事业单位专业技术人员','专技十二级-助理','二类区','事业单位','山南市人民医院','','0'),('8432','1050','0','2008-01','事业单位专业技术人员','专技十二级-助理','二类区','事业单位','山南市人民医院','','0'),('5637','1048','0','2011-06','事业单位专业技术人员','专技十级-中级','二类区','事业单位','山南市人民医院','','0'),('5636','1048','0','2002-01','事业单位专业技术人员','专技十二级-助理','二类区','事业单位','山南市人民医院','','0'),('8674','1047','0','2000-07','事业单位专业技术人员','专技十二级-助理','二类区','事业单位','措美县人民医院','','0'),('8675','1047','0','2011-08','事业单位专业技术人员','专技十级-中级','二类区','事业单位','山南市人民医院','','0'),('5629','1046','0','2011-06','事业单位专业技术人员','专技十级-中级','二类区','事业单位','山南市人民医院','','0'),('5628','1046','0','2005-01','事业单位专业技术人员','专技十二级-助理','二类区','事业单位','山南市人民医院','','0'),('5590','1044','0','2013-07','事业单位专业技术人员','专技十级-中级','二类区','事业单位','山南市人民医院','','0'),('5589','1044','0','2000-01','事业单位专业技术人员','专技十二级-助理','二类区','事业单位','山南市人民医院','','0'),('8664','1043','0','2012-02','事业单位专业技术人员','专技十二级-助理','二类区','事业单位','山南市人民医院','','0'),('8776','1042','0','1992-07','事业单位专业技术人员','专技十三级-员级','二类区','事业单位','山南市人民医院','','0'),('8780','1042','0','2013-07','事业单位专业技术人员','专技十级-中级','二类区','事业单位','山南市人民医院','','0'),('5584','1041','0','2011-07','事业单位专业技术人员','专技十级-中级','二类区','事业单位','山南市人民医院','','0'),('5583','1041','0','2000-01','事业单位专业技术人员','专技十二级-助理','二类区','事业单位','山南市人民医院','','0'),('5581','1040','0','2000-01','事业单位专业技术人员','专技十二级-助理','二类区','事业单位','山南市人民医院','','0'),('5582','1040','0','2009-10','事业单位专业技术人员','专技十级-中级','二类区','事业单位','山南市人民医院','','0'),('8781','1039','0','2010-08','事业单位专业技术人员','专技十二级-助理','二类区','事业单位','山南市人民医院','','0'),('23548','1038','0','2015-03','事业单位专业技术人员','专技十级-中级','二类区','事业单位','山南市人民医院','','0'),('23547','1038','0','2007-05','事业单位专业技术人员','专技十二级-助理','二类区','事业单位','山南市人民医院','','0'),('5251','972','0','2013-07','事业单位专业技术人员','专技十级-中级','二类区','事业单位','山南市人民医院','','0'),('5250','972','0','2004-09','事业单位专业技术人员','专技十二级-助理','二类区','事业单位','山南市人民医院','','0'),('8378','969','0','2014-01','事业单位专业技术人员','专技十级-中级','二类区','事业单位','山南市人民医院','','0'),('8377','969','0','2007-05','事业单位专业技术人员','专技十二级-助理','二类区','事业单位','山南市人民医院','','0'),('23553','967','0','2009-10','事业单位专业技术人员','专技十级-中级','二类区','事业单位','山南市人民医院','','0'),('23552','967','0','2001-09','事业单位专业技术人员','专技十二级-助理','二类区','事业单位','山南市人民医院','','0'),('8758','916','0','2002-10','事业单位专业技术人员','专技十二级-助理','二类区','事业单位','山南市人民医院','','0'),('8759','916','0','2014-01','事业单位专业技术人员','专技十级-中级','二类区','事业单位','山南市人民医院','','0'),('8825','886','0','1993-09','事业单位专业技术人员','专技十二级-助理','二类区','事业单位','洛扎县人民医院','','0'),('23625','915','0','2015-04','事业单位专业技术人员','专技十级-中级','二类区','事业单位','山南市人民医院','','0'),('23624','915','0','2003-08','事业单位专业技术人员','专技十二级-助理','二类区','事业单位','山南市人民医院','','0'),('7065','867','0','2011-08','事业单位管理人员','管理七级-正科','二类区','事业单位','山南市人民医院','','0'),('7066','867','0','2012-11','事业单位专业技术人员','专技十级-中级','二类区','事业单位','山南市人民医院','','0'),('22302','866','0','2014-11','事业单位管理人员','管理八级-副科','二类区','事业单位','山南市人民医院','','0'),('7703','850','0','2004-02','事业单位专业技术人员','专技十级-中级','二类区','事业单位','山南市人民医院','','0'),('7726','865','0','2006-06','事业单位工人','技术工三级-高级工','二类区','事业单位','山南市人民医院','','0'),('7725','864','0','2006-06','事业单位工人','技术工三级-高级工','二类区','事业单位','山南市人民医院','','0'),('7719','863','0','2015-01','事业单位工人','技术工二级-技师','二类区','事业单位','山南市人民医院','','0'),('7722','857','0','2016-04','事业单位专业技术人员','专技十级-中级','二类区','事业单位','山南市人民医院','','0'),('7721','857','0','2009-11','事业单位专业技术人员','专技十二级-助理','二类区','事业单位','山南市人民医院','','0'),('8419','1526','0','2013-12','事业单位专业技术人员','专技十二级-助理','二类区','事业单位','山南市人民医院','','0'),('17446','1527','0','2013-07','事业单位专业技术人员','专技十级-中级','二类区','事业单位','山南市人民医院','','0'),('23858','854','0','2013-06','事业单位专业技术人员','专技十二级-助理','二类区','事业单位','山南市人民医院','','0'),('22295','853','0','2008-08','事业单位专业技术人员','专技十二级-助理','二类区','事业单位','山南市人民医院','','0'),('22296','853','0','2014-11','事业单位管理人员','管理八级-副科','二类区','事业单位','山南市人民医院','','0'),('7704','850','0','2009-10','事业单位专业技术人员','专技七级-副高','二类区','事业单位','山南市人民医院','','0'),('7702','850','0','1988-04','事业单位专业技术人员','专技十二级-助理','二类区','事业单位','山南市人民医院','','0'),('7701','850','0','1978-08','事业单位专业技术人员','专技十三级-员级','二类区','事业单位','山南市人民医院','','0'),('22306','701','0','2010-08','事业单位管理人员','管理八级-副科','二类区','事业单位','山南市人民医院','','0'),('5762','1082','0','2005-09','事业单位专业技术人员','专技十二级-助理','二类区','事业单位','山南市人民医院','','0'),('8217','1667','0','2014-07','事业单位专业技术人员','专技十二级-助理','二类区','事业单位','山南市人民医院','','0'),('16131','3485','0','2016-07','事业单位专业技术人员','专技十二级-助理','二类区','事业单位','山南市人民医院','','0'),('17491','3486','0','2016-08','事业单位专业技术人员','专技十三级-员级','二类区','事业单位','山南市人民医院','','0'),('17122','3647','0','2016-08','事业单位专业技术人员','专技十三级-员级','二类区','事业单位','山南市人民医院','','0'),('17119','3648','0','2016-08','事业单位专业技术人员','专技十三级-员级','二类区','事业单位','山南市人民医院','','0'),('17120','3649','0','2016-08','事业单位专业技术人员','专技十三级-员级','二类区','事业单位','山南市人民医院','','0'),('17121','3650','0','2016-08','事业单位专业技术人员','专技十三级-员级','二类区','事业单位','山南市人民医院','','0'),('24756','3651','','2016-08','事业单位专业技术人员','专技十三级-员级','二类区','事业单位','山南市人民医院','','0'),('20792','3652','0','2016-08','事业单位专业技术人员','专技十三级-员级','二类区','事业单位','山南市人民医院','','0'),('20795','3653','0','2016-08','事业单位专业技术人员','专技十三级-员级','二类区','事业单位','山南市人民医院','','0'),('20794','3654','0','2016-08','事业单位专业技术人员','专技十二级-助理','二类区','事业单位','山南市人民医院','','0'),('17127','3655','0','2011-07','事业单位专业技术人员','专技十三级-员级','二类区','事业单位','桑日县人民医院','','0'),('17128','3655','0','2016-09','事业单位专业技术人员','专技十二级-助理','二类区','事业单位','山南市人民医院','','0'),('17384','3722','0','2007-07','事业单位专业技术人员','专技十三级-员级','三类区','事业单位','日喀则拉孜人民医院','','0'),('17385','3722','0','2016-09','事业单位专业技术人员','专技十二级-助理','二类区','机关单位','山南市人民医院','','0'),('17390','3724','0','2016-09','事业单位专业技术人员','专技十二级-助理','二类区','事业单位','山南市人民医院','','0'),('17401','3727','0','2016-09','事业单位专业技术人员','专技十二级-助理','二类区','事业单位','山南市人民医院','','0'),('17402','3727','0','2007-01','事业单位专业技术人员','专技十三级-员级','三类区','事业单位','山南市人民医院','','0'),('17418','3732','0','2016-09','事业单位专业技术人员','专技十三级-员级','二类区','事业单位','山南市人民医院','','0'),('17419','3732','0','2013-12','事业单位专业技术人员','专技十三级-员级','二类区','事业单位','山南市人民医院','','0'),('17427','3736','0','2016-09','事业单位专业技术人员','专技十二级-助理','二类区','事业单位','山南市人民医院','','0'),('17428','3736','0','2010-11','事业单位专业技术人员','专技十二级-助理','二类区','事业单位','曲松县卫生服务中心','','0'),('20427','3738','0','2016-10','事业单位专业技术人员','专技七级-副高','二类区','事业单位','山南市人民医院','','0'),('17444','1453','0','1998-08','事业单位专业技术人员','专技十三级-员级','二类区','事业单位','山南市人民医院','','0'),('17461','1638','0','2012-03','事业单位管理人员','管理九级-科员','二类区','事业单位','山南市人民医院','','0'),('17473','1669','0','2000-12','事业单位工人','技术工五级-初级工','二类区','机关单位','加查县粮食局','','0'),('17474','1669','0','2011-01','事业单位工人','技术工五级-初级工','二类区','事业单位','山南市人民医院','','0'),('17505','1220','0','1997-08','事业单位专业技术人员','专技十三级-员级','二类区','事业单位','山南市人民医院','','0'),('17535','1199','0','2000-07','事业单位专业技术人员','专技十三级-员级','二类区','事业单位','山南市人民医院','','0'),('17542','1202','0','1992-01','事业单位专业技术人员','专技十三级-员级','二类区','事业单位','山南市人民医院','','0'),('20103','1233','0','1989-03','事业单位专业技术人员','专技十三级-员级','二类区','事业单位','山南市人民医院','','0'),('20089','1672','0','1984-08','事业单位专业技术人员','专技十三级-员级','二类区','事业单位','山南市人民医院','','0'),('20093','1535','0','1981-08','事业单位专业技术人员','专技十三级-员级','二类区','事业单位','山南市人民医院','','0'),('20096','1159','0','1981-08','事业单位专业技术人员','专技十三级-员级','二类区','事业单位','洛扎县人民医院','','0'),('20101','1280','0','1988-03','事业单位专业技术人员','专技十二级-助理','二类区','事业单位','山南市人民医院','','0'),('20100','1280','0','1981-08','事业单位专业技术人员','专技十三级-员级','二类区','事业单位','山南市人民医院','','0'),('20428','3738','0','1998-12','事业单位专业技术人员','专技十二级-助理','二类区','事业单位','三台县人民医院','','0'),('20429','3738','0','1990-08','事业单位专业技术人员','专技十三级-员级','二类区','事业单位','三台县人民医院','','0'),('20430','3738','0','2006-06','事业单位专业技术人员','专技十级-中级','二类区','事业单位','三台县人民医院','','0'),('20431','3738','0','2013-03','事业单位专业技术人员','专技七级-副高','二类区','事业单位','三台县人民医院','','0'),('20790','4105','0','2016-10','事业单位专业技术人员','专技十三级-员级','二类区','事业单位','山南市人民医院','','0'),('20789','4105','0','2011-11','事业单位专业技术人员','专技十三级-员级','二类区','事业单位','扎囊县水利局水电队','','0'),('22303','866','0','2016-12','事业单位管理人员','管理七级-正科','二类区','事业单位','山南市人民医院','','0'),('22307','701','0','2016-12','事业单位管理人员','管理七级-正科','二类区','事业单位','山南市人民医院','','0'),('23574','1464','0','2008-08','事业单位管理人员','管理九级-科员','二类区','事业单位','山南市人民医院','','0'),('22311','858','0','2016-12','事业单位管理人员','管理八级-副科','二类区','事业单位','山南市人民医院','','0'),('22318','856','0','2001-09','事业单位专业技术人员','专技十二级-助理','二类区','事业单位','山南市人民医院','','0'),('22317','856','0','1994-07','事业单位专业技术人员','专技十三级-员级','二类区','事业单位','山南市人民医院','','0'),('23554','967','0','1994-03','事业单位专业技术人员','专技十三级-员级','二类区','事业单位','山南市人民医院','','0');|INSERT INTO `tx_studyinfo` (`id`, `personid`, `level`, `gettime`, `school`)  VALUES ('2068','3654','本科','2014-12','河南财经政法大学'),('2069','3653','大专','2014-07','湖南中医药高等专科学校'),('2066','3652','大专','2014-07','皖南医学院'),('2664','3651','大专','2014-07','南阳医学高等专科学校'),('1784','3650','大专','2016-08','石家庄高等医学专科学校'),('1783','3649','大专','2016-08','渭南职业技术学校'),('1782','3648','大专','2016-08','山东力明科技职业学院'),('1785','3647','大专','2016-07','仙桃职业技术学校'),('1808','3486','大专','2016-06','常德职业技术学校'),('1474','3485','大专','2016-07','攀枝花学院'),('1477','3484','大专','2016-06','仙桃职业学校'),('1476','3482','大专','2012-07','达州职业技术学校'),('1376','3347','本科','2012-07','西藏大学'),('1263','1423','本科','2014-07','河南科技大学医学检验专业'),('1182','2873','本科','2016-07','厦门大学'),('1180','2872','本科','2016-07','武汉大学'),('1179','2871','本科','2016-07','山东大学'),('1178','2870','本科','2016-07','武汉大学'),('908','1459','本科','2006-07','四川大学华西医学中心'),('740','1162','大专','2007-01','西藏大学医学院'),('1820','1202','大专','2005-07','成都中医药大学'),('737','1081','大专','2007-07','西藏大学医学院'),('736','1466','大专','2007-01','西藏大学医学院'),('1825','1204','大专','2007-07','西藏大学医学院'),('734','1262','大专','2007-01','西藏大学医学院'),('733','1261','大专','2007-01','西藏大学医学院'),('2026','1233','大专','2007-07','西藏大学医学院'),('757','916','本科','1997-09','西藏咸阳民族学院'),('2432','915','本科','1998-09','西藏咸阳民族学院'),('1790','3655','大专','2011-07','石家庄医学专科学校'),('1798','1484','本科','2013-07','西藏民族学院医学院'),('1799','3722','大专','2007-07','郑州澍青医学院'),('1800','3724','本科','2016-07','南昌大学医学院'),('1801','3727','大专','2006-07','西藏大学医学院'),('1803','3732','大专','2013-05','西藏大学医学院'),('1804','3736','本科','2010-07','扬州大学'),('2064','4105','大专','2009-07','西藏民族学院管理学院'),('2117','1674','大专','2009-07','山东中医药高专');|INSERT INTO `tx_checkinfo` (`id`, `personid`, `gettime`, `check` FROM `tx_checkinfo`)  VALUES ('3000','3651','2016','不定等次'),('2999','3651','2015','不定等次'),('2998','3651','2014','不定等次');|INSERT INTO `tx_heightinfo` (`id`, `personid`, `area`, `city`, `county`, `height`, `acc`, `iscity`, `heightid`, `gettime`)  VALUES ('8033','2871','山南市','山南市','山南市','3550','3-1-1','否','196865','2016-07'),('8032','2870','山南市','山南市','山南市','3550','3-1-1','否','196865','2016-07'),('5438','1929','山南市','山南市','山南市','3550','3-1-1','否','196865','2016-07'),('5470','1928','山南市','山南市','山南市','3550','3-1-1','否','0','2016-07'),('5447','1926','山南市','山南市','山南市','3550','3-1-1','否','0','2016-07'),('5459','1925','山南市','山南市','山南市','3550','3-1-1','否','0','2016-07'),('10493','1554','西藏','山南市','乃东区','3550','泽当镇','否','0','2009-09'),('4276','1555','西藏','山南市','乃东区','3550','泽当镇','否','0','2006-08'),('4685','1557','昌都市','左贡县','美玉乡','4040','5-7-9','是','329481','2010-11'),('4766','1558','山南市','山南市','山南市','3550','3-1-1','否','196865','2015-09'),('4709','1559','山南市','山南市','山南市','3550','3-1-1','否','196865','2015-09'),('4736','1561','山南市','山南市','山南市','3550','3-1-1','否','0','2015-09'),('5452','1923','山南市','山南市','山南市','3550','3-1-1','否','0','2016-07'),('5440','1919','山南市','山南市','山南市','3550','3-1-1','否','0','2016-07'),('5462','1922','山南市','山南市','山南市','3550','3-1-1','否','0','2016-07'),('4688','1194','山南市','山南市','山南市','3550','3-1-1','否','196865','2014-07'),('5428','1921','山南市','山南市','山南市','3550','3-1-1','否','196865','2016-07'),('4193','1474','西藏','山南市','乃东区','3550','泽当镇','否','0','2004-07'),('5466','1920','山南市','山南市','山南市','3550','3-1-1','否','0','2016-07'),('5456','1918','山南市','山南市','山南市','3550','3-1-1','否','0','2016-07'),('5460','1917','山南市','山南市','山南市','3550','3-1-1','否','0','2016-07'),('5465','1916','山南市','山南市','山南市','3550','3-1-1','否','0','2016-07'),('14049','1464','西藏','山南市','乃东区','3550','泽当镇','否','0','2008-08'),('4250','1466','西藏','山南市','乃东区','3550','泽当镇','否','0','1992-01'),('5458','1913','山南市','山南市','山南市','3550','3-1-1','否','0','2016-07'),('5461','1912','山南市','山南市','山南市','3550','3-1-1','否','0','2016-07'),('5454','1911','山南市','山南市','山南市','3550','3-1-1','否','0','2016-07'),('5457','1910','山南市','山南市','山南市','3550','3-1-1','否','0','2016-07'),('4855','1200','山南市','山南市','山南市','3550','3-1-1','否','196865','2009-11'),('10529','1199','西藏','山南市','乃东区','3550','泽当镇','否','0','2000-07'),('4882','1183','日喀则市','谢通门县','谢通门县','4094','2-9-1','否','133377','2002-08'),('5444','1908','山南市','山南市','山南市','3550','3-1-1','否','0','2016-07'),('5463','1907','山南市','山南市','山南市','3550','3-1-1','否','0','2016-07'),('10502','1903','山南市','山南市','山南市','3550','3-1-1','否','0','2016-07'),('8593','1055','阿里地区','普兰县','普兰县','3980','7-3-1','否','0','2009-11'),('5146','886','山南市','山南市','山南市','3550','3-1-1','否','196865','2006-12'),('5142','1266','山南市','山南市','山南市','3550','3-1-1','否','196865','2013-06'),('5141','1266','日喀则市','南木林县','艾玛乡','3921','2-3-8','是','131848','2007-09'),('5140','1685','山南市','扎囊县','扎囊县','3635','3-4-1','否','0','2012-10'),('5138','1433','山南市','山南市','山南市','3550','3-1-1','否','196865','1997-07'),('5467','1904','山南市','山南市','山南市','3550','3-1-1','否','0','2016-07'),('5112','1424','山南市','山南市','山南市','3550','3-1-1','否','196865','2001-04'),('5464','1905','山南市','山南市','山南市','3550','3-1-1','否','0','2016-07'),('5101','916','山南市','山南市','山南市','3550','3-1-1','否','0','2002-10'),('10472','1457','昌都市','察雅县','察雅县','3585','5-10-1','否','0','2005-11'),('5082','1227','山南市','山南市','山南市','3550','3-1-1','否','196865','2013-03'),('5062','1420','山南市','山南市','山南市','3550','3-1-1','否','196865','2002-02'),('5060','1425','山南市','山南市','山南市','3550','3-1-1','否','196865','1998-12'),('5057','1528','山南市','山南市','山南市','3550','3-1-1','否','0','2012-02'),('5053','1047','山南市','山南市','山南市','3550','3-1-1','否','196865','2005-08'),('5047','1043','山南市','山南市','山南市','3550','3-1-1','否','196865','2012-02'),('5046','1043','山南市','错那县','错那县','4380','3-11-1','否','199425','2010-12'),('12020','1233','西藏','山南市','乃东区','3550','泽当镇','否','0','1983-03'),('4741','1274','山南市','山南市','山南市','3550','3-1-1','否','196865','2014-07'),('4247','1261','西藏','山南市','乃东区','3550','泽当镇','否','0','1993-12'),('3482','1187','西藏','山南市','乃东区','3550','泽当镇','否','0','1995-07'),('10630','1188','山南市','山南市','山南市','3550','3-1-1','否','0','2009-11'),('4722','1197','山南市','山南市','山南市','3550','3-1-1','否','196865','2014-07'),('4883','1183','山南市','山南市','山南市','3550','3-1-1','否','196865','2012-09'),('4858','1050','山南市','山南市','山南市','3550','3-1-1','否','0','1996-07'),('10433','1484','山南市','山南市','山南市','3550','3-1-1','否','0','2013-12'),('8600','1169','山南市','山南市','山南市','3550','3-1-1','否','0','2013-12'),('5451','1930','山南市','山南市','山南市','3550','3-1-1','否','196865','2016-07'),('4821','862','山南市','山南市','山南市','3550','3-1-1','否','196865','2012-02'),('4820','862','山南市','错那县','错那县','4380','3-11-1','否','199425','2008-09'),('12017','1159','山南市','洛扎县','洛扎县','3940','3-9-1','否','0','1981-07'),('10467','1430','山南市','加查县','安绕镇','3860','3-13-2','是','0','1991-07'),('10469','1430','山南市','山南市','山南市','3550','3-1-1','否','0','1997-06'),('10508','1214','那曲地区','那曲地区','那曲地区','4527','6-1-1','否','0','1994-08'),('4768','1166','山南市','山南市','山南市','3550','3-1-1','否','196865','2010-10'),('5469','1906','山南市','山南市','山南市','3550','3-1-1','否','0','2016-07'),('8595','1168','山南市','贡嘎县','贡嘎县','3763','3-5-1','否','0','2009-08'),('4248','1262','西藏','山南市','乃东区','3550','泽当镇','否','0','1992-01'),('5501','1267','西藏','山南市','乃东区','3550','泽当镇','否','0','2003-07'),('8596','1168','山南市','山南市','山南市','3550','3-1-1','否','0','2010-12'),('4730','1222','山南市','山南市','山南市','3550','3-1-1','否','0','2014-07'),('4690','1454','山南市','山南市','山南市','3550','3-1-1','否','196865','2008-07'),('4686','1557','山南市','山南市','山南市','3550','3-1-1','否','196865','2015-09'),('4734','1552','山南市','山南市','山南市','3550','3-1-1','否','0','2015-07'),('4679','1570','山南市','山南市','山南市','3550','3-1-1','否','196865','2016-01'),('4697','1573','山南市','曲松县','罗布萨镇','3915','3-6-3','是','0','2008-08'),('4669','1584','山南市','山南市','山南市','3550','3-1-1','否','0','2015-12'),('4666','1569','山南市','山南市','山南市','3550','3-1-1','否','196865','2016-01'),('4664','1579','山南市','山南市','山南市','3550','3-1-1','否','196865','2016-01'),('4698','1573','山南市','山南市','山南市','3550','3-1-1','否','0','2015-12'),('4672','1571','日喀则市','聂拉木县','樟木镇','2460','2-17-3','是','0','2000-07'),('14069','1572','日喀则市','定日县','绒辖乡','3721','2-5-5','是','0','2009-11'),('14070','1572','日喀则市','定日县','定日县','4440','2-5-1','否','0','2011-08'),('10482','1587','山南市','乃东区','乃东县','3550','3-2-1','否','0','2010-11'),('10486','1638','那曲地区','申扎县','申扎县','4750','6-9-1','否','0','2008-08'),('4668','1584','阿里地区','革吉县','革吉县','4695','7-5-1','否','0','2011-01'),('4647','1567','阿里地区','普兰县','普兰县','3980','7-3-1','否','0','2009-11'),('4648','1567','山南市','山南市','山南市','3550','3-1-1','否','0','2016-01'),('3523','1221','西藏','山南市','乃东区','3550','泽当镇','否','0','1994-08'),('5083','1223','山南市','山南市','山南市','3550','3-1-1','否','196865','2014-07'),('3529','1226','西藏','山南市','乃东区','3550','泽当镇','否','0','1996-08'),('4643','1582','山南市','措美县','措美镇','4230','3-8-2','是','198658','2006-05'),('4742','1565','山南市','山南市','山南市','3550','3-1-1','否','0','2015-09'),('4691','1564','山南市','山南市','山南市','3550','3-1-1','否','196865','2015-09'),('4717','1563','山南市','山南市','山南市','3550','3-1-1','否','0','2015-09'),('4693','1562','山南市','山南市','山南市','3550','3-1-1','否','0','2015-09'),('5114','1042','山南市','山南市','山南市','3550','3-1-1','否','0','2000-07'),('14194','854','山南市','山南市','山南市','3550','3-1-1','否','0','2013-06'),('4816','969','山南市','山南市','山南市','3550','3-1-1','否','0','1996-08'),('13238','701','山南市','山南市','山南市','3550','3-1-1','否','0','1996-07'),('13239','701','山南市','隆子县','隆子镇','3975','3-10-2','是','0','2013-07'),('4711','1665','山南市','琼结县','拉玉乡','3770','3-3-3','是','0','2008-09'),('6274','1713','山南市','山南市','山南市','3550','3-1-1','否','0','2010-09'),('4522','1712','山南市','山南市','山南市','3550','3-1-1','否','0','1991-07'),('4719','1710','山南市','山南市','山南市','3550','3-1-1','否','0','2015-09'),('5085','1708','山南市','山南市','山南市','3550','3-1-1','否','0','2014-07'),('8552','1706','山南市','山南市','山南市','3550','3-1-1','否','0','2014-07'),('10534','1704','山南市','山南市','山南市','3550','3-1-1','否','0','2012-09'),('5051','1702','山南市','山南市','山南市','3550','3-1-1','否','0','1977-08'),('4713','1696','山南市','山南市','山南市','3550','3-1-1','否','0','2014-07'),('4718','1694','山南市','山南市','山南市','3550','3-1-1','否','0','2014-07'),('4692','1692','山南市','山南市','山南市','3550','3-1-1','否','0','2014-07'),('4840','1688','山南市','山南市','山南市','3550','3-1-1','否','0','2013-12'),('4874','1170','山南市','曲松县','曲松县','3905','3-6-1','否','198145','2005-08'),('4854','1171','山南市','山南市','山南市','3550','3-1-1','否','196865','2014-07'),('4694','1172','山南市','山南市','山南市','3550','3-1-1','否','196865','2014-07'),('4850','1681','山南市','山南市','山南市','3550','3-1-1','否','0','2013-12'),('4829','1679','山南市','山南市','山南市','3550','3-1-1','否','0','1971-07'),('4503','1677','山南市','山南市','山南市','3550','3-1-1','否','0','1984-12'),('14190','1676','山南市','山南市','山南市','3550','3-1-1','否','0','2013-11'),('8616','1675','山南市','山南市','山南市','3550','3-1-1','否','0','2009-11'),('12760','1674','山南市','山南市','山南市','3550','3-1-1','否','0','2013-11'),('4877','1673','山南市','山南市','山南市','3550','3-1-1','否','0','2004-04'),('12015','1672','山南市','山南市','山南市','3550','3-1-1','否','0','1984-08'),('4524','1671','山南市','山南市','山南市','3550','3-1-1','否','0','1996-08'),('5090','861','山南市','山南市','山南市','3550','3-1-1','否','0','1993-07'),('10492','1669','山南市','山南市','山南市','3550','3-1-1','否','0','2000-12'),('4720','1668','山南市','山南市','山南市','3550','3-1-1','否','196865','2014-07'),('8605','1272','西藏','山南市','乃东区','3550','泽当镇','否','0','2009-11'),('4721','1667','山南市','山南市','山南市','3550','3-1-1','否','0','2014-07'),('4712','1665','山南市','山南市','山南市','3550','3-1-1','否','0','2010-12'),('4532','1663','山南市','山南市','山南市','3550','3-1-1','否','0','2010-11'),('10473','1457','山南市','山南市','山南市','3550','3-1-1','否','0','2007-01'),('4689','1454','那曲地区','索县','索县','4096','6-8-1','否','395265','2005-08'),('5606','1438','西藏','山南市','乃东区','3550','泽当镇','否','0','1988-07'),('14045','1439','西藏','山南市','乃东区','3550','泽当镇','否','0','1998-07'),('4140','1440','西藏','山南市','乃东区','3550','泽当镇','否','0','2005-05'),('4170','1452','西藏','山南市','乃东区','3550','泽当镇','否','0','1995-12'),('5059','1425','山南市','桑日县','桑日县','3560','3-7-1','否','198401','1994-07'),('4120','1426','西藏','山南市','乃东区','3550','泽当镇','否','0','1994-07'),('4745','1422','那曲地区','索县','索县','4096','6-8-1','否','395265','2002-09'),('8557','1423','西藏','山南市','乃东区','3550','泽当镇','否','0','2014-07'),('4757','1650','山南市','山南市','山南市','3550','3-1-1','否','0','2001-07'),('4539','1648','山南市','山南市','山南市','3550','3-1-1','否','196865','1996-01'),('4584','1646','山南市','乃东区','泽当镇','3550','3-2-2','是','0','1994-07'),('4131','1435','西藏','山南市','乃东区','3550','泽当镇','否','0','1997-06'),('10488','1643','山南市','山南市','山南市','3550','3-1-1','否','0','2010-12'),('10485','1638','山南市','乃东区','泽当镇','3550','3-2-2','是','395521','2012-03'),('14047','1633','山南市','山南市','山南市','3550','3-1-1','否','0','2001-07'),('4786','1635','山南市','乃东区','泽当镇','3550','3-2-2','是','0','2003-08'),('4774','1634','山南市','山南市','山南市','3550','3-1-1','否','196865','1998-08'),('14159','1601','山南市','乃东区','泽当镇','3550','3-2-2','是','0','1996-09'),('4397','1616','山南市','乃东区','泽当镇','3550','3-2-2','是','0','1981-08'),('4385','1058','山南市','洛扎县','洛扎镇','3940','3-9-2','是','0','2000-08'),('5495','1057','山南市','洛扎县','洛扎镇','3940','3-9-2','是','0','1992-07'),('5496','1057','山南市','乃东区','泽当镇','3550','3-2-2','是','0','2016-05'),('10483','1587','山南市','山南市','山南市','3550','3-1-1','否','0','2016-02'),('4644','1582','山南市','山南市','山南市','3550','3-1-1','否','196865','2015-12'),('4663','1579','山南市','曲松县','曲松县','3905','3-6-1','否','198145','2011-11'),('4853','1577','山南市','山南市','山南市','3550','3-1-1','否','196865','2015-09'),('4702','1575','山南市','山南市','山南市','3550','3-1-1','否','0','2015-09'),('4616','1574','山南市','山南市','山南市','3550','3-1-1','否','196865','1998-10'),('14071','1572','山南市','山南市','山南市','3550','3-1-1','否','0','2015-12'),('4678','1570','日喀则市','仁布县','仁布县','4070','2-11-1','否','133889','2010-11'),('4665','1569','阿里地区','阿里地区','阿里地区','4297','7-1-1','否','459009','2009-10'),('10497','1568','山南市','山南市','山南市','3550','3-1-1','否','0','2016-01'),('5439','1924','山南市','山南市','山南市','3550','3-1-1','否','0','2016-07'),('4271','1551','西藏','山南市','乃东区','3550','泽当镇','否','0','2015-07'),('4739','1550','山南市','山南市','山南市','3550','3-1-1','否','196865','2015-07'),('4763','1549','山南市','山南市','山南市','3550','3-1-1','否','196865','2015-07'),('4695','1547','山南市','山南市','山南市','3550','3-1-1','否','196865','2015-07'),('4680','1546','山南市','山南市','山南市','3550','3-1-1','否','196865','2015-07'),('4262','1544','西藏','山南市','乃东区','3550','泽当镇','否','0','1998-01'),('4261','1543','西藏','山南市','乃东区','3550','泽当镇','否','0','1994-12'),('4245','1540','西藏','山南市','乃东区','3550','泽当镇','否','0','1989-07'),('4244','1539','西藏','山南市','乃东区','3550','泽当镇','否','0','1983-11'),('4243','1538','西藏','山南市','乃东区','3550','泽当镇','否','0','1999-12'),('4242','1537','西藏','山南市','乃东区','3550','泽当镇','否','0','1990-02'),('4241','1536','西藏','山南市','乃东区','3550','泽当镇','否','0','1997-07'),('12016','1535','山南市','山南市','山南市','3550','3-1-1','否','0','1981-10'),('4761','1534','山南市','山南市','山南市','3550','3-1-1','否','196865','2014-07'),('4760','1533','山南市','山南市','山南市','3550','3-1-1','否','196865','2014-07'),('4750','1532','山南市','山南市','山南市','3550','3-1-1','否','196865','2014-07'),('4681','1531','山南市','山南市','山南市','3550','3-1-1','否','196865','2014-07'),('4764','1530','山南市','山南市','山南市','3550','3-1-1','否','196865','2014-07'),('10478','1529','西藏','山南市','乃东区','3550','泽当镇','否','0','2010-11'),('10476','1527','西藏','山南市','乃东区','3550','泽当镇','否','0','2005-12'),('4848','1526','山南市','山南市','山南市','3550','3-1-1','否','196865','2013-12'),('4230','1524','西藏','山南市','乃东区','3550','泽当镇','否','0','2009-11'),('4884','1513','山南市','山南市','山南市','3550','3-1-1','否','196865','2009-11'),('4836','1493','山南市','山南市','山南市','3550','3-1-1','否','196865','2009-11'),('14048','1490','山南市','山南市','山南市','3550','3-1-1','否','0','2002-09'),('4710','1486','山南市','山南市','山南市','3550','3-1-1','否','196865','2014-07'),('4194','1476','西藏','山南市','乃东区','3550','泽当镇','否','0','2012-09'),('8612','1462','西藏','山南市','乃东区','3550','泽当镇','否','0','2008-08'),('4179','1461','西藏','山南市','乃东区','3550','泽当镇','否','0','1999-08'),('6399','1459','山南市','山南市','山南市','3550','3-1-1','否','0','2006-09'),('4534','1655','山南市','山南市','山南市','3550','3-1-1','否','0','1998-08'),('4177','1458','西藏','山南市','乃东区','3550','泽当镇','否','0','2009-07'),('10475','1453','山南市','山南市','山南市','3550','3-1-1','否','0','1998-08'),('4856','1436','山南市','山南市','山南市','3550','3-1-1','否','196865','1998-08'),('5137','1433','山南市','隆子县','隆子县','3975','3-10-1','否','199169','1994-07'),('5144','1431','山南市','山南市','山南市','3550','3-1-1','否','196865','1993-06'),('4634','1427','山南市','山南市','山南市','3550','3-1-1','否','196865','1993-06'),('5111','1424','山南市','错那县','错那县','4380','3-11-1','否','199425','1994-07'),('4109','1421','西藏','山南市','乃东区','3550','泽当镇','否','0','1993-07'),('5061','1420','山南市','隆子县','隆子县','3975','3-10-1','否','199169','1994-07'),('5079','1419','山南市','山南市','山南市','3550','3-1-1','否','196865','1993-07'),('4837','1281','山南市','山南市','山南市','3550','3-1-1','否','196865','1992-07'),('12019','1280','西藏','山南市','乃东区','3550','泽当镇','否','0','1991-08'),('5098','1278','山南市','山南市','山南市','3550','3-1-1','否','196865','1993-07'),('4843','1273','山南市','山南市','山南市','3550','3-1-1','否','196865','2013-12'),('3669','1271','西藏','山南市','乃东区','3550','泽当镇','否','0','2009-07'),('4115','1270','西藏','山南市','乃东区','3550','泽当镇','否','0','2009-07'),('4819','862','山南市','山南市','山南市','3550','3-1-1','否','196865','1992-01'),('4533','1657','山南市','山南市','山南市','3550','3-1-1','否','0','2003-07'),('10468','1430','山南市','加查县','加查县','3860','3-13-1','否','0','1994-05'),('4878','1231','山南市','山南市','山南市','3550','3-1-1','否','196865','2009-11'),('5139','1685','山南市','山南市','山南市','3550','3-1-1','否','197633','2014-07'),('3541','1230','西藏','山南市','乃东区','3550','泽当镇','否','0','1988-07'),('14189','1684','山南市','山南市','山南市','3550','3-1-1','否','0','2009-11'),('8879','1683','山南市','山南市','山南市','3550','3-1-1','否','0','2008-08'),('5113','1662','山南市','山南市','山南市','3550','3-1-1','否','0','1994-07'),('3540','1229','西藏 ','山南市','乃东区','3550','泽当镇','否','0','1989-07'),('5468','1909','山南市','山南市','山南市','3550','3-1-1','否','0','2016-07'),('5136','1218','山南市','山南市','山南市','3550','3-1-1','否','196865','2011-01'),('5056','1528','山南市','桑日县','桑日县','3560','3-7-1','否','0','2002-07'),('5081','1227','山南市','措美县','措美县','4230','3-8-1','否','198657','1994-08'),('10511','1220','西藏','山南市','乃东区','3550','泽当镇','否','0','1997-08'),('10510','1219','西藏','山南市','乃东区','3550','泽当镇','否','0','2008-08'),('5135','1218','山南市','浪卡子县','浪卡子县','4460','3-12-1','否','199681','2009-07'),('10536','1216','西藏','山南市','乃东区','3550','泽当镇','否','0','1999-08'),('10509','1214','山南市','山南市','山南市','3550','3-1-1','否','0','1998-08'),('3481','1185','西藏','山南市','乃东区','3550','泽当镇','否','0','1996-07'),('10496','1568','山南市','曲松县','曲松县','3905','3-6-1','否','0','1999-08'),('4496','1690','山南市','山南市','山南市','3550','3-1-1','否','0','2004-07'),('5143','1184','山南市','山南市','山南市','3550','3-1-1','否','196865','2002-09'),('3469','1182','西藏','山南市','乃东区','3550','泽当镇','否','0','2005-08'),('3468','1181','西藏','山南市','乃东区','3550','泽当镇','否','0','1989-11'),('5455','1914','山南市','山南市','山南市','3550','3-1-1','否','0','2016-07'),('8601','1203','西藏','山南市','乃东区','3550','泽当镇','否','0','2009-11'),('5096','1173','山南市','山南市','山南市','3550','3-1-1','否','196865','2005-08'),('10541','1204','西藏','山南市','乃东区','3550','泽当镇','否','0','1992-11'),('5063','1189','山南市','山南市','山南市','3550','3-1-1','否','196865','2009-11'),('14672','1191','西藏','山南市 ','乃东区','3550','泽当镇',' 否','329475','2011-01'),('4683','1193','山南市','山南市','山南市','3550','3-1-1','否','196865','2014-07'),('4673','1571','山南市','山南市','山南市','3550','3-1-1','否','0','2015-12'),('4746','1422','山南市','山南市','山南市','3550','3-1-1','否','196865','2010-12'),('3424','1167','西藏','山南市','乃东区','3550','泽当镇','否','0','2005-08'),('4126','1432','西藏','山南市','乃东区','3550','泽当镇','否','0','1993-06'),('4767','1166','山南市','琼结县','琼结县','3950','3-3-1','否','197377','2008-09'),('4875','1170','山南市','山南市','山南市','3550','3-1-1','否','196865','2014-04'),('4876','1192','山南市','山南市','山南市','3550','3-1-1','否','196865','2008-07'),('4667','1584','阿里地区','革吉县','文布当桑乡','4670','7-5-6','是','0','2005-07'),('4114','1164','西藏','山南市','乃东区','3550','泽当镇','否','0','1996-08'),('4776','1163','山南市','山南市','山南市','3550','3-1-1','否','196865','1998-07'),('4260','1162','西藏','山南市','乃东区','3550','泽当镇','否','0','1992-01'),('10533','1202','西藏','山南市','乃东区','3550','泽当镇','否','0','1992-01'),('3508','1206','西藏','山南市','乃东区','3550','泽当镇','否','0','2000-07'),('3510','1208','西藏','山南市','乃东区','3550','泽当镇','否','0','2015-09'),('4733','1210','山南市','山南市','山南市','3550','3-1-1','否','0','2015-09'),('4738','1207','山南市','山南市','山南市','3550','3-1-1','否','196865','2014-07'),('3512','1211','西藏','山南市','乃东区','3550','泽当镇','否','0','2015-09'),('3400','1160','西藏','山南市','乃东区','3550','泽当镇','否','0','1986-08'),('12018','1159','山南市','山南市','山南市','3550','3-1-1','否','0','2006-10'),('3094','1082','西藏','山南市','乃东区','3550','泽当镇','否','0','2001-09'),('4253','1081','西藏','山南市','乃东区','3550','泽当镇','否','0','2010-01'),('4772','1083','山南市','山南市','山南市','3550','3-1-1','否','196865','2006-09'),('5103','1084','山南市','山南市','山南市','3550','3-1-1','否','196865','2005-08'),('3077','1077','西藏','山南市','乃东区','3550','泽当镇','否','0','2008-07'),('3046','1068','西藏','山南市','乃东区','3550','泽当镇','否','0','2008-08'),('10537','1067','西藏','山南市','乃东区','3550','泽当镇',' 否','0','2001-09'),('3043','1065','西藏','山南市','乃东区','3550','泽当镇','否','0','1996-08'),('3042','1064','西藏','山南市','乃东区','3550','泽当镇','否','0','2005-12'),('5134','1063','山南市','山南市','山南市','3550','3-1-1','否','0','2000-07'),('3038','1062','西藏','山南市','乃东区','3550','泽当镇','否','0','2002-07'),('3037','1060','西藏','山南市','乃东区','3550','泽当镇','否','0','1991-07'),('4833','1059','西藏','山南市','乃东区','3550','泽当镇','否','0','1997-08'),('3029','1056','西藏','山南市','乃东区','3550','泽当镇','否','0','1991-07'),('8594','1055','山南市','山南市','山南市','3550','3-1-1','否','0','2012-03'),('4771','1054','山南市','山南市','山南市','3550','3-1-1','否','196865','2004-09'),('4526','1053','西藏','山南市','乃东区','3550','泽当镇','否','0','2002-12'),('3025','1052','西藏','山南市','乃东区','3550','泽当镇','否','0','1988-08'),('3024','1051','西藏','山南市','乃东区','3550','泽当镇','否','0','2004-07'),('3022','1049','西藏','山南市','乃东区','3550','泽当镇 ','否','0','1985-09'),('3021','1048','西藏','山南市','乃东区','3550','泽当镇','否','0','1992-06'),('3014','1046','西藏','山南市','乃东区','3550','泽当镇','否','0','1992-07'),('5052','1047','山南市','措美县','措美县','4230','3-8-1','否','198657','1993-05'),('2978','1044','西藏','山南市','乃东区','3550','泽当镇','否','0','1993-06'),('5045','1043','日喀则市','萨嘎县','夏如乡','4536','2-18-3','是','135683','2006-05'),('2975','1041','西藏','山南市','乃东区','3550','泽当镇','否','0','1991-07'),('2974','1040','西藏','山南市','乃东区','3550','泽当镇','否','0','1989-07'),('5115','1039','山南市','山南市','山南市','3550','3-1-1','否','196865','2010-08'),('14044','1038','西藏','山南市','乃东区','3550','泽当镇','否','0','1998-08'),('4386','1058','山南市','隆子县','隆子镇','3975','3-10-2','是','0','2011-06'),('2749','972','西藏','山南市','乃东区','3550','泽当镇','否','0','1998-07'),('14046','967','西藏','山南市','乃东区','3550','泽当镇','否','0','1994-03'),('14074','915','西藏','山南市','乃东区','3550','泽当镇','否','0','2003-08'),('5145','886','山南市','洛扎县','洛扎县','3940','3-9-1','否','198913','1983-08'),('4387','1058','山南市','乃东区','泽当镇','3550','3-2-2','否','0','2016-05'),('4117','867','西藏','山南市','乃东区','3550','泽当镇','否','0','1987-12'),('13237','866','西藏','山南市','乃东区','3550','泽当镇','否','0','1997-08'),('4428','865','山南市','山南市','山南市','3550','3-1-1','否','196865','1986-04'),('4427','864','山南市','山南市','山南市','3550','3-1-1','否','196865','1990-03'),('4423','863','山南市','山南市','山南市','3550','3-1-1','否','196865','1993-09'),('13242','858','山南市','山南市','山南市','3550','3-1-1','否','0','2008-08'),('4425','857','山南市','山南市','山南市','3550','3-1-1','否','0','1997-07'),('13244','856','山南市','山南市','山南市','3550','3-1-1','否','0','1994-07'),('14193','854','山南市','浪卡子县','浪卡子县','4460','3-12-1','否','0','2009-07'),('13235','853','山南市','山南市','山南市','3550','3-1-1','否','0','2008-07'),('13240','701','山南市','山南市','山南市','3550','3-1-1','否','0','2015-11'),('4414','850','山南市','山南市','山南市','3550','3-1-1','否','196865','1978-08'),('8035','2872','山南市','山南市','山南市','3550','3-1-1','否','196865','2016-07'),('8037','2873','山南市','山南市','山南市','3550','3-1-1','否','196865','2016-07'),('9267','3347','山南市','洛扎县','洛扎镇','3940','3-9-2','是','198914','2004-12'),('9268','3347','山南市','山南市','山南市','3550','3-1-1','否','196865','2016-09'),('9581','3482','山南市','山南市','山南市','3550','3-1-1','否','0','2016-08'),('10505','3483','山南市','山南市','山南市','3550','3-1-1','否','0','2016-08'),('9582','3484','山南市','山南市','山南市','3550','3-1-1','否','0','2016-08'),('9579','3485','山南市','山南市','山南市','3550','3-1-1','否','196865','2016-07'),('10503','3486','山南市','山南市','山南市','3550','3-1-1','否','0','2016-08'),('10358','3647','山南市','山南市','山南市','3550','3-1-1','否','0','2016-08'),('10356','3648','山南市','山南市','山南市','3550','3-1-1','否','196865','2016-08'),('10357','3650','山南市','山南市','山南市','3550','3-1-1','否','196865','2016-08'),('14803','3651','山南市','山南市','山南市','3550','3-1-1','否','','2014-08'),('12370','3652','山南市','山南市','山南市','3550','3-1-1','否','0','2014-08'),('12373','3653','山南市','山南市','山南市','3550','3-1-1','否','0','2014-08'),('12372','3654','山南市','山南市','山南市','3550','3-1-1','否','0','2014-08'),('10363','3655','山南市','山南市','山南市','3550','3-1-1','否','196865','2016-09'),('10364','3655','山南市','桑日县','桑日县','3560','3-7-1','否','198401','2011-07'),('10446','3722','日喀则市','拉孜县','拉孜县','4058','2-7-1','否','132865','2007-07'),('10447','3722','山南市','山南市','山南市','3550','3-1-1','否','196865','2016-09'),('10449','3724','山南市','山南市','山南市','3550','3-1-1','否','196865','2016-09'),('10458','3732','山南市','山南市','山南市','3550','3-1-1','否','196865','2016-09'),('10459','3732','林芝市','米林县','米林县','2938','4-4-1','否','263169','2013-12'),('10463','3736','山南市','山南市','山南市','3550','3-1-1','否','196865','2016-09'),('10464','3736','山南市','曲松县','曲松县','3905','3-6-1','否','198145','2010-11'),('12187','3738','山南市','山南市','山南市','3550','3-1-1','否','0','2016-10'),('12368','4105','山南市','山南市','山南市','3550','3-1-1','否','0','2016-10'),('12367','4105','山南市','扎囊县','扎囊县','3635','3-4-1','否','0','2011-11'),('14673','1191','昌都市','左贡县','田妥镇','3600','5-7-3','是','','1995-07');|