INSERT INTO `tx_personinfo` (`id`, `sort`, `userid`, `name`, `sex`, `birthday`, `origin`, `nation`, `partymember`, `worktime`, `intime`, `inadj`, `inyear`, `posttime`, `postadj`, `unitkind`, `postname`, `unitname`, `isleader`, `lastposttime`, `lastunitkind`, `lastpostname`, `lastunitname`, `area`, `education`, `educationtime`, `schooltime`, `educationadj`, `teacherinfo`, `teacherbegin`, `teacherend`, `teacheradj`, `oneinfo`, `onebegin`, `oneend`, `oneadj`, `check2`, `check5`, `coveradj`, `cadre`, `retiretime`, `height`, `note`, `addon`) VALUES ('2344','','80','次旺扎西','男','2005-07-01','日喀则','藏族','党员','2005-07','2005-07','0','','2014-01','0','事业单位','专技十级-中级','比如县夏曲镇小学','','','','','','','大专','2005-07','3','0','教师','2005-07','','0','','','','0','2006','2006','0','否','','','',''),('2339','','80','达瓦卓嘎','女','2003-07-01','拉萨','藏族','党员','2003-07','2003-07','0','','2012-03','0','事业单位','专技十级-中级','比如县中心小学','','','','','','','大专','2003-07','3','0','教师','2003-07','','0','','','','0','2006','2006','0','否','','','',''),('1099','0','80','美朵','女','1979-05-04','比如','藏族','党员','1997-07','1997-07','0','0','2007-08','0','事业单位','专技十级-中级','那曲比如夏曲镇','','','','','','','中专','1997-07','3','0','教师','1997-07','','0','','','','0','2006','2006','0','否','','0','',''),('2341','','80','次仁多吉','男','1981-10-01','比如','藏族','党员','2005-07','2005-07','0','','2009-06','0','事业单位','专技十二级-助理','比如县夏曲镇布龙小学','','','','','','','大专','2005-07','3','0','教师','2005-07','','0','','','','0','2006','2006','0','否','','','',''),('996','0','80','赤列卓玛','女','1975-06-05','比如','汉族','党员','1996-07','1996-07','0','0','2007-08','0','事业单位','专技十级-中级','比如县中心小学','','','','','','','中专','1996-07','3','0','教师','1996-07','','0','','','','0','2006','2006','0','否','','0','',''),('1093','0','80','卓白','女','1976-07-12','比如','汉族','党员','1996-07','1996-07','0','0','2007-08','0','事业单位','专技十级-中级','那曲比如夏曲镇','','','','','','','中专','1996-07','3','0','教师','1996-07','','0','','','','0','2006','2006','0','否','','0','',''),('1094','0','80','金措','女','1977-07-16','比如','汉族','党员','1997-07','1997-07','0','0','2016-01','0','事业单位','专技七级-副高','那曲比如夏曲镇','','','','','','','中专','1997-07','3','0','教师','1997-07','','0','','','','0','2006','2006','0','否','','0','',''),('1097','0','80','玛措','女','1978-09-13','比如','汉族','党员','1997-07','1997-07','0','0','2008-07','0','事业单位','专技十级-中级','那曲比如县完小','','','','','','','中专','1997-07','0','0','教师','1997-07','','0','','','','0','2006','2006','0','否','','0','',''),('1100','0','80','吉嘎姆','女','1979-11-14','比如','藏族','党员','1997-07','1997-07','0','0','2009-08','0','事业单位','专技十级-中级','那曲比如县夏曲镇','','','','','','','中专','1997-07','0','0','教师','1997-07','','0','','','','0','2006','2006','0','否','','0','',''),('1101','0','80','巴桑拉姆','女','1981-07-08','阿里','藏族','党员','2001-07','2001-07','0','0','2014-01','0','机关单位','专技十级-中级','那曲比如县夏曲镇','','','','','','','中专','2001-07','3','0','教师','2001-07','','0','','','','0','2006','2006','0','否','','0','',''),('1102','0','80','桑嘎','男','1978-10-02','班戈','汉族','党员','2002-07','2002-07','0','0','2014-01','0','事业单位','专技十级-中级','那曲比如县夏曲镇','','','','','','','中专','2002-07','3','0','教师','2002-07','','0','','','','0','2006','2006','0','否','','0','',''),('2345','','80','次旦卓嘎','女','1982-11-01','索县','藏族','党员','2005-07','2005-07','0','','2010-05','0','事业单位','专技十二级-助理','比如县夏曲镇小学','','','','','','','大专','2005-07','3','0','教师','2005-07','','0','','','','0','2006','2006','0','否','','','',''),('2340','','80','加央加措','女','1985-11-10','比如县','藏族','党员','2004-07','2004-07','0','','2015-06','0','事业单位','专技十二级-助理','比如县羊秀乡小学','','','','','','','大专','2004-07','3','0','','2004-07','','0','','','','0','2006','2006','0','否','','','',''),('2346','','80','卓嘎才措','女','1981-06-03','比如','藏族','党员','2005-07','2005-07','0','','2013-06','0','事业单位','专技十级-中级','比如县中心小学','','','','','','','大专','2005-07','3','0','教师','2005-07','','0','','','','0','2006','2006','0','否','','','',''),('2343','','80','巴旦次仁','男','1982-03-04','比如','藏族','党员','2005-07','2005-07','0','','2015-09','0','事业单位','专技十级-中级','比如县扎拉乡小学','','','','','','','大专','2005-07','3','0','教师','2005-07','','0','','','','0','2006','2006','0','否','','','',''),('2342','','80','次仁桑珠','男','1981-12-29','比如','藏族','党员','2004-07','2004-07','0','','2014-01','0','事业单位','专技十级-中级','比如县夏曲镇小学','','','','','','','大专','2004-07','3','0','教师','2004-07','','0','','','','0','2006','2006','0','否','','','',''),('2332','','80','白玛拉姆','女','1979-08-05','山南','藏族','党员','2004-07','2004-07','0','','2012-05','0','事业单位','专技十级-中级','比如县羊秀小学','','','','','','','大专','2004-07','3','0','教师','2004-07','','0','','','','0','2006','2006','0','否','','','',''),('1735','','80','次仁朗杰','男','1979-12-01','昌都','藏族','党员','1998-07','1998-07','0','','2011-11','0','事业单位','专技十级-中级','那曲比如县','','','','','','','中专','1998-07','0','0','教师','1998-07','','0','','','','0','2006','2006','0','否','','','',''),('1737','','80','达吉','女','1978-10-01','那曲','藏族','党员','2006-07','2006-07','0','','2013-06','0','事业单位','专技十级-中级','那曲比如','','','','','','','大专','2006-07','3','0','教师','2006-07','','0','','','','0','2006','2006','0','否','','','',''),('3304','','80','旦增尼玛','男','1984-08-18','比如','藏族','党员','2005-07','2005-07','0','','2014-01','0','事业单位','专技十级-中级','茶曲乡小学','','','','','','','大专','2005-07','3','0','教师','2005-07','','0','','','','0','2006','2006','0','否','','','',''),('2329','','80','次仁旺堆','男','2007-09-01','拉萨','藏族','党员','2007-09','2007-09','0','','2007-09','0','事业单位','专技十二级-助理','比如县中学','','','','','','','本科','2007-09','4','0','教师','2007-09','','0','','','','0','2007','2007','0','否','','','',''),('2964','','80','边巴次仁','男','1973-12-12','曲水县','藏族','党员','1999-07','1999-07','0','','2008-09','0','事业单位','专技十级-中级','比如县中学','','','','','','','大专','1999-07','3','0','教师','1999-09','','0','','','','0','2006','2006','0','否','','','',''),('2256','','80','仓决卓嘎','女','1985-11-08','拉萨','藏族','党员','2006-07','2006-07','0','','2011-07','0','事业单位','专技十二级-助理','比如县完小','','','','','','','大专','2006-07','3','0','教师','2006-07','','0','','','','0','2016','2016','0','否','','','',''),('2820','','80','索朗多杰','男','1981-01-01','比如','藏族','','2002-12','2002-12','0','','2002-12','0','事业单位','普通-普通工','比如白嘎乡','','','','','','','高中','2002-12','3','0','','','','0','','','','0','2006','2006','0','否','','','',''),('2961','','80','桂桑','男','1978-09-10','比如','藏族','党员','1999-07','1999-07','0','','2008-09','0','事业单位','专技十级-中级','比如县羊秀小学','','','','','','','中专','1999-07','3','0','教师','1999-07','','0','','','','0','2006','2006','0','否','','','',''),('2987','','80','米玛平措','男','1983-06-28','山南','汉族','党员','2001-07','2001-07','0','','2014-01','0','事业单位','专技十级-中级','比如县完小','','','','','','','中专','2001-07','3','0','教师','2001-07','','0','','','','0','2006','2006','0','否','','','',''),('2973','','80','白玛措珠','女','1980-11-15','比如','藏族','党员','2004-07','2004-07','0','','2013-06','0','事业单位','专技十级-中级','比如县中学','','','','','','','本科','2004-07','4','0','教师','2004-07','','0','','','','0','2006','2006','0','否','','','',''),('2972','','80','吴超','男','1982-10-04','云南','汉族','党员','2004-07','2004-07','0','','2013-06','0','事业单位','专技十级-中级','比如县中学','','','','','','','本科','2004-07','4','0','教师','2004-07','','0','','','','0','2006','2006','0','否','','','',''),('2970','','80','陈勇','男','1980-11-25','重庆','汉族','党员','2001-07','2001-07','0','','2010-08','0','事业单位','专技十级-中级','比如县中学','','','','','','','大专','2001-07','3','0','教师','2001-07','','0','','','','0','2006','2006','0','否','','','',''),('2969','','80','其米卓嘎','女','1979-08-15','比如','藏族','党员','2000-07','2000-07','0','','2009-06','0','事业单位','专技十级-中级','比如县中学','','','','','','','大专','2000-07','3','0','教师','2000-07','','0','','','','0','2006','2006','0','否','','','',''),('2967','','80','拉巴卓玛','女','1978-02-20','比如','藏族','党员','2000-07','2000-07','0','','2009-08','0','事业单位','专技十级-中级','比如县完小','','','','','','','中专','2000-07','3','0','教师','2000-07','','0','','','','0','2006','2006','0','否','','','',''),('2966','','80','晋美','男','1979-05-06','比如','藏族','党员','1999-07','1999-07','0','','2012-05','0','事业单位','专技十级-中级','比如县完小','','','','','','','中专','1999-07','3','0','教师','1999-07','','0','','','','0','2006','2006','0','否','','','',''),('2965','','80','龙措','女','1975-05-10','比如','藏族','党员','1996-07','1996-07','0','','2014-01','0','事业单位','专技十级-中级','比如县完小','','','','','','','中专','1996-07','3','0','教师','1996-07','','0','','','','0','2006','2006','0','否','','','',''),('2943','','80','达瓦次仁','男','1984-11-15','那曲班戈县','藏族','党员','2005-07','2005-07','0','','2009-06','0','事业单位','专技十二级-助理','比如县恰则乡小学','','','','','','','大专','2005-07','3','0','教师','2005-07','','0','','','','0','2006','2006','0','否','','','',''),('2960','','80','白继威','男','1975-12-03','山西','汉族','','1999-07','1999-07','0','','2014-12','0','事业单位','专技七级-副高','比如县中学','','','','','','','本科','1999-07','4','0','教师','1999-07','','0','','','','0','2006','2006','0','否','','','',''),('2959','','80','次仁金措','女','1979-08-01','比如','藏族','党员','1999-07','1999-07','0','','2014-12','0','事业单位','专技十级-中级','比如县完小','','','','','','','中专','1999-07','3','0','教师','1999-07','','0','','','','0','2006','2006','0','否','','','',''),('2945','','80','桑珠','男','1963-06-01','比如','藏族','党员','1981-07','1981-07','0','','2016-09','0','事业单位','专技十级-中级','比如县恰则小学','','','','','','','中专','1981-07','3','0','教师','1981-07','','0','','','','0','2006','2006','0','否','','','',''),('2958','','80','才旺巴措','男','1977-08-01','比如','藏族','党员','1997-07','1997-07','0','','2014-12','0','事业单位','专技七级-副高','比如县完小','','','','','','','中专','1997-07','3','0','教师','1997-07','','0','','','','0','2006','2006','0','否','','','',''),('2947','','80','龙白','女','1974-07-05','比如','藏族','党员','1994-07','1994-07','0','','2007-08','0','事业单位','专技十级-中级','比如县完小','','','','','','','中专','1994-07','3','0','教师','1994-07','','0','','','','0','2006','2006','0','否','','','',''),('2957','','80','美朵金措','女','1976-10-15','比如','藏族','党员','1997-07','1997-07','0','','2014-01','0','事业单位','专技十级-中级','比如县白嘎小学','','','','','','','中专','1997-07','3','0','教师','1997-07','','0','','','','0','2006','2006','0','否','','','',''),('2949','','80','扎琼','男','1972-05-02','比如','藏族','党员','1994-07','1994-07','0','','2013-06','0','事业单位','专技十级-中级','比如县完小','','','','','','','中专','1994-07','3','0','教师','1994-07','','0','','','','0','2006','2006','0','否','','','',''),('2956','','80','洛桑卓玛','女','1976-07-05','比如','藏族','党员','1996-07','1996-07','0','','2009-08','0','事业单位','专技十级-中级','比如县完小','','','','','','','中专','1996-07','3','0','教师','1996-07','','0','','','','0','2006','2006','0','否','','','',''),('2951','','80','嘎卓措吉','女','1976-08-01','比如','藏族','党员','1996-07','1996-07','0','','2012-05','0','事业单位','专技十级-中级','比如县完小','','','','','','','中专','1996-07','3','0','教师','1996-07','','0','','','','0','2006','2006','0','否','','','',''),('2952','','80','次仁旦增','男','1977-10-05','比如','藏族','党员','1996-07','1996-07','0','','2012-05','0','事业单位','专技十级-中级','比如县达塘小学','','','','','','','中专','1996-07','3','0','教师','1996-07','','0','','','','0','2006','2006','0','否','','','',''),('2955','','80','卓色','女','1975-11-01','比如','藏族','党员','1996-07','1996-07','0','','2008-09','0','事业单位','专技十级-中级','比如县完小','','','','','','','中专','1996-07','3','0','教师','1996-07','','0','','','','0','2006','2006','0','否','','','',''),('2954','','80','德吉次仁','女','1976-02-12','比如','藏族','党员','1996-07','1996-07','0','','2007-08','0','事业单位','专技十级-中级','比如县完小','','','','','','','中专','1996-07','3','0','教师','1996-07','','0','','','','0','2006','2006','0','否','','','',''),('2975','','80','汪良峰','男','1979-02-13','四川','汉族','党员','2001-07','2001-07','0','','2011-11','0','事业单位','专技十级-中级','比如县中学','','','','','','','大专','2001-07','3','0','教师','2001-07','','0','','','','0','2006','2006','0','否','','','',''),('2977','','80','李云','女','1981-10-14','甘肃','汉族','党员','2002-07','2002-07','0','','2013-06','0','事业单位','专技十级-中级','比如县完小','','','','','','','中专','2002-07','3','0','教师','2002-07','','0','','','','0','2006','2006','0','否','','','',''),('2978','','80','次仁多杰','男','1983-02-04','比如','汉族','','2002-07','2002-07','0','','2007-08','0','事业单位','专技十二级-助理','比如县羊秀小学','','','','','','','中专','2002-07','3','0','教师','2002-07','','0','','','','0','2006','2006','0','否','','','',''),('2979','','80','次仁央宗','女','1982-04-03','比如','汉族','党员','2002-07','2002-07','0','','2013-06','0','事业单位','专技十级-中级','比如县完小','','','','','','','中专','2002-07','3','0','教师','2002-07','','0','','','','0','2006','2006','0','否','','','',''),('2980','','80','巴桑旦增','男','1982-08-15','比如','藏族','党员','2002-07','2002-07','0','','2011-11','0','事业单位','专技十级-中级','比如县教育局','','','','','','','中专','2002-07','3','0','教师','2002-07','','0','','','','0','2006','2006','0','否','','','',''),('2983','','80','韦小红','女','1980-01-28','四川','汉族','党员','2004-07','2004-07','0','','2011-11','0','事业单位','专技十级-中级','比如县县完小','','','','','','','大专','2004-07','3','0','教师','2004-07','','0','','','','0','2006','2006','0','否','','','',''),('2985','','80','措鲁','女','1981-05-08','比如','藏族','党员','2002-07','2002-07','0','','2014-01','0','事业单位','专技十级-中级','比如县完小','','','','','','','中专','2002-07','3','0','教师','2002-07','','0','','','','0','2006','2006','0','否','','','',''),('2986','','80','代屹','男','1980-02-29','四川','汉族','党员','2002-07','2002-07','0','','2011-11','0','事业单位','专技十级-中级','比如县县完小','','','','','','','中专','2002-07','3','0','教师','2002-07','','0','','','','0','2006','2006','0','否','','','',''),('2999','','80','阳菊','女','1978-10-10','四川','汉族','党员','2002-07','2002-07','0','','2009-08','0','事业单位','专技十级-中级','比如县中学','','','','','','','大专','2002-07','3','0','教师','2002-07','','0','','','','0','2006','2006','0','否','','','',''),('3000','','80','白玛更参','男','1979-03-15','山南','藏族','党员','2003-07','2003-07','0','','2013-06','0','事业单位','专技十级-中级','比如县中学','','','','','','','大专','2003-07','3','0','教师','2003-07','','0','','','','0','2006','2006','0','否','','','',''),('3001','','80','次仁曲珍','女','1979-12-19','山南','藏族','党员','2003-07','2003-07','0','','2013-06','0','事业单位','专技十级-中级','比如县教体局','','','','','','','大专','2003-07','3','0','教师','2003-07','','0','','','','0','2006','2006','0','否','','','',''),('3002','','80','措吉','女','1983-08-23','那曲','藏族','党员','2004-07','2004-07','0','','2009-06','0','事业单位','专技十二级-助理','比如县完小','','','','','','','中专','2004-07','3','0','教师','2004-07','','0','','','','0','2006','2006','0','否','','','',''),('3003','','80','张丹','男','1985-01-05','四川','汉族','党员','2004-07','2004-07','0','','2013-06','0','事业单位','专技十级-中级','比如县完小','','','','','','','大专','2004-07','3','0','教师','2004-07','','0','','','','0','2006','2006','0','否','','','',''),('3004','','80','尼玛央加','男','1984-06-01','比如','藏族','党员','2004-07','2004-07','0','','2014-01','0','事业单位','专技十级-中级','比如县中学','','','','','','','大专','2004-07','3','0','教师','2004-07','','0','','','','0','2006','2006','0','否','','','',''),('3005','','80','多吉扎西','男','1983-08-19','比如','藏族','党员','2004-07','2004-07','0','','2014-01','0','事业单位','专技十级-中级','比如县完小','','','','','','','中专','2004-07','3','0','教师','2004-07','','0','','','','0','2006','2006','0','否','','','',''),('3006','','80','桑旦曲措','女','1983-03-24','比如','藏族','党员','2004-07','2004-07','0','','2014-12','0','事业单位','专技十级-中级','比如县完小','','','','','','','中专','2004-07','3','0','教师','2004-07','','0','','','','0','2006','2006','0','否','','','',''),('3007','','80','格桑措美','女','1981-01-31','比如','藏族','党员','2004-07','2004-07','0','','2014-01','0','事业单位','专技十级-中级','比如县完小','','','','','','','中专','2004-07','3','0','教师','2004-07','','0','','','','0','2006','2006','0','否','','','',''),('3008','','80','韦小红','女','1980-01-28','四川','汉族','党员','2004-07','2004-07','0','','2011-11','0','事业单位','专技十级-中级','比如县完小','','','','','','','大专','2004-07','3','0','教师','2004-07','','0','','','','0','2006','2006','0','否','','','',''),('3009','','80','格桑卓嘎','女','1981-08-08','那曲','藏族','党员','2004-07','2004-07','0','','2012-05','0','事业单位','专技十级-中级','比如县完小','','','','','','','大专','2004-07','3','0','教师','2004-07','','0','','','','0','2006','2006','0','否','','','',''),('3010','','80','次宗','女','1982-10-24','拉萨','藏族','党员','2004-07','2004-07','0','','2014-01','0','事业单位','专技十级-中级','比如县茶曲小学','','','','','','','大专','2004-07','3','0','教师','2004-07','','0','','','','0','2006','2006','0','否','','','',''),('3011','','80','旦增卓嘎','女','2004-10-12','拉萨','藏族','党员','2004-07','2004-07','0','','2009-06','0','事业单位','专技十二级-助理','比如县良曲小学','','','','','','','大专','2004-07','3','0','教师','2004-07','','0','','','','0','2006','2006','0','否','','','',''),('3012','','80','索加','男','1980-10-13','比如','藏族','党员','2004-07','2004-07','0','','2015-09','0','事业单位','管理七级-正科','比如县中学','','','','','','','大专','2004-07','3','0','教师','2004-07','','0','','','','0','2006','2006','0','否','','','',''),('3013','','80','边巴卓玛','女','1981-06-24','山南','藏族','党员','2005-07','2005-07','0','','2014-01','0','事业单位','专技十级-中级','比如县白嘎小学','','','','','','','大专','2005-07','3','0','教师','2005-07','','0','','','','0','2006','2006','0','否','','','',''),('3014','','80','格桑卓玛','女','1984-06-01','林芝','藏族','党员','2005-07','2005-07','0','','2009-06','0','事业单位','专技十二级-助理','比如县完小','','','','','','','大专','2005-07','3','0','教师','2005-07','','0','','','','0','2006','2006','0','否','','','',''),('3015','','80','德青','女','1983-02-27','比如','藏族','党员','2005-07','2005-07','0','','2009-06','0','事业单位','专技十二级-助理','比如县完小','','','','','','','大专','2005-07','3','0','教师','2005-07','','0','','','','0','2006','2006','0','否','','','',''),('3060','','80','丁玲芳','女','2005-09-01','陕西','汉族','党员','1999-07','1999-07','0','','2011-01','0','事业单位','管理七级-正科','比如县教育局','','','','','','','中专','1999-07','3','0','教师','1999-07','','0','','','','0','2006','2006','0','否','','','',''),('3297','','80','牟娟','女','1983-04-03','四川','汉族','党员','2005-07','2005-07','0','','2013-06','0','事业单位','专技十级-中级','比如县完小','','','','','','','大专','2005-07','3','0','教师','2005-07','','0','','','','0','2006','2006','0','否','','','',''),('3295','','80','索朗措姆','女','1983-04-06','山南','藏族','党员','2005-07','2005-07','0','','2014-01','0','事业单位','专技十级-中级','比如县完小','','','','','','','暂时没有','','0','0','','','','0','','','','0','2006','2006','0','否','','','',''),('3294','','80','卓琼','女','1983-03-13','比如','藏族','党员','2005-07','2005-07','0','','2014-01','0','事业单位','专技十级-中级','比如县白嘎乡小学','','','','','','','大专','2005-07','3','0','教师','2005-07','','0','','','','0','2006','2006','0','否','','','',''),('3320','','80','索朗多杰','男','1981-01-01','比如','藏族','','2002-12','2002-12','0','','2002-12','0','事业单位','普通-普通工','比如县白嘎小学','','','','','','','暂时没有','','0','0','','','','0','','','','0','2006','2006','0','否','','','',''),('3318','','80','吉次仁','女','1962-09-20','比如','藏族','','1995-12','1995-12','0','','2014-01','0','事业单位','技术工三级-高级工','比如县中学','','','','','','','暂时没有','','0','0','','','','0','','','','0','2006','2006','0','否','','','',''),('3317','','80','伦宗','女','1959-04-25','比如','藏族','','1983-01','1983-01','0','','2009-06','0','事业单位','技术工三级-高级工','比如县中学','','','','','','','暂时没有','','0','0','','','','0','','','','0','2006','2006','0','否','','','',''),('3316','','80','旦增次仁','男','1980-02-22','比如','藏族','','1998-08','1998-08','0','','2009-06','0','事业单位','技术工四级-中级工','比如县中学','','','','','','','中专','1998-07','3','0','','','','0','','','','0','2006','2006','0','否','','','',''),('3315','','80','扎西同珠','男','1984-02-01','比如','藏族','党员','2005-07','2005-07','0','','2013-06','0','事业单位','专技十级-中级','比如县完小','','','','','','','大专','2005-07','3','0','教师','2005-07','','0','','','','0','2006','2006','0','否','','','',''),('3313','','80','达瓦次仁','男','1979-10-22','比如','藏族','党员','2005-07','2005-07','0','','2009-06','0','事业单位','专技十二级-助理','比如县良曲乡小学','','','','','','','大专','2005-07','3','0','教师','2005-07','','0','','','','0','2006','2006','0','否','','','',''),('3310','','80','益西桑姆','女','1985-02-20','比如','藏族','','2005-07','2005-07','0','','2014-01','0','事业单位','专技十级-中级','比如县完小','','','','','','','大专','2005-07','3','0','教师','2005-07','','0','','','','0','2006','2006','0','否','','','',''),('3308','','80','索朗卓嘎','男','1983-07-25','比如','藏族','党员','2005-07','2005-07','0','','2009-06','0','事业单位','专技十二级-助理','比如县完小','','','','','','','大专','2005-07','3','0','教师','2005-07','','0','','','','0','2006','2006','0','否','','','',''),('3657','','80','边巴卓玛','女','1981-03-27','拉萨','藏族','党员','2002-09','2002-09','0','','2012-10','0','机关单位','乡科级副职','拉萨城关区','非领导职务','','','','','','中专','2002-07','3','0','','','','0','','','','0','2006','2006','0','否','','','',''),('4530','','80','普仓','女','2016-11-22','','藏族','党员','2007-09','2007-09','0','','2014-01','0','事业单位','专技十级-中级','比如县达塘小学','','','','','','','本科','2007-06','4','0','教师','2007-09','','0','','','','0','2007','2007','0','否','','','',''),('4528','','80','次仁拉姆','女','1988-06-06','比如','藏族','党员','2009-08','2009-08','0','','2012-12','0','事业单位','专技十二级-助理','比如夏曲镇小学','','','','','','','大专','2009-07','3','0','教师','2009-08','','0','','','','0','2009','2009','0','否','','','',''),('4527','','80','嘎美','女','1986-04-17','比如','藏族','党员','2007-09','2007-09','0','','2012-03','0','事业单位','专技十二级-助理','比如县夏曲布龙小学','','','','','','','大专','2007-08','3','0','教师','2007-09','','0','','','','0','2007','2007','0','否','','','',''),('4526','','80','尼玛次仁','男','1988-10-30','山东','藏族','党员','2008-08','2008-08','0','','2012-01','0','事业单位','专技十二级-助理','比如夏曲镇小学','','','','','','','大专','2008-06','3','0','教师','2008-06','','0','','','','0','2008','2008','0','否','','','',''),('4529','','80','仓决卓嘎','女','1983-08-03','拉萨','藏族','党员','2006-07','2006-07','0','','2016-02','0','事业单位','专技十级-中级','比如县夏曲镇小学','','','','','','','大专','2006-06','3','0','教师','2006-07','','0','','','','0','2006','2006','0','否','','','',''),('4686','','80','罗布多吉','男','1971-05-01','','藏族','党员','1995-07','1995-07','0','','2016-01','0','事业单位','专技七级-副高','比如县完小','','','','','','','中专','1998-07','3','0','教师','1995-07','','0','','','','0','2006','2006','0','否','','','',''),('4687','','80','桑珠','男','1962-06-01','比如','藏族','党员','1981-07','1981-07','0','','2014-03','0','事业单位','专技十级-中级','比如县恰则小学','','','','','','','中专','1981-07','3','0','教师','1981-07','','0','','','','0','2006','2006','0','否','','','',''),('4688','','80','拉巴次仁','男','','比如','藏族','党员','1996-07','1996-07','0','','2013-01','0','事业单位','专技十级-中级','比如县完小','','','','','','','大专','1996-07','3','0','教师','1996-07','','0','','','','0','2006','2006','0','否','','','',''),('4689','','80','白继威','男','1975-12-03','山西','汉族','','1999-07','1999-07','0','','2014-11','0','事业单位','专技七级-副高','比如县中学','','','','','','','本科','1999-07','4','0','教师','1999-07','','0','','','','0','2006','2006','0','否','','','',''),('4690','','80','桂桑','男','1978-09-01','比如','藏族','党员','1999-07','1999-07','0','','2008-07','0','事业单位','专技十级-中级','比如县羊秀小学','','','','','','','中专','1999-07','3','0','教师','1999-07','','0','','','','0','2006','2006','0','否','','','',''),('4691','','80','陈勇','男','1980-11-01','重庆','汉族','党员','2001-07','2001-07','0','','2010-07','0','事业单位','专技十级-中级','比如中学','','','','','','','大专','2001-07','3','0','教师','2001-07','','0','','','','0','2006','2006','0','否','','','',''),('4692','','80','央加','女','1970-01-01','比如','藏族','党员','1994-09','1994-09','0','','2014-01','0','事业单位','专技十级-中级','比如县良曲小学','','','','','','','大专','2007-07','3','0','教师','2009-06','','0','','','','0','2006','2006','0','否','','','',''),('4693','','80','次仁君美','男','1984-07-08','那曲','藏族','党员','2005-08','2005-08','0','','2014-01','0','事业单位','专技十级-中级','比如县良曲乡','','','','','','','大专','2005-08','3','0','教师','','','0','','','','0','2006','2006','0','否','','','',''),('4694','','80','索朗吉','男','1985-07-10','比如','藏族','党员','2005-07','2005-07','0','','2015-05','0','事业单位','专技十级-中级','比如县完小','','','','','','','大专','2005-07','3','0','教师','2005-07','','0','','','','0','2006','2006','0','否','','','',''),('4695','','80','周毛泰','女','1979-08-15','青海','藏族','党员','2004-11','2004-11','0','','2013-05','0','事业单位','专技十级-中级','比如县夏曲镇小学','','','','','','','本科','2004-06','4','0','教师','2004-11','','0','','','','0','2006','2006','0','否','','','',''),('4696','','80','达瓦次仁','男','2005-07-01','嘉黎','藏族','党员','2005-07','2005-07','0','','2008-07','0','事业单位','专技十二级-助理','比如县夏曲镇','','','','','','','大专','2005-07','3','0','教师','2005-07','','0','','','','0','2006','2006','0','否','','','',''),('4697','','80','才旺仁青','男','1984-04-05','比如','藏族','党员','2005-07','2005-07','0','','2014-07','0','事业单位','专技十二级-助理','比如县达塘小学','','','','','','','中专','2005-07','3','0','教师','2005-07','','0','','','','0','2006','2006','0','否','','','',''),('4698','','80','白珍','女','1984-05-07','亚东','藏族','党员','2005-07','2005-07','0','','2009-05','0','事业单位','专技十二级-助理','比如县完小','','','','','','','大专','2005-07','3','0','教师','2005-07','','0','','','','0','2006','2006','0','否','','','',''),('4699','','80','扎央','女','1980-08-04','比如','藏族','党员','2006-07','2006-07','0','','2009-05','0','事业单位','专技十二级-助理','比如县夏曲镇','','','','','','','大专','2006-07','3','0','教师','2006-07','','0','','','','0','2006','2006','0','否','','','',''),('4700','','80','平措卓玛','女','1980-12-30','比如','藏族','','2006-07','2006-07','0','','2009-05','0','事业单位','专技十二级-助理','比如夏曲镇小学','','','','','','','大专','2006-07','3','0','教师','2006-07','','0','','','','0','2006','2006','0','否','','','',''),('4701','','80','旦增卓嘎','女','1983-11-11','聂荣','藏族','党员','2006-07','2006-07','0','','2014-01','0','事业单位','专技十级-中级','比如夏曲镇小学','','','','','','','大专','2006-07','3','0','教师','2006-07','','0','','','','0','2006','2006','0','否','','','',''),('4702','','80','次仁德吉','女','1983-12-10','拉萨','藏族','党员','2006-07','2006-07','0','','2014-01','0','事业单位','专技十级-中级','比如夏曲镇小学','','','','','','','大专','2006-07','3','0','教师','2006-07','','0','','','','0','2006','2006','0','否','','','',''),('4703','','80','央欠','女','1983-09-01','比如','藏族','党员','2006-07','2006-07','0','','2010-04','0','事业单位','专技十二级-助理','比如夏曲镇小学','','','','','','','大专','2006-07','3','0','教师','2006-07','','0','','','','0','2006','2006','0','否','','','',''),('4704','','80','托美多杰','男','1984-03-09','那曲','藏族','党员','1984-03','1984-03','0','','2014-01','0','事业单位','专技十级-中级','比如夏曲镇小学','','','','','','','大专','2006-07','3','0','教师','2006-07','','0','','','','0','2006','2006','0','否','','','',''),('4705','','80','索朗多加','男','1984-11-11','比如','藏族','党员','2006-07','2006-07','0','','2010-04','0','事业单位','专技十二级-助理','比如夏曲镇小学','','','','','','','大专','2006-07','3','0','教师','2006-07','','0','','','','0','2006','2006','0','否','','','',''),('4706','','80','多杰次久','男','1985-06-06','比如','藏族','党员','2006-07','2006-07','0','','2010-04','0','事业单位','专技十二级-助理','比如夏曲镇小学','','','','','','','大专','2006-07','3','0','教师','2006-07','','0','','','','0','2006','2006','0','否','','','',''),('4707','','80','边巴次仁','男','1984-04-20','大专','藏族','党员','2006-07','2006-07','0','','2014-12','0','事业单位','专技十级-中级','比如夏曲镇小学','','','','','','','大专','2006-07','3','0','教师','2006-07','','0','','','','0','2006','2006','0','否','','','',''),('4708','','80','德庆卓嘎','女','1985-12-28','拉萨','藏族','党员','2006-07','2006-07','0','','2009-05','0','事业单位','专技十二级-助理','比如夏曲镇布龙小学','','','','','','','大专','2006-07','3','0','教师','2006-07','','0','','','','0','2006','2006','0','否','','','',''),('4709','','80','旦吉卓玛','女','1985-01-13','拉萨','藏族','党员','2006-07','2006-07','0','','2015-09','0','事业单位','专技十二级-助理','比如县完小','','','','','','','大专','2006-07','3','0','教师','2006-07','','0','','','','0','2006','2006','0','否','','','',''),('4710','','80','卓玛次增','女','1984-05-06','比如','藏族','党员','2006-07','2006-07','0','','2009-05','0','机关单位','专技十二级-助理','比如夏曲镇布龙小学','','','','','','','大专','2006-07','3','0','教师','2006-07','','0','','','','0','2006','2006','0','否','','','',''),('4711','','80','措嘎美朵','女','1981-09-04','比如','藏族','党员','2005-12','2005-12','0','','2013-05','0','事业单位','专技十级-中级','比如完小','','','','','','','大专','2005-07','3','0','教师','2005-12','','0','','','','0','2006','2006','0','否','','','',''),('4712','','80','玛措','女','1978-09-13','比如','藏族','党员','2005-12','2005-12','0','','2014-02','0','事业单位','专技十级-中级','比如恰则小学','','','','','','','大专','2005-07','3','0','教师','2005-12','','0','','','','0','2006','2006','0','否','','','',''),('4713','','80','吉嘎','女','1981-12-25','比如','藏族','党员','2006-07','2006-07','0','','2014-01','0','事业单位','专技十级-中级','比如完小','','','','','','','大专','2006-07','3','0','教师','2006-07','','0','','','','0','2006','2006','0','否','','','',''),('4714','','80','卓玛龙宗','女','1980-10-20','比如','藏族','党员','2006-07','2006-07','0','','2014-12','0','事业单位','专技十级-中级','比如幼儿园','','','','','','','大专','2006-07','3','0','教师','2006-07','','0','','','','0','2006','2006','0','否','','','',''),('4715','','80','达瓦潘多','女','1983-04-13','亚东','藏族','党员','2006-07','2006-07','0','','2010-04','0','事业单位','专技十二级-助理','比如县达塘乡','','','','','','','大专','2006-06','3','0','教师','2006-07','','0','','','','0','2006','2006','0','否','','','',''),('4716','','80','索朗次仁','男','1982-05-05','','藏族','党员','2006-07','2006-07','0','','2009-05','0','事业单位','专技十二级-助理','比如县达羊秀乡','','','','','','','大专','2006-07','3','0','教师','2006-07','','0','','','','0','2006','2006','0','否','','','',''),('4717','','80','才达旺姆','女','1984-10-06','比如','藏族','党员','2005-12','2005-12','0','','2014-01','0','事业单位','专技十级-中级','比如县完小','','','','','','','大专','2005-07','3','0','教师','2005-12','','0','','','','0','2006','2006','0','否','','','',''),('4718','','80','央迪','女','1986-03-08','比如','藏族','党员','2006-07','2006-07','0','','2010-04','0','事业单位','专技十二级-助理','比如县完小','','','','','','','中专','2006-07','3','0','教师','2006-07','','0','','','','0','2006','2006','0','否','','','',''),('4719','','80','其美旺堆','女','1982-10-03','比如','藏族','党员','2006-07','2006-07','0','','2014-01','0','机关单位','专技十级-中级','比如县完小','','','','','','','大专','2006-07','3','0','教师','2006-07','','0','','','','0','2006','2006','0','否','','','',''),('4720','','80','旦增次仁','男','1985-08-15','比如 ','藏族','党员','2006-07','2006-07','0','','2009-05','0','事业单位','专技十二级-助理','比如县完小','','','','','','','大专','2006-09','3','0','教师','2006-09','','0','','','','0','2006','2006','0','否','','','',''),('4721','','80','琼珠卓玛','女','1985-08-16','安多','藏族','党员','2006-07','2006-07','0','','2014-12','0','事业单位','专技十级-中级','比如县完小','','','','','','','大专','2006-07','3','0','教师','2006-07','','0','','','','0','2006','2006','0','否','','','',''),('4722','','80','尼措','女','1984-10-23','比如','藏族','党员','2006-09','2006-09','0','','2016-12','0','事业单位','专技十级-中级','比如县完小','','','','','','','大专','2006-07','3','0','教师','2006-09','','0','','','','0','2006','2006','0','否','','','',''),('4723','','80','才旺顿珠','男','1986-04-29','比如','藏族','党员','2006-08','2006-08','0','','2014-01','0','事业单位','专技十级-中级','比如县完小','','','','','','','大专','2006-08','3','0','教师','2006-08','','0','','','','0','2006','2006','0','否','','','',''),('4724','','80','索朗卓嘎','女','2006-07-01','比如','藏族','党员','2006-07','2006-07','0','','2015-11','0','事业单位','专技十级-中级','比如县完小','','','','','','','大专','2006-07','3','0','教师','2006-07','','0','','','','0','2006','2006','0','否','','','',''),('4725','','80','央卓玛','女','1984-05-07','比如','藏族','党员','2006-07','2006-07','0','','2010-04','0','事业单位','专技十二级-助理','比如县完小','','','','','','','大专','2006-07','3','0','教师','2006-07','','0','','','','0','2006','2006','0','否','','','',''),('4726','','80','伦措','女','1981-11-27','比如','藏族','','2005-12','2005-12','0','','2014-01','0','事业单位','专技十级-中级','比如完小','','','','','','','大专','2005-07','3','0','教师','2005-12','','0','','','','0','2006','2006','0','否','','','',''),('4727','','80','边巴','男','1984-01-19','拉萨','藏族','党员','2006-07','2006-07','0','','2011-05','0','事业单位','专技十二级-助理','比如扎拉小学','','','','','','','大专','2006-07','0','0','教师','2006-07','','0','','','','0','2006','2006','0','否','','','',''),('4728','','80','尼玛央措','女','1984-05-05','嘉黎','藏族','党员','2006-07','2006-07','0','','2010-05','0','机关单位','专技十二级-助理','比如县达塘小学','','','','','','','大专','2006-07','3','0','教师','2006-07','','0','','','','0','2006','2006','0','否','','','',''),('4729','','80','嘎玛卓玛','女','1986-03-04','嘉黎','藏族','党员','2006-07','2006-07','0','','2015-10','0','事业单位','专技十级-中级','比如县达塘小学','','','','','','','大专','2006-07','3','0','教师','2006-07','','0','','','','0','2006','2006','0','否','','','',''),('4730','','80','格桑拉姆','女','1985-11-12','拉萨','藏族','党员','2006-07','2006-07','0','','2010-04','0','事业单位','专技十二级-助理','比如县达塘小学','','','','','','','大专','2006-07','3','0','教师','2006-07','','0','','','','0','2006','2006','0','否','','','',''),('4731','','80','吉嘎姆','女','1984-12-15','那曲','藏族','党员','2006-07','2006-07','0','','2014-01','0','事业单位','专技十级-中级','比如县达塘小学','','','','','','','大专','2006-07','3','0','教师','2006-07','','0','','','','0','2006','2006','0','否','','','',''),('4732','','80','格桑尼玛','男','1982-10-24','拉萨','藏族','党员','2006-07','2006-07','0','','2013-06','0','事业单位','专技十级-中级','比如县达塘小学','','','','','','','大专','2006-07','3','0','教师','2006-07','','0','','','','0','2006','2006','0','否','','','',''),('4743','','80','索朗旺堆','男','1986-10-01','索县','藏族','','2009-08','2009-08','0','','2012-11','0','事业单位','专技十二级-助理','那曲县达前乡','','','','','','','大专','2009-07','3','0','教师','2009-08','','0','','','','0','2009','2009','0','否','','','',''),('4788','','80','尼玛次仁','男','1973-12','比如','藏族','党员','1996-07','1996-07','0','','2009-07','0','事业单位','专技十级-中级','比如中学','','','','','','','本科','1996-07','4','0','教师','1996-07','','0','','','','0','2006','2006','0','否','','','',''),('4787','','80','刘军','男','1980-11','四川','汉族','党员','2004-07','2012-01','0','','2013-05','0','事业单位','专技十级-中级','比如县中学','','','','','','','本科','2004-07','4','0','教师','2004-07','','0','','','','0','2006','2006','0','否','','','',''),('4786','','80','次旺多吉','男','1987-12','比如','藏族','党员','2009-08','2009-08','0','','2015-04','0','事业单位','管理七级-正科','比如县教体局','','','','','','','大专','2009-06','3','0','教师','2009-08','','0','','','','0','2009','2009','0','否','','','',''),('5130','','80','泽仁卓玛','女','1987-12','林芝','藏族','','2010-07','2010-07','0','','2012-01','0','事业单位','专技十二级-助理','比如县中学','','','','','','','本科','2010-07','4','0','教师','2010-07','','0','','','','0','2010','2010','0','否','','','','');|INSERT INTO `tx_jobinfo` (`id`, `personid`, `sort`, `oldposttime`, `oldpostkind`, `oldpostname`, `oldarea`, `oldunitkind`, `oldunitname`, `oldisleader`, `height`)  VALUES ('20899','4529','','2016-02','事业单位专业技术人员','专技十级-中级','四类区','事业单位','比如县夏曲镇小学','','0'),('5883','996','0','2007-08','事业单位专业技术人员','专技十级-中级','三类区','事业单位','比如县中心小学','','0'),('5882','996','0','2002-12','事业单位专业技术人员','专技十二级-助理','四类区','事业单位','比如布龙小学','','0'),('5881','996','0','1996-07','事业单位专业技术人员','专技十三级-员级','三类区','事业单位','比如达塘小学','','0'),('5890','1099','0','2002-12','事业单位专业技术人员','专技十二级-助理','四类区','事业单位','那曲比如夏曲镇','','0'),('5889','1099','0','1997-07','事业单位专业技术人员','专技十三级-员级','四类区','事业单位','那曲比如夏曲镇','','0'),('5880','1093','0','2007-08','事业单位专业技术人员','专技十级-中级','四类区','事业单位','那曲比如夏曲镇','','0'),('5879','1093','0','2002-12','事业单位专业技术人员','专技十二级-助理','四类区','事业单位','那曲比如夏曲镇','','0'),('5878','1093','0','1996-07','事业单位专业技术人员','专技十三级-员级','四类区','事业单位','那曲比如夏曲镇','','0'),('5877','1094','0','2016-01','事业单位专业技术人员','专技七级-副高','四类区','事业单位','那曲比如夏曲镇','','0'),('5876','1094','0','2007-08','事业单位专业技术人员','专技十级-中级','四类区','事业单位','那曲比如夏曲镇','','0'),('5875','1094','0','2002-12','事业单位专业技术人员','专技十二级-助理','四类区','事业单位','那曲比如夏曲镇','','0'),('5874','1094','0','1997-07','事业单位专业技术人员','专技十三级-员级','四类区','事业单位','那曲比如夏曲镇','','0'),('13997','1097','','2008-07','事业单位专业技术人员','专技十级-中级','三类区','事业单位','那曲比如县完小','','0'),('13996','1097','','2007-08','事业单位专业技术人员','专技十级-中级','四类区','事业单位','那曲比如夏曲镇','','0'),('13995','1097','','2002-12','事业单位专业技术人员','专技十二级-助理','四类区','事业单位','那曲比如夏曲镇','','0'),('13994','1097','','1997-07','事业单位专业技术人员','专技十三级-员级','四类区','事业单位','那曲比如夏曲镇','','0'),('5891','1099','0','2007-08','事业单位专业技术人员','专技十级-中级','四类区','事业单位','那曲比如夏曲镇','','0'),('13985','1100','','2009-08','事业单位专业技术人员','专技十级-中级','四类区','事业单位','那曲比如县夏曲镇','','0'),('13984','1100','','2004-12','事业单位专业技术人员','专技十二级-助理','四类区','事业单位','那曲比如县夏曲镇','','0'),('13983','1100','','1997-07','事业单位专业技术人员','专技十三级-员级','四类区','事业单位','那曲比如县夏曲镇','','0'),('5895','1101','0','2001-07','事业单位专业技术人员','专技十三级-员级','四类区','事业单位','那曲比如县夏曲镇','','0'),('5896','1101','0','2007-08','事业单位专业技术人员','专技十二级-助理','四类区','机关单位','那曲比如县夏曲镇','','0'),('5897','1101','0','2014-01','事业单位专业技术人员','专技十级-中级','四类区','机关单位','那曲比如县夏曲镇','','0'),('5903','1102','0','2014-01','事业单位专业技术人员','专技十级-中级','四类区','事业单位','那曲比如县夏曲镇','','0'),('5902','1102','0','2009-06','事业单位专业技术人员','专技十二级-助理','四类区','事业单位','那曲比如县夏曲镇','','0'),('5901','1102','0','2002-07','事业单位专业技术人员','专技十三级-员级','四类区','事业单位','那曲比如县夏曲镇','','0'),('10630','1735','','2009-03','事业单位专业技术人员','专技十二级-助理','三类区','事业单位','那曲比如县','','0'),('10629','1735','','2007-08','事业单位专业技术人员','专技十二级-助理','四类区','事业单位','那曲申扎县','','0'),('10628','1735','','1998-07','事业单位专业技术人员','专技十三级-员级','四类区','事业单位','那曲申扎县','','0'),('21372','1737','','2013-06','事业单位专业技术人员','专技十级-中级','三类区','事业单位','那曲比如','','0'),('21371','1737','','2009-06','事业单位专业技术人员','专技十二级-助理','三类区','事业单位','那曲比如','','0'),('21370','1737','','2006-07','事业单位专业技术人员','专技十三级-员级','三类区','事业单位','那曲比如','','0'),('10940','2329','','2007-09','事业单位专业技术人员','专技十二级-助理','三类区','事业单位','比如县中学','','0'),('10684','2256','','2011-07','事业单位专业技术人员','专技十二级-助理','三类区','事业单位','比如县完小','','0'),('10681','2256','','2006-07','事业单位专业技术人员','专技十三级-员级','四类区','事业单位','比如县布龙小学','','0'),('10682','2256','','2007-07','事业单位专业技术人员','专技十三级-员级','四类区','事业单位','双湖县措鲁镇','','0'),('10683','2256','','2009-07','事业单位专业技术人员','专技十三级-员级','三类区','事业单位','比如县完小','','0'),('10631','1735','','2011-11','事业单位专业技术人员','专技十级-中级','三类区','事业单位','那曲比如县','','0'),('10952','2332','','2004-07','事业单位专业技术人员','专技十三级-员级','三类区','事业单位','比如县羊秀乡小学','','0'),('10953','2332','','2009-06','事业单位专业技术人员','专技十二级-助理','三类区','事业单位','比如县羊秀小学','','0'),('10954','2332','','2012-05','事业单位专业技术人员','专技十级-中级','三类区','事业单位','比如县羊秀小学','','0'),('11032','2340','','2015-06','事业单位专业技术人员','专技十二级-助理','三类区','事业单位','比如县羊秀乡小学','','0'),('11030','2340','','2004-07','事业单位专业技术人员','专技十三级-员级','四类区','事业单位','比如县夏曲镇布龙小学','','0'),('11031','2340','','2009-06','事业单位专业技术人员','专技十二级-助理','四类区','事业单位','比如县夏曲镇小学','','0'),('11026','2339','','2003-07','事业单位专业技术人员','专技十三级-员级','四类区','事业单位','比如县夏曲镇小学','','0'),('11027','2339','','2009-06','事业单位专业技术人员','专技十二级-助理','四类区','事业单位','比如县夏曲镇小学','','0'),('11028','2339','','2011-11','事业单位专业技术人员','专技十级-中级','四类区','事业单位','比如县夏曲镇小学','','0'),('11029','2339','','2012-03','事业单位专业技术人员','专技十级-中级','三类区','事业单位','比如县中心小学','','0'),('20178','2341','','2009-06','事业单位专业技术人员','专技十二级-助理','四类区','事业单位','比如县夏曲镇布龙小学','','0'),('20177','2341','','2005-07','事业单位专业技术人员','专技十三级-员级','四类区','事业单位','比如班戈县小学','','0'),('11035','2342','','2004-07','事业单位专业技术人员','专技十三级-员级','四类区','事业单位','比如县夏曲镇布龙小学','','0'),('11036','2342','','2009-06','事业单位专业技术人员','专技十二级-助理','四类区','事业单位','比如县夏曲镇小学','','0'),('11037','2342','','2014-01','事业单位专业技术人员','专技十级-中级','四类区','事业单位','比如县夏曲镇小学','','0'),('11038','2343','','2005-07','事业单位专业技术人员','专技十三级-员级','四类区','事业单位','比如县夏曲镇小学','','0'),('11039','2343','','2010-06','事业单位专业技术人员','专技十二级-助理','四类区','事业单位','比如县夏曲镇小学','','0'),('11040','2343','','2014-01','事业单位专业技术人员','专技十级-中级','四类区','事业单位','比如县夏曲镇小学','','0'),('11041','2343','','2015-09','事业单位专业技术人员','专技十级-中级','三类区','事业单位','比如县扎拉乡小学','','0'),('11042','2344','','2005-07','事业单位专业技术人员','专技十三级-员级','四类区','事业单位','比如县夏曲镇小学','','0'),('11043','2344','','2010-05','事业单位专业技术人员','专技十二级-助理','四类区','事业单位','比如县夏曲镇小学','','0'),('11044','2344','','2014-01','事业单位专业技术人员','专技十级-中级','四类区','事业单位','比如县夏曲镇小学','','0'),('11045','2345','','2005-07','事业单位专业技术人员','专技十三级-员级','四类区','事业单位','比如县夏曲镇小学','','0'),('11046','2345','','2010-05','事业单位专业技术人员','专技十二级-助理','四类区','事业单位','比如县夏曲镇小学','','0'),('11047','2346','','2005-07','事业单位专业技术人员','专技十三级-员级','四类区','事业单位','比如县恰则乡小学','','0'),('11048','2346','','2009-06','事业单位专业技术人员','专技十二级-助理','四类区','事业单位','比如县恰则乡小学','','0'),('11049','2346','','2012-03','事业单位专业技术人员','专技十级-中级','三类区','事业单位','比如县中心小学','','0'),('11050','2346','','2013-06','事业单位专业技术人员','专技十级-中级','三类区','事业单位','比如县中心小学','','0'),('13778','2943','','2005-07','事业单位专业技术人员','专技十三级-员级','四类区','事业单位','比如县恰则乡小学','','0'),('13133','2820','','2002-12','事业单位工人','普通-普通工','三类区','事业单位','比如白嘎乡','','0'),('13779','2943','','2009-06','事业单位专业技术人员','专技十二级-助理','四类区','事业单位','比如县恰则乡小学','','0'),('13784','2945','','1993-11','事业单位专业技术人员','专技十二级-助理','三类区','事业单位','比如县完小','','0'),('13785','2945','','2007-08','事业单位专业技术人员','专技十级-中级','三类区','事业单位','比如县完小','','0'),('13786','2945','','2016-09','事业单位专业技术人员','专技十级-中级','四类区','事业单位','比如县恰则小学','','0'),('13793','2947','','2002-12','事业单位专业技术人员','专技十二级-助理','三类区','事业单位','比如县完小','','0'),('13794','2947','','2007-08','事业单位专业技术人员','专技十级-中级','三类区','事业单位','比如县完小','','0'),('13798','2949','','2002-12','事业单位专业技术人员','专技十二级-助理','三类区','事业单位','比如县完小','','0'),('13799','2949','','2013-06','事业单位专业技术人员','专技十级-中级','三类区','事业单位','比如县完小','','0'),('13804','2951','','2002-12','事业单位专业技术人员','专技十二级-助理','三类区','事业单位','比如县羊秀小学','','0'),('13805','2951','','2012-05','事业单位专业技术人员','专技十级-中级','三类区','事业单位','比如县完小','','0'),('13806','2952','','2002-12','事业单位专业技术人员','专技十二级-助理','三类区','事业单位','比如县达塘小学','','0'),('13807','2952','','2012-05','事业单位专业技术人员','专技十级-中级','三类区','事业单位','比如县达塘小学','','0'),('13816','2954','','2002-12','事业单位专业技术人员','专技十二级-助理','三类区','事业单位','比如县良曲乡小学','','0'),('13817','2954','','2007-08','事业单位专业技术人员','专技十级-中级','三类区','事业单位','比如县完小','','0'),('13822','2955','','2002-12','事业单位专业技术人员','专技十二级-助理','三类区','事业单位','比如县羊秀小学','','0'),('13823','2955','','2008-09','事业单位专业技术人员','专技十级-中级','三类区','事业单位','比如县完小','','0'),('13824','2956','','2002-12','事业单位专业技术人员','专技十二级-助理','三类区','事业单位','比如县白嘎小学','','0'),('13825','2956','','2009-08','事业单位专业技术人员','专技十级-中级','三类区','事业单位','比如县完小','','0'),('13829','2957','','2014-01','事业单位专业技术人员','专技十级-中级','三类区','事业单位','比如县白嘎小学','','0'),('13828','2957','','2004-12','事业单位专业技术人员','专技十二级-助理','三类区','事业单位','比如县白嘎小学','','0'),('13830','2958','','2002-12','事业单位专业技术人员','专技十二级-助理','三类区','事业单位','比如县完小','','0'),('13831','2958','','2007-08','事业单位专业技术人员','专技十级-中级','三类区','事业单位','比如县完小','','0'),('13832','2958','','2014-12','事业单位专业技术人员','专技七级-副高','三类区','事业单位','比如县完小','','0'),('13833','2959','','2004-12','事业单位专业技术人员','专技十二级-助理','三类区','事业单位','比如县茶曲小学','','0'),('13834','2959','','2014-12','事业单位专业技术人员','专技十级-中级','三类区','事业单位','比如县完小','','0'),('13870','2960','','2014-12','事业单位专业技术人员','专技七级-副高','三类区','事业单位','比如县中学','','0'),('13869','2960','','2009-08','事业单位专业技术人员','专技十级-中级','三类区','事业单位','比如县中学','','0'),('13868','2960','','2000-07','事业单位专业技术人员','专技十二级-助理','三类区','事业单位','比如县中学','','0'),('13838','2961','','2004-12','事业单位专业技术人员','专技十二级-助理','三类区','事业单位','比如县羊秀小学','','0'),('13839','2961','','2008-09','事业单位专业技术人员','专技十级-中级','三类区','事业单位','比如县羊秀小学','','0'),('13844','2964','','2003-12','事业单位专业技术人员','专技十二级-助理','四类区','事业单位','比如县申扎县','','0'),('13845','2964','','2004-07','事业单位专业技术人员','专技十级-中级','三类区','事业单位','比如县中学','','0'),('13846','2964','','2008-09','事业单位专业技术人员','专技十级-中级','三类区','事业单位','比如县中学','','0'),('13878','2965','','2002-12','事业单位专业技术人员','专技十二级-助理','三类区','事业单位','比如县良曲小学','','0'),('13879','2965','','2014-01','事业单位专业技术人员','专技十级-中级','三类区','事业单位','比如县完小','','0'),('13851','2966','','2006-08','事业单位专业技术人员','专技十二级-助理','三类区','事业单位','比如县完小','','0'),('13852','2966','','2012-05','事业单位专业技术人员','专技十级-中级','三类区','事业单位','比如县完小','','0'),('13853','2967','','2005-12','事业单位专业技术人员','专技十二级-助理','三类区','事业单位','比如县达塘小学','','0'),('13854','2967','','2009-08','事业单位专业技术人员','专技十级-中级','三类区','事业单位','比如县完小','','0'),('13856','2969','','2004-12','事业单位专业技术人员','专技十二级-助理','三类区','事业单位','比如县中学','','0'),('13857','2969','','2009-06','事业单位专业技术人员','专技十级-中级','三类区','事业单位','比如县中学','','0'),('13982','2970','','2010-08','事业单位专业技术人员','专技十级-中级','三类区','事业单位','比如县中学','','0'),('13981','2970','','2005-12','事业单位专业技术人员','专技十二级-助理','三类区','事业单位','比如县中学','','0'),('13867','2972','','2013-06','事业单位专业技术人员','专技十级-中级','三类区','事业单位','比如县中学','','0'),('13866','2972','','2005-07','事业单位专业技术人员','专技十二级-助理','三类区','事业单位','比如县中学','','0'),('13864','2973','','2005-07','事业单位专业技术人员','专技十二级-助理','三类区','事业单位','比如县中学','','0'),('13865','2973','','2013-06','事业单位专业技术人员','专技十级-中级','三类区','事业单位','比如县中学','','0'),('13960','2987','','2007-08','事业单位专业技术人员','专技十二级-助理','三类区','事业单位','比如县完小','','0'),('13961','2987','','2014-01','事业单位专业技术人员','专技十级-中级','三类区','事业单位','比如县完小','','0'),('13959','2987','','2001-07','事业单位专业技术人员','专技十三级-员级','三类区','事业单位','比如县完小','','0'),('13978','2975','','2007-08','事业单位专业技术人员','专技十二级-助理','三类区','事业单位','比如县中学','','0'),('13979','2975','','2011-11','事业单位专业技术人员','专技十级-中级','三类区','事业单位','比如县中学','','0'),('13976','2977','','2013-06','事业单位专业技术人员','专技十级-中级','三类区','事业单位','比如县完小','','0'),('13975','2977','','2007-08','事业单位专业技术人员','专技十二级-助理','三类区','事业单位','比如县完小','','0'),('13973','2978','','2002-07','事业单位专业技术人员','专技十三级-员级','三类区','事业单位','比如县羊秀小学','','0'),('13974','2978','','2007-08','事业单位专业技术人员','专技十二级-助理','三类区','事业单位','比如县羊秀小学','','0'),('13969','2979','','2013-06','事业单位专业技术人员','专技十级-中级','三类区','事业单位','比如县完小','','0'),('13968','2979','','2007-08','事业单位专业技术人员','专技十二级-助理','四类区','事业单位','比如县完小','','0'),('13966','2980','','2011-11','事业单位专业技术人员','专技十级-中级','三类区','事业单位','比如县教育局','','0'),('13965','2980','','2007-08','事业单位专业技术人员','专技十二级-助理','三类区','事业单位','比如县教育局','','0'),('13916','2983','','2009-06','事业单位专业技术人员','专技十二级-助理','三类区','事业单位','比如县县完小','','0'),('13917','2983','','2011-11','事业单位专业技术人员','专技十级-中级','三类区','事业单位','比如县县完小','','0'),('13963','2985','','2014-01','事业单位专业技术人员','专技十级-中级','三类区','事业单位','比如县完小','','0'),('13962','2985','','2008-06','事业单位专业技术人员','专技十二级-助理','四类区','事业单位','比如县恰则小学','','0'),('13933','2986','','2007-08','事业单位专业技术人员','专技十二级-助理','三类区','事业单位','比如县县完小','','0'),('13934','2986','','2011-11','事业单位专业技术人员','专技十级-中级','三类区','事业单位','比如县县完小','','0'),('13964','2985','','2002-07','事业单位专业技术人员','专技十三级-员级','三类区','事业单位','比如县完小','','0'),('13967','2980','','2002-07','事业单位专业技术人员','专技十三级-员级','三类区','事业单位','比如县教育局','','0'),('13970','2979','','2002-07','事业单位专业技术人员','专技十三级-员级','四类区','事业单位','比如县夏曲镇小学','','0'),('13977','2977','','2002-07','事业单位专业技术人员','专技十三级-员级','三类区','事业单位','比如县香曲小学','','0'),('13980','2975','','2001-07','事业单位专业技术人员','专技十三级-员级','三类区','事业单位','比如县中学','','0'),('14041','2999','','2002-07','事业单位专业技术人员','专技十三级-员级','三类区','事业单位','比如县中学','','0'),('14042','2999','','2007-07','事业单位专业技术人员','专技十二级-助理','三类区','事业单位','比如县中学','','0'),('14043','2999','','2009-08','事业单位专业技术人员','专技十级-中级','三类区','事业单位','比如县中学','','0'),('14044','3000','','2003-07','事业单位专业技术人员','专技十三级-员级','三类区','事业单位','比如县扎拉小学','','0'),('14045','3000','','2008-06','事业单位专业技术人员','专技十二级-助理','三类区','事业单位','比如县教体局','','0'),('14046','3000','','2013-06','事业单位专业技术人员','专技十级-中级','三类区','事业单位','比如县中学','','0'),('14047','3001','','2003-07','事业单位专业技术人员','专技十三级-员级','三类区','事业单位','比如县羊秀小学','','0'),('14048','3001','','2008-06','事业单位专业技术人员','专技十二级-助理','三类区','事业单位','比如县教体局','','0'),('14049','3001','','2013-06','事业单位专业技术人员','专技十级-中级','三类区','事业单位','比如县教体局','','0'),('14050','3002','','2004-07','事业单位专业技术人员','专技十三级-员级','三类区','事业单位','比如县羊秀小学','','0'),('14051','3002','','2009-06','事业单位专业技术人员','专技十二级-助理','三类区','事业单位','比如县完小','','0'),('14052','3003','','2004-07','事业单位专业技术人员','专技十三级-员级','三类区','事业单位','比如县完小','','0'),('14053','3003','','2009-06','事业单位专业技术人员','专技十二级-助理','三类区','事业单位','比如县完小','','0'),('14054','3003','','2013-06','事业单位专业技术人员','专技十级-中级','三类区','事业单位','比如县完小','','0'),('14055','3004','','2004-07','事业单位专业技术人员','专技十三级-员级','三类区','事业单位','比如县良曲小学','','0'),('14056','3004','','2009-06','事业单位专业技术人员','专技十二级-助理','三类区','事业单位','比如县完小','','0'),('14057','3004','','2014-01','事业单位专业技术人员','专技十级-中级','三类区','事业单位','比如县中学','','0'),('14058','3005','','2004-07','事业单位专业技术人员','专技十三级-员级','三类区','事业单位','比如县完小','','0'),('14059','3005','','2009-06','事业单位专业技术人员','专技十二级-助理','三类区','事业单位','比如县完小','','0'),('14060','3005','','2014-01','事业单位专业技术人员','专技十级-中级','三类区','事业单位','比如县完小','','0'),('14061','3006','','2004-07','事业单位专业技术人员','专技十三级-员级','三类区','事业单位','比如县良曲小学','','0'),('14062','3006','','2009-09','事业单位专业技术人员','专技十二级-助理','三类区','事业单位','比如县完小','','0'),('14063','3006','','2014-12','事业单位专业技术人员','专技十级-中级','三类区','事业单位','比如县完小','','0'),('14064','3007','','2004-07','事业单位专业技术人员','专技十三级-员级','三类区','事业单位','比如县完小','','0'),('14065','3007','','2011-07','事业单位专业技术人员','专技十二级-助理','三类区','事业单位','比如县完小','','0'),('14066','3007','','2014-01','事业单位专业技术人员','专技十级-中级','三类区','事业单位','比如县完小','','0'),('14067','3008','','2004-07','事业单位专业技术人员','专技十三级-员级','三类区','事业单位','比如县完小','','0'),('14068','3008','','2009-06','事业单位专业技术人员','专技十二级-助理','三类区','事业单位','比如县完小','','0'),('14069','3008','','2011-11','事业单位专业技术人员','专技十级-中级','三类区','事业单位','比如县完小','','0'),('14070','3009','','2004-07','事业单位专业技术人员','专技十三级-员级','三类区','事业单位','比如县完小','','0'),('14071','3009','','2009-06','事业单位专业技术人员','专技十二级-助理','三类区','事业单位','比如县完小','','0'),('14072','3009','','2012-05','事业单位专业技术人员','专技十级-中级','三类区','事业单位','比如县完小','','0'),('14073','3010','','2004-07','事业单位专业技术人员','专技十三级-员级','三类区','事业单位','比如县茶曲小学','','0'),('14074','3010','','2009-06','事业单位专业技术人员','专技十二级-助理','三类区','事业单位','比如县茶曲小学','','0'),('14075','3010','','2014-01','事业单位专业技术人员','专技十级-中级','三类区','事业单位','比如县茶曲小学','','0'),('14076','3011','','2004-07','事业单位专业技术人员','专技十三级-员级','三类区','事业单位','比如县良曲小学','','0'),('14077','3011','','2009-06','事业单位专业技术人员','专技十二级-助理','三类区','事业单位','比如县良曲小学','','0'),('14078','3012','','2004-07','事业单位专业技术人员','专技十三级-员级','三类区','事业单位','比如县羊秀小学','','0'),('14079','3012','','2009-06','事业单位专业技术人员','专技十二级-助理','三类区','事业单位','比如县中学','','0'),('14080','3012','','2015-09','事业单位管理人员','管理七级-正科','三类区','事业单位','比如县中学','','0'),('14081','3013','','2005-07','事业单位专业技术人员','专技十三级-员级','三类区','事业单位','比如县白嘎小学','','0'),('14082','3013','','2009-06','事业单位专业技术人员','专技十二级-助理','三类区','事业单位','比如县白嘎小学','','0'),('14083','3013','','2014-01','事业单位专业技术人员','专技十级-中级','三类区','事业单位','比如县白嘎小学','','0'),('14084','3014','','2005-07','事业单位专业技术人员','专技十三级-员级','三类区','事业单位','比如县白嘎小学','','0'),('14085','3014','','2009-06','事业单位专业技术人员','专技十二级-助理','三类区','事业单位','比如县完小','','0'),('14086','3015','','2005-07','事业单位专业技术人员','专技十三级-员级','三类区','事业单位','比如县白嘎小学','','0'),('14087','3015','','2009-06','事业单位专业技术人员','专技十二级-助理','三类区','事业单位','比如县完小','','0'),('14303','3060','','2004-12','事业单位专业技术人员','专技十二级-助理','三类区','事业单位','比如县完小','','0'),('14304','3060','','2009-08','事业单位专业技术人员','专技十级-中级','三类区','事业单位','比如县完小','','0'),('14305','3060','','2011-01','事业单位管理人员','管理七级-正科','三类区','事业单位','比如县教育局','','0'),('14306','3060','','1999-07','事业单位专业技术人员','专技十三级-员级','三类区','事业单位','比如县完小','','0'),('22101','4786','','2015-04','事业单位管理人员','管理七级-正科','三类区','事业单位','比如县教体局','','0'),('15465','3294','','2005-07','事业单位专业技术人员','专技十三级-员级','三类区','事业单位','巴青县高口乡小学','','0'),('15466','3294','','2009-06','事业单位专业技术人员','专技十二级-助理','三类区','事业单位','比如县白嘎乡小学','','0'),('15467','3294','','2014-01','事业单位专业技术人员','专技十级-中级','三类区','事业单位','比如县白嘎乡小学','','0'),('15505','3295','','2014-01','事业单位专业技术人员','专技十级-中级','三类区','事业单位','比如县完小','','0'),('15504','3295','','2009-06','事业单位专业技术人员','专技十二级-助理','三类区','事业单位','比如县完小','','0'),('15503','3295','','2005-07','事业单位专业技术人员','专技十三级-员级','三类区','事业单位','比如县完小','','0'),('15472','3297','','2005-07','事业单位专业技术人员','专技十三级-员级','三类区','事业单位','比如扎拉乡小学','','0'),('15473','3297','','2009-06','事业单位专业技术人员','专技十二级-助理','三类区','事业单位','比如县完小','','0'),('15474','3297','','2013-06','事业单位专业技术人员','专技十级-中级','三类区','事业单位','比如县完小','','0'),('15510','3304','','2014-01','事业单位专业技术人员','专技十级-中级','三类区','事业单位','茶曲乡小学','','0'),('15509','3304','','2009-06','事业单位专业技术人员','专技十二级-助理','三类区','事业单位','茶曲乡小学','','0'),('15508','3304','','2005-07','事业单位专业技术人员','专技十三级-员级','三类区','事业单位','良曲乡小学','','0'),('15514','3308','','2005-07','事业单位专业技术人员','专技十三级-员级','三类区','事业单位','比如县达塘小学','','0'),('15515','3308','','2009-06','事业单位专业技术人员','专技十二级-助理','三类区','事业单位','比如县完小','','0'),('15518','3310','','2005-07','事业单位专业技术人员','专技十三级-员级','三类区','事业单位','比如县完小','','0'),('15519','3310','','2009-06','事业单位专业技术人员','专技十二级-助理','三类区','事业单位','比如县完小','','0'),('15520','3310','','2014-01','事业单位专业技术人员','专技十级-中级','三类区','事业单位','比如县完小','','0'),('15531','3313','','2009-06','事业单位专业技术人员','专技十二级-助理','三类区','事业单位','比如县良曲乡小学','','0'),('15530','3313','','2005-07','事业单位专业技术人员','专技十三级-员级','三类区','事业单位','比如县良曲乡小学','','0'),('15536','3315','','2005-07','事业单位专业技术人员','专技十三级-员级','三类区','事业单位','比如县达塘小学','','0'),('15537','3315','','2009-06','事业单位专业技术人员','专技十二级-助理','三类区','事业单位','比如县达塘小学','','0'),('15538','3315','','2013-06','事业单位专业技术人员','专技十级-中级','三类区','事业单位','比如县完小','','0'),('15541','3316','','2002-12','事业单位工人','技术工五级-初级工','三类区','事业单位','比如县中学','','0'),('15542','3316','','2009-06','事业单位工人','技术工四级-中级工','三类区','事业单位','比如县中学','','0'),('15545','3317','','1983-01','事业单位工人','普通-普通工','三类区','事业单位','比如县中学','','0'),('15546','3317','','2009-06','事业单位工人','技术工三级-高级工','三类区','事业单位','比如县中学','','0'),('15551','3318','','1995-12','事业单位工人','普通-普通工','三类区','事业单位','比如县中学','','0'),('15552','3318','','2009-06','事业单位工人','技术工四级-中级工','三类区','事业单位','比如县中学','','0'),('15553','3318','','2014-01','事业单位工人','技术工三级-高级工','三类区','事业单位','比如县中学','','0'),('15559','3320','','2002-12','事业单位工人','普通-普通工','三类区','事业单位','比如县白嘎小学','','0'),('17181','3657','','2012-10','公务员','乡科级副职','二类区','机关单位','拉萨城关区','非领导职务','0'),('17180','3657','','2011-04','公务员','乡科级副职','三类区','机关单位','比如县教育局','非领导职务','0'),('17178','3657','','2002-09','公务员','办事员','三类区','机关单位','比如县教育局','非领导职务','0'),('17179','3657','','2005-09','公务员','科员','三类区','机关单位','比如县教育局','非领导职务','0'),('22100','4786','','2011-11','事业单位管理人员','管理八级-副科','三类区','事业单位','比如县教体局','','0'),('22099','4786','','2009-08','事业单位专业技术人员','专技十三级-员级','三类区','事业单位','比如县教体局','','0'),('20898','4529','','2014-01','事业单位专业技术人员','专技十级-中级','三类区','事业单位','比如县达塘小学','','0'),('20896','4529','','2006-07','事业单位专业技术人员','专技十三级-员级','三类区','事业单位','比如县达塘小学','','0'),('20897','4529','','2010-04','事业单位专业技术人员','专技十二级-助理','三类区','事业单位','比如县达塘小学','','0'),('20844','4526','','2012-01','事业单位专业技术人员','专技十二级-助理','四类区','事业单位','比如夏曲镇小学','','0'),('20849','4527','','2012-03','事业单位专业技术人员','专技十二级-助理','四类区','事业单位','比如县夏曲布龙小学','','0'),('20848','4527','','2010-05','事业单位专业技术人员','专技十二级-助理','三类区','事业单位','比如县羊秀乡小学','','0'),('20885','4530','','2007-09','事业单位专业技术人员','专技十三级-员级','三类区','事业单位','比如县达塘小学','','0'),('20852','4528','','2012-12','事业单位专业技术人员','专技十二级-助理','四类区','事业单位','比如夏曲镇小学','','0'),('20886','4530','','2009-06','事业单位专业技术人员','专技十二级-助理','三类区','事业单位','比如县达塘小学','','0'),('20887','4530','','2014-01','事业单位专业技术人员','专技十级-中级','三类区','事业单位','比如县达塘小学','','0'),('21935','4743','','2012-11','事业单位专业技术人员','专技十二级-助理','四类区','事业单位','那曲县达前乡','','0'),('21934','4743','','2009-08','事业单位专业技术人员','专技十三级-员级','三类区','事业单位','索县热瓦乡','','0'),('21324','4686','','2016-01','事业单位专业技术人员','专技七级-副高','三类区','事业单位','比如县完小','','0'),('21323','4686','','2005-04','事业单位专业技术人员','专技十级-中级','三类区','事业单位','比如县完小','','0'),('21325','4687','','1993-11','事业单位专业技术人员','专技十二级-助理','三类区','事业单位','比如县完小','','0'),('21326','4687','','2007-08','事业单位专业技术人员','专技十级-中级','三类区','事业单位','比如县完小','','0'),('21327','4687','','2014-03','事业单位专业技术人员','专技十级-中级','四类区','事业单位','比如县恰则小学','','0'),('21343','4688','','2002-11','事业单位专业技术人员','专技十二级-助理','四类区','事业单位','比如县夏曲镇小学','','0'),('21344','4688','','2010-04','事业单位专业技术人员','专技十级-中级','四类区','事业单位','比如县夏曲镇小学','','0'),('21345','4688','','2013-01','事业单位专业技术人员','专技十级-中级','三类区','事业单位','比如县完小','','0'),('21342','4688','','1996-07','事业单位专业技术人员','专技十三级-员级','四类区','事业单位','比如县夏曲镇小学','','0'),('21346','4689','','2000-06','事业单位专业技术人员','专技十二级-助理','三类区','事业单位','比如县中学','','0'),('21347','4689','','2009-07','事业单位专业技术人员','专技十级-中级','三类区','事业单位','比如县中学','','0'),('21348','4689','','2014-11','事业单位专业技术人员','专技七级-副高','三类区','事业单位','比如县中学','','0'),('21349','4690','','2004-12','事业单位专业技术人员','专技十二级-助理','三类区','事业单位','比如县羊秀小学','','0'),('21350','4690','','2008-07','事业单位专业技术人员','专技十级-中级','三类区','事业单位','比如县羊秀小学','','0'),('21355','4691','','2005-11','事业单位专业技术人员','专技十二级-助理','三类区','事业单位','比如中学','','0'),('21354','4691','','2002-07','事业单位专业技术人员','专技十三级-员级','三类区','事业单位','比如中学','','0'),('21356','4691','','2010-07','事业单位专业技术人员','专技十级-中级','三类区','事业单位','比如中学','','0'),('21373','4693','','2005-08','事业单位专业技术人员','专技十三级-员级','三类区','事业单位','巴青县巴青乡','','0'),('21368','4692','','2014-01','事业单位专业技术人员','专技十级-中级','三类区','事业单位','比如县良曲小学','','0'),('21367','4692','','2009-05','事业单位专业技术人员','专技十二级-助理','三类区','事业单位','比如县良曲小学','','0'),('21374','4693','','2009-05','事业单位专业技术人员','专技十二级-助理','三类区','事业单位','比如县良曲乡','','0'),('21375','4693','','2014-01','事业单位专业技术人员','专技十级-中级','三类区','事业单位','比如县良曲乡','','0'),('21382','4694','','2009-08','事业单位专业技术人员','专技十二级-助理','四类区','事业单位','比如县恰则乡','','0'),('21381','4694','','2009-05','事业单位专业技术人员','专技十二级-助理','三类区','事业单位','比如县良曲乡','','0'),('21380','4694','','2005-07','事业单位专业技术人员','专技十三级-员级','三类区','事业单位','索县嘎美乡','','0'),('21383','4694','','2014-11','事业单位专业技术人员','专技十二级-助理','四类区','事业单位','比如县恰则乡','','0'),('21384','4694','','2015-05','事业单位专业技术人员','专技十级-中级','三类区','事业单位','比如县完小','','0'),('21412','4695','','2013-05','事业单位专业技术人员','专技十级-中级','四类区','事业单位','比如县夏曲镇小学','','0'),('21410','4695','','2005-07','事业单位专业技术人员','专技十二级-助理','三类区','事业单位','索县中学','','0'),('21411','4695','','2008-03','事业单位专业技术人员','专技十二级-助理','四类区','事业单位','比如县夏曲镇小学','','0'),('21421','4696','','2008-07','事业单位专业技术人员','专技十二级-助理','三类区','事业单位','比如县夏曲镇','','0'),('21420','4696','','2007-06','事业单位专业技术人员','专技十二级-助理','四类区','事业单位','地区小学','','0'),('21419','4696','','2005-07','事业单位专业技术人员','专技十三级-员级','四类区','事业单位','尼玛县完小','','0'),('21422','4697','','2005-07','事业单位专业技术人员','专技十三级-员级','二类区','事业单位','昌都地区','','0'),('21423','4697','','2007-07','事业单位专业技术人员','专技十三级-员级','四类区','事业单位','比如县恰则小学','','0'),('21424','4697','','2009-05','事业单位专业技术人员','专技十二级-助理','四类区','事业单位','比如县恰则小学','','0'),('21425','4697','','2014-07','事业单位专业技术人员','专技十二级-助理','三类区','事业单位','比如县达塘小学','','0'),('21434','4698','','2009-05','事业单位专业技术人员','专技十二级-助理','三类区','事业单位','比如县完小','','0'),('21433','4698','','2007-07','事业单位专业技术人员','专技十二级-助理','三类区','事业单位','比如县完小','','0'),('21432','4698','','2005-07','事业单位专业技术人员','专技十三级-员级','四类区','事业单位','申扎县完小','','0'),('21435','4699','','2005-07','事业单位专业技术人员','专技十三级-员级','四类区','事业单位','比如县夏曲镇','','0'),('21436','4699','','2009-05','事业单位专业技术人员','专技十二级-助理','四类区','事业单位','比如县夏曲镇','','0'),('21437','4700','','2006-07','事业单位专业技术人员','专技十三级-员级','四类区','事业单位','比如夏曲镇小学','','0'),('21438','4700','','2009-05','事业单位专业技术人员','专技十二级-助理','四类区','事业单位','比如夏曲镇小学','','0'),('21439','4701','','2006-07','事业单位专业技术人员','专技十三级-员级','四类区','事业单位','比如夏曲镇小学','','0'),('21440','4701','','2010-04','事业单位专业技术人员','专技十二级-助理','四类区','事业单位','比如夏曲镇小学','','0'),('21441','4701','','2014-01','事业单位专业技术人员','专技十级-中级','四类区','事业单位','比如夏曲镇小学','','0'),('21442','4702','','2006-07','事业单位专业技术人员','专技十三级-员级','四类区','事业单位','比如夏曲镇小学','','0'),('21443','4702','','2010-04','事业单位专业技术人员','专技十二级-助理','四类区','事业单位','比如夏曲镇小学','','0'),('21444','4702','','2014-01','事业单位专业技术人员','专技十级-中级','四类区','事业单位','比如夏曲镇小学','','0'),('21445','4703','','2006-07','事业单位专业技术人员','专技十三级-员级','二类区','事业单位','比如夏曲镇小学','','0'),('21446','4703','','2010-04','事业单位专业技术人员','专技十二级-助理','二类区','事业单位','比如夏曲镇小学','','0'),('21447','4704','','2006-07','事业单位专业技术人员','专技十三级-员级','四类区','事业单位','比如夏曲镇小学','','0'),('21448','4704','','2010-04','事业单位专业技术人员','专技十二级-助理','四类区','事业单位','比如夏曲镇小学','','0'),('21449','4704','','2014-01','事业单位专业技术人员','专技十级-中级','四类区','事业单位','比如夏曲镇小学','','0'),('21450','4705','','2006-07','事业单位专业技术人员','专技十三级-员级','四类区','事业单位','比如夏曲镇小学','','0'),('21451','4705','','2010-04','事业单位专业技术人员','专技十二级-助理','四类区','事业单位','比如夏曲镇小学','','0'),('21452','4706','','2006-07','事业单位专业技术人员','专技十三级-员级','四类区','事业单位','比如夏曲镇小学','','0'),('21453','4706','','2010-04','事业单位专业技术人员','专技十二级-助理','四类区','事业单位','比如夏曲镇小学','','0'),('21457','4707','','2010-04','事业单位专业技术人员','专技十二级-助理','四类区','事业单位','比如夏曲镇小学','','0'),('21456','4707','','2006-07','事业单位专业技术人员','专技十三级-员级','四类区','事业单位','比如夏曲镇小学','','0'),('21458','4707','','2014-12','事业单位专业技术人员','专技十级-中级','四类区','事业单位','比如夏曲镇小学','','0'),('21459','4708','','2006-07','事业单位专业技术人员','专技十三级-员级','四类区','事业单位','比如夏曲镇布龙小学','','0'),('21460','4708','','2009-05','事业单位专业技术人员','专技十二级-助理','四类区','事业单位','比如夏曲镇布龙小学','','0'),('21461','4709','','2006-07','事业单位专业技术人员','专技十三级-员级','四类区','事业单位','比如夏曲镇布龙小学','','0'),('21462','4709','','2009-05','事业单位专业技术人员','专技十二级-助理','四类区','事业单位','比如夏曲镇布龙小学','','0'),('21463','4709','','2015-09','事业单位专业技术人员','专技十二级-助理','三类区','事业单位','比如县完小','','0'),('21464','4710','','2006-07','事业单位专业技术人员','专技十三级-员级','四类区','事业单位','比如夏曲镇布龙小学','','0'),('21465','4710','','2009-05','事业单位专业技术人员','专技十二级-助理','四类区','机关单位','比如夏曲镇布龙小学','','0'),('21466','4711','','2005-12','事业单位专业技术人员','专技十三级-员级','四类区','事业单位','比如恰则乡小学','','0'),('21467','4711','','2009-05','事业单位专业技术人员','专技十二级-助理','四类区','事业单位','比如恰则乡小学','','0'),('21468','4711','','2010-08','事业单位专业技术人员','专技十二级-助理','三类区','事业单位','比如完小','','0'),('21469','4711','','2013-05','事业单位专业技术人员','专技十级-中级','三类区','事业单位','比如完小','','0'),('21470','4712','','2005-12','事业单位专业技术人员','专技十三级-员级','四类区','事业单位','比如恰则小学','','0'),('21471','4712','','2009-05','事业单位专业技术人员','专技十二级-助理','四类区','事业单位','比如恰则小学','','0'),('21472','4712','','2014-02','事业单位专业技术人员','专技十级-中级','四类区','事业单位','比如恰则小学','','0'),('21473','4713','','2006-07','事业单位专业技术人员','专技十三级-员级','三类区','事业单位','比如完小','','0'),('21474','4713','','2009-05','事业单位专业技术人员','专技十二级-助理','三类区','事业单位','比如完小','','0'),('21475','4713','','2014-01','事业单位专业技术人员','专技十级-中级','三类区','事业单位','比如完小','','0'),('21476','4714','','2006-07','事业单位专业技术人员','专技十三级-员级','三类区','事业单位','比如幼儿园','','0'),('21477','4714','','2009-05','事业单位专业技术人员','专技十二级-助理','三类区','事业单位','比如幼儿园','','0'),('21478','4714','','2014-12','事业单位专业技术人员','专技十级-中级','三类区','事业单位','比如幼儿园','','0'),('21479','4715','','2006-08','事业单位专业技术人员','专技十三级-员级','三类区','事业单位','巴青县阿秀乡','','0'),('21480','4715','','2008-07','事业单位专业技术人员','专技十三级-员级','三类区','事业单位','比如县达塘乡','','0'),('21481','4715','','2010-04','事业单位专业技术人员','专技十二级-助理','三类区','事业单位','比如县达塘乡','','0'),('21485','4716','','2009-05','事业单位专业技术人员','专技十二级-助理','三类区','事业单位','比如县达羊秀乡','','0'),('21484','4716','','2006-07','事业单位专业技术人员','专技十三级-员级','三类区','事业单位','比如县达羊秀乡','','0'),('21490','4717','','2007-07','事业单位专业技术人员','专技十三级-员级','三类区','事业单位','比如县完小','','0'),('21489','4717','','2005-12','事业单位专业技术人员','专技十三级-员级','四类区','事业单位','比如县恰则小学','','0'),('21491','4717','','2009-05','事业单位专业技术人员','专技十二级-助理','三类区','事业单位','比如县完小','','0'),('21492','4717','','2014-01','事业单位专业技术人员','专技十级-中级','三类区','事业单位','比如县完小','','0'),('21509','4718','','2010-04','事业单位专业技术人员','专技十二级-助理','三类区','事业单位','比如县完小','','0'),('21508','4718','','2006-07','事业单位专业技术人员','专技十三级-员级','三类区','事业单位','索县完小','','0'),('21495','4719','','2006-07','事业单位专业技术人员','专技十三级-员级','三类区','事业单位','比如县香曲小学','','0'),('21496','4719','','2007-07','事业单位专业技术人员','专技十三级-员级','三类区','事业单位','比如县完小','','0'),('21497','4719','','2009-05','事业单位专业技术人员','专技十二级-助理','三类区','事业单位','比如县完小','','0'),('21498','4719','','2014-01','事业单位专业技术人员','专技十级-中级','三类区','机关单位','比如县完小','','0'),('21499','4720','','2006-07','事业单位专业技术人员','专技十三级-员级','三类区','事业单位','比如县良曲小学','','0'),('21500','4720','','2009-05','事业单位专业技术人员','专技十二级-助理','三类区','事业单位','比如县完小','','0'),('21501','4721','','2006-07','事业单位专业技术人员','专技十三级-员级','四类区','事业单位','比如县恰则小学','','0'),('21502','4721','','2007-07','事业单位专业技术人员','专技十三级-员级','三类区','事业单位','比如县恰则小学','','0'),('21503','4721','','2009-05','事业单位专业技术人员','专技十二级-助理','三类区','事业单位','比如县完小','','0'),('21504','4721','','2014-12','事业单位专业技术人员','专技十级-中级','三类区','事业单位','比如县完小','','0'),('21505','4722','','2006-07','事业单位专业技术人员','专技十三级-员级','三类区','事业单位','比如县良曲小学','','0'),('21506','4722','','2014-12','事业单位专业技术人员','专技十二级-助理','三类区','事业单位','比如县完小','','0'),('21507','4722','','2016-12','事业单位专业技术人员','专技十级-中级','三类区','事业单位','比如县完小','','0'),('21515','4723','','2014-01','事业单位专业技术人员','专技十级-中级','三类区','事业单位','比如县完小','','0'),('21514','4723','','2009-05','事业单位专业技术人员','专技十二级-助理','三类区','事业单位','比如县完小','','0'),('21513','4723','','2006-08','事业单位专业技术人员','专技十三级-员级','三类区','事业单位','比如县良曲小学','','0'),('21519','4724','','2006-07','事业单位专业技术人员','专技十三级-员级','三类区','事业单位','比如县完小','','0'),('21520','4724','','2009-05','事业单位专业技术人员','专技十二级-助理','三类区','事业单位','比如县完小','','0'),('21521','4724','','2015-11','事业单位专业技术人员','专技十级-中级','三类区','事业单位','比如县完小','','0'),('21522','4725','','2006-07','事业单位专业技术人员','专技十三级-员级','三类区','事业单位','比如扎拉小学','','0'),('21523','4725','','2010-04','事业单位专业技术人员','专技十二级-助理','三类区','事业单位','比如县完小','','0'),('21524','4726','','2005-12','事业单位专业技术人员','专技十三级-员级','三类区','事业单位','比如扎拉小学','','0'),('21525','4726','','2009-05','事业单位专业技术人员','专技十二级-助理','三类区','事业单位','比如扎拉小学','','0'),('21526','4726','','2014-01','事业单位专业技术人员','专技十级-中级','三类区','事业单位','比如完小','','0'),('21527','4727','','2006-07','事业单位专业技术人员','专技十三级-员级','三类区','事业单位','比如扎拉小学','','0'),('21528','4727','','2011-05','事业单位专业技术人员','专技十二级-助理','三类区','事业单位','比如扎拉小学','','0'),('21529','4728','','2006-07','事业单位专业技术人员','专技十三级-员级','三类区','事业单位','比如县达塘小学','','0'),('21530','4728','','2010-05','事业单位专业技术人员','专技十二级-助理','三类区','机关单位','比如县达塘小学','','0'),('21531','4729','','2006-07','事业单位专业技术人员','专技十三级-员级','三类区','事业单位','比如县达塘小学','','0'),('21532','4729','','2010-04','事业单位专业技术人员','专技十二级-助理','三类区','事业单位','比如县达塘小学','','0'),('21533','4729','','2015-10','事业单位专业技术人员','专技十级-中级','三类区','事业单位','比如县达塘小学','','0'),('21534','4730','','2006-07','事业单位专业技术人员','专技十三级-员级','三类区','事业单位','比如县达塘小学','','0'),('21535','4730','','2010-04','事业单位专业技术人员','专技十二级-助理','三类区','事业单位','比如县达塘小学','','0'),('21536','4731','','2006-07','事业单位专业技术人员','专技十三级-员级','三类区','事业单位','比如县达塘小学','','0'),('21537','4731','','2010-04','事业单位专业技术人员','专技十二级-助理','三类区','事业单位','比如县达塘小学','','0'),('21538','4731','','2014-01','事业单位专业技术人员','专技十级-中级','三类区','事业单位','比如县达塘小学','','0'),('21539','4732','','2006-07','事业单位专业技术人员','专技十三级-员级','二类区','事业单位','比如县达塘小学','','0'),('21540','4732','','2010-04','事业单位专业技术人员','专技十二级-助理','二类区','事业单位','比如县达塘小学','','0'),('21541','4732','','2013-06','事业单位专业技术人员','专技十级-中级','二类区','事业单位','比如县达塘小学','','0'),('22117','4787','','2004-11','事业单位专业技术人员','专技十三级-员级','三类区','事业单位','比如县中学','','0'),('22118','4787','','2010-09','事业单位专业技术人员','专技十二级-助理','三类区','事业单位','比如县中学','','0'),('22119','4787','','2013-05','事业单位专业技术人员','专技十级-中级','三类区','事业单位','比如县中学','','0'),('22131','4788','','2009-07','事业单位专业技术人员','专技十级-中级','三类区','事业单位','比如中学','','0'),('22130','4788','','2002-11','事业单位专业技术人员','专技十二级-助理','三类区','事业单位','比如中学','','0'),('22129','4788','','1996-07','事业单位专业技术人员','专技十三级-员级','三类区','事业单位','比如中学','','0'),('23831','5130','','2010-07','事业单位专业技术人员','专技十三级-员级','三类区','事业单位','比如县中学','','0'),('23832','5130','','2012-01','事业单位专业技术人员','专技十二级-助理','三类区','事业单位','比如县中学','','0');|INSERT INTO `tx_studyinfo` (`id`, `personid`, `level`, `gettime`, `school`)  VALUES ('1797','3657','大专','2006-07','西藏大学'),('2118','4692','大专','2007-07','');|INSERT INTO `tx_checkinfo` (`id`, `personid`, `gettime`, `check` FROM `tx_checkinfo`)  VALUES ('2624','4529','2006','不通过'),('2644','4692','2006','不通过'),('2645','1737','2006','不通过');|INSERT INTO `tx_heightinfo` (`id`, `personid`, `area`, `city`, `county`, `height`, `acc`, `iscity`, `heightid`, `gettime`)  VALUES ('3165','996','那曲地区','比如县','达塘乡','4305','6-4-7','是','0','1996-07'),('3167','996','那曲地区','比如县','比如县','4130','6-4-1','是','0','2009-07'),('3166','996','那曲地区','比如县','夏曲镇','4448','6-4-3','是','0','2000-07'),('8332','1100','那曲地区','比如县','夏曲镇','4448','6-4-3','是','','1998-07'),('3170','1099','那曲地区','比如县','夏曲镇','4448','6-4-3','是','394243','1997-07'),('3164','1093','那曲地区','比如县','夏曲镇','4448','6-4-3','是','0','1996-07'),('3163','1094','那曲地区','比如县','夏曲镇','4448','6-4-3','是','0','1997-07'),('8338','1097','那曲地区','比如县','比如县','4130','6-4-1','否','','2008-07'),('8337','1097','那曲地区','比如县','夏曲镇','4448','6-4-3','是','','1997-07'),('8331','1100','那曲地区','比如县','扎拉乡','4355','6-4-10','是','','1997-07'),('3173','1101','阿里地区','噶尔县','噶尔县','4297','7-2-1','否','459265','2001-07'),('3174','1101','那曲地区','比如县','夏曲镇','4448','6-4-3','是','394243','2003-07'),('3178','1102','那曲地区','比如县','夏曲镇','4448','6-4-3','是','0','2005-07'),('3177','1102','那曲地区','索县','荣布镇','4025','6-8-3','是','0','2002-07'),('6339','1735','那曲地区','比如县','比如县','4130','6-4-1','否','','2009-03'),('6338','1735','那曲地区','申扎县','申扎县','4750','6-9-1','否','','1998-07'),('12768','1737','那曲地区','比如县','比如县','4130','6-4-1','否','','2011-09'),('12767','1737','那曲地区','比如县','夏曲镇','4448','6-4-3','是','','2011-03'),('12766','1737','那曲地区','比如县','达塘乡','4305','6-4-7','是','','2006-07'),('13142','4787','那曲地区','比如县','比如县','4130','6-4-1','否','394241','2014-11'),('6367','2256','那曲地区','比如县','比如县','4130','6-4-1','否','','2009-07'),('6366','2256','那曲地区','尼玛县双湖特别区','措折罗玛镇','4642','6-12-2','是','','2007-07'),('6365','2256','那曲地区','比如县','夏曲镇','4448','6-4-3','是','','2006-07'),('6503','2329','那曲地区','比如县','比如县','4130','6-4-1','否','394241','2007-09'),('6508','2332','那曲地区','比如县','羊秀乡','4348','6-4-5','是','394245','2004-06'),('6546','2340','那曲地区','比如县','比如县','4130','6-4-1','否','394241','2015-06'),('6545','2340','那曲地区','比如县','夏曲镇','4448','6-4-3','是','394243','2004-07'),('6543','2339','那曲地区','比如县','夏曲镇','4448','6-4-3','是','394243','2003-07'),('6544','2339','那曲地区','比如县','比如县','4130','6-4-1','否','394241','2011-03'),('12071','2341','那曲地区','比如县','夏曲镇','4448','6-4-3','是','','2007-07'),('12070','2341','那曲地区','班戈县','班戈县','4888','6-6-1','否','','2005-07'),('6549','2342','那曲地区','比如县','夏曲镇','4448','6-4-3','是','394243','2004-07'),('6550','2343','那曲地区','比如县','夏曲镇','4448','6-4-3','是','394243','2005-07'),('6551','2343','那曲地区','比如县','扎拉乡','4355','6-4-10','是','394250','2015-09'),('6552','2344','那曲地区','比如县','夏曲镇','4448','6-4-3','是','394243','2005-07'),('6553','2345','那曲地区','比如县','夏曲镇','4448','6-4-3','是','394243','2005-07'),('6554','2346','那曲地区','比如县','恰则乡','4500','6-4-11','是','394251','2005-07'),('6555','2346','那曲地区','比如县','比如县','4130','6-4-1','否','394241','2013-03'),('7862','2820','那曲地区','比如县','白嘎乡','4230','6-4-4','是','394244','2002-12'),('8205','2943','那曲地区','比如县','恰则乡','4500','6-4-11','是','394251','2005-07'),('8208','2945','那曲地区','比如县','比如县','4130','6-4-1','否','394241','1981-07'),('8209','2945','那曲地区','比如县','恰则乡','4500','6-4-11','是','394251','2015-03'),('8216','2947','那曲地区','比如县','比如县','4130','6-4-1','否','394241','1994-07'),('8220','2949','那曲地区','比如县','比如县','4130','6-4-1','否','394241','1994-07'),('8222','2951','那曲地区','比如县','羊秀乡','4348','6-4-5','是','394245','1996-07'),('8223','2951','那曲地区','比如县','比如县','4130','6-4-1','否','394241','2006-07'),('8224','2952','那曲地区','比如县','达塘乡','4305','6-4-7','是','394247','1996-07'),('8227','2954','那曲地区','比如县','良曲乡','4345','6-4-8','是','394248','1996-07'),('8228','2954','那曲地区','比如县','比如县','4130','6-4-1','否','394241','2005-07'),('8230','2955','那曲地区','比如县','羊秀乡','4348','6-4-5','是','394245','1996-07'),('8231','2955','那曲地区','比如县','比如县','4130','6-4-1','否','394241','2005-07'),('8232','2956','那曲地区','比如县','白嘎乡','4230','6-4-4','是','394244','1996-07'),('8233','2956','那曲地区','比如县','比如县','4130','6-4-1','否','394241','2003-07'),('8235','2957','那曲地区','比如县','白嘎乡','4230','6-4-4','是','','1997-07'),('8236','2958','那曲地区','比如县','比如县','4130','6-4-1','否','394241','1997-07'),('8237','2959','那曲地区','比如县','茶曲乡','4140','6-4-9','是','394249','1999-07'),('8238','2959','那曲地区','比如县','比如县','4130','6-4-1','否','394241','2007-07'),('8264','2960','那曲地区','比如县','比如县','4130','6-4-1','否','','1999-07'),('8240','2961','那曲地区','比如县','羊秀乡','4348','6-4-5','是','394245','1999-07'),('8245','2964','那曲地区','申扎县','申扎县','4750','6-9-1','否','395521','1999-07'),('8246','2964','那曲地区','比如县','比如县','4130','6-4-1','否','394241','2004-07'),('8268','2965','那曲地区','比如县','比如县','4130','6-4-1','否','','1997-07'),('8267','2965','那曲地区','比如县','良曲乡','4345','6-4-8','是','','1996-07'),('8250','2966','那曲地区','比如县','扎拉乡','4355','6-4-10','是','394250','1999-07'),('8251','2966','那曲地区','比如县','比如县','4130','6-4-1','否','394241','2005-07'),('8252','2967','那曲地区','比如县','达塘乡','4305','6-4-7','是','394247','2000-07'),('8253','2967','那曲地区','比如县','比如县','4130','6-4-1','否','394241','2009-08'),('8257','2969','那曲地区','比如县','比如县','4130','6-4-1','否','394241','2000-07'),('8330','2970','那曲地区','比如县','比如县','4130','6-4-1','否','','2001-07'),('8263','2972','那曲地区','比如县','比如县','4130','6-4-1','否','','2004-07'),('8262','2973','那曲地区','比如县','比如县','4130','6-4-1','否','394241','2004-07'),('8318','2987','那曲地区','比如县','比如县','4130','6-4-1','否','','2007-07'),('8317','2987','那曲地区','比如县','良曲乡','4345','6-4-8','是','','2001-07'),('8329','2975','那曲地区','比如县','比如县','4130','6-4-1','否','','2001-07'),('8328','2977','那曲地区','比如县','比如县','4130','6-4-1','否','','2007-07'),('8327','2977','那曲地区','比如县','香曲乡','4160','6-4-6','是','','2002-07'),('8326','2978','那曲地区','比如县','羊秀乡','4348','6-4-5','是','','2002-07'),('8324','2979','那曲地区','比如县','夏曲镇','4448','6-4-3','是','','2002-07'),('8323','2979','那曲地区','比如县','比如县','4130','6-4-1','否','394243','2005-07'),('8322','2980','那曲地区','比如县','比如县','4130','6-4-1','否','','2012-07'),('8321','2980','那曲地区','比如县','达塘乡','4305','6-4-7','是','','2002-07'),('8294','2983','那曲地区','比如县','比如县','4130','6-4-1','否','394241','2004-07'),('8320','2985','那曲地区','比如县','比如县','4130','6-4-1','否','','2005-07'),('8319','2985','那曲地区','比如县','恰则乡','4500','6-4-11','是','','2002-07'),('8306','2986','那曲地区','比如县','夏曲镇','4448','6-4-3','是','394243','2002-07'),('8307','2986','那曲地区','比如县','比如县','4130','6-4-1','否','394241','2003-07'),('8308','2986','那曲地区','尼玛县','俄久乡','4557','6-11-10','是','396042','2007-07'),('8309','2986','那曲地区','比如县','比如县','4130','6-4-1','否','394241','2009-07'),('8361','2999','那曲地区','比如县','比如县','4130','6-4-1','否','394241','2002-07'),('8362','3000','那曲地区','比如县','扎拉乡','4355','6-4-10','是','394250','2016-09'),('8363','3000','那曲地区','比如县','比如县','4130','6-4-1','否','394241','2007-07'),('8364','3000','那曲地区','比如县','扎拉乡','4355','6-4-10','是','394250','2016-03'),('8365','3001','那曲地区','比如县','羊秀乡','4348','6-4-5','是','394245','2003-07'),('8366','3001','那曲地区','比如县','比如县','4130','6-4-1','否','394241','2007-10'),('8367','3001','那曲地区','比如县','夏曲镇','4448','6-4-3','是','394243','2015-11'),('8368','3002','那曲地区','比如县','羊秀乡','4348','6-4-5','是','394245','2004-07'),('8369','3002','那曲地区','比如县','比如县','4130','6-4-1','否','394241','2007-07'),('8370','3003','那曲地区','比如县','比如县','4130','6-4-1','否','394241','2004-07'),('8371','3004','那曲地区','比如县','良曲乡','4345','6-4-8','是','394248','2004-07'),('8372','3004','那曲地区','比如县','比如县','4130','6-4-1','否','394241','2006-07'),('8373','3005','那曲地区','尼玛县双湖特别区','嘎措乡','4849','6-12-5','是','396293','2004-07'),('8374','3005','那曲地区','比如县','比如县','4130','6-4-1','否','394241','2005-07'),('8375','3005','那曲地区','比如县','白嘎乡','4230','6-4-4','是','394244','2008-07'),('8376','3005','那曲地区','比如县','比如县','4130','6-4-1','否','394241','2014-09'),('8377','3006','那曲地区','比如县','良曲乡','4345','6-4-8','是','394248','2004-07'),('8378','3006','那曲地区','比如县','比如县','4130','6-4-1','否','394241','2006-07'),('8379','3007','那曲地区','比如县','比如县','4130','6-4-1','否','394241','2004-07'),('8380','3008','那曲地区','比如县','比如县','4130','6-4-1','否','394241','2004-07'),('8381','3009','那曲地区','比如县','比如县','4130','6-4-1','否','394241','2004-07'),('8382','3010','那曲地区','比如县','茶曲乡','4140','6-4-9','是','394249','2004-07'),('8383','3011','那曲地区','比如县','良曲乡','4345','6-4-8','是','394248','2004-07'),('8384','3011','那曲地区','比如县','比如县','4130','6-4-1','否','394241','2016-03'),('8385','3012','那曲地区','比如县','羊秀乡','4348','6-4-5','是','394245','2004-07'),('8386','3012','那曲地区','比如县','比如县','4130','6-4-1','否','394241','2013-07'),('8387','3013','那曲地区','比如县','白嘎乡','4230','6-4-4','是','394244','2005-07'),('8388','3014','那曲地区','比如县','白嘎乡','4230','6-4-4','是','394244','2005-07'),('8389','3014','那曲地区','比如县','比如县','4130','6-4-1','否','394241','2009-07'),('8390','3015','那曲地区','比如县','白嘎乡','4230','6-4-4','是','394244','2005-07'),('8391','3015','那曲地区','比如县','比如县','4130','6-4-1','否','394241','2007-07'),('8554','3060','那曲地区','比如县','香曲乡','4160','6-4-6','是','394246','1999-07'),('8555','3060','那曲地区','比如县','比如县','4130','6-4-1','否','394241','2000-10'),('13147','4788','那曲地区','比如县','比如县','4130','6-4-1','否','','1996-07'),('9150','3294','那曲地区','巴青县','巴青县','4160','6-3-1','否','393985','2005-07'),('9151','3294','那曲地区','比如县','白嘎乡','4230','6-4-4','是','394244','2016-09'),('9178','3295','那曲地区','比如县','比如县','4130','6-4-1','否','','2005-07'),('9154','3297','那曲地区','比如县','扎拉乡','4355','6-4-10','是','394250','2005-07'),('9155','3297','那曲地区','比如县','比如县','4130','6-4-1','否','394241','2008-07'),('9182','3304','那曲地区','比如县','茶曲乡','4140','6-4-9','是','','2008-07'),('9181','3304','那曲地区','比如县','良曲乡','4345','6-4-8','是','','2005-07'),('9185','3308','那曲地区','比如县','达塘乡','4305','6-4-7','是','394247','2005-07'),('9186','3308','那曲地区','比如县','比如县','4130','6-4-1','否','394241','2009-07'),('9188','3310','那曲地区','比如县','比如县','4130','6-4-1','否','394241','2005-07'),('9192','3313','那曲地区','比如县','比如县','4130','6-4-1','否','394241','2005-07'),('9194','3315','那曲地区','比如县','达塘乡','4305','6-4-7','是','394247','2005-07'),('9195','3315','那曲地区','比如县','比如县','4130','6-4-1','否','394241','2012-07'),('9198','3316','那曲地区','比如县','比如县','4130','6-4-1','否','394241','1998-08'),('9201','3317','那曲地区','比如县','比如县','4130','6-4-1','否','394241','1983-01'),('9208','3318','那曲地区','比如县','比如县','4130','6-4-1','否','394241','1995-12'),('9214','3320','那曲地区','比如县','白嘎乡','4230','6-4-4','是','394244','2002-12'),('10374','3657','那曲地区','比如县','比如县','4130','6-4-1','否','394247','2002-07'),('10375','3657','那曲地区','比如县','达塘乡','4305','6-4-7','是','66049','2009-02'),('10376','3657','拉萨市','城关区','城关区','3650','1-2-1','否','','2012-10'),('13136','4786','那曲地区','比如县','比如县','4130','6-4-1','否','394241','2009-08'),('12431','4529','那曲地区','比如县','夏曲镇','4448','6-4-3','是','','2016-03'),('12430','4529','那曲地区','比如县','达塘乡','4305','6-4-7','是','','2006-07'),('12400','4526','那曲地区','比如县','夏曲镇','4448','6-4-3','是','394243','2008-08'),('12404','4527','那曲地区','比如县','夏曲镇','4448','6-4-3','是','','2012-03'),('12403','4527','那曲地区','比如县','羊秀乡','4348','6-4-5','是','','2007-09'),('12406','4528','那曲地区','比如县','夏曲镇','4448','6-4-3','是','','2009-08'),('12425','4530','那曲地区','比如县','比如县','4130','6-4-1','否','394241','2007-09'),('13035','4743','那曲地区','那曲县','达前乡','4288','6-2-13','是','393741','2010-08'),('13034','4743','那曲地区','索县','热瓦乡','4090','6-8-5','是','395269','2009-08'),('12745','4686','那曲地区','比如县','比如县','4130','6-4-1','否','','1995-07'),('12746','4687','那曲地区','比如县','比如县','4130','6-4-1','否','394241','1981-07'),('12747','4687','那曲地区','比如县','恰则乡','4500','6-4-11','是','394251','2014-03'),('12756','4688','那曲地区','比如县','比如县','4130','6-4-1','否','','2013-01'),('12755','4688','那曲地区','比如县','夏曲镇','4448','6-4-3','是','','1996-07'),('12757','4689','那曲地区','比如县','比如县','4130','6-4-1','否','394241','1999-07'),('12758','4690','那曲地区','比如县','羊秀乡','4348','6-4-5','是','394245','1999-07'),('12759','4691','那曲地区','比如县','比如县','4130','6-4-1','否','394241','2001-07'),('12764','4692','那曲地区','比如县','良曲乡','4345','6-4-8','是','','1994-09'),('12769','4693','那曲地区','巴青县','巴青乡','4310','6-3-7','是','393991','2005-08'),('12770','4693','那曲地区','比如县','良曲乡','4345','6-4-8','是','394248','2007-07'),('12771','4693','那曲地区','比如县','比如县','4130','6-4-1','否','394241','2016-11'),('12779','4694','那曲地区','比如县','比如县','4130','6-4-1','否','','2015-06'),('12778','4694','那曲地区','比如县','恰则乡','4500','6-4-11','是','','2009-09'),('12777','4694','那曲地区','比如县','良曲乡','4345','6-4-8','是','','2008-07'),('12776','4694','那曲地区','索县','嘎美乡','4196','6-8-9','是','','2005-07'),('12799','4695','那曲地区','比如县','夏曲镇','4448','6-4-3','是','','2008-03'),('12798','4695','那曲地区','索县','索县','4096','6-8-1','否','','2004-11'),('12808','4696','那曲地区','比如县','夏曲镇','4448','6-4-3','是','','2008-06'),('12807','4696','那曲地区','那曲地区','那曲地区','4527','6-1-1','否','','2007-06'),('12806','4696','那曲地区','尼玛县','尼玛县','4598','6-11-1','否','','2005-07'),('12809','4697','昌都市','昌都市','昌都市','3560','5-1-1','否','327937','2005-07'),('12810','4697','那曲地区','比如县','恰则乡','4500','6-4-11','是','394251','2007-07'),('12811','4697','那曲地区','比如县','达塘乡','4305','6-4-7','是','394247','2014-07'),('12817','4698','那曲地区','比如县','比如县','4130','6-4-1','否','','2007-07'),('12816','4698','那曲地区','申扎县','申扎县','4750','6-9-1','否','','2005-07'),('12818','4699','那曲地区','比如县','夏曲镇','4448','6-4-3','是','394243','2005-07'),('12819','4700','那曲地区','比如县','夏曲镇','4448','6-4-3','是','394243','2006-07'),('12820','4701','那曲地区','比如县','夏曲镇','4448','6-4-3','是','394243','2006-07'),('12821','4702','那曲地区','比如县','夏曲镇','4448','6-4-3','是','394243','2006-07'),('12822','4703','那曲地区','比如县','夏曲镇','4448','6-4-3','是','394243','2006-07'),('12823','4704','那曲地区','比如县','夏曲镇','4448','6-4-3','是','394243','2006-07'),('12824','4705','那曲地区','比如县','夏曲镇','4448','6-4-3','是','394243','2006-07'),('12825','4706','那曲地区','比如县','夏曲镇','4448','6-4-3','是','394243','2006-07'),('12827','4707','那曲地区','比如县','夏曲镇','4448','6-4-3','是','','2006-07'),('12828','4708','那曲地区','比如县','夏曲镇','4448','6-4-3','是','394243','2006-07'),('12829','4709','那曲地区','比如县','夏曲镇','4448','6-4-3','是','394243','2006-07'),('12830','4709','那曲地区','比如县','比如县','4130','6-4-1','否','394241','2015-09'),('12831','4710','那曲地区','比如县','夏曲镇','4448','6-4-3','是','394243','2006-07'),('12832','4711','那曲地区','比如县','恰则乡','4500','6-4-11','是','394251','2005-12'),('12833','4711','那曲地区','比如县','比如县','4130','6-4-1','否','394241','2010-08'),('12834','4712','那曲地区','比如县','恰则乡','4500','6-4-11','是','394251','2005-12'),('12835','4713','那曲地区','比如县','比如县','4130','6-4-1','否','394241','2006-07'),('12836','4714','那曲地区','比如县','比如县','4130','6-4-1','否','394241','2006-07'),('12837','4715','那曲地区','巴青县','阿秀乡','4380','6-3-8','是','393992','2006-07'),('12838','4715','那曲地区','比如县','达塘乡','4305','6-4-7','是','394247','2008-07'),('12840','4716','那曲地区','比如县','羊秀乡','4348','6-4-5','是','394247','2006-07'),('12841','4716','那曲地区','比如县','达塘乡','4305','6-4-7','是','','2012-07'),('12842','4717','那曲地区','比如县','恰则乡','4500','6-4-11','是','394251','2005-12'),('12843','4717','那曲地区','比如县','比如县','4130','6-4-1','否','394241','2007-07'),('12855','4718','那曲地区','比如县','比如县','4130','6-4-1','否','','2007-07'),('12854','4718','那曲地区','索县','索县','4096','6-8-1','否','','2006-07'),('12846','4719','那曲地区','比如县','香曲乡','4160','6-4-6','是','394246','2006-07'),('12847','4719','那曲地区','比如县','比如县','4130','6-4-1','否','394241','2007-07'),('12848','4720','那曲地区','比如县','良曲乡','4345','6-4-8','是','394248','2006-09'),('12849','4720','那曲地区','比如县','比如县','4130','6-4-1','否','394241','2007-09'),('12850','4721','那曲地区','比如县','恰则乡','4500','6-4-11','是','394251','2006-07'),('12851','4721','那曲地区','比如县','比如县','4130','6-4-1','否','394241','2007-07'),('12852','4722','那曲地区','比如县','良曲乡','4345','6-4-8','是','394248','2006-09'),('12853','4722','那曲地区','比如县','比如县','4130','6-4-1','否','394241','2007-09'),('12859','4723','那曲地区','比如县','比如县','4130','6-4-1','否','','2007-08'),('12858','4723','那曲地区','比如县','良曲乡','4345','6-4-8','是','','2006-08'),('12862','4724','那曲地区','比如县','比如县','4130','6-4-1','否','394241','2006-07'),('12863','4725','那曲地区','比如县','扎拉乡','4355','6-4-10','是','394250','2006-07'),('12864','4725','那曲地区','比如县','比如县','4130','6-4-1','否','394241','2007-07'),('12865','4726','那曲地区','比如县','扎拉乡','4355','6-4-10','是','394250','2005-12'),('12866','4726','那曲地区','比如县','比如县','4130','6-4-1','否','394241','2009-07'),('12867','4728','那曲地区','比如县','达塘乡','4305','6-4-7','是','394247','2006-07'),('12868','4729','那曲地区','比如县','达塘乡','4305','6-4-7','是','394247','2006-07'),('12869','4730','那曲地区','比如县','达塘乡','4305','6-4-7','是','394247','2006-07'),('12870','4731','那曲地区','比如县','达塘乡','4305','6-4-7','是','394247','2006-07'),('12871','4732','那曲地区','比如县','达塘乡','4305','6-4-7','是','394247','2006-07'),('12872','4732','那曲地区','比如县','比如县','4130','6-4-1','否','394241','2015-07'),('14171','5130','那曲地区','比如县','比如县','4130','6-4-1','否','394241','2010-07');|