INSERT INTO `tx_personinfo` (`id`, `sort`, `userid`, `name`, `sex`, `birthday`, `origin`, `nation`, `partymember`, `worktime`, `intime`, `inadj`, `inyear`, `posttime`, `postadj`, `unitkind`, `postname`, `unitname`, `isleader`, `lastposttime`, `lastunitkind`, `lastpostname`, `lastunitname`, `area`, `education`, `educationtime`, `schooltime`, `educationadj`, `teacherinfo`, `teacherbegin`, `teacherend`, `teacheradj`, `oneinfo`, `onebegin`, `oneend`, `oneadj`, `check2`, `check5`, `coveradj`, `cadre`, `retiretime`, `height`, `note`, `addon`) VALUES ('2415','0','75','江村罗布','男','1976-09-05','山南贡嘎','藏族','','1999-07','1999-07','0','0','2010-01','0','事业单位','专技十级-中级','乃东中学','','','','','','','大专','1999-07','3','0','教师','1999-07','','0','','','','0','2006','2006','0','否','','0','',''),('5830','','75','巴桑多吉','男','1978-09','山南乃东区','藏族','','2006-01','2006-01','0','','2017-09','0','事业单位','技术工五级-初级工','乃东中学','','','','','','','高中','','0','0','','','','0','','','','0','2006','2006','0','否','','','',''),('5829','','75','达娃次仁','男','1978-04','西藏乃东区','藏族','党员','1996-12','1996-12','0','','2006-06','0','事业单位','技术工四级-中级工','乃东区中学','','','','','','','中专','1999-06','3','0','','','','0','','','','0','2006','2006','0','否','','','',''),('5828','','75','琼吉','女','1972-08','西藏乃东区','藏族','','1998-08','1998-08','0','','2006-06','0','事业单位','技术工四级-中级工','乃东区中学','','','','','','','暂时没有','','0','0','','','','0','','','','0','0','0','0','否','','','',''),('5821','','75','索朗巴珠','男','1974-10','西藏扎朗县','藏族','','1992-12','1992-12','0','','2010-01','0','事业单位','技术工三级-高级工','乃东中学','','','','','','','暂时没有','','0','0','','','','0','','','','0','0','0','0','否','','','',''),('5820','','75','益西群宗','女','1979-09','西藏扎朗县','藏族','','2000-11','2000-11','0','','2012-12','0','事业单位','技术工四级-中级工','乃东区中学','','','','','','','高中','1999-06','3','0','','','','0','','','','0','0','0','0','否','','','',''),('5809','','75','其米仁增','男','1978-12','洛扎县','藏族','','1999-06','1999-06','0','','2008-01','0','事业单位','专技十二级-助理','洛扎县中学','','','','','','','中专','1999-06','3','0','教师','1999-06','','0','','','','0','2006','2006','0','否','','','',''),('6469','','75','索朗卓嘎','女','1958-05','西藏桑日','藏族','','1982-09','1982-09','0','','2005-09','0','事业单位','专技十二级-助理','乃东区中学','','','','','','','中专','1982-07','4','0','教师','1982-09','2016-01','0','','','','0','0','0','0','否','','','',''),('2411','0','75','米玛曲尼','女','1989-06-13','山南乃东','藏族','','2012-07','2012-07','0','0','2012-07','0','事业单位','专技十二级-助理','乃东中学','','','','','','','本科','2012-06','4','0','教师','2012-07','','0','','','','0','2012','2012','0','否','','0','',''),('2396','0','75','朗杰','男','1986-01-19','山南乃东','藏族','','2011-07','2011-07','0','0','2011-07','0','事业单位','专技十二级-助理','乃东中学','','','','','','','本科','2011-06','4','0','教师','2011-07','','0','','','','0','2011','2011','0','否','','0','',''),('2390','0','75','查果','女','1971-10-25','乃东','藏族','','1994-07','1994-07','0','0','2005-12','0','事业单位','专技十级-中级','乃东中学','','','','','','','大专','1994-07','3','0','教师','1994-07','','0','','','','0','2006','2006','0','否','','0','',''),('2393','0','75','彭措邓珠','男','1982-06-07','四川甘孜','藏族','党员','2006-07','2006-07','0','0','2015-12','0','事业单位','专技十级-中级','乃东中学','','','','','','','本科','2006-06','4','0','教师','2006-07','','0','','','','0','2006','2006','0','否','','0','',''),('2391','0','75','达瓦占堆','男','1964-10-09','扎囊县','藏族','党员','1984-07','1984-07','0','0','2007-08','0','事业单位','专技十级-中级','乃东中学','','','','','','','中专','1984-06','3','0','教师','1984-07','','0','','','','0','2006','2006','0','否','','0','',''),('2392','0','75','吉琼','女','1967-12-30','浪卡子县','藏族','','1991-07','1991-07','0','0','2008-01','0','事业单位','专技十级-中级','乃东中学','','','','','','','大专','1991-07','3','0','教师','1991-07','','0','','','','0','2006','2006','0','否','','0','',''),('2394','0','75','巴桑','男','1973-03-08','林芝工布江达县','藏族','','1999-07','1999-07','0','0','2010-01','0','事业单位','专技十级-中级','乃东中学','','','','','','','大专','1999-07','3','0','教师','1999-07','','0','','','','0','2006','2006','0','否','','0','',''),('2397','0','75','旦增曲旦 ','男','1984-07-08','山南贡嘎','藏族','','2007-07','2007-07','0','0','2007-07','0','事业单位','专技十二级-助理','乃东中学','','','','','','','本科','2007-06','4','0','教师','2007-07','','0','','','','0','2007','2007','0','否','','0','',''),('2395','0','75','阿旺次仁','男','1988-05-18','拉萨','藏族','党员','2011-07','2011-07','0','0','2011-07','0','事业单位','专技十二级-助理','乃东中学','','','','','','','本科','2011-07','4','0','教师','2011-07','','0','','','','0','2011','2011','0','否','','0','',''),('2398','0','75','三阿布穷','男','1973-01-05','山南措美县','藏族','','1997-07','1997-07','0','0','2010-01','0','事业单位','专技十级-中级','乃东中学','','','','','','','大专','1997-07','3','0','教师','1997-07','','0','','','','0','2006','2006','0','否','','0','',''),('2399','0','75','夏彦华','女','1985-09-06','四川眉山','汉族','','2008-07','2008-07','0','0','2014-01','0','事业单位','专技十二级-助理','乃东中学','','','','','','','本科','2008-06','4','0','教师','2008-07','','0','','','','0','2008','2008','0','否','','0','',''),('2400','0','75','巴桑卓嘎','女','1983-08-28','山南乃东','藏族','党员','2007-07','2007-07','0','0','2014-10','0','事业单位','专技十级-中级','乃东中学','','','','','','','本科','2007-06','4','0','教师','2007-07','','0','','','','0','2007','2007','0','否','','0','',''),('2402','0','75','郭丹娟','女','1991-02-28','四川荣县','汉族','','2013-12','2013-12','0','0','2016-03','0','事业单位','专技十二级-助理','乃东中学','','','','','','','本科','2013-06','4','0','教师','2013-12','','0','','','','0','2013','2013','0','否','','0','',''),('2403','0','75','索朗加措','男','1981-05-14','山南扎囊','藏族','党员','2001-06','2001-06','0','0','2011-11','0','事业单位','专技十级-中级','乃东中学','','','','','','','中专','2001-06','3','0','教师','2001-06','','0','','','','0','2006','2006','0','否','','0','',''),('2413','0','75','次旺拉宗','女','1990-03-04','拉萨','藏族','','2013-12','2013-12','0','0','2014-08','0','事业单位','专技十二级-助理','乃东中学','','','','','','','本科','2013-07','4','0','教师','2013-12','','0','','','','0','2013','2013','0','否','','0','',''),('2412','0','75','次仁卓玛','女','1989-05-10','拉萨','藏族','','2011-08','2011-08','0','0','2014-08','0','事业单位','专技十二级-助理','乃东中学','','','','','','','本科','2011-06','4','0','教师','2011-08','','0','','','','0','2011','2011','0','否','','0','',''),('2410','0','75','白玛曲吉','女','1987-04-06','山南乃东','藏族','','2011-07','2011-07','0','0','2011-07','0','事业单位','专技十二级-助理','乃东中学','','','','','','','本科','2011-07','4','0','教师','2011-07','','0','','','','0','2011','2011','0','否','','0','',''),('1259','0','75','曲珍','女','1967-09-04','山南乃东','藏族','','1988-07','1988-07','0','0','2011-08','0','事业单位','专技七级-副高','乃东中学','','','','','','','中专','1988-06','4','0','教师','1988-07','','0','','','','0','2006','2006','0','否','','0','',''),('1286','0','75','扎桑','女','1976-07-05','山南扎朗','藏族','','1999-07','1999-07','0','0','2010-01','0','事业单位','专技十级-中级','乃东中学','','','','','','','大专','1999-07','3','0','教师','1999-07','','0','','','','0','2006','2006','0','否','','0','',''),('2405','0','75','罗布顿珠','男','1972-07-05','山南错那县','藏族','','1998-07','1998-07','0','0','2014-12','0','事业单位','专技七级-副高','乃东中学','','','','','','','本科','1998-07','4','0','教师','1998-07','','0','','','','0','2006','2006','0','否','','0','',''),('2406','0','75','格桑吉','女','1977-05-24','青海','藏族','党员','1998-06','1998-06','0','0','2015-12','0','事业单位','专技十级-中级','乃东中学','','','','','','','中专','1998-06','3','0','教师','1998-06','','0','','','','0','2006','2006','0','否','','0','',''),('1282','0','75','格桑旺堆','男','1976-09-15','山南贡嘎','藏族','党员','1998-07','1998-07','0','0','2010-01','0','事业单位','专技十级-中级','乃东中学','','','','','','','大专','1998-07','3','0','教师','1998-07','','0','','','','0','2006','2006','0','否','','0','',''),('1279','0','75','卓嘎','女','1978-01-03','山南贡嘎','藏族','','2002-07','2002-07','0','0','2012-09','0','事业单位','专技十级-中级','乃东中学','','','','','','','大专','2002-07','4','0','教师','2002-07','','0','','','','0','2006','2006','0','否','','0','',''),('1277','0','75','巴桑次仁','男','1976-05-21','山南泽当','藏族','党员','1998-07','1998-07','0','0','2014-10','0','事业单位','专技十级-中级','乃东中学','','','','','','','大专','1998-07','3','0','教师','1998-07','','0','','','','0','2006','2006','0','否','','0','',''),('1269','0','75','强久多吉','男','1985-12-20','山南贡嘎','藏族','','2007-07','2007-07','0','0','2014-10','0','事业单位','专技十级-中级','乃东中学','','','','','','','本科','2007-07','4','0','教师','2007-07','','0','','','','0','2007','2007','0','否','','0','',''),('2408','0','75','高虹','女','1972-03-05','林芝察隅县','藏族','','1995-07','1995-07','0','0','2007-02','0','事业单位','专技十级-中级','乃东中学','','','','','','','本科','1995-07','4','0','教师','1995-07','','0','','','','0','2006','2006','0','否','','0','',''),('2407','0','75','扎西东觉','男','1974-10-20','山南措美县','藏族','党员','1996-07','1996-07','0','0','2008-01','0','事业单位','专技十级-中级','乃东中学','','','','','','','本科','1996-06','4','0','教师','1996-07','','0','','','','0','2006','2006','0','否','','0','',''),('2409','0','75','白玛','女','1969-02-10','拉萨','藏族','','1994-07','1994-07','0','0','2015-12','0','事业单位','专技十级-中级','乃东中学','','','','','','','本科','1994-07','4','0','教师','1994-07','','0','','','','0','2006','2006','0','否','','0','',''),('1260','0','75','白玛德庆','女','1974-08-07','山南乃东','藏族','','1999-06','1999-06','0','0','2006-01','0','事业单位','专技十二级-助理','乃东中学','','','','','','','中专','1999-06','4','0','教师','1999-06','','0','','','','0','2006','2006','0','否','','0','',''),('1264','0','75','达娃','女','1977-05-09','山南乃东','藏族','','2002-07','2002-07','0','0','2015-11','0','事业单位','专技十级-中级','乃东中学','','','','','','','本科','2002-06','4','0','教师','2002-07','','0','','','','0','2006','2006','0','否','','0','',''),('2404','0','75','次央','女','1983-12-10','山南乃东','藏族','','2005-07','2005-07','0','0','2014-10','0','事业单位','专技十级-中级','乃东中学','','','','','','','大专','2005-06','3','0','教师','2005-07','','0','','','','0','2006','2006','0','否','','0','',''),('5312','','75','惠向平','女','1981-03','陕西富平','汉族','','2003-07','2010-09','0','','2014-08','0','事业单位','专技十级-中级','乃东中学','','','','','','','大专','2003-06','3','0','教师','2003-07','','0','','','','0','2006','2006','0','否','','','',''),('2416','0','75','巴桑次仁','男','1968-08-01','山南桑日县','藏族','','1989-07','1989-07','0','0','2007-02','0','事业单位','专技十级-中级','乃东中学','','','','','','','中专','1989-07','3','0','教师','1989-07','','0','','','','0','2006','2006','0','否','','0','',''),('5847','','75','巴桑多吉','男','1978-09','西藏乃东','藏族','','2005-04','2005-04','0','','2010-01','0','事业单位','技术工五级-初级工','乃东中学','','','','','','','初中','1995-06','0','0','','','','0','','','','0','2006','2006','0','否','','','',''),('2422','0','75','小仓决','女','1975-11-26','山南乃东','藏族','党员','1997-06','1997-06','0','0','2014-10','0','事业单位','专技十级-中级','乃东中学','','','','','','','中专','1997-06','3','0','教师','1997-06','','0','','','','0','2006','2006','0','否','','0','',''),('2424','0','75','巴桑拉姆','女','1982-03-10','措美县','藏族','','2005-07','2005-07','0','0','2015-12','0','事业单位','专技十级-中级','乃东中学','','','','','','','本科','2005-07','4','0','教师','2005-07','','0','','','','0','2006','2006','0','否','','0','',''),('2423','0','75','曾义','男','1973-12-09','重庆潼南','汉族','党员','1997-07','1997-07','0','0','2016-01','0','事业单位','专技七级-副高','乃东中学','','','','','','','大专','1997-06','3','0','教师','1997-07','','0','','','','0','2006','2006','0','否','','0','',''),('1118','0','75','答鑫晶','男','1989-08-21','陕西安康','回族','党员','2012-07','2012-07','0','0','2012-07','0','事业单位','专技十二级-助理','乃东中学','','','','','','','本科','2012-07','4','0','教师','2012-07','','0','','','','0','2012','2012','0','否','','0','',''),('4605','0','75','扎西','男','1969-01-01','山南乃东','藏族','党员','1992-07','1992-07','0','0','2012-09','0','事业单位','专技十级-中级','乃东中学','非领导职务','','','','','','中专','1992-06','4','0','教师','1995-08','','0','','','','0','2006','2006','0','否','','0','',''),('4595','0','75','普布玉珍','女','1972-03-19','山南乃东','藏族','','1994-07','1994-07','0','0','2007-01','0','事业单位','专技十级-中级','乃东中学','','','','','','','大专','1994-06','3','0','教师','1994-07','','0','','','','0','2006','2006','0','否','','0','',''),('1146','0','75','索朗多吉','男','1989-09-18','山南隆子县','藏族','党员','2011-07','2011-07','0','0','2013-07','0','事业单位','专技十二级-助理','乃东中学','','','','','','','大专','2011-07','3','0','教师','2011-07','','0','','','','0','2011','2011','0','否','','0','',''),('1140','0','75','高八民','男','1985-05','甘肃','汉族','党员','2007-07','2007-07','0','0','2017-01','0','事业单位','专技十级-中级','乃东中学','','','','','','','本科','2007-06','4','0','教师','2007-07','','0','','','','0','0','0','0','否','','0','',''),('2427','0','75','阿古','男','1970-07-11','加查县','藏族','党员','1993-07','1993-07','0','0','2010-08','0','事业单位','专技十级-中级','乃东中学','','','','','','','中专','1993-07','3','0','教师','1993-07','','0','','','','0','2006','2006','0','否','','0','',''),('2417','0','75','普布扎西','男','1973-09-13','山南桑日县','藏族','','1995-06','1995-06','0','0','2007-02','0','事业单位','专技十级-中级','乃东中学','','','','','','','中专','1995-06','3','0','教师','1995-06','','0','','','','0','2006','2006','0','否','','0','',''),('2418','0','75','米久旦巴','男','1975-05-07','山南贡嘎','藏族','党员','1997-06','1997-06','0','0','2007-01','0','事业单位','专技十级-中级','乃东中学','','','','','','','本科','1997-06','4','0','教师','1997-06','','0','','','','0','2006','2006','0','否','','0','',''),('2420','0','75','卓玛','女','1979-01-25','拉萨','藏族','党员','2000-07','2000-07','0','0','2013-11','0','事业单位','专技十级-中级','乃东中学','','','','','','','中专','2000-06','3','0','教师','2000-07','','0','','','','0','2006','2006','0','否','','0','',''),('3968','0','75','普布扎西','男','1984-08-25','山南错那县','藏族','党员','2007-07','2007-07','0','0','2016-08','0','事业单位','专技十级-中级','乃东区中学','','','','','','','本科','2007-06','4','0','教师','2007-07','','0','','','','0','2007','2007','0','否','','0','',''),('2421','0','75','次旺朗杰','男','1984-08-21','拉萨','藏族','','2007-07','2007-07','0','0','2010-08','0','事业单位','专技十二级-助理','乃东中学','','','','','','','本科','2007-07','4','0','教师','2007-07','','0','','','','0','2007','2007','0','否','','0','',''),('1112','0','75','拉巴次仁','男','1983-10-26','青海','藏族','','2005-08','2005-08','0','0','2009-02','0','事业单位','专技十二级-助理','乃东中学','','','','','','','大专','2005-08','3','0','教师','2005-08','','0','','','','0','2006','2006','0','否','','0','',''),('2401','0','75','韩思博','女','1986-02-24','辽宁锦州','满族','党员','2007-07','2007-07','0','0','2013-08','0','事业单位','专技十二级-助理','乃东中学','','','','','','','大专','2007-07','3','0','教师','2007-07','','0','','','','0','2007','2007','0','否','','0','',''),('2425','0','75','索朗白珍','女','1979-06-06','曲松','藏族','','2001-06','2001-06','0','0','2013-11','0','事业单位','专技十级-中级','乃东中学','','','','','','','大专','2001-06','3','0','教师','2001-06','','0','','','','0','2006','2006','0','否','','0','',''),('1143','0','75','普布次仁','男','1976-08-15','山南洛扎县','藏族','党员','2001-07','2001-07','0','0','2011-06','0','事业单位','专技十级-中级','乃东中学','','','','','','','大专','2001-07','3','0','教师','2001-07','','0','','','','0','2006','2006','0','否','','0','',''),('1147','0','75','措姆','女','1977-07-10','山南措美县','藏族','党员','2002-07','2002-07','0','0','2015-11','0','事业单位','专技十二级-助理','乃东中学','','','','','','','大专','2002-07','3','0','教师','2002-07','','0','','','','0','2006','2006','0','否','','0','',''),('1150','0','75','扎桑','女','1967-11-03','山南乃东','藏族','','1988-07','1988-07','0','0','2013-01','0','事业单位','专技七级-副高','乃东中学','','','','','','','中专','1988-07','4','0','教师','1988-07','','0','','','','0','2006','2006','0','否','','0','',''),('2414','0','75','格桑多吉','男','1979-04-02','山南错那县','藏族','党员','1999-07','1999-07','0','0','2014-07','0','事业单位','专技十级-中级','乃东中学','','','','','','','中专','1999-07','3','0','教师','1999-07','','0','','','','0','2006','2006','0','否','','0','',''),('1603','0','75','毛次仁','男','1967-04-15','山南乃东','藏族','党员','1984-07','1984-07','0','0','2008-01','0','事业单位','专技十级-中级','乃东中学','','','','','','','中专','1984-07','4','0','教师','1984-07','','0','','','','0','2006','2006','0','否','','0','',''),('1606','0','75','格桑','女','1977-01-01','山南乃东','藏族','','2000-07','2000-07','0','0','2015-12','0','事业单位','专技十级-中级','乃东中学','','','','','','','大专','2000-07','3','0','教师','2000-07','','0','','','','0','2006','2006','0','否','','0','',''),('1608','0','75','央拉','女','1990-06-23','甘肃甘南','藏族','','2013-12','2013-12','0','0','2015-08','0','事业单位','专技十二级-助理','乃东中学','','','','','','','本科','2013-06','4','0','教师','2013-12','','0','','','','0','2013','2013','0','否','','0','',''),('2382','0','75','卓嘎','女','1984-03-10','江孜','藏族','','2007-07','2007-07','0','0','2012-03','0','事业单位','专技十二级-助理','乃东中学','','','','','','','本科','2007-07','4','0','教师','2007-07','','0','','','','0','2007','2007','0','否','','0','',''),('2387','0','75','普布','男','1978-10-10','山南琼结','藏族','','2001-07','2001-07','0','0','2014-10','0','事业单位','专技十级-中级','乃东中学','','','','','','','大专','2001-07','3','0','教师','2001-07','','0','','','','0','2006','2006','0','否','','0','',''),('2388','0','75','弓瑞东','男','1983-02','山西原平市','汉族','党员','2007-07','2007-07','0','0','2012-03','0','事业单位','专技十二级-助理','乃东中学','','','','','','','本科','2007-06','4','0','教师','2007-07','','0','','','','0','0','0','0','否','','0','',''),('2389','0','75','嘎多','女','1975-10-01','山南贡嘎','藏族','党员','1998-07','1998-07','0','0','2009-03','0','事业单位','专技十级-中级','乃东中学','','','','','','','大专','1998-07','3','0','教师','1998-07','','0','','','','0','2006','2006','0','否','','0','',''),('1071','0','75','其米卓嘎','女','1968-04-03','山南桑日县','藏族','','1989-07','1989-07','0','0','2004-02','0','事业单位','专技十级-中级','乃东中学','','','','','','','中专','1989-07','4','0','教师','1989-07','','0','','','','0','2006','2006','0','否','','0','',''),('1069','0','75','达娃','男','1973-10-23','山南乃东','藏族','','1998-07','1998-07','0','0','2010-01','0','事业单位','专技十级-中级','乃东中学','','','','','','','大专','1998-06','3','0','教师','1998-07','','0','','','','0','2006','2006','0','否','','0','',''),('1075','0','75','普布次仁','男','1966-01','山南乃东','藏族','','1989-07','1989-07','0','0','2017-12','0','事业单位','专技四级-正高','乃东中学','','','','','','','本科','1989-07','5','0','教师','1989-07','','0','','','','0','0','0','0','否','2017-12','0','',''),('1070','0','75','巴桑旺堆','男','1970-04-17','山南贡嘎','藏族','','1993-07','1993-07','0','0','2008-12','0','事业单位','专技十级-中级','乃东中学','','','','','','','大专','1993-07','3','0','教师','1993-07','','0','','','','0','2006','2006','0','否','','0','',''),('1076','0','75','格桑扎西','男','1974-06-15','山南琼结县','藏族','党员','1999-07','1999-07','0','0','2012-08','0','事业单位','专技十级-中级','乃东中学','','','','','','','本科','1999-07','4','0','教师','1999-07','','0','','','','0','2006','2006','0','否','','0','',''),('4076','0','75','白玛卓嘎','女','1972-07-06','山南乃东','藏族','','1994-06','1994-06','0','0','2005-12','0','事业单位','专技十级-中级','乃东中学','','','','','','','大专','1994-06','3','0','教师','1994-06','','0','','','','0','2006','2006','0','否','','0','',''),('4075','0','75','次旦欧珠','男','1984-11-08','日喀则定结县','藏族','','2008-11','2008-11','0','0','2016-08','0','事业单位','专技十级-中级','乃东中学','','','','','','','本科','2008-07','4','0','教师','2008-11','','0','','','','0','2008','2008','0','否','','0','',''),('1074','0','75','索朗多吉','男','1976-09-20','山南洛扎县','藏族','','1999-07','1999-07','0','0','2010-01','0','事业单位','专技十级-中级','山南乃东中学','','','','','','','大专','1999-07','3','0','教师','1999-07','','0','','','','0','2006','2006','0','否','','0','',''),('1073','0','75','米玛','男','1972-08-05','山南贡嘎县','藏族','党员','1993-07','1993-07','0','0','2008-01','0','事业单位','专技十级-中级','乃东中学','','','','','','','中专','1993-07','4','0','教师','1993-07','','0','','','','0','2006','2006','0','否','','0','',''),('1072','0','75','尼玛拉姆','女','1981-09-15','山南乃东','藏族','党员','2001-06','2001-06','0','0','2013-11','0','事业单位','专技十级-中级','乃东中学','','','','','','','中专','2001-06','3','0','教师','2001-06','','0','','','','0','2006','2006','0','否','','0','',''),('899','0','75','边巴扎西','男','1983-11-09','山南隆子','藏族','','2008-07','2008-07','0','0','2015-12','0','事业单位','专技十级-中级','乃东中学','','','','','','','本科','2008-06','4','0','教师','2008-07','','0','','','','0','2008','2008','0','否','','0','',''),('903','0','75','刘立新','男','1975-10-07','湖南邵阳','汉族','','1993-07','1993-07','0','0','2008-01','0','事业单位','专技十级-中级','乃东中学','','','','','','','中专','1993-06','3','0','教师','1993-07','','0','','','','0','2006','2006','0','否','','0','',''),('901','0','75','索朗拉姆','女','1986-04-16','山南隆子县','藏族','','2009-07','2009-07','0','0','2009-07','0','事业单位','专技十二级-助理','乃东中学','','','','','','','本科','2009-07','4','0','教师','2009-07','','0','','','','0','2009','2009','0','否','','0','',''),('4058','0','75','边巴次旦','男','1976-07-01','山南措美县','藏族','党员','1996-06','1996-06','0','0','2016-08','0','事业单位','专技十级-中级','乃东中学','','','','','','','中专','1996-06','3','0','教师','1996-06','','0','','','','0','2006','2006','0','否','','0','',''),('897','0','75','达瓦','男','1966-01-06','贡嘎','藏族','','1990-07','1990-07','0','0','2010-09','0','事业单位','专技七级-副高','乃东中学','','','','','','','本科','1990-07','4','0','教师','1990-07','','0','','','','0','2006','2006','0','否','','0','',''),('884','0','75','洛桑尼玛','男','1976-04-08','乃东','藏族','党员','1995-03','1995-03','0','0','2014-10','0','事业单位','专技十级-中级','乃东中学','','','','','','','中专','2000-03','3','0','教师','1995-03','','0','','','','0','2006','2006','0','否','','0','',''),('885','0','75','王超','男','1977-08-11','四川眉山','汉族','党员','2000-07','2000-07','0','0','2010-01','0','事业单位','专技十级-中级','乃东中学','','','','','','','大专','2000-07','3','0','教师','2000-07','','0','','','','0','2006','2006','0','否','','0','',''),('1066','0','75','次仁卓嘎','女','1968-12-20','山南隆子县','藏族','','1991-07','1991-07','0','0','2005-12','0','事业单位','专技十级-中级','乃东中学','','','','','','','中专','1991-07','4','0','教师','1991-07','','0','','','','0','2006','2006','0','否','','0','',''),('1121','0','75','次旺多吉','男','1976-03','山南隆子县','藏族','党员','1996-07','1996-07','0','0','2017-07','0','事业单位','专技七级-副高','乃东中学','','','','','','','中专','1996-07','4','0','教师','1996-07','','0','','','','0','0','0','0','否','','0','',''),('1137','0','75','仓木啦','女','1973-07-15','西藏拉萨','藏族','','1996-07','1996-07','0','0','2008-01','0','事业单位','专技十级-中级','乃东中学','','','','','','','大专','1996-07','3','0','教师','1996-07','','0','','','','0','2006','2006','0','否','','0','',''),('1142','0','75','央金拉姆','女','1982-08-08','山南错那','藏族','','2001-07','2001-07','0','0','2010-09','0','事业单位','专技十二级-助理','乃东中学','','','','','','','大专','2006-06','2','0','教师','2001-07','','0','','','','0','2006','2006','0','否','','0','',''),('2426','0','75','达珍','女','1987-03-09','琼结县','藏族','','2012-03','2012-03','0','0','2012-03','0','事业单位','专技十二级-助理','乃东中学','','','','','','','本科','2010-06','4','0','教师','2012-03','','0','','','','0','2012','2012','0','否','','0','',''),('923','0','75','陈利彬','女','1975-10-16','陕西富平','汉族','党员','2000-07','2000-07','0','0','2010-01','0','事业单位','专技十级-中级','乃东中学','','','','','','','大专','2000-07','3','0','教师','2000-07','','0','','','','0','2006','2006','0','否','','0','',''),('922','0','75','陈美宝','男','1985-10-20','陕西旬阳','汉族','党员','2009-07','2009-07','0','0','2009-07','0','事业单位','专技十二级-助理','乃东中学','','','','','','','本科','2009-07','4','0','教师','2009-07','','0','','','','0','2009','2009','0','否','','0','',''),('921','0','75','罗再富','男','1971-08-16','四川安岳','汉族','党员','2009-07','2009-07','0','0','2009-07','0','事业单位','专技十二级-助理','乃东中学','','','','','','','本科','2009-07','4','0','教师','2009-07','','0','','','','0','2009','2009','0','否','','0','',''),('1607','0','75','普布央金','女','1983-06-01','山南乃东','藏族','','2007-06','2007-06','0','0','2015-11','0','事业单位','专技十级-中级','乃东中学','','','','','','','本科','2007-06','4','0','教师','2007-06','','0','','','','0','2007','2007','0','否','','0','',''),('920','0','75','次仁罗布','男','1966-08-01','山南加查县','藏族','','1991-07','1991-07','0','0','2010-01','0','事业单位','专技十级-中级','乃东中学','','','','','','','中专','1991-07','3','0','教师','1991-07','','0','','','','0','2006','2006','0','否','','0','',''),('913','0','75','米玛','男','1974-08-10','日喀则亚东县','藏族','党员','1998-07','1998-07','0','0','2008-01','0','事业单位','专技十级-中级','乃东中学','','','','','','','本科','1998-07','4','0','教师','1998-07','','0','','','','0','2006','2006','0','否','','0','',''),('919','0','75','次仁','男','1969-06-23','山南乃东','藏族','党员','1989-07','1989-07','0','0','1998-04','0','事业单位','专技十级-中级','乃东中学','','','','','','','中专','1989-07','4','0','教师','1989-07','','0','','','','0','2006','2006','0','否','','0','',''),('914','0','75','次仁多吉','男','1968-09-07','山南隆子县','藏族','党员','1991-07','1991-07','0','0','2010-01','0','事业单位','专技十级-中级','乃东中学','','','','','','','中专','1991-07','4','0','教师','1991-07','','0','','','','0','2006','2006','0','否','','0','',''),('906','0','75','仓决','女','1969-09-29','山南乃东县','藏族','','1989-07','1989-07','0','0','2008-01','0','事业单位','专技十级-中级','乃东中学','','','','','','','中专','1989-07','4','0','教师','1989-07','','0','','','','0','2006','2006','0','否','','0','',''),('904','0','75','查果','女','1972-10-28','山南桑日县','藏族','','1993-07','1993-07','0','0','2007-01','0','事业单位','专技十级-中级','乃东中学','','','','','','','大专','1993-06','3','0','教师','1993-07','','0','','','','0','2006','2006','0','否','','0','',''),('911','0','75','达娃扎西','男','1984-01-22','昌都芒康','藏族','党员','2006-07','2006-07','0','0','2015-11','0','事业单位','专技十级-中级','乃东中学','','','','','','','本科','2006-07','4','0','教师','2006-07','','0','','','','0','2006','2006','0','否','','0','',''),('912','0','75','米玛曲珍','女','1970-08-06','山南乃东','藏族','党员','1997-06','1997-06','0','0','2013-11','0','事业单位','专技十级-中级','乃东中学','','','','','','','中专','1997-06','3','0','教师','1997-06','','0','','','','0','2006','2006','0','否','','0','',''),('918','0','75','彭庆','女','1986-10-01','四川都江堰','汉族','','2009-06','2009-06','0','0','2009-06','0','事业单位','专技十二级-助理','山南乃东中学','','','','','','','本科','2009-06','4','0','教师','2009-06','','0','','','','0','2009','2009','0','否','','0','',''),('908','0','75','强珍','女','1973-07-23','西藏拉萨','藏族','','1994-07','1994-07','0','0','2008-01','0','事业单位','专技十级-中级','乃东中学','','','','','','','大专','1994-07','3','0','教师','1994-07','','0','','','','0','2006','2006','0','否','','0','',''),('910','0','75','德吉','女','1965-12-11','山南隆子县','藏族','','1988-07','1988-07','0','0','2004-05','0','事业单位','专技十级-中级','乃东中学','','','','','','','中专','1988-07','4','0','教师','1988-07','','0','','','','0','2006','2006','0','否','','0','',''),('917','0','75','琼达卓嘎','女','1981-01-31','阿里改则县','藏族','党员','2003-07','2003-07','0','0','2013-11','0','事业单位','专技十级-中级','乃东区中学','','','','','','','本科','2003-06','4','0','教师','2003-07','','0','','','','0','2006','2006','0','否','','0','',''),('909','0','75','边巴拉姆','女','1985-11-23','西藏乃东','藏族','党员','2008-07','2008-07','0','0','2012-03','0','事业单位','专技十二级-助理','乃东中学','','','','','','','本科','2008-07','4','0','教师','2008-07','','0','','','','0','2008','2008','0','否','','0','',''),('1743','0','75','扎桑','女','1975-01-21','贡嘎县','藏族','','1999-07','1999-07','0','0','2005-09','0','事业单位','专技十二级-助理','乃东中学','','','','','','','大专','1999-06','3','0','教师','1999-07','','0','','','','0','2006','2006','0','否','','0','',''),('1629','0','75','玉珍','女','1982-05-24','昌都丁青县','藏族','','2007-06','2007-06','0','0','2015-11','0','事业单位','专技十级-中级','乃东中学','','','','','','','本科','2007-06','4','0','教师','2007-06','','0','','','','0','2007','2007','0','否','','0','',''),('1628','0','75','刚组卓玛','女','1976-09-10','山南乃东','藏族','党员','1997-06','1997-06','0','0','2015-12','0','事业单位','专技十级-中级','乃东中学','','','','','','','中专','1997-06','3','0','教师','1997-06','','0','','','','0','2006','2006','0','否','','0','',''),('4062','0','75','米玛次仁','男','1971-09-10','山南乃东','藏族','党员','1993-06','1993-06','0','0','2008-01','0','事业单位','专技十级-中级','乃东中学','','','','','','','中专','1993-06','3','0','教师','1993-06','','0','','','','0','2006','2006','0','否','','0','',''),('1742','0','75','次仁边觉','男','1976-04-03','曲松县','藏族','党员','1997-06','1997-06','0','0','2010-12','0','事业单位','专技十级-中级','乃东中学','','','','','','','中专','1997-06','3','0','教师','1997-06','','0','','','','0','2006','2006','0','否','','0','',''),('1744','0','75','拉巴次仁','男','1981-10-07','山南措美县','藏族','','2006-07','2006-07','0','0','2009-09','0','事业单位','专技十二级-助理','乃东中学','','','','','','','本科','2006-07','4','0','教师','2006-07','','0','','','','0','2006','2006','0','否','','0','',''),('3971','0','75','何爱军','男','1977-06-05','湖北黄冈','汉族','党员','1998-06','1998-06','0','0','2010-01','0','事业单位','专技十级-中级','乃东中学','','','','','','','大专','1998-06','3','0','教师','1998-06','','0','','','','0','2006','2006','0','否','','0','',''),('3959','0','75','吾金吉米','男','1992-03-06','山南扎囊县','藏族','','2016-09','2016-09','0','0','2016-09','0','事业单位','专技十二级-助理','乃东中学','','','','','','','本科','2016-07','4','0','教师','2016-09','','0','','','','0','2016','2016','0','否','','0','',''),('3960','0','75','扎西拉宗','女','1993-06-23','山南措美县','藏族','','2016-09','2016-09','0','0','2016-09','0','事业单位','专技十二级-助理','乃东中学','','','','','','','本科','2016-07','4','0','教师','2016-09','','0','','','','0','2016','2016','0','否','','0','',''),('2385','0','75','扎西央宗','女','1977-08-09','山南贡嘎','藏族','','2001-07','2001-07','0','0','2012-09','0','事业单位','专技十级-中级','乃东中学','','','','','','','大专','2001-07','3','0','教师','2001-07','','0','','','','0','2006','2006','0','否','','0','',''),('1745','0','75','普布曲珍','女','1980-08-01','山南乃东','藏族','党员','2002-07','2002-07','0','0','2013-11','0','机关单位','专技十级-中级','乃东中学','','','','','','','大专','2002-07','3','0','教师','2002-07','','0','','','','0','2006','2006','0','否','','0','',''),('3970','0','75','嘎珠','男','1975-12-24','山南乃东','藏族','党员','1997-07','1997-07','0','0','2015-12','0','事业单位','专技十级-中级','乃东中学','','','','','','','中专','1997-07','3','0','教师','1997-07','','0','','','','0','2006','2006','0','否','','0','',''),('3969','0','75','罗布多吉','男','1984-06-04','山南洛扎县','藏族','','2011-07','2011-07','0','0','2016-08','0','事业单位','专技十二级-助理','乃东区中学','','','','','','','本科','2010-06','4','0','教师','2011-07','','0','','','','0','2011','2011','0','否','','0','',''),('3979','0','75','布珍','女','1982-03-10','昌都','藏族','','2005-07','2005-07','0','0','2014-01','0','事业单位','专技十级-中级','乃东中学','','','','','','','本科','2005-06','4','0','教师','2005-07','','0','','','','0','2006','2006','0','否','','0','',''),('4057','0','75','边巴曲培','男','1989-10-11','山南乃东','藏族','','2011-07','2011-07','0','0','2012-07','0','事业单位','专技十二级-助理','乃东中学','','','','','','','本科','2011-12','4','0','教师','2011-07','','0','','','','0','2011','2011','0','否','','0','',''),('4010','0','75','高华','女','1964-12-28','四川眉山','汉族','党员','1988-07','1988-07','0','0','2010-09','0','事业单位','专技七级-副高','乃东中学','','','','','','','中专','1988-06','4','0','教师','1988-07','','0','','','','0','2006','2006','0','否','','0','',''),('4375','0','75','嘎玛多吉','男','1980-05-10','山南贡嘎','藏族','党员','2003-07','2003-07','0','0','2015-12','0','事业单位','专技十级-中级','乃东中学','','','','','','','大专','2003-06','3','0','教师','2003-07','','0','','','','0','2006','2006','0','否','','0','',''),('4382','0','75','永华','女','1972-11-30','拉萨','藏族','党员','1994-06','1994-06','0','0','2008-01','0','事业单位','专技十级-中级','乃东中学','','','','','','','大专','1994-06','2','0','教师','1994-06','','0','','','','0','2006','2006','0','否','','0','',''),('4594','0','75','梁慧民','女','1969-10','河南安阳','藏族','','1991-07','1991-07','0','0','2017-12','0','事业单位','专技七级-副高','乃东中学','','','','','','','大专','1991-07','3','0','教师','1991-07','','0','','','','0','0','0','0','否','2017-12','0','',''),('4136','0','75','巴桑','男','1974-06-01','山南乃东','藏族','党员','1995-07','1995-07','0','0','2013-08','0','事业单位','专技十级-中级','乃东中学','','','','','','','中专','1995-06','3','0','教师','1995-07','','0','','','','0','2006','2006','0','否','','0','',''),('3976','0','75','扎西措姆','女','1984-02-15','山南贡嘎县','藏族','','2009-07','2009-07','0','0','2016-08','0','事业单位','专技十二级-助理','乃东中学','','','','','','','本科','2009-06','4','0','教师','2009-07','','0','','','','0','2009','2009','0','否','','0','',''),('2386','0','75','宿斌','男','1966-09','甘肃','汉族','','1987-07','1987-07','0','0','2017-12','0','事业单位','专技七级-副高','乃东中学','','','','','','','中专','1987-07','3','0','教师','1987-07','','0','','','','0','0','0','0','否','2017-12','0','',''),('4000','0','75','段守鹏','男','1982-06-01','河南安阳','汉族','','2007-07','2007-07','0','0','2010-01','0','事业单位','专技十二级-助理','乃东中学','','','','','','','本科','2007-06','4','0','教师','2007-07','','0','','','','0','2007','2007','0','否','','0','',''),('4064','0','75','丁卫红','女','1969-11-09','林芝工布江达县','藏族','','1994-06','1994-06','0','0','2005-01','0','事业单位','专技十二级-助理','乃东中学','','','','','','','高中','1987-06','3','0','教师','1994-06','','0','','','','0','2006','2006','0','否','','0','',''),('4137','0','75','达嘎巴珠','男','1982-05-20','山南错那县','藏族','','2005-07','2005-07','0','0','2010-07','0','事业单位','专技十二级-助理','乃东中学','','','','','','','本科','2005-06','4','0','教师','2005-07','','0','','','','0','2006','2006','0','否','','0','',''),('4593','0','75','张金容','女','1979-07-19','湖北武汉','汉族','','2004-07','2004-07','0','0','2006-01','0','事业单位','专技十二级-助理','乃东中学','','','','','','','本科','2003-07','4','0','教师','2004-07','','0','','','','0','2006','2006','0','否','','0','','');|INSERT INTO `tx_jobinfo` (`id`, `personid`, `sort`, `oldposttime`, `oldpostkind`, `oldpostname`, `oldarea`, `oldunitkind`, `oldunitname`, `oldisleader`, `height`)  VALUES ('18428','2412','0','2014-08','事业单位专业技术人员','专技十二级-助理','二类区','事业单位','乃东中学','','0'),('8201','1742','0','1997-06','事业单位专业技术人员','专技十三级-员级','二类区','事业单位','加查县郭西嘎完小','','0'),('18769','1607','0','2010-03','事业单位专业技术人员','专技十二级-助理','二类区','事业单位','乃东中学','','0'),('21137','884','0','2004-10','事业单位专业技术人员','专技十三级-员级','二类区','事业单位','乃东索珠完小','','0'),('18768','1607','0','2007-06','事业单位专业技术人员','专技十二级-助理','二类区','事业单位','日喀则聂拉木县中学','','0'),('21567','897','0','2010-09','事业单位专业技术人员','专技七级-副高','二类区','事业单位','乃东中学','','0'),('18558','912','0','1997-06','事业单位专业技术人员','专技十三级-员级','二类区','事业单位','结巴完小','','0'),('18621','903','0','1998-07','事业单位专业技术人员','专技十二级-助理','二类区','事业单位','洛隆县中学','','0'),('20796','919','0','1989-07','事业单位专业技术人员','专技十三级-员级','二类区','事业单位','贡嘎县中学','','0'),('18594','2413','0','2014-08','事业单位专业技术人员','专技十二级-助理','二类区','事业单位','乃东中学','','0'),('18684','1606','0','2000-07','事业单位专业技术人员','专技十三级-员级','二类区','事业单位','米林县中学','','0'),('20797','919','0','1993-04','事业单位专业技术人员','专技十二级-助理','二类区','事业单位','贡嘎县中学','','0'),('20798','919','0','1998-04','事业单位专业技术人员','专技十级-中级','二类区','事业单位','乃东中学','','0'),('21307','914','0','2001-10','事业单位专业技术人员','专技十三级-员级','二类区','事业单位','乃东中学','','0'),('18429','913','0','1998-07','事业单位专业技术人员','专技十二级-助理','二类区','事业单位','乃东中学','','0'),('21290','917','0','2003-07','事业单位专业技术人员','专技十二级-助理','二类区','事业单位','贡嘎县实验中学','','0'),('21291','917','0','2007-07','事业单位专业技术人员','专技十二级-助理','二类区','事业单位','乃东区中学','','0'),('21308','914','0','2004-07','事业单位专业技术人员','专技十二级-助理','二类区','事业单位','乃东中学','','0'),('18430','913','0','2008-01','事业单位专业技术人员','专技十级-中级','二类区','事业单位','乃东中学','','0'),('18588','885','0','2010-01','事业单位专业技术人员','专技十级-中级','二类区','事业单位','乃东中学','','0'),('18559','912','0','2008-04','事业单位专业技术人员','专技十二级-助理','二类区','事业单位','结巴完小','','0'),('18560','912','0','2013-11','事业单位专业技术人员','专技十级-中级','二类区','事业单位','乃东中学','','0'),('18605','911','0','2015-11','事业单位专业技术人员','专技十级-中级','二类区','事业单位','乃东中学','','0'),('5702','910','0','1995-10','事业单位专业技术人员','专技十二级-助理','二类区','事业单位','隆子县中学','','0'),('5703','910','0','2004-05','事业单位专业技术人员','专技十级-中级','二类区','事业单位','乃东中学','','0'),('18836','909','0','2012-03','事业单位专业技术人员','专技十二级-助理','二类区','事业单位','乃东中学','','0'),('18424','908','0','1999-05','事业单位专业技术人员','专技十二级-助理','二类区','事业单位','乃东中学','','0'),('18425','908','0','2008-01','事业单位专业技术人员','专技十级-中级','二类区','事业单位','乃东中学','','0'),('18421','906','0','1993-04','事业单位专业技术人员','专技十二级-助理','二类区','事业单位','贡嘎县中学','','0'),('18422','906','0','2008-01','事业单位专业技术人员','专技十级-中级','二类区','事业单位','乃东中学','','0'),('18763','904','0','1995-01','事业单位专业技术人员','专技十二级-助理','二类区','事业单位','山南第二中学','','0'),('18764','904','0','2007-01','事业单位专业技术人员','专技十级-中级','二类区','事业单位','乃东中学','','0'),('18604','911','0','2006-07','事业单位专业技术人员','专技十二级-助理','二类区','事业单位','乃东中学','','0'),('18685','1606','0','2006-04','事业单位专业技术人员','专技十二级-助理','二类区','事业单位','乃东中学','','0'),('18686','1606','0','2015-12','事业单位专业技术人员','专技十级-中级','二类区','事业单位','乃东中学','','0'),('19884','1603','0','1996-08','事业单位专业技术人员','专技十二级-助理','二类区','事业单位','乃东泽当镇完小','','0'),('19883','1603','0','1984-07','事业单位专业技术人员','专技十三级-员级','二类区','事业单位','乃东泽当镇完小','','0'),('19885','1603','0','2008-01','事业单位专业技术人员','专技十级-中级','二类区','事业单位','乃东中学','','0'),('21296','1286','0','1999-07','事业单位专业技术人员','专技十三级-员级','二类区','事业单位','隆子县中学','','0'),('21297','1286','0','2000-07','事业单位专业技术人员','专技十三级-员级','二类区','事业单位','乃东中学','','0'),('18688','1264','0','2015-11','事业单位专业技术人员','专技十级-中级','二类区','事业单位','乃东中学','','0'),('18687','1264','0','2002-07','事业单位专业技术人员','专技十二级-助理','二类区','事业单位','乃东中学','','0'),('18746','1269','0','2014-10','事业单位专业技术人员','专技十级-中级','二类区','事业单位','乃东中学','','0'),('18745','1269','0','2007-07','事业单位专业技术人员','专技十二级-助理','二类区','事业单位','乃东中学','','0'),('18647','1277','0','2014-10','事业单位专业技术人员','专技十级-中级','二类区','事业单位','乃东中学','','0'),('18646','1277','0','2005-09','事业单位专业技术人员','专技十二级-助理','二类区','事业单位','乃东中学','','0'),('18645','1277','0','1998-07','事业单位专业技术人员','专技十三级-员级','二类区','事业单位','扎朗中学','','0'),('18842','1279','0','2012-09','事业单位专业技术人员','专技十级-中级','二类区','事业单位','乃东中学','','0'),('18841','1279','0','2006-04','事业单位专业技术人员','专技十二级-助理','二类区','事业单位','乃东中学','','0'),('18840','1279','0','2002-07','事业单位专业技术人员','专技十三级-员级','二类区','事业单位','乃东中学','','0'),('18127','1282','0','2010-01','事业单位专业技术人员','专技十级-中级','二类区','事业单位','乃东中学','','0'),('18126','1282','0','2004-01','事业单位专业技术人员','专技十二级-助理','二类区','事业单位','山南隆子县中学','','0'),('18125','1282','0','1998-07','事业单位专业技术人员','专技十三级-员级','二类区','事业单位','山南隆子县中学','','0'),('21298','1286','0','2002-02','事业单位专业技术人员','专技十二级-助理','二类区','事业单位','乃东中学','','0'),('33050','2386','','2017-12','事业单位专业技术人员','专技七级-副高','二类区','事业单位','乃东中学','','0'),('33042','1075','','2017-12','事业单位专业技术人员','专技四级-正高','二类区','事业单位','乃东中学','','0'),('33046','4594','','2017-12','事业单位专业技术人员','专技七级-副高','二类区','事业单位','乃东中学','','0'),('32701','6469','','1982-09','事业单位专业技术人员','专技十三级-员级','二类区','事业单位','乃东区中学','','0'),('32702','6469','','2005-09','事业单位专业技术人员','专技十二级-助理','二类区','事业单位','乃东区中学','','0'),('18598','1260','0','1999-06','事业单位专业技术人员','专技十三级-员级','二类区','事业单位','加查县加查镇完小','','0'),('19232','1259','0','1988-07','事业单位专业技术人员','专技十三级-员级','二类区','事业单位','加查县中学','','0'),('19233','1259','0','1995-11','事业单位专业技术人员','专技十二级-助理','二类区','事业单位','加查县中学','','0'),('19234','1259','0','2005-12','事业单位专业技术人员','专技十级-中级','二类区','事业单位','乃东中学','','0'),('18579','1628','0','2015-12','事业单位专业技术人员','专技十级-中级','二类区','事业单位','乃东中学','','0'),('18578','1628','0','2007-02','事业单位专业技术人员','专技十二级-助理','二类区','事业单位','乃东颇章乡完小','','0'),('19235','1259','0','2011-08','事业单位专业技术人员','专技七级-副高','二类区','事业单位','乃东中学','','0'),('18662','1629','0','2015-11','事业单位专业技术人员','专技十级-中级','二类区','事业单位','乃东中学','','0'),('18446','3959','0','2016-09','事业单位专业技术人员','专技十二级-助理','二类区','事业单位','乃东中学','','0'),('18569','3969','0','2011-07','事业单位专业技术人员','专技十二级-助理','四类区','事业单位','那曲聂荣县中学','','0'),('28010','1140','','2017-01','事业单位专业技术人员','专技十级-中级','二类区','事业单位','乃东中学','','0'),('21562','2425','0','2001-06','事业单位专业技术人员','专技十三级-员级','二类区','事业单位','曲松县中学','','0'),('18567','3968','0','2013-11','事业单位专业技术人员','专技十级-中级','三类区','事业单位','错那县中学','','0'),('18568','3968','0','2016-08','事业单位专业技术人员','专技十级-中级','二类区','事业单位','乃东区中学','','0'),('18589','2427','0','1993-07','事业单位专业技术人员','专技十三级-员级','二类区','事业单位','加查县安绕完小','','0'),('18591','2427','0','2008-01','事业单位专业技术人员','专技十级-中级','二类区','事业单位','乃东县索珠乡完小','','0'),('18590','2427','0','1999-09','事业单位专业技术人员','专技十二级-助理','二类区','事业单位','乃东县索珠乡完小','','0'),('18627','2423','0','1997-06','事业单位专业技术人员','专技十三级-员级','二类区','事业单位','乃东中学','','0'),('18105','2424','0','2015-12','事业单位专业技术人员','专技十级-中级','二类区','事业单位','乃东中学','','0'),('18104','2424','0','2005-07','事业单位专业技术人员','专技十二级-助理','二类区','事业单位','乃东中学','','0'),('21292','917','0','2013-11','事业单位专业技术人员','专技十级-中级','二类区','事业单位','乃东区中学','','0'),('21564','2425','0','2013-11','事业单位专业技术人员','专技十级-中级','二类区','事业单位','乃东中学','','0'),('18096','2426','0','2012-03','事业单位专业技术人员','专技十二级-助理','二类区','事业单位','乃东中学','','0'),('18628','2423','0','2002-01','事业单位专业技术人员','专技十二级-助理','二类区','事业单位','乃东中学','','0'),('18146','2422','0','1997-06','事业单位专业技术人员','专技十三级-员级','二类区','事业单位','乃东地新完小','','0'),('18630','2423','0','2016-01','事业单位专业技术人员','专技七级-副高','二类区','事业单位','乃东中学','','0'),('18629','2423','0','2008-01','事业单位专业技术人员','专技十级-中级','二类区','事业单位','乃东中学','','0'),('18147','2422','0','2006-04','事业单位专业技术人员','专技十二级-助理','二类区','事业单位','乃东地新完小','','0'),('11328','2415','0','2003-11','事业单位专业技术人员','专技十二级-助理','二类区','事业单位','乃东中学','','0'),('11329','2415','0','2010-01','事业单位专业技术人员','专技十级-中级','二类区','事业单位','乃东中学','','0'),('18886','2416','0','1996-07','事业单位专业技术人员','专技十二级-助理','二类区','事业单位','乃东中学','','0'),('18885','2416','0','1993-04','事业单位专业技术人员','专技十二级-助理','三类区','事业单位','浪卡子县中学','','0'),('18884','2416','0','1989-07','事业单位专业技术人员','专技十三级-员级','三类区','事业单位','浪卡子县中学','','0'),('18585','2417','0','2007-02','事业单位专业技术人员','专技十级-中级','二类区','事业单位','乃东中学','','0'),('18584','2417','0','1998-08','事业单位专业技术人员','专技十二级-助理','二类区','事业单位','扎囊县中学','','0'),('18583','2417','0','1995-06','事业单位专业技术人员','专技十三级-员级','二类区','事业单位','扎囊县中学','','0'),('21318','2418','0','2007-01','事业单位专业技术人员','专技十级-中级','二类区','事业单位','乃东中学','','0'),('21317','2418','0','1997-06','事业单位专业技术人员','专技十二级-助理','二类区','事业单位','乃东中学','','0'),('18566','3968','0','2007-07','事业单位专业技术人员','专技十二级-助理','二类区','事业单位','昌都市贡觉县中学','','0'),('19023','2420','0','2013-11','事业单位专业技术人员','专技十级-中级','二类区','事业单位','乃东中学','','0'),('19022','2420','0','2006-04','事业单位专业技术人员','专技十二级-助理','二类区','事业单位','乃东结巴乡完小','','0'),('19021','2420','0','2000-07','事业单位专业技术人员','专技十三级-员级','二类区','事业单位','桑日县绒乡完小','','0'),('21191','2421','0','2007-07','事业单位专业技术人员','专技十二级-助理','四类区','事业单位','那曲班戈县中学','','0'),('18148','2422','0','2014-10','事业单位专业技术人员','专技十级-中级','二类区','事业单位','乃东中学','','0'),('21192','2421','0','2010-08','事业单位专业技术人员','专技十二级-助理','二类区','事业单位','乃东中学','','0'),('11327','2415','0','1999-07','事业单位专业技术人员','专技十三级-员级','二类区','事业单位','贡嘎县中学','','0'),('21283','2414','0','2006-12','事业单位专业技术人员','专技十二级-助理','二类区','事业单位','隆子县新巴完小','','0'),('21284','2414','0','2012-09','事业单位专业技术人员','专技十级-中级','二类区','事业单位','隆子县中学','','0'),('21282','2414','0','1999-07','事业单位专业技术人员','专技十三级-员级','三类区','事业单位','隆子县日当完小','','0'),('21285','2414','0','2014-07','事业单位专业技术人员','专技十级-中级','二类区','事业单位','乃东中学','','0'),('18593','2413','0','2013-12','事业单位专业技术人员','专技十二级-助理','二类区','事业单位','乃东区亚堆乡完小','','0'),('19901','4382','0','1994-06','事业单位专业技术人员','专技十三级-员级','二类区','事业单位','拉萨尼木中学','','0'),('18426','2412','0','2011-08','事业单位专业技术人员','专技十二级-助理','三类区','事业单位','浪卡子县中学','','0'),('18427','2412','0','2012-08','事业单位专业技术人员','专技十二级-助理','二类区','事业单位','乃东结巴乡完小','','0'),('5701','910','0','1988-07','事业单位专业技术人员','专技十三级-员级','二类区','事业单位','隆子县中学','','0'),('18835','909','0','2008-07','事业单位专业技术人员','专技十二级-助理','三类区','事业单位','日喀则谢通门县中学','','0'),('18696','920','0','2010-01','事业单位专业技术人员','专技十级-中级','二类区','事业单位','乃东中学','','0'),('18695','920','0','1999-12','事业单位专业技术人员','专技十二级-助理','二类区','事业单位','山南第二中学','','0'),('18694','920','0','1991-07','事业单位专业技术人员','专技十三级-员级','二类区','事业单位','加查县中学','','0'),('18423','908','0','1994-07','事业单位专业技术人员','专技十三级-员级','二类区','事业单位','乃东中学','','0'),('18420','906','0','1989-07','事业单位专业技术人员','专技十三级-员级','二类区','事业单位','贡嘎县中学','','0'),('18762','904','0','1993-07','事业单位专业技术人员','专技十三级-员级','二类区','事业单位','山南第二中学','','0'),('18103','921','0','2009-07','事业单位专业技术人员','专技十二级-助理','二类区','事业单位','乃东中学','','0'),('18825','922','0','2009-07','事业单位专业技术人员','专技十二级-助理','二类区','事业单位','乃东中学','','0'),('18709','923','0','2010-01','事业单位专业技术人员','专技十级-中级','二类区','事业单位','乃东中学','','0'),('18708','923','0','2004-01','事业单位专业技术人员','专技十二级-助理','二类区','事业单位','乃东中学','','0'),('18707','923','0','2000-07','事业单位专业技术人员','专技十三级-员级','二类区','事业单位','乃东中学','','0'),('18620','903','0','1993-07','事业单位专业技术人员','专技十三级-员级','二类区','事业单位','洛隆县马利乡小学','','0'),('18788','901','0','2009-07','事业单位专业技术人员','专技十二级-助理','二类区','事业单位','乃东中学','','0'),('18786','1608','0','2015-08','事业单位专业技术人员','专技十二级-助理','二类区','事业单位','乃东中学','','0'),('18587','885','0','2003-02','事业单位专业技术人员','专技十二级-助理','二类区','事业单位','乃东中学','','0'),('18586','885','0','2000-07','事业单位专业技术人员','专技十三级-员级','二类区','事业单位','乃东中学','','0'),('21136','884','0','2001-07','事业单位专业技术人员','专技十三级-员级','三类区','事业单位','昌都八宿县帮达镇完小','','0'),('21135','884','0','1995-03','事业单位专业技术人员','专技十三级-员级','二类区','事业单位','颇彰乡下果小学','','0'),('18573','1066','0','2005-12','事业单位专业技术人员','专技十级-中级','二类区','事业单位','乃东中学','','0'),('18572','1066','0','1999-08','事业单位专业技术人员','专技十二级-助理','二类区','事业单位','乃东中学','','0'),('18571','1066','0','1991-07','事业单位专业技术人员','专技十三级-员级','二类区','事业单位','山南地区三小','','0'),('18878','1069','0','2010-01','事业单位专业技术人员','专技十级-中级','二类区','事业单位','乃东中学','','0'),('18877','1069','0','2004-07','事业单位专业技术人员','专技十二级-助理','二类区','事业单位','乃东中学','','0'),('18876','1069','0','1998-07','事业单位专业技术人员','专技十三级-员级','二类区','事业单位','山南贡嘎县中学','','0'),('28173','5821','','2010-01','事业单位工人','技术工三级-高级工','二类区','事业单位','乃东中学','','0'),('28172','5821','','2006-06','事业单位工人','技术工四级-中级工','二类区','事业单位','乃东中学','','0'),('28171','5821','','2001-12','事业单位工人','技术工五级-初级工','二类区','事业单位','乃东中学','','0'),('18577','1628','0','1997-06','事业单位专业技术人员','专技十三级-员级','二类区','事业单位','乃东曲德贡完小','','0'),('33049','2386','','2005-03','事业单位专业技术人员','专技十级-中级','二类区','事业单位','乃东中学','','0'),('33047','2386','','1987-07','事业单位专业技术人员','专技十三级-员级','二类区','事业单位','山南扎囊县中学','','0'),('21295','2387','0','2014-10','事业单位专业技术人员','专技十级-中级','二类区','事业单位','乃东中学','','0'),('18661','1629','0','2009-08','事业单位专业技术人员','专技十二级-助理','二类区','事业单位','乃东中学','','0'),('33048','2386','','1990-07','事业单位专业技术人员','专技十二级-助理','二类区','事业单位','山南扎囊县中学','','0'),('21013','2385','0','2001-07','事业单位专业技术人员','专技十三级-员级','二类区','事业单位','乃东中学','','0'),('21014','2385','0','2005-09','事业单位专业技术人员','专技十二级-助理','二类区','事业单位','乃东中学','','0'),('21015','2385','0','2012-09','事业单位专业技术人员','专技十级-中级','二类区','事业单位','乃东中学','','0'),('18839','2382','0','2012-03','事业单位专业技术人员','专技十二级-助理','二类区','事业单位','乃东中学','','0'),('18838','2382','0','2007-07','事业单位专业技术人员','专技十二级-助理','四类区','事业单位','那曲第二中学','','0'),('18663','1745','0','2002-07','事业单位专业技术人员','专技十三级-员级','三类区','事业单位','日喀则谢通门县教育局','','0'),('18664','1745','0','2004-04','事业单位专业技术人员','专技十三级-员级','二类区','事业单位','乃东中学','','0'),('18665','1745','0','2006-04','事业单位专业技术人员','专技十二级-助理','二类区','事业单位','乃东中学','','0'),('18874','1744','0','2006-07','事业单位专业技术人员','专技十二级-助理','三类区','事业单位','日喀则吉隆县中学','','0'),('18875','1744','0','2009-09','事业单位专业技术人员','专技十二级-助理','二类区','事业单位','乃东中学','','0'),('18682','1743','0','1999-07','事业单位专业技术人员','专技十三级-员级','二类区','事业单位','乃东中学','','0'),('18683','1743','0','2005-09','事业单位专业技术人员','专技十二级-助理','二类区','事业单位','乃东中学','','0'),('8203','1742','0','2010-12','事业单位专业技术人员','专技十级-中级','二类区','事业单位','乃东中学','','0'),('8202','1742','0','2005-12','事业单位专业技术人员','专技十二级-助理','二类区','事业单位','琼结县中学','','0'),('21294','2387','0','2005-09','事业单位专业技术人员','专技十二级-助理','二类区','事业单位','乃东中学','','0'),('18555','2393','0','2015-12','事业单位专业技术人员','专技十级-中级','二类区','事业单位','乃东中学','','0'),('18554','2393','0','2006-07','事业单位专业技术人员','专技十二级-助理','二类区','事业单位','昌都芒康县中学','','0'),('18582','2394','0','2010-01','事业单位专业技术人员','专技十级-中级','二类区','事业单位','乃东中学','','0'),('18581','2394','0','2003-12','事业单位专业技术人员','专技十二级-助理','二类区','事业单位','山南洛扎县中学','','0'),('18575','2390','0','1999-08','事业单位专业技术人员','专技十二级-助理','二类区','事业单位','乃东中学','','0'),('18574','2390','0','1994-07','事业单位专业技术人员','专技十三级-员级','二类区','事业单位','山南隆子县中学','','0'),('18576','2390','0','2005-12','事业单位专业技术人员','专技十级-中级','二类区','事业单位','乃东中学','','0'),('18785','1608','0','2013-12','事业单位专业技术人员','专技十二级-助理','二类区','事业单位','多颇彰完小','','0'),('21311','2389','0','2003-07','事业单位专业技术人员','专技十二级-助理','二类区','事业单位','乃东中学','','0'),('19350','2395','0','2011-07','事业单位专业技术人员','专技十二级-助理','二类区','事业单位','乃东中学','','0'),('21310','2389','0','1998-07','事业单位专业技术人员','专技十三级-员级','二类区','事业单位','加查县中学','','0'),('21312','2389','0','2009-03','事业单位专业技术人员','专技十级-中级','二类区','事业单位','乃东中学','','0'),('34764','2388','','2012-03','事业单位专业技术人员','专技十二级-助理','二类区','事业单位','乃东中学','','0'),('21293','2387','0','2001-07','事业单位专业技术人员','专技十三级-员级','二类区','事业单位','乃东中学','','0'),('28953','5828','','2006-06','事业单位工人','技术工四级-中级工','二类区','事业单位','乃东区中学','','0'),('28155','5829','','2006-06','事业单位工人','技术工四级-中级工','二类区','事业单位','乃东区中学','','0'),('28156','5830','','2017-09','事业单位工人','技术工五级-初级工','二类区','事业单位','乃东中学','','0'),('28140','5820','','2012-12','事业单位工人','技术工四级-中级工','二类区','事业单位','乃东区中学','','0'),('18561','2392','0','1991-07','事业单位专业技术人员','专技十三级-员级','三类区','事业单位','浪卡子县中学','','0'),('18562','2392','0','1999-08','事业单位专业技术人员','专技十二级-助理','二类区','事业单位','乃东中学','','0'),('18563','2392','0','2008-01','事业单位专业技术人员','专技十级-中级','二类区','事业单位','乃东中学','','0'),('19888','2391','0','1994-04','事业单位专业技术人员','专技十二级-助理','二类区','事业单位','山南加查县中学','','0'),('18580','2394','0','1999-07','事业单位专业技术人员','专技十三级-员级','二类区','事业单位','山南洛扎县中学','','0'),('18624','2402','0','2016-03','事业单位专业技术人员','专技十二级-助理','二类区','事业单位','乃东中学','','0'),('18612','2401','0','2007-07','事业单位专业技术人员','专技十三级-员级','三类区','事业单位','日喀则昂仁中学','','0'),('18613','2401','0','2010-10','事业单位专业技术人员','专技十二级-助理','三类区','事业单位','日喀则昂仁中学','','0'),('18614','2401','0','2013-08','事业单位专业技术人员','专技十二级-助理','二类区','事业单位','乃东中学','','0'),('18676','2400','0','2007-07','事业单位专业技术人员','专技十二级-助理','三类区','事业单位','日喀则江孜县第二中学','','0'),('18677','2400','0','2010-07','事业单位专业技术人员','专技十二级-助理','二类区','事业单位','乃东中学','','0'),('18678','2400','0','2014-10','事业单位专业技术人员','专技十级-中级','二类区','事业单位','乃东中学','','0'),('18618','2399','0','2008-07','事业单位专业技术人员','专技十二级-助理','二类区','事业单位','加查县中学','','0'),('18640','2398','0','2006-05','事业单位专业技术人员','专技十二级-助理','二类区','事业单位','乃东中学','','0'),('18639','2398','0','2004-12','事业单位专业技术人员','专技十二级-助理','三类区','事业单位','那曲索县美邦中学','','0'),('18641','2398','0','2010-01','事业单位专业技术人员','专技十级-中级','二类区','事业单位','乃东中学','','0'),('11279','2396','0','2011-07','事业单位专业技术人员','专技十二级-助理','二类区','事业单位','乃东中学','','0'),('18623','2402','0','2013-12','事业单位专业技术人员','专技十二级-助理','二类区','事业单位','乃东县亚堆乡完小','','0'),('18734','2403','0','2011-06','事业单位专业技术人员','专技十级-中级','三类区','事业单位','山南措美县中学','','0'),('18733','2403','0','2006-06','事业单位专业技术人员','专技十二级-助理','三类区','事业单位','山南措美县中学','','0'),('18659','2407','0','2008-01','事业单位专业技术人员','专技十级-中级','二类区','事业单位','乃东中学','','0'),('21287','2406','0','2003-12','事业单位专业技术人员','专技十二级-助理','四类区','事业单位','那曲安多县完小','','0'),('21286','2406','0','1998-06','事业单位专业技术人员','专技十三级-员级','四类区','事业单位','那曲安多县扎仁镇完小','','0'),('21289','2406','0','2015-12','事业单位专业技术人员','专技十级-中级','二类区','事业单位','乃东中学','','0'),('21288','2406','0','2006-10','事业单位专业技术人员','专技十二级-助理','二类区','事业单位','乃东中学','','0'),('18595','2405','0','1998-07','事业单位专业技术人员','专技十二级-助理','二类区','事业单位','扎囊县中学','','0'),('18596','2405','0','2008-01','事业单位专业技术人员','专技十级-中级','二类区','事业单位','乃东中学','','0'),('18597','2405','0','2014-12','事业单位专业技术人员','专技七级-副高','二类区','事业单位','乃东中学','','0'),('18738','2404','0','2009-02','事业单位专业技术人员','专技十二级-助理','二类区','事业单位','乃东中学','','0'),('18737','2404','0','2007-03','事业单位专业技术人员','专技十三级-员级','二类区','事业单位','乃东中学','','0'),('18736','2404','0','2005-07','事业单位专业技术人员','专技十三级-员级','三类区','事业单位','山南浪卡子县中学','','0'),('18808','2397','0','2007-07','事业单位专业技术人员','专技十二级-助理','二类区','事业单位','乃东中学','','0'),('18732','2403','0','2001-06','事业单位专业技术人员','专技十三级-员级','三类区','事业单位','山南措美县中学','','0'),('18832','2409','0','2015-12','事业单位专业技术人员','专技十级-中级','二类区','事业单位','乃东中学','','0'),('19092','2410','0','2011-07','事业单位专业技术人员','专技十二级-助理','二类区','事业单位','乃东中学','','0'),('18152','2411','0','2012-07','事业单位专业技术人员','专技十二级-助理','二类区','事业单位','乃东中学','','0'),('18831','2409','0','1994-07','事业单位专业技术人员','专技十二级-助理','二类区','事业单位','山南市东辉中学','','0'),('18599','1260','0','2006-01','事业单位专业技术人员','专技十二级-助理','二类区','事业单位','乃东中学','','0'),('18442','1150','0','1988-07','事业单位专业技术人员','专技十三级-员级','二类区','事业单位','山南地区二中','','0'),('18443','1150','0','1995-11','事业单位专业技术人员','专技十二级-助理','二类区','事业单位','山南地区二中','','0'),('18444','1150','0','2005-12','事业单位专业技术人员','专技十级-中级','二类区','事业单位','乃东中学','','0'),('18445','1150','0','2013-01','事业单位专业技术人员','专技七级-副高','二类区','事业单位','乃东中学','','0'),('18098','1147','0','2002-07','事业单位专业技术人员','专技十三级-员级','二类区','事业单位','乃东中学','','0'),('18099','1147','0','2015-11','事业单位专业技术人员','专技十二级-助理','二类区','事业单位','乃东中学','','0'),('18780','1146','0','2011-07','事业单位专业技术人员','专技十三级-员级','二类区','事业单位',' 乃东多颇章乡完小','','0'),('21550','1143','0','2001-07','事业单位专业技术人员','专技十三级-员级','二类区','事业单位','洛扎县中学','','0'),('21551','1143','0','2006-04','事业单位专业技术人员','专技十二级-助理','二类区','事业单位','乃东中学','','0'),('21552','1143','0','2011-06','事业单位专业技术人员','专技十级-中级','二类区','事业单位','乃东中学','','0'),('18824','1142','0','2010-09','事业单位专业技术人员','专技十二级-助理','二类区','事业单位','乃东中学','','0'),('18823','1142','0','2001-07','事业单位专业技术人员','专技十三级-员级','三类区','事业单位','错那县中学','','0'),('28009','1140','','2009-08','事业单位专业技术人员','专技十二级-助理','二类区','事业单位','乃东中学','','0'),('18246','1137','0','2000-02','事业单位专业技术人员','专技十二级-助理','二类区','事业单位','乃东中学','','0'),('18245','1137','0','1996-07','事业单位专业技术人员','专技十三级-员级','二类区','事业单位','乃东中学','','0'),('18247','1137','0','2008-01','事业单位专业技术人员','专技十级-中级','二类区','事业单位','乃东中学','','0'),('28043','1121','','2011-06','事业单位专业技术人员','专技十级-中级','二类区','事业单位','乃东中学','','0'),('28042','1121','','2008-07','事业单位专业技术人员','专技十二级-助理','二类区','事业单位','乃东中学','','0'),('28041','1121','','2005-04','事业单位专业技术人员','专技十二级-助理','二类区','事业单位','乃东区颇章乡完小','','0'),('18129','1118','0','2012-07','事业单位专业技术人员','专技十二级-助理','二类区','事业单位','乃东中学','','0'),('19019','1112','0','2005-08','事业单位专业技术人员','专技十三级-员级','二类区','事业单位','加查县安绕镇完小','','0'),('19020','1112','0','2009-02','事业单位专业技术人员','专技十二级-助理','二类区','事业单位','乃东中学','','0'),('21560','1076','0','2010-01','事业单位专业技术人员','专技十级-中级','三类区','事业单位','山南浪卡子县中学','','0'),('21559','1076','0','1999-07','事业单位专业技术人员','专技十二级-助理','三类区','事业单位','山南浪卡子县中学','','0'),('21561','1076','0','2012-08','事业单位专业技术人员','专技十级-中级','二类区','事业单位','乃东中学','','0'),('33041','1075','','2006-07','事业单位专业技术人员','专技七级-副高','二类区','事业单位','乃东中学','','0'),('33040','1075','','1999-01','事业单位专业技术人员','专技十级-中级','二类区','事业单位','乃东中学','','0'),('33039','1075','','1989-07','事业单位专业技术人员','专技十二级-助理','二类区','事业单位','山南贡嘎县中学','','0'),('18615','1074','0','1999-07','事业单位专业技术人员','专技十三级-员级','三类区','事业单位','山南措美县中学','','0'),('18616','1074','0','2004-07','事业单位专业技术人员','专技十二级-助理','二类区','事业单位','山南乃东中学','','0'),('18617','1074','0','2010-01','事业单位专业技术人员','专技十级-中级','二类区','事业单位','山南乃东中学','','0'),('21386','1073','0','1998-07','事业单位专业技术人员','专技十三级-员级','二类区','事业单位','山南贡嘎县克西完小','','0'),('21385','1073','0','1993-07','事业单位专业技术人员','专技十三级-员级','四类区','事业单位','山南浪卡子县白地乡完小','','0'),('21387','1073','0','1998-12','事业单位专业技术人员','专技十二级-助理','二类区','事业单位','山南贡嘎县克西完小','','0'),('18724','1072','0','2001-06','事业单位专业技术人员','专技十三级-员级','二类区','事业单位','桑日县白堆乡完小','','0'),('18725','1072','0','2006-04','事业单位专业技术人员','专技十二级-助理','二类区','事业单位','桑日县白堆乡完小','','0'),('18726','1072','0','2013-11','事业单位专业技术人员','专技十级-中级','二类区','事业单位','乃东中学','','0'),('18091','1071','0','1989-07','事业单位专业技术人员','专技十三级-员级','二类区','事业单位','山南隆子县完小','','0'),('18092','1071','0','1995-05','事业单位专业技术人员','专技十二级-助理','二类区','事业单位','山南地区三小','','0'),('18093','1071','0','2004-02','事业单位专业技术人员','专技十级-中级','二类区','事业单位','乃东中学','','0'),('19063','1070','0','1993-07','事业单位专业技术人员','专技十三级-员级','二类区','事业单位','山南贡嘎县中学','','0'),('19064','1070','0','1998-11','事业单位专业技术人员','专技十二级-助理','二类区','事业单位','山南贡嘎县实验中学','','0'),('20825','918','0','2014-08','事业单位专业技术人员','专技十二级-助理','二类区','事业单位','乃东中学','','0'),('19065','1070','0','2008-12','事业单位专业技术人员','专技十级-中级','二类区','事业单位','乃东中学','','0'),('18592','2427','0','2010-08','事业单位专业技术人员','专技十级-中级','二类区','事业单位','乃东中学','','0'),('18712','3971','0','2004-01','事业单位专业技术人员','专技十二级-助理','二类区','事业单位','乃东中学','','0'),('18711','3971','0','1998-06','事业单位专业技术人员','专技十三级-员级','二类区','事业单位','乃东中学','','0'),('18619','2399','0','2014-01','事业单位专业技术人员','专技十二级-助理','二类区','事业单位','乃东中学','','0'),('18638','2398','0','1997-07','事业单位专业技术人员','专技十三级-员级','三类区','事业单位','那曲索县美邦中学','','0'),('18660','1629','0','2007-06','事业单位专业技术人员','专技十二级-助理','三类区','事业单位','日喀则吉隆县中学','','0'),('21315','3970','0','2008-08','事业单位专业技术人员','专技十二级-助理','二类区','事业单位','乃东中学','','0'),('21313','3970','0','1997-07','事业单位专业技术人员','专技十三级-员级','二类区','事业单位','山南洛扎县完小','','0'),('21314','3970','0','2002-08','事业单位专业技术人员','专技十二级-助理','二类区','事业单位','山南洛扎县教育局','','0'),('28202','5847','','2010-01','事业单位工人','技术工五级-初级工','二类区','事业单位','乃东中学','','0'),('18447','3960','0','2016-09','事业单位专业技术人员','专技十二级-助理','二类区','事业单位','乃东中学','','0'),('18570','3969','0','2016-08','事业单位专业技术人员','专技十二级-助理','二类区','事业单位','乃东区中学','','0'),('18754','3976','0','2016-08','事业单位专业技术人员','专技十二级-助理','二类区','事业单位','乃东中学','','0'),('21571','3979','0','2005-07','事业单位专业技术人员','专技十二级-助理','二类区','事业单位','昌都边坝县中学','','0'),('21572','3979','0','2012-10','事业单位专业技术人员','专技十级-中级','二类区','事业单位','昌都边坝县中学','','0'),('18821','4000','0','2007-07','事业单位专业技术人员','专技十二级-助理','三类区','事业单位','日喀则昂仁中学','','0'),('18822','4000','0','2010-01','事业单位专业技术人员','专技十二级-助理','二类区','事业单位','乃东中学','','0'),('21573','3979','0','2014-01','事业单位专业技术人员','专技十级-中级','二类区','事业单位','乃东中学','','0'),('18781','1146','0','2013-07','事业单位专业技术人员','专技十二级-助理','二类区','事业单位','乃东中学','','0'),('18887','2416','0','2007-02','事业单位专业技术人员','专技十级-中级','二类区','事业单位','乃东中学','','0'),('19015','4058','0','1996-06','事业单位专业技术人员','专技十三级-员级','三类区','事业单位','措美县古堆乡完小','','0'),('19008','4010','0','1988-07','事业单位专业技术人员','专技十三级-员级','二类区','事业单位','山南罗布萨矿子弟学校','','0'),('19002','4057','0','2011-07','事业单位专业技术人员','专技十二级-助理','二类区','事业单位','乃东区亚堆完小','','0'),('19003','4057','0','2012-07','事业单位专业技术人员','专技十二级-助理','二类区','事业单位','乃东中学','','0'),('19009','4010','0','1993-12','事业单位专业技术人员','专技十二级-助理','二类区','事业单位','山南罗布萨矿子弟学校','','0'),('19011','4010','0','2010-09','事业单位专业技术人员','专技七级-副高','二类区','事业单位','乃东中学','','0'),('19010','4010','0','2004-01','事业单位专业技术人员','专技十级-中级','二类区','事业单位','乃东中学','','0'),('28040','1121','','1996-07','事业单位专业技术人员','专技十三级-员级','二类区','事业单位','乃东区卡多乡完小','','0'),('19074','4075','0','2008-11','事业单位专业技术人员','专技十二级-助理','三类区','事业单位','日喀则市南木林县第二中学','','0'),('19075','4075','0','2015-12','事业单位专业技术人员','专技十级-中级','三类区','事业单位','日喀则市南木林县第二中学','','0'),('19076','4075','0','2016-08','事业单位专业技术人员','专技十级-中级','二类区','事业单位','乃东中学','','0'),('19087','4076','0','1999-05','事业单位专业技术人员','专技十二级-助理','二类区','事业单位','乃东中学','','0'),('19088','4076','0','2005-12','事业单位专业技术人员','专技十级-中级','二类区','事业单位','乃东中学','','0'),('19086','4076','0','1994-06','事业单位专业技术人员','专技十三级-员级','二类区','事业单位','山南贡嘎中学','','0'),('19457','4136','0','1995-07','事业单位专业技术人员','专技十三级-员级','二类区','事业单位','错那县卡达乡完小','','0'),('21553','4064','0','1994-06','事业单位专业技术人员','专技十三级-员级','二类区','事业单位','林芝朗县小学','','0'),('21555','4064','0','2005-01','事业单位专业技术人员','专技十二级-助理','二类区','事业单位','乃东中学','','0'),('21554','4064','0','2002-10','事业单位专业技术人员','专技十二级-助理','二类区','事业单位','林芝朗县小学','','0'),('21570','4062','0','2008-01','事业单位专业技术人员','专技十级-中级','二类区','事业单位','乃东中学','','0'),('21569','4062','0','2002-10','事业单位专业技术人员','专技十二级-助理','二类区','事业单位','乃东中学','','0'),('19018','4058','0','2016-08','事业单位专业技术人员','专技十级-中级','二类区','事业单位','乃东中学','','0'),('18556','899','0','2008-07','事业单位专业技术人员','专技十二级-助理','二类区','事业单位','扎朗县中学','','0'),('18622','903','0','2008-01','事业单位专业技术人员','专技十级-中级','二类区','事业单位','乃东中学','','0'),('19225','4137','0','2005-07','事业单位专业技术人员','专技十二级-助理','二类区','事业单位','昌都边坝县中学','','0'),('19226','4137','0','2010-07','事业单位专业技术人员','专技十二级-助理','二类区','事业单位','乃东中学','','0'),('34763','2388','','2007-07','事业单位专业技术人员','专技十二级-助理','三类区','事业单位','日喀则昂仁县中学','','0'),('19017','4058','0','2012-09','事业单位专业技术人员','专技十级-中级','三类区','事业单位','措美县中学','','0'),('28044','1121','','2017-07','事业单位专业技术人员','专技七级-副高','二类区','事业单位','乃东中学','','0'),('28008','1140','','2007-07','事业单位专业技术人员','专技十二级-助理','二类区','事业单位','曲松县中学','','0'),('18557','899','0','2015-12','事业单位专业技术人员','专技十级-中级','二类区','事业单位','乃东中学','','0'),('19889','2391','0','2007-08','事业单位专业技术人员','专技十级-中级','二类区','事业单位','乃东中学','','0'),('21566','897','0','2004-02','事业单位专业技术人员','专技十级-中级','二类区','事业单位','乃东中学','','0'),('21565','897','0','1990-07','事业单位专业技术人员','专技十二级-助理','二类区','事业单位','加查中学','','0'),('33044','4594','','1995-07','事业单位专业技术人员','专技十二级-助理','二类区','事业单位','山南地区二高','','0'),('19886','2391','0','1984-07','事业单位专业技术人员','专技十三级-员级','三类区','事业单位','山南措美县中学','','0'),('19887','2391','0','1989-07','事业单位专业技术人员','专技十三级-员级','二类区','事业单位','山南加查县中学','','0'),('33045','4594','','2008-01','事业单位专业技术人员','专技十级-中级','二类区','事业单位','乃东中学','','0'),('21050','4593','0','2006-01','事业单位专业技术人员','专技十二级-助理','二类区','事业单位','乃东中学','','0'),('21049','4593','0','2004-07','事业单位专业技术人员','专技十二级-助理','二类区','事业单位','山南贡嘎县中学','','0'),('18770','1607','0','2015-11','事业单位专业技术人员','专技十级-中级','二类区','事业单位','乃东中学','','0'),('19458','4136','0','2003-11','事业单位专业技术人员','专技十二级-助理','二类区','事业单位','乃东区亚堆乡完小','','0'),('21045','4375','0','2003-07','事业单位专业技术人员','专技十三级-员级','三类区','事业单位','日喀则定日县巴松完小','','0'),('19460','4136','0','2013-08','事业单位专业技术人员','专技十级-中级','二类区','事业单位','乃东中学','','0'),('19459','4136','0','2010-12','事业单位专业技术人员','专技十级-中级','二类区','事业单位','乃东区亚堆乡完小','','0'),('21046','4375','0','2006-07','事业单位专业技术人员','专技十二级-助理','二类区','事业单位','乃东中学','','0'),('21047','4375','0','2009-02','事业单位专业技术人员','专技十级-中级','二类区','事业单位','乃东中学','','0'),('27992','5809','','2007-08','事业单位专业技术人员','专技十三级-员级','二类区','事业单位','洛扎县中学','','0'),('27991','5809','','1999-06','事业单位专业技术人员','专技十三级-员级','三类区','事业单位','洛扎县扎日完小','','0'),('27990','5809','','2008-01','事业单位专业技术人员','专技十二级-助理','二类区','事业单位','洛扎县中学','','0'),('21061','4595','0','2007-01','事业单位专业技术人员','专技十级-中级','二类区','事业单位','乃东中学','','0'),('21060','4595','0','2001-12','事业单位专业技术人员','专技十二级-助理','二类区','事业单位','乃东中学','','0'),('21086','4605','0','1995-08','事业单位专业技术人员','专技十三级-员级','二类区','事业单位','乃东中学','非领导职务','0'),('21059','4595','0','1994-07','事业单位专业技术人员','专技十三级-员级','二类区','事业单位','乃东中学','','0'),('21085','4605','0','1992-07','公务员','科员','二类区','机关单位','山南隆子县财政局','非领导职务','0'),('21568','4062','0','1993-06','事业单位专业技术人员','专技十三级-员级','二类区','事业单位','山南扎囊县中学','','0'),('21087','4605','0','2007-02','事业单位专业技术人员','专技十二级-助理','二类区','事业单位','乃东中学','非领导职务','0'),('21088','4605','0','2012-09','事业单位专业技术人员','专技十级-中级','二类区','事业单位','乃东中学','非领导职务','0'),('21138','884','0','2006-04','事业单位专业技术人员','专技十二级-助理','二类区','事业单位','乃东索珠完小','','0'),('21139','884','0','2014-10','事业单位专业技术人员','专技十级-中级','二类区','事业单位','乃东中学','','0'),('21563','2425','0','2006-04','事业单位专业技术人员','专技十二级-助理','二类区','事业单位','曲松县中学','','0'),('21388','1073','0','2008-01','事业单位专业技术人员','专技十级-中级','二类区','事业单位','乃东中学','','0'),('21299','1286','0','2010-01','事业单位专业技术人员','专技十级-中级','二类区','事业单位','乃东中学','','0'),('21316','3970','0','2015-12','事业单位专业技术人员','专技十级-中级','二类区','事业单位','乃东中学','','0'),('18753','3976','0','2009-07','事业单位专业技术人员','专技十二级-助理','二类区','事业单位','桑日县中学','','0'),('21309','914','0','2010-01','事业单位专业技术人员','专技十级-中级','二类区','事业单位','乃东中学','','0'),('18739','2404','0','2014-10','事业单位专业技术人员','专技十级-中级','二类区','事业单位','乃东中学','','0'),('18735','2403','0','2011-11','事业单位专业技术人员','专技十级-中级','二类区','事业单位','乃东中学','','0'),('18666','1745','0','2013-11','事业单位专业技术人员','专技十级-中级','二类区','机关单位','乃东中学','','0'),('18658','2407','0','1998-09','事业单位专业技术人员','专技十二级-助理','二类区','事业单位','乃东中学','','0'),('18657','2407','0','1996-07','事业单位专业技术人员','专技十二级-助理','三类区','事业单位','山南措美县中学','','0'),('18441','2408','0','2007-02','事业单位专业技术人员','专技十级-中级','二类区','事业单位','乃东中学','','0'),('18440','2408','0','1995-07','事业单位专业技术人员','专技十二级-助理','二类区','事业单位','林芝朗县中学','','0'),('19902','4382','0','1999-05','事业单位专业技术人员','专技十二级-助理','二类区','事业单位','乃东中学','','0'),('19903','4382','0','2008-01','事业单位专业技术人员','专技十级-中级','二类区','事业单位','乃东中学','','0'),('33043','4594','','1991-07','事业单位专业技术人员','专技十三级-员级','二类区','事业单位','山南地区二高','','0'),('20824','918','0','2009-06','事业单位专业技术人员','专技十二级-助理','二类区','事业单位','林芝市波密中学','','0'),('21048','4375','0','2015-12','事业单位专业技术人员','专技十级-中级','二类区','事业单位','乃东中学','','0'),('18713','3971','0','2010-01','事业单位专业技术人员','专技十级-中级','二类区','事业单位','乃东中学','','0'),('21306','914','0','1991-07','事业单位专业技术人员','专技十三级-员级','三类区','事业单位','错那县完小','','0'),('19016','4058','0','2006-09','事业单位专业技术人员','专技十二级-助理','三类区','事业单位','措美县古堆乡完小','','0'),('25584','5312','','2003-07','事业单位专业技术人员','专技十三级-员级','二类区','事业单位','陕西富平','','0'),('25583','5312','','2010-09','事业单位专业技术人员','专技十二级-助理','二类区','事业单位','浪子县中学','','0'),('25582','5312','','2014-08','事业单位专业技术人员','专技十级-中级','二类区','事业单位','乃东中学','','0'),('25581','5312','','2013-09','事业单位专业技术人员','专技十级-中级','三类区','事业单位','浪子县中学','','0'),('25580','5312','','2006-11','事业单位专业技术人员','专技十二级-助理','二类区','事业单位','陕西富平','','0');|INSERT INTO `tx_studyinfo` (`id`, `personid`, `level`, `gettime`, `school`)  VALUES ('2004','4136','大专','2001-07','西藏大学'),('2022','2391','大专','2002-08','西藏大学'),('2126','4062','大专','2000-07','西藏大学'),('3492','1121','本科','2010-07','西藏民族学院'),('1993','4076','本科','2004-12','西藏大学'),('2127','4062','本科','2004-09','西藏大学'),('1977','4058','本科','2008-01','安徽师范大学'),('1923','903','本科','2003-06','西藏大学'),('1976','4058','大专','2004-07','西藏大学'),('1922','903','大专','2000-06','西藏大学'),('1862','1137','本科','2004-09','西藏大学'),('1916','885','本科','2004-12','西藏大学'),('1957','904','本科','2010-01','北京大学'),('3480','1140','研究生','2015-06','北京师范大学'),('1899','906','大专','1999-06','咸阳民院'),('1900','906','本科','2004-07','西藏大学'),('1935','920','大专','2001-08','西藏大学'),('1901','908','本科','2005-07','西藏大学'),('1938','923','本科','2005-07','西藏大学'),('633','910','大专','2001-06','中央党校函授学院'),('2114','914','本科','2009-01','西藏大学'),('2070','919','大专','2000-07','西藏大学'),('2113','914','大专','1999-07','西藏大学'),('1906','912','本科','2008-01','湖北第二师范学院'),('1905','912','大专','2004-07','西藏大学'),('1909','1066','本科','2004-12','西藏大学'),('1908','1066','大专','1997-07','西藏民院'),('2123','1143','本科','2009-01','安徽师范大学'),('1991','1070','本科','2006-12','成都体育学院'),('1849','1071','本科','2004-12','西藏大学'),('1848','1071','大专','1997-07','西藏民院'),('1951','1072','本科','2011-01','西藏大学'),('1950','1072','大专','2005-07','西藏大学'),('2119','1073','大专','2005-07','西藏大学'),('1978','1112','本科','2012-01','西藏民族学院'),('3491','1121','大专','2002-07','湖北荆州师院'),('1850','1147','本科','2008-06','安徽师范大学'),('1958','1146','本科','2016-07','中央电大'),('2000','1259','大专','2002-07','西藏大学'),('1904','1150','大专','2004-12','西藏大学'),('1967','1069','本科','2005-07','西藏民族学院'),('2110','1286','本科','2005-08','西藏大学'),('1854','1282','本科','2007-01','西藏大学'),('1934','1606','本科','2007-01','西藏大学'),('1911','1628','大专','2005-07','西藏大学'),('1912','1628','本科','2015-03','西藏大学'),('752','1742','大专','2001-07','西藏大学'),('753','1742','本科','2005-07','西藏民族大学'),('1930','1745','本科','2008-06','安徽师范大学'),('2074','2385','本科','2004-12','西藏大学'),('4675','2386','大专','2002-07','西藏民族学院'),('2109','2387','本科','2005-07','西藏大学'),('2115','2389','本科','2004-12','西藏大学'),('1910','2390','本科','2005-07','西藏大学'),('1907','2392','本科','2005-07','西藏大学'),('1926','2398','本科','2010-01','西藏大学'),('1913','2394','本科','2009-01','安徽师大'),('1921','2401','本科','2014-01','苏州大学'),('2107','2406','大专','2008-07','西藏大学'),('1956','2404','本科','2010-01','西藏大学'),('1954','2403','大专','2007-12','西藏大学'),('1955','2403','本科','2013-01','西藏大学'),('2106','2414','本科','2009-01','西藏大学'),('956','2415','本科','2004-09','西藏大学'),('2105','2414','大专','2004-07','西藏大学'),('1968','2416','大专','2000-06','西藏大学'),('1969','2416','本科','2005-07','成都体育学院'),('4674','4594','本科','2008-07','西藏大学'),('1915','2417','本科','2007-01','成都体育学院'),('1914','2417','大专','2002-10','西藏大学'),('1980','2420','本科','2008-01','湖北第二师范大学'),('1979','2420','大专','2004-07','西藏大学'),('1858','2422','本科','2007-01','西藏大学'),('1857','2422','大专','2002-08','西藏大学'),('1924','2423','本科','2010-01','西藏大学'),('2125','2425','本科','2012-01','西藏民族学院'),('1918','2427','本科','2009-01','安徽师大'),('1917','2427','大专','2005-07','西藏大学'),('2108','2406','本科','2011-01','西藏民族学院'),('2090','884','大专','2008-07','西藏大学'),('2116','3970','大专','2015-07','西藏大学'),('1941','3971','本科','2005-07','西藏大学'),('1959','1142','本科','2010-10','西藏民族学院'),('1994','2410','研究生','2016-07','自治区党校'),('1975','4010','本科','2001-07','西藏大学'),('1974','4010','大专','1997-07','西藏民族学院'),('2005','4136','本科','2009-05','西藏大学'),('2079','4375','本科','2007-07','西藏大学'),('2023','4382','本科','2007-01','北京师范大学'),('2082','4595','本科','2005-07','西藏大学'),('2083','4605','大专','2004-06',''),('2772','5312','本科','2007-01','陕西教育学院'),('3476','5809','大专','2005-12','西藏大学'),('3477','5809','本科','2012-01','西藏大学');|INSERT INTO `tx_checkinfo` (`id`, `personid`, `gettime`, `check`)  VALUES ('3837','4594','2017','不通过'),('3835','4594','2015','不通过'),('3836','4594','2016','不通过');|INSERT INTO `tx_heightinfo` (`id`, `personid`, `area`, `city`, `county`, `height`, `acc`, `iscity`, `heightid`, `gettime`)  VALUES ('16496','5847','山南市','乃东区','乃东县','3550','3-2-1','否','197121','2005-04'),('16484','5821','山南市','乃东区','乃东县','3550','3-2-1','否','197121','1997-07'),('16483','5821','拉萨市','拉萨市','拉萨市','3650','1-1-1','否','65793','1992-12'),('16475','5830','山南市','乃东区','乃东县','3550','3-2-1','否','197121','2006-01'),('16474','5829','山南市','乃东区','乃东县','3550','3-2-1','否','197121','1996-12'),('16908','5828','山南市','乃东区','乃东县','3550','3-2-1','否','','1998-08'),('16465','5820','山南市','乃东区','乃东县','3550','3-2-1','否','','2000-11'),('16387','5809','山南市','乃东区','乃东县','3550','3-2-1','否','197121','2017-08'),('16385','5809','山南市','洛扎县','扎日乡','4340','3-9-6','是','198918','1999-06'),('16386','5809','山南市','洛扎县','洛扎县','3940','3-9-1','否','198913','2007-08'),('11378','1112','山南市','乃东区','乃东县','3550','3-2-1','否','0','2006-08'),('11039','906','山南市','贡嘎县','贡嘎县','3763','3-5-1','否','0','1989-07'),('11224','904','山南市','乃东区','乃东县','3550','3-2-1','否','0','1993-07'),('11139','903','昌都市','洛隆县','马利镇','3588','5-8-5','是','0','1993-07'),('11140','903','昌都市','洛隆县','洛隆县','3820','5-8-1','否','0','1998-01'),('11241','901','山南市','乃东区','乃东县','3550','3-2-1','否','0','2009-07'),('11095','899','山南市','扎囊县','扎囊县','3635','3-4-1','否','0','2008-07'),('11096','899','山南市','乃东区','乃东县','3550','3-2-1','否','0','2012-07'),('12887','897','山南市','加查县','加查县','3860','3-13-1','否','0','1990-07'),('12888','897','山南市','乃东区','乃东县','3550','3-2-1','否','0','1995-07'),('11141','903','山南市','乃东区','乃东县','3550','3-2-1','否','0','2004-12'),('11040','906','山南市','乃东区','乃东县','3550','3-2-1','否','0','1994-07'),('11041','908','山南市','乃东区','乃东县','3550','3-2-1','否','0','1994-07'),('12735','914','山南市','乃东区','乃东县','3550','3-2-1','否','0','2001-10'),('11045','913','山南市','乃东区','乃东县','3550','3-2-1','否','0','1998-07'),('11097','912','山南市','乃东区','结巴乡','3670','3-2-5','是','0','1997-06'),('11098','912','山南市','乃东区','乃东县','3550','3-2-1','否','0','2010-08'),('3049','910','山南市','隆子县','隆子县','3975','3-10-1','否','0','1988-07'),('3050','910','山南市','乃东区','乃东县','3550','3-2-1','否','0','1998-07'),('18305','6469','山南市','乃东区','乃东县','3550','3-2-1','否','','1984-04'),('18304','6469','山南市','隆子县','隆子县','3975','3-10-1','否','','1982-09'),('11271','909','日喀则市','谢通门县','谢通门县','4094','2-9-1','否','0','2008-07'),('11272','909','山南市','乃东区','乃东县','3550','3-2-1','否','0','2012-03'),('12734','914','山南市','错那县','错那县','4380','3-11-1','否','0','1991-07'),('12726','917','山南市','乃东区','乃东县','3550','3-2-1','否','0','2007-07'),('12725','917','山南市','贡嘎县','贡嘎县','3763','3-5-1','否','0','2003-07'),('11186','920','山南市','加查县','加查县','3860','3-13-1','否','0','1991-07'),('10892','921','山南市','乃东区','乃东县','3550','3-2-1','否','0','2009-07'),('11265','922','山南市','乃东区','乃东县','3550','3-2-1','否','0','2009-07'),('11191','923','山南市','乃东区','乃东县','3550','3-2-1','否','0','2000-07'),('11130','911','山南市','乃东区','乃东县','3550','3-2-1','否','0','2006-07'),('11118','885','山南市','乃东区','乃东县','3550','3-2-1','否','0','2000-07'),('18507','1075','山南市','乃东区','乃东县','3550','3-2-1','否','','1994-07'),('12624','884','昌都市','八宿县','帮达镇','4204','5-12-4','是','0','2001-07'),('12625','884','山南市','乃东区','索珠乡','3900','3-2-7','是','0','2004-11'),('12626','884','山南市','乃东区','乃东县','3550','3-2-1','否','0','2013-07'),('12623','884','山南市','乃东区','颇章乡','3715','3-2-4','是','0','1995-03'),('11301','1069','山南市','乃东区','乃东县','3550','3-2-1','否','0','2001-07'),('11300','1069','山南市','贡嘎县','贡嘎县','3763','3-5-1','否','0','1998-07'),('11108','1066','山南市','乃东区','乃东县','3550','3-2-1','否','0','1991-07'),('11409','1070','山南市','乃东区','乃东县','3550','3-2-1','否','0','2002-07'),('11408','1070','山南市','贡嘎县','贡嘎县','3763','3-5-1','否','0','1993-07'),('10885','1071','山南市','隆子县','隆子县','3975','3-10-1','否','0','1989-07'),('10886','1071','山南市','乃东区','乃东县','3550','3-2-1','否','0','1992-07'),('11204','1072','山南市','乃东区','乃东县','3550','3-2-1','否','0','2011-03'),('11203','1072','山南市','乃东区','结巴乡','3670','3-2-5','是','0','2009-08'),('11202','1072','山南市','桑日县','白堆乡','3975','3-7-4','是','0','2001-06'),('12783','1073','山南市','乃东区','乃东县','3550','3-2-1','否','0','2005-07'),('12782','1073','山南市','贡嘎县','杰德秀镇','3690','3-5-6','是','0','1998-07'),('12781','1073','山南市','浪卡子县','张达乡','4510','3-12-11','是','0','1996-07'),('11136','1074','山南市','乃东区','乃东县','3550','3-2-1','否','0','2004-07'),('12780','1073','山南市','浪卡子县','白地乡','4530','3-12-10','是','0','1993-07'),('16413','1121','山南市','乃东区','颇章乡','3715','3-2-4','是','','1996-07'),('16414','1121','山南市','乃东区','乃东县','3550','3-2-1','否','','2008-07'),('11377','1112','山南市','加查县','安绕镇','3860','3-13-2','是','0','2005-08'),('10910','1118','山南市','乃东区','乃东县','3550','3-2-1','否','0','2012-07'),('18506','1075','山南市','贡嘎县','贡嘎县','3763','3-5-1','否','','1989-07'),('12884','1076','山南市','乃东区','乃东县','3550','3-2-1','否','0','2012-08'),('12883','1076','山南市','浪卡子县','浪卡子县','4460','3-12-1','否','0','1999-07'),('11135','1074','山南市','措美县','措美县','4230','3-8-1','否','0','1999-07'),('11522','1259','山南市','乃东区','乃东县','3550','3-2-1','否','0','1998-09'),('12878','1143','山南市','乃东区','乃东县','3550','3-2-1','否','0','2002-08'),('16402','1140','山南市','乃东区','乃东县','3550','3-2-1','否','','2009-07'),('16401','1140','山南市','曲松县','曲松县','3905','3-6-1','否','','2007-07'),('10968','1137','山南市','乃东区','乃东县','3550','3-2-1','否','0','1996-07'),('11128','1260','山南市','乃东区','乃东县','3550','3-2-1','否','0','2010-09'),('11054','1150','山南市','乃东区','乃东县','3550','3-2-1','否','0','1988-07'),('11232','1146','山南市','乃东区','多颇章乡','3688','3-2-6','是','0','2011-07'),('10889','1147','山南市','乃东区','乃东县','3550','3-2-1','否','0','2002-07'),('12877','1143','山南市','洛扎县','洛扎县','3940','3-9-1','否','0','2001-07'),('11233','1146','山南市','乃东区','乃东县','3550','3-2-1','否','0','2013-07'),('11214','1269','山南市','乃东区','乃东县','3550','3-2-1','否','0','2007-07'),('11181','1264','山南市','乃东区','乃东县','3550','3-2-1','否','0','2002-07'),('11126','1260','山南市','加查县','加查镇','3355','3-13-3','是','0','1999-06'),('11127','1260','山南市','加查县','安绕镇','3860','3-13-2','是','0','2003-07'),('11521','1259','山南市','加查县','加查县','3860','3-13-1','否','0','1988-07'),('11157','1277','山南市','乃东区','乃东县','3550','3-2-1','否','0','2002-07'),('11919','1603','山南市','乃东区','泽当镇','3550','3-2-2','是','0','1984-07'),('11920','1603','山南市','乃东区','结巴乡','3670','3-2-5','是','0','2001-09'),('11921','1603','山南市','乃东区','乃东县','3550','3-2-1','否','0','2002-09'),('12728','1286','山南市','隆子县','隆子县','3975','3-10-1','否','0','1999-07'),('12729','1286','山南市','乃东区','乃东县','3550','3-2-1','否','0','2000-07'),('10907','1282','山南市','隆子县','隆子县','3975','3-10-1','否','0','1998-07'),('10908','1282','山南市','乃东区','乃东县','3550','3-2-1','否','0','2005-07'),('11275','1279','山南市','乃东区','乃东县','3550','3-2-1','否','0','2002-07'),('11156','1277','山南市','扎囊县','扎囊县','3635','3-4-1','否','0','1998-07'),('11179','1606','山南市','乃东区','索珠乡','3900','3-2-7','是','0','2002-07'),('11180','1606','山南市','乃东区','乃东县','3550','3-2-1','否','0','2005-03'),('11178','1606','林芝市','米林县','米林县','2938','4-4-1','否','0','2000-07'),('11238','1608','山南市','乃东区','乃东县','3550','3-2-1','否','0','2015-08'),('11225','1607','日喀则市','聂拉木县','聂拉木县','3975','2-17-1','否','0','2007-06'),('11226','1607','山南市','乃东区','乃东县','3550','3-2-1','否','0','2010-03'),('12736','2389','山南市','加查县','加查县','3860','3-13-1','否','0','1998-07'),('12737','2389','山南市','乃东区','乃东县','3550','3-2-1','否','0','2002-04'),('19224','2388','山南市','乃东区','乃东县','3550','3-2-1','否','','2012-03'),('19223','2388','日喀则市','昂仁县','昂仁县','4358','2-8-1','否','','2007-07'),('12727','2387','山南市','乃东区','乃东县','3550','3-2-1','否','0','2001-07'),('18511','2386','山南市','乃东区','乃东县','3550','3-2-1','否','','1997-03'),('18510','2386','山南市','扎囊县','扎囊县','3635','3-4-1','否','','1987-07'),('12534','2385','山南市','乃东区','乃东县','3550','3-2-1','否','0','2001-07'),('11274','2382','山南市','乃东区','乃东县','3550','3-2-1','否','0','2012-03'),('11273','2382','那曲地区','那曲地区','那曲地区','4527','6-1-1','否','0','2007-07'),('11169','1745','日喀则市','谢通门县','谢通门县','4094','2-9-1','否','0','2002-07'),('11170','1745','山南市','乃东区','乃东县','3550','3-2-1','否','0','2004-04'),('11297','1744','日喀则市','吉隆县','吉隆县','4275','2-16-1','否','0','2006-07'),('11298','1744','山南市','乃东区','亚堆乡','3850','3-2-8','是','0','2009-09'),('11299','1744','山南市','乃东区','乃东县','3550','3-2-1','否','0','2010-09'),('11211','2404','山南市','乃东区','乃东县','3550','3-2-1','否','0','2007-03'),('4707','1742','山南市','乃东区','乃东县','3550','3-2-1','否','197121','2007-08'),('4706','1742','山南市','琼结县','琼结县','3950','3-3-1','否','197377','2003-09'),('11177','1743','山南市','乃东区','乃东县','3550','3-2-1','否','0','1999-07'),('4705','1742','山南市','加查县','加查县','3860','3-13-1','否','199937','1999-09'),('4704','1742','山南市','加查县','洛林乡','3755','3-13-6','是','199942','1997-06'),('11167','1629','日喀则市','吉隆县','吉隆县','4275','2-16-1','否','0','2007-06'),('11168','1629','山南市','乃东区','乃东县','3550','3-2-1','否','0','2009-08'),('11111','1628','山南市','乃东区','亚堆乡','3850','3-2-8','是','0','1997-06'),('11110','2390','山南市','乃东区','乃东县','3550','3-2-1','否','0','1995-08'),('11109','2390','山南市','隆子县','隆子县','3975','3-10-1','否','0','1994-07'),('11099','2392','山南市','浪卡子县','浪卡子县','4460','3-12-1','否','0','1991-07'),('11100','2392','山南市','乃东区','乃东县','3550','3-2-1','否','0','1995-07'),('11114','2394','山南市','洛扎县','洛扎县','3940','3-9-1','否','0','1999-07'),('11115','2394','山南市','乃东区','乃东县','3550','3-2-1','否','0','2009-01'),('6715','2396','山南市','乃东区','乃东县','3550','3-2-1','否','197121','2011-07'),('11596','2395','山南市','乃东区','乃东县','3550','3-2-1','否','0','2011-07'),('11255','2397','山南市','乃东区','乃东县','3550','3-2-1','否','0','2007-07'),('11153','2398','山南市','乃东区','乃东县','3550','3-2-1','否','0','2006-05'),('11152','2398','那曲地区','索县','索县','4096','6-8-1','否','0','1997-07'),('11138','2399','山南市','乃东区','乃东县','3550','3-2-1','否','0','2014-01'),('11174','2400','日喀则市','江孜县','江孜县','4020','2-4-1','否','0','2007-07'),('11175','2400','山南市','乃东区','乃东县','3550','3-2-1','否','0','2010-07'),('11137','2399','山南市','加查县','加查县','3860','3-13-1','否','0','2008-07'),('11134','2401','山南市','乃东区','乃东县','3550','3-2-1','否','0','2013-08'),('11133','2401','日喀则市','昂仁县','昂仁县','4358','2-8-1','否','0','2007-07'),('11143','2402','山南市','乃东区','乃东县','3550','3-2-1','否','0','2016-03'),('11142','2402','山南市','乃东区','亚堆乡','3850','3-2-8','是','0','2013-12'),('11208','2403','山南市','措美县','措美县','4230','3-8-1','否','0','2001-06'),('11209','2403','山南市','乃东区','乃东县','3550','3-2-1','否','0','2011-11'),('11210','2404','山南市','浪卡子县','浪卡子县','4460','3-12-1','否','0','2005-07'),('11125','2405','山南市','乃东区','乃东县','3550','3-2-1','否','0','2002-08'),('11124','2405','山南市','扎囊县','扎囊县','3635','3-4-1','否','0','1998-07'),('12724','2406','山南市','乃东区','乃东县','3550','3-2-1','否','0','2006-10'),('12723','2406','那曲地区','安多县','安多县','4788','6-7-1','否','0','2000-07'),('12722','2406','那曲地区','安多县','扎仁镇','4703','6-7-4','是','0','1998-06'),('11166','2407','山南市','乃东区','乃东县','3550','3-2-1','否','0','1998-09'),('11165','2407','山南市','措美县','措美县','4230','3-8-1','否','0','1996-07'),('11053','2408','山南市','乃东区','乃东县','3550','3-2-1','否','0','1997-06'),('11052','2408','林芝市','朗县','朗县','3100','4-8-1','否','0','1995-07'),('11042','2412','山南市','浪卡子县','浪卡子县','4460','3-12-1','否','0','2011-08'),('11422','2410','山南市','乃东区','乃东县','3550','3-2-1','否','0','2011-07'),('11268','2409','山南市','乃东区','乃东县','3550','3-2-1','否','0','1994-07'),('10923','2411','山南市','乃东区','乃东县','3550','3-2-1','否','0','2012-07'),('11044','2412','山南市','乃东区','乃东县','3550','3-2-1','否','0','2014-08'),('11043','2412','山南市','乃东区','结巴乡','3670','3-2-5','是','0','2012-08'),('11123','2413','山南市','乃东区','乃东县','3550','3-2-1','否','0','2014-08'),('11122','2413','山南市','乃东区','亚堆乡','3850','3-2-8','是','0','2013-12'),('12721','2414','山南市','乃东区','乃东县','3550','3-2-1','否','0','2014-07'),('12720','2414','山南市','隆子县','隆子镇','3975','3-10-2','是','0','2006-07'),('11117','2417','山南市','乃东区','乃东县','3550','3-2-1','否','0','1999-08'),('11305','2416','山南市','浪卡子县','浪卡子县','4460','3-12-1','否','0','1989-07'),('11306','2416','山南市','乃东区','乃东县','3550','3-2-1','否','0','1996-07'),('6757','2415','山南市','乃东区','乃东县','3550','3-2-1','否','197121','2003-11'),('6756','2415','山南市','贡嘎县','贡嘎县','3763','3-5-1','否','197889','1999-07'),('12719','2414','山南市','隆子县','日当镇','4150','3-10-3','是','0','1999-07'),('12891','3979','昌都市','边坝县','边坝县','3660','5-6-1','否','0','2005-07'),('12892','3979','山南市','乃东区','乃东县','3550','3-2-1','否','0','2014-01'),('11218','3976','山南市','桑日县','桑日县','3560','3-7-1','否','198401','2009-07'),('11219','3976','山南市','乃东区','乃东县','3550','3-2-1','否','197121','2016-08'),('11193','3971','山南市','乃东区','乃东县','3550','3-2-1','否','197121','1998-06'),('11263','1142','山南市','错那县','错那县','4380','3-11-1','否','197121','2001-07'),('12738','3970','山南市','洛扎县','洛扎县','3940','3-9-1','否','0','1997-07'),('12739','3970','山南市','乃东区','乃东县','3550','3-2-1','否','0','2008-08'),('11116','2417','山南市','扎囊县','扎囊县','3635','3-4-1','否','0','1995-07'),('12740','2418','山南市','乃东区','乃东县','3550','3-2-1','否','0','1997-06'),('11104','3968','山南市','错那县','错那县','4380','3-11-1','否','199425','2011-08'),('11103','3968','昌都市','贡觉县','贡觉县','3725','5-3-1','否','328449','2007-07'),('11381','2420','山南市','乃东区','乃东县','3550','3-2-1','否','0','2010-09'),('11380','2420','山南市','乃东区','结巴乡','3670','3-2-5','是','0','2001-09'),('11379','2420','山南市','桑日县','绒乡','3835','3-7-5','是','0','2000-07'),('12665','2421','山南市','乃东区','乃东县','3550','3-2-1','否','0','2010-08'),('12664','2421','那曲地区','班戈县','班戈县','4888','6-6-1','否','0','2007-07'),('11105','3968','山南市','乃东区','乃东县','3550','3-2-1','否','197121','2016-08'),('10921','2422','山南市','乃东区','乃东县','3550','3-2-1','否','0','2009-07'),('10920','2422','山南市','乃东区','颇章乡','3715','3-2-4','是','0','1997-06'),('11146','2423','山南市','乃东区','乃东县','3550','3-2-1','否','0','1997-07'),('10893','2424','山南市','乃东区','乃东县','3550','3-2-1','否','0','2005-07'),('12886','2425','山南市','乃东区','乃东县','3550','3-2-1','否','0','2010-07'),('10888','2426','山南市','乃东区','乃东县','3550','3-2-1','否','0','2012-03'),('12885','2425','山南市','曲松县','曲松县','3905','3-6-1','否','0','2001-06'),('11121','2427','山南市','乃东区','乃东县','3550','3-2-1','否','0','2010-08'),('11120','2427','山南市','乃东区','索珠乡','3900','3-2-7','是','0','2002-07'),('11119','2427','山南市','加查县','安绕镇','3860','3-13-2','是','0','1993-07'),('11093','2393','昌都市','芒康县','纳西民族乡','2761','5-5-11','是','328971','2006-07'),('11094','2393','山南市','乃东区','乃东县','3550','3-2-1','否','197121','2012-01'),('11055','3959','山南市','乃东区','乃东县','3550','3-2-1','否','197121','2016-09'),('11056','3960','山南市','乃东区','乃东县','3550','3-2-1','否','197121','2016-09'),('11107','3969','山南市','乃东区','乃东县','3550','3-2-1','否','197121','2016-08'),('11261','4000','日喀则市','昂仁县','昂仁县','4358','2-8-1','否','133121','2007-07'),('11262','4000','山南市','乃东区','乃东县','3550','3-2-1','否','197121','2010-01'),('11264','1142','山南市','乃东区','乃东县','3550','3-2-1','否','0','2010-09'),('11370','4010','山南市','乃东区','乃东县','3550','3-2-1','否','0','1988-07'),('11364','4057','山南市','乃东区','亚堆乡','3850','3-2-8','是','197128','2011-07'),('11365','4057','山南市','乃东区','乃东县','3550','3-2-1','否','197121','2012-07'),('11376','4058','山南市','乃东区','乃东县','3550','3-2-1','否','0','2016-10'),('11375','4058','山南市','措美县','措美县','4230','3-8-1','否','0','2007-07'),('11374','4058','山南市','措美县','古堆乡','4375','3-8-5','是','197121','1996-06'),('12890','4062','山南市','乃东区','乃东县','3550','3-2-1','否','0','2002-07'),('12889','4062','山南市','扎囊县','扎囊县','3635','3-4-1','否','0','1993-06'),('12880','4064','山南市','乃东区','乃东县','3550','3-2-1','否','0','2005-01'),('12879','4064','林芝市','朗县','朗县','3100','4-8-1','否','0','1994-06'),('11413','4075','日喀则市','南木林县','南木林县','4344','2-3-1','否','131841','2008-11'),('11414','4075','山南市','乃东区','乃东县','3550','3-2-1','否','197121','2016-08'),('11420','4076','山南市','乃东区','乃东县','3550','3-2-1','否','0','1996-07'),('11419','4076','山南市','贡嘎县','贡嘎县','3763','3-5-1','否','0','1994-06'),('11664','4136','山南市','乃东区','亚堆乡','3850','3-2-8','是','197121','1997-08'),('12375','919','山南市','乃东区','乃东县','3550','3-2-1','否','0','1993-07'),('12374','919','山南市','贡嘎县','贡嘎县','3763','3-5-1','否','0','1989-07'),('11187','920','山南市','山南市','山南市','3550','3-1-1','否','0','1994-07'),('11106','3969','那曲地区','聂荣县','聂荣县','4733','6-10-1','否','395777','2011-07'),('12586','4605','山南市','乃东区','乃东县','3550','3-2-1','否','197121','1995-08'),('12585','4605','山南市','隆子县','隆子县','3975','3-10-1','否','199169','1992-07'),('12574','4595','山南市','乃东区','乃东县','3550','3-2-1','否','0','1994-07'),('18509','4594','山南市','乃东区','乃东县','3550','3-2-1','否','','1998-07'),('18508','4594','山南市','山南市','山南市','3550','3-1-1','否','','1991-07'),('12389','918','林芝市','波密县','波密县','3015','4-6-1','否','0','2009-06'),('12390','918','山南市','乃东区','乃东县','3550','3-2-1','否','0','2014-08'),('11934','4382','山南市','乃东区','乃东县','3550','3-2-1','否','197121','1996-06'),('11933','4382','拉萨市','尼木县','尼木县','3836','1-5-1','否','66817','1994-06'),('12564','4375','日喀则市','定日县','定日县','4440','2-5-1','否','0','2003-07'),('12565','4375','日喀则市','白朗县','白朗县','3955','2-10-1','否','0','2005-07'),('12566','4375','山南市','乃东区','乃东县','3550','3-2-1','否','0','2006-07'),('11665','4136','山南市','乃东区','乃东县','3550','3-2-1','否','0','2013-08'),('12567','4593','山南市','贡嘎县','贡嘎县','3763','3-5-1','否','197889','2004-07'),('12568','4593','山南市','乃东区','乃东县','3550','3-2-1','否','197121','2006-01'),('11922','2391','山南市','措美县','措美县','4230','3-8-1','否','0','1984-07'),('11923','2391','山南市','加查县','加查县','3860','3-13-1','否','0','1989-07'),('11924','2391','山南市','乃东区','乃东县','3550','3-2-1','否','0','2002-07'),('11237','1608','山南市','乃东区','多颇章乡','3688','3-2-6','是','0','2013-12'),('11113','1628','山南市','乃东区','乃东县','3550','3-2-1','否','0','2009-08'),('11112','1628','山南市','乃东区','颇章乡','3715','3-2-4','是','0','2005-08'),('11516','4137','山南市','乃东区','乃东县','3550','3-2-1','否','197121','2010-07'),('11515','4137','昌都市','边坝县','边坝县','3660','5-6-1','否','329217','2005-07'),('11663','4136','山南市','错那县','卡达乡','3970','3-11-11','是','197128','1995-07'),('15126','5312','山南市','乃东区','乃东县','3550','3-2-1','否','197121','2014-08'),('15125','5312','山南市','浪卡子县','浪卡子县','4460','3-12-1','否','199681','2010-09');|