INSERT INTO `tx_personinfo` (`id`, `sort`, `userid`, `name`, `sex`, `birthday`, `origin`, `nation`, `partymember`, `worktime`, `intime`, `inadj`, `inyear`, `posttime`, `postadj`, `unitkind`, `postname`, `unitname`, `isleader`, `lastposttime`, `lastunitkind`, `lastpostname`, `lastunitname`, `area`, `education`, `educationtime`, `schooltime`, `educationadj`, `teacherinfo`, `teacherbegin`, `teacherend`, `teacheradj`, `oneinfo`, `onebegin`, `oneend`, `oneadj`, `check2`, `check5`, `coveradj`, `cadre`, `retiretime`, `height`, `note`, `addon`,`ywcadre`) VALUES ('4841','8','68','达瓦嘎姆','女','1981-09','西藏巴青','藏族','党员','2004-07','2004-07','0','0','2019-12','0','机关单位','一级主任科员','西藏那曲','领导职务','','','','','','本科','2004-07','4','0','','','','0','','','','0','0','0','0','否','','0','','',''),('7361','0','68','吉卓玛','女','1981-03','西藏安多','藏族','党员','2002-07','2002-07','0','0','2014-02','0','机关单位','乡科级正职','西藏那曲统战部宗教办','领导职务','','','','','','中专','2002-07','3','0','','','','0','','','','0','2006','2006','0','否','','0','因现在工龄折算工资从1月份开始上，新建海拨信息往前推了6个月。','',''),('6430','90','68','拉珍','女','1992-10','西藏山南','藏族','党员','2013-12','2013-12','0','0','2017-12','0','机关单位','管理八级-副科','西藏那曲','','','','','','','大专','2013-12','3','0','','','','0','','','','0','0','0','0','否','','0','','',''),('4913','94','68','巴桑卓玛','女','1981-11','西藏巴青','藏族','党员','2005-07','2005-07','0','0','2019-12','0','机关单位','三级主任科员','西藏那曲','领导职务','','','','','','中专','2005-07','3','0','','','','0','','','','0','0','0','0','否','','0','','',''),('4824','2','68','白玛旺姆','女','1973-07','西藏','藏族','党员','1989-04','1989-04','0','0','2015-03','0','机关单位','县处级副职','西藏那曲','领导职务','','','','','','中专','2000-06','3','0','','','','0','','','','0','0','0','0','否','','0','','',''),('4836','35','68','旦增多吉','男','1973-10','西藏八宿','藏族','党员','1998-07','1998-07','0','0','2013-04','0','机关单位','县处级副职','西藏那曲','非领导职务','','','','','','本科','1998-07','4','0','','','','0','','','','0','0','0','0','否','','0','','',''),('7364','77','68','乔周旦','男','1986-07','青海','藏族','党员','2009-08','2009-08','0','0','2019-12','0','机关单位','三级主任科员','市宗教局','领导职务','','','','','','本科','2009-08','4','0','','','','0','','','','0','0','0','0','否','','0','','',''),('4821','6','68','陈昌逢','男','1973-03','山东梁山','汉族','党员','1996-07','1996-07','0','0','2015-01','0','机关单位','县处级正职','西藏那曲','非领导职务','','','','','','大专','1996-07','3','0','','','','0','','','','0','0','0','0','否','','0','','',''),('7382','102','68','索朗卓玛','女','1988-12','索县','藏族','团员','2014-11','2014-11','0','0','2019-12','0','机关单位','四级主任科员','市宗教局','非领导职务','','','','','','大专','2014-11','3','0','','','','0','','','','0','0','0','0','否','','0','','',''),('7384','0','68','多杰斯塔','男','1979-12','西藏那曲','藏族','党员','2000-07','2000-07','0','0','2018-07','0','事业单位','管理七级-正科','市委统战部','','','','','','','中专','2000-07','3','0','','','','0','','','','0','0','0','0','否','','0','','',''),('4910','89','68','嘎桑江措','男','1987-10','西藏比如','藏族','党员','2007-07','2007-07','0','0','2017-05','0','事业单位','管理七级-正科','西藏那曲','','','','','','','中专','2007-07','3','0','','','','0','','','','0','0','0','0','否','','0','','',''),('4858','93','68','尼玛卓玛','女','1967-03','','藏族','','1978-03','1978-03','0','0','2004-01','0','机关单位','高级工','西藏那曲','','','','','','','中专','2013-07','3','0','','','','0','','','','0','0','0','0','否','','0','','',''),('6433','92','68','尼玛次仁','男','1985-12','那曲班嘎','藏族','党员','2010-09','2010-09','0','0','2017-12','0','机关单位','管理九级-科员','西藏那曲','','','','','','','大专','2010-09','3','0','','','','0','','','','0','0','0','0','否','','0','','',''),('7383','50','68','南朗扎西','男','1978-10','西藏比如','藏族','党员','2007-08','2007-08','0','0','2017-11','0','机关单位','乡科级正职','宗教办','非领导职务','','','','','','大专','2007-08','3','0','','','','0','','','','0','0','0','0','否','','0','2007年到2010年为三支一扶人员，工龄3年，2010年新考入公务员，不参加年度考核。','',''),('7318','32','68','杨洪','男','1983-03','','汉族','党员','2006-07','2006-07','0','0','2019-10','0','机关单位','县处级副职','市宗教局','领导职务','','','','','','本科','2006-07','4','0','','','','0','','','','0','0','0','0','否','','0','','',''),('4868','4','68','琼梅','女','1979-10','西藏昌都','藏族','党员','2003-07','2003-07','0','0','2019-12','0','机关单位','三级主任科员','西藏那曲','领导职务','','','','','','本科','2003-07','4','0','','','','0','','','','0','0','0','0','否','','0','','',''),('4837','40','68','张鹏宇','男','1981-03','重庆江津','藏族','党员','2003-07','2003-07','0','0','2019-12','0','机关单位','一级主任科员','西藏那曲','领导职务','','','','','','大专','2005-07','3','0','','','','0','','','','0','0','0','0','否','','0','2000年当兵到2002年共2年兵龄，合并计算工龄起始年份为2003年参加工作。2005年新参加工作，过渡考试进入公务员系统，2005年不参加年度考核。','',''),('6639','1','68','索朗多吉','男','1976-07','西藏错那','藏族','党员','1997-07','1997-07','0','0','2019-12','0','机关单位','一级调研员','西藏那曲','领导职务','','','','','','中专','1997-07','3','0','','','','0','','','','0','0','0','0','否','','0','','',''),('7381','78','68','邵艳芳','男','1983-06','湖南','汉族','党员','2005-07','2005-07','0','0','2016-05','0','机关单位','乡科级正职','统战部','领导职务','','','','','','本科','2007-07','4','0','','','','0','','','','0','0','0','0','否','','0','2001年到2003年当兵两年，共计兵龄2年。2003年到2007年大学本科四年，2007年参加工作，合计兵龄计算，参工时间为2005年，2007年参加工作当年不参加年度考核。','','');|INSERT INTO `tx_jobinfo` (`id`, `personid`, `sort`, `oldposttime`, `oldpostkind`, `oldpostname`, `oldarea`, `oldunitkind`, `oldunitname`, `oldisleader`, `height`)  VALUES ('45241','7382','0','2019-12','综合管理公务员','四级主任科员','四类区','机关单位','市宗教局','非领导职务','0'),('44497','7361','0','2013-09','公务员','乡科级副职','四类区','机关单位','西藏那曲统战部宗教办','领导职务','0'),('45252','4913','0','2019-12','综合管理公务员','三级主任科员','四类区','机关单位','西藏那曲','领导职务','0'),('45222','4841','0','2019-12','综合管理公务员','一级主任科员','四类区','机关单位','西藏那曲','领导职务','0'),('45155','7383','0','2017-11','公务员','乡科级正职','四类区','机关单位','宗教办','非领导职务','0'),('44565','7318','0','2011-05','公务员','乡科级副职','三类区','机关单位','索县热瓦乡','领导职务','0'),('45236','7364','0','2013-11','公务员','乡科级副职','四类区','机关单位','尼玛县','非领导职务','0'),('45170','4837','0','2019-12','综合管理公务员','一级主任科员','四类区','机关单位','西藏那曲','领导职务','0'),('45211','6639','0','2013-12','公务员','县处级正职','四类区','机关单位','西藏那曲','领导职务','0'),('45018','4910','0','2010-08','事业单位管理人员','管理九级-科员','四类区','事业单位','西藏那曲','','0'),('45237','7364','0','2018-07','公务员','乡科级副职','四类区','机关单位','市委统战部','领导职务','0'),('44564','7318','0','2006-07','公务员','科员','三类区','机关单位','索县若达乡','非领导职务','0'),('45073','7384','0','2018-07','事业单位管理人员','管理七级-正科','四类区','事业单位','市委统战部','','0'),('45212','6639','0','2019-12','综合管理公务员','一级调研员','四类区','机关单位','西藏那曲','领导职务','0'),('45169','4837','0','2014-06','公务员','乡科级正职','四类区','机关单位','西藏那曲','领导职务','0'),('44468','4836','0','2004-06','公务员','乡科级副职','四类区','机关单位','西藏那曲','领导职务','0'),('45250','4913','0','2013-12','事业单位管理人员','管理八级-副科','四类区','事业单位','西藏那曲','','0'),('45019','4910','0','2014-06','事业单位管理人员','管理八级-副科','四类区','事业单位','西藏那曲','','0'),('45017','4910','0','2007-07','事业单位专业技术人员','专技十三级-员级','四类区','事业单位','西藏那曲','','0'),('44470','4836','0','2013-04','公务员','县处级副职','四类区','机关单位','西藏那曲','非领导职务','0'),('44495','7361','0','2002-07','公务员','办事员','四类区','机关单位','西藏聂荣县','非领导职务','0'),('45235','7364','0','2009-08','公务员','科员','四类区','机关单位','尼玛县','非领导职务','0'),('44496','7361','0','2007-09','公务员','乡科级副职','四类区','机关单位','西藏聂荣县','非领导职务','0'),('44469','4836','0','2006-06','公务员','乡科级正职','四类区','机关单位','西藏那曲','领导职务','0'),('45168','4837','0','2013-01','公务员','乡科级正职','四类区','机关单位','西藏那曲','非领导职务','0'),('45166','4837','0','2005-07','公务员','科员','四类区','机关单位','西藏双湖','非领导职务','0'),('45167','4837','0','2008-03','公务员','乡科级副职','四类区','机关单位','西藏双湖','领导职务','0'),('45247','4913','0','2005-07','事业单位管理人员','管理十级-办事员','三类区','事业单位','西藏那曲','','0'),('40939','4824','0','2015-03','公务员','县处级副职','四类区','机关单位','西藏那曲','领导职务','0'),('45248','4913','0','2008-01','事业单位管理人员','管理九级-科员','三类区','事业单位','西藏那曲','','0'),('45024','6433','0','2010-09','事业单位专业技术人员','专技十三级-员级','四类区','机关单位','西藏丁青','','0'),('45249','4913','0','2013-05','事业单位管理人员','管理八级-副科','三类区','事业单位','西藏那曲','','0'),('45246','4868','0','2019-12','综合管理公务员','三级主任科员','四类区','机关单位','西藏那曲','领导职务','0'),('40942','4821','0','2015-01','公务员','县处级正职','四类区','机关单位','西藏那曲','非领导职务','0'),('45238','7364','0','2019-12','综合管理公务员','三级主任科员','四类区','机关单位','市宗教局','领导职务','0'),('44567','7318','0','2019-10','公务员','县处级副职','四类区','机关单位','市宗教局','领导职务','0'),('45220','4841','0','2013-06','公务员','乡科级正职','四类区','机关单位','西藏那曲','非领导职务','0'),('45210','6639','0','2013-04','公务员','县处级正职','四类区','机关单位','西藏那曲','领导职务','0'),('45221','4841','0','2014-06','公务员','乡科级正职','四类区','机关单位','西藏那曲','领导职务','0'),('40938','4824','0','2011-06','公务员','县处级副职','三类区','机关单位','西藏那曲','领导职务','0'),('45209','6639','0','2009-09','公务员','县处级副职','四类区','机关单位','西藏那曲','领导职务','0'),('45251','4913','0','2018-07','公务员','乡科级副职','四类区','机关单位','西藏那曲','领导职务','0'),('44467','4836','0','1998-07','公务员','科员','四类区','机关单位','西藏那曲','非领导职务','0'),('45218','4841','0','2004-07','公务员','科员','四类区','机关单位','西藏那曲','非领导职务','0'),('45206','6639','0','2004-09','公务员','乡科级正职','四类区','机关单位','西藏那曲','领导职务','0'),('45207','6639','0','2007-11','公务员','乡科级正职','四类区','机关单位','西藏那曲','领导职务','0'),('40937','4824','0','2005-06','公务员','乡科级正职','四类区','机关单位','西藏那曲','领导职务','0'),('45020','4910','0','2017-05','事业单位管理人员','管理七级-正科','四类区','事业单位','西藏那曲','','0'),('45245','4868','0','2018-07','公务员','乡科级副职','四类区','机关单位','西藏那曲','领导职务','0'),('45027','4858','0','1999-06','机关工人','中级工','四类区','机关单位','西藏那曲','','0'),('45208','6639','0','2008-11','公务员','乡科级正职','四类区','机关单位','西藏那曲','领导职务','0'),('45023','6430','0','2017-12','事业单位管理人员','管理八级-副科','四类区','机关单位','西藏那曲','','0'),('45154','7383','0','2015-03','公务员','乡科级副职','四类区','机关单位','宗教办','领导职务','0'),('40941','4821','0','2007-09','公务员','县处级副职','四类区','机关单位','西藏那曲','领导职务','0'),('45022','6430','0','2017-03','事业单位管理人员','管理八级-副科','四类区','机关单位','聂荣县县委办','','0'),('45204','6639','0','2001-01','公务员','乡科级副职','四类区','机关单位','西藏那曲','领导职务','0'),('45205','6639','0','2003-05','公务员','乡科级副职','四类区','机关单位','西藏那曲','领导职务','0'),('45244','4868','0','2014-06','事业单位管理人员','管理八级-副科','四类区','事业单位','西藏那曲','','0'),('40940','4821','0','2004-05','公务员','乡科级正职','四类区','机关单位','西藏那曲','领导职务','0'),('45028','4858','0','2004-01','机关工人','高级工','四类区','机关单位','西藏那曲','','0'),('45120','7381','0','2012-09','公务员','乡科级副职','四类区','机关单位','统战部','领导职务','0'),('45119','7381','0','2012-04','公务员','乡科级副职','三类区','机关单位','比如县','领导职务','0'),('45069','7384','0','2005-12','事业单位专业技术人员','专技十二级-助理','四类区','事业单位','那曲县罗马镇中心小学','','0'),('45068','7384','0','2000-07','事业单位专业技术人员','专技十三级-员级','四类区','事业单位','那曲县罗马镇中心小学','','0'),('45242','4868','0','2003-06','事业单位专业技术人员','专技十二级-助理','四类区','事业单位','西藏那曲','','0'),('45219','4841','0','2009-04','公务员','乡科级副职','四类区','机关单位','西藏那曲','领导职务','0'),('45021','6430','0','2013-12','事业单位管理人员','管理九级-科员','四类区','机关单位','聂荣县县委办','','0'),('45026','6433','0','2017-12','事业单位管理人员','管理九级-科员','四类区','机关单位','西藏那曲','','0'),('45152','7383','0','2010-08','公务员','科员','四类区','机关单位','班戈县','非领导职务','0'),('45121','7381','0','2016-05','公务员','乡科级正职','四类区','机关单位','统战部','领导职务','0'),('45239','7382','0','2014-11','公务员','科员','四类区','机关单位','嘉黎县档案馆','非领导职务','0'),('45118','7381','0','2007-07','公务员','科员','三类区','机关单位','巴青县','非领导职务','0'),('45243','4868','0','2010-07','事业单位管理人员','管理九级-科员','四类区','事业单位','西藏那曲','','0'),('45072','7384','0','2014-11','事业单位管理人员','管理八级-副科','四类区','事业单位','地位统战部','','0'),('45153','7383','0','2013-05','公务员','乡科级副职','四类区','机关单位','班戈县','领导职务','0'),('45240','7382','0','2018-01','公务员','科员','四类区','机关单位','那曲地委统战部','非领导职务','0'),('45203','6639','0','1997-07','事业单位专业技术人员','专技十三级-员级','四类区','事业单位','西藏那曲','','0'),('45025','6433','0','2014-05','事业单位专业技术人员','专技十三级-员级','四类区','机关单位','西藏那曲','','0'),('45070','7384','0','2010-08','事业单位专业技术人员','专技十级-中级','四类区','事业单位','那曲县教体局','','0'),('44566','7318','0','2014-02','公务员','乡科级正职','四类区','机关单位','市委统战部','领导职务','0'),('45071','7384','0','2013-05','事业单位管理人员','管理九级-科员','四类区','事业单位','地位统战部','','0'),('44498','7361','0','2014-02','公务员','乡科级正职','四类区','机关单位','西藏那曲统战部宗教办','领导职务','0');|INSERT INTO `tx_checkinfo` (`id`, `personid`, `gettime`, `check`)  VALUES ('4441','7381','2007','不通过'),('4450','4837','2005','不通过'),('4447','7383','2010','不通过');|INSERT INTO `tx_heightinfo` (`id`, `personid`, `area`, `city`, `county`, `height`, `acc`, `iscity`, `heightid`, `gettime`)  VALUES ('24536','4841','那曲地区','那曲地区','那曲地区','4527','6-1-1','否','0','2004-01'),('24084','7361','那曲地区','聂荣县','聂荣县','4733','6-10-1','否','395777','2002-01'),('24418','6430','那曲地区','聂荣县','白雄乡','4690','6-10-8','是','0','2014-06'),('24114','7318','那曲地区','索县','若达乡','4015','6-8-4','是','0','2006-01'),('24501','4837','那曲地区','那曲地区','那曲地区','4527','6-1-1','否','0','2003-01'),('24085','7361','那曲地区','那曲地区','那曲地区','4527','6-1-1','否','393473','2011-10'),('22317','4821','那曲地区','那曲地区','那曲地区','4527','6-1-1','否','0','1996-01'),('24550','4913','那曲地区','那曲地区','那曲地区','4527','6-1-1','否','0','2013-08'),('24115','7318','那曲地区','那曲地区','那曲地区','4527','6-1-1','否','0','2013-03'),('24417','6430','那曲地区','聂荣县','聂荣县','4733','6-10-1','否','0','2013-01'),('22315','4824','那曲地区','比如县','比如县','4130','6-4-1','否','0','2012-06'),('22316','4824','那曲地区','那曲地区','那曲地区','4527','6-1-1','否','0','2015-03'),('22314','4824','那曲地区','尼玛县','尼玛县','4598','6-11-1','否','0','1989-01'),('24077','4836','那曲地区','那曲地区','那曲地区','4527','6-1-1','否','0','1998-01'),('24421','6433','那曲地区','那曲地区','那曲地区','4527','6-1-1','否','0','2013-09'),('24547','4868','那曲地区','那曲地区','那曲地区','4527','6-1-1','否','0','2003-01'),('24534','6639','那曲地区','那曲地区','那曲地区','4527','6-1-1','否','0','2017-10'),('24533','6639','那曲地区','嘉黎县','嘉黎县','4540','6-5-1','否','0','2013-07'),('24532','6639','那曲地区','那曲县','尼玛乡','4348','6-2-12','是','0','2008-05'),('24531','6639','那曲地区','那曲县','罗玛镇','4698','6-2-3','是','0','2007-05'),('24419','6430','那曲地区','那曲地区','那曲地区','4527','6-1-1','否','0','2017-01'),('24528','6639','那曲地区','那曲县','达前乡','4288','6-2-13','是','0','2000-07'),('24415','4910','那曲地区','那曲县','尼玛乡','4348','6-2-12','是','0','2007-01'),('24529','6639','那曲地区','那曲县','那曲县','4527','6-2-1','否','0','2002-10'),('24420','6433','昌都市','丁青县','巴达乡','4135','5-9-11','是','0','2010-01'),('24530','6639','那曲地区','那曲县','古露镇','4683','6-2-4','是','0','2003-08'),('24496','7383','那曲地区','班戈县','班戈县','4888','6-6-1','否','0','2008-01'),('24544','7364','那曲地区','那曲地区','那曲地区','4527','6-1-1','否','0','2015-04'),('24549','4913','那曲地区','巴青县','拉西镇','4450','6-3-2','是','0','2008-03'),('24416','4910','那曲地区','那曲地区','那曲地区','4527','6-1-1','否','0','2010-02'),('24527','6639','那曲地区','那曲县','那曲县','4527','6-2-1','否','0','1997-01'),('24422','4858','那曲地区','那曲地区','那曲地区','4527','6-1-1','否','0','1978-01'),('24548','4913','那曲地区','巴青县','江绵乡','4635','6-3-5','是','0','2005-01'),('24447','7384','那曲地区','那曲地区','那曲地区','4527','6-1-1','否','0','2012-12'),('24476','7381','那曲地区','比如县','茶曲乡','4140','6-4-9','是','0','2011-09'),('24543','7364','那曲地区','尼玛县','尼玛县','4598','6-11-1','否','0','2009-01'),('24474','7381','那曲地区','巴青县','巴青县','4160','6-3-1','否','0','2007-01'),('24473','7381','拉萨市','拉萨市','拉萨市','3650','1-1-1','否','0','2005-01'),('24475','7381','那曲地区','比如县','比如县','4130','6-4-1','否','0','2010-10'),('24446','7384','那曲地区','那曲县','尼玛乡','4348','6-2-12','是','0','2011-04'),('24545','7382','那曲地区','嘉黎县','嘉黎县','4540','6-5-1','否','0','2014-01'),('24497','7383','那曲地区','班戈县','普保镇','4888','6-6-2','是','0','2009-01'),('24477','7381','那曲地区','那曲地区','那曲地区','4527','6-1-1','否','0','2012-02'),('24546','7382','那曲地区','那曲地区','那曲地区','4527','6-1-1','否','0','2017-02'),('24498','7383','那曲地区','那曲地区','那曲地区','4527','6-1-1','否','0','2014-08'),('24444','7384','那曲地区','那曲县','罗玛镇','4698','6-2-3','是','0','2000-01'),('24445','7384','那曲地区','那曲县','那曲镇','4527','6-2-2','是','0','2006-01');|