INSERT INTO `tx_personinfo` (`id`, `sort`, `userid`, `name`, `sex`, `birthday`, `origin`, `nation`, `partymember`, `worktime`, `intime`, `inadj`, `inyear`, `posttime`, `postadj`, `unitkind`, `postname`, `unitname`, `isleader`, `lastposttime`, `lastunitkind`, `lastpostname`, `lastunitname`, `area`, `education`, `educationtime`, `schooltime`, `educationadj`, `teacherinfo`, `teacherbegin`, `teacherend`, `teacheradj`, `oneinfo`, `onebegin`, `oneend`, `oneadj`, `check2`, `check5`, `coveradj`, `cadre`, `retiretime`, `height`, `note`, `addon`,`ywcadre`) VALUES ('7683','13','61','达娃顿珠','男','1991-07','西藏昌都','藏族','党员','2014-07','2014-07','0','0','2020-05','0','事业单位','管理八级-副科','那曲市藏医院','','','','','','','大专','2014-07','3','0','','','','0','','','','0','0','0','0','','','0','','',''),('7681','12','61','棉措','女','1982-12','西藏巴青','藏族','党员','1999-07','1999-07','0','0','2017-07','0','事业单位','管理八级-副科','那曲市藏医院','','','','','','','中专','1999-07','3','0','','','','0','','','','0','0','0','0','','','0','','',''),('7696','0','61','西热','男','1982-06','西藏拉孜','藏族','党员','2007-07','2007-07','0','0','2020-08','0','事业单位','专技七级-副高','那曲市藏医院','','','','','','','本科','2007-07','4','0','','','','0','','','','0','2007','2007','0','','','0','','',''),('7697','0','61','罗布西琼','男','1973-04','西藏日喀则','藏族','','1995-07','1995-07','0','0','2021-07','0','事业单位','专技七级-副高','那曲市藏医院','','','','','','','中专','1995-07','3','0','','','','0','','','','0','2006','2006','0','','','0','','a:1:{i:0;a:1:{s:18:"工改保留工资";s:3:"354";}}',''),('7698','0','61','索朗曲措','女','1983-09','西藏巴青','藏族','','2007-07','2007-07','0','0','2021-07','0','事业单位','专技七级-副高','那曲市藏医院','','','','','','','本科','2007-07','4','0','','','','0','','','','0','2007','2007','0','','','0','','',''),('7699','0','61','才让太','男','1982-05','青海海南','藏族','','2008-07','2008-07','0','0','2021-07','0','事业单位','专技七级-副高','那曲市藏医院','','','','','','','本科','2008-07','4','0','','','','0','','','','0','2008','2008','0','','','0','','',''),('7700','0','61','格日草','男','1983-01','甘肃甘南','藏族','','2008-07','2008-07','0','0','2021-07','0','事业单位','专技七级-副高','那曲市藏医院','','','','','','','本科','2008-07','4','0','','','','0','','','','0','2008','2008','0','','','0','','',''),('7701','0','61','嘎色','女','1976-03','西藏比如','藏族','','1997-07','1997-07','0','0','2019-01','0','事业单位','专技八级','那曲市藏医院','','','','','','','中专','1997-07','3','0','','','','0','','','','0','2006','2006','0','','','0','','a:1:{i:0;a:1:{s:18:"工改保留工资";s:3:"302";}}',''),('7703','0','61','宗吉','女','1972-07','西藏措美','藏族','','1994-07','1994-07','0','0','2021-09','0','事业单位','专技十级-中级','那曲市藏医院','','','','','','','中专','1994-07','3','0','护士','1994-07','','0','','','','0','2006','2006','0','','','0','','a:1:{i:0;a:1:{s:18:"工改保留工资";s:3:"390";}}',''),('7704','0','61','平措达杰','男','1982-06','西藏当雄','藏族','党员','2008-07','2008-07','0','0','2019-01','0','事业单位','专技八级','那曲市藏医院','','','','','','','本科','2008-07','4','0','','','','0','','','','0','2008','2008','0','','','0','','',''),('7705','0','61','向巴曲珍','女','1982-01','西藏察隅','藏族','党员','2002-07','2002-07','0','0','2021-08','0','事业单位','专技十二级-助理','那曲市藏医院','','','','','','','中专','2002-07','3','0','护士','2002-07','','0','','','','0','2006','2006','0','','','0','','a:1:{i:0;a:1:{s:18:"工改保留工资";s:3:"291";}}',''),('7706','0','61','次旺顿珠','男','1987-12','西藏尼木','藏族','','2010-12','2010-12','0','0','2019-01','0','事业单位','专技九级','那曲市藏医院','','','','','','','本科','2010-12','4','0','','','','0','','','','0','2010','2010','0','','','0','','',''),('7678','11','61','央金卓嘎','女','1975-12','西藏比如','藏族','党员','1994-07','1994-07','0','0','2012-10','0','事业单位','管理七级-正科','那曲市藏医院','','','','','','','中专','1994-07','2','0','','','','0','','','','0','0','0','0','','','0','','',''),('7677','0','61','米玛次仁','男','1972-09','西藏江达','藏族','党员','1994-07','1994-07','0','0','2011-05','0','事业单位','管理六级-副县','那曲市藏医院','','','','','','','中专','1994-07','3','0','','','','0','','','','0','2006','2006','0','','','0','','a:1:{i:0;a:1:{s:18:"工改保留工资";s:3:"408";}}',''),('7676','0','61','索朗央庆','女','1978-12','西藏尼玛县','藏族','','1997-07','1997-07','0','0','2017-03','0','事业单位','专技十级-中级','那曲市藏医院','','','','','','','中专','2010-01','2','0','','','','0','','','','0','2006','2006','0','','','0','','',''),('7675','0','61','巴桑次仁','女','1983-02','西藏那曲','藏族','党员','2006-07','2006-07','0','0','2021-05','0','事业单位','管理六级-副县','那曲市藏医院','','','','','','','本科','2006-07','4','0','','','','0','','','','0','2006','2006','0','','','0','','',''),('7674','0','61','嘎色','女','1976-03','西藏比如','藏族','','1997-07','1997-07','0','0','2019-01','0','事业单位','专技八级','那曲市藏医院','','','','','','','中专','1997-07','2','0','','','','0','','','','0','2006','2006','0','','','0','','',''),('7672','10','61','次仁桑培','女','1971-07','西藏比如','藏族','','1998-07','1998-07','0','0','2019-01','0','事业单位','专技六级','那曲市藏医院','','','','','','','本科','1998-07','4','0','','','','0','','','','0','0','0','0','','','0','','',''),('7673','9','61','索朗曲珍','女','1981-06','西藏拉萨','藏族','党员','2006-07','2006-07','0','0','2021-07','0','事业单位','专技七级-副高','那曲市藏医院','','','','','','','本科','2006-07','4','0','','','','0','','','','0','0','0','0','','','0','','',''),('7671','8','61','南珍','女','1972-04','西藏堆龙','藏族','','1997-07','1997-07','0','0','2019-01','0','事业单位','专技五级','那曲市藏医院','','','','','','','本科','1997-07','4','0','','','','0','','','','0','0','0','0','','','0','','',''),('7668','0','61','次仁占措','女','1984-11','西藏比如','藏族','党员','2005-07','2005-07','0','0','2015-10','0','事业单位','管理八级-副科','那曲市藏医院','','','','','','','大专','2005-07','2','0','','','','0','','','','0','2006','2006','0','','','0','','',''),('7669','6','61','苏维昕','女','1992-01','青海互助','藏族','党员','2016-08','2016-08','0','0','2016-08','0','事业单位','管理九级-科员','那曲市藏医院','','','','','','','本科','2016-08','4','0','','','','0','','','','0','0','0','0','','','0','','',''),('7670','7','61','尼珍','女','1974-01','西藏日喀则','藏族','','1997-07','1997-07','0','0','2019-01','0','事业单位','专技五级','那曲市藏医院','','','','','','','本科','1997-07','4','0','','','','0','','','','0','0','0','0','','','0','','a:1:{i:0;a:1:{s:18:"工改保留工资";s:3:"441";}}',''),('7654','3','61','嘎玛泽多','男','1981-10','西藏江达','藏族','党员','2004-07','2004-07','0','0','2020-04','0','事业单位','管理五级-正县','西藏那曲市藏医院','','','','','','','本科','2004-07','4','0','','','','0','','','','0','0','0','0','','','0','','a:1:{i:0;a:1:{s:18:"工改保留工资";s:3:"330";}}',''),('7666','0','61','巴珍','女','1997-04','西藏仁布','藏族','团员','2021-08','2021-08','0','0','2021-08','0','事业单位','专技十三级-员级','那曲市藏医院','','','','','','','本科','2021-08','4','0','','','','0','','','','0','2021','2021','0','','','0','','',''),('7646','66','61','次旦卓玛','女','1979-10','西藏波密','藏族','党员','2003-07','2003-07','0','0','2017-07','0','事业单位','管理七级-正科','西藏那曲市藏医院','','','','','','','本科','2003-07','4','0','','','','0','','','','0','0','0','0','','','0','','a:1:{i:0;a:1:{s:18:"工改保留工资";s:3:"327";}}',''),('7665','4','61','卓玛次仁','女','1997-02','西藏当雄','藏族','党员','2021-08','2021-08','0','0','2021-08','0','事业单位','专技十三级-员级','那曲市藏医院','','','','','','','本科','2021-08','4','0','','','','0','','','','0','0','0','0','','','0','','',''),('7304','0','61','旦增平措','男','1986-09','西藏乃东','藏族','党员','2008-10','2008-10','0','0','2019-11','0','机关单位','省部级正职','','领导职务','','','','','','大专','2008-07','3','0','','','','0','','','','0','2008','2008','0','否','','0','','',''),('7653','2','61','索朗旺姆','女','1967-07','西藏索县','藏族','党员','1987-07','1987-07','0','0','2021-05','0','事业单位','管理五级-正县','西藏那曲市妇联主席','领导职务','','','','','','中专','1987-07','3','0','','','','0','','','','0','0','0','0','','','0','','',''),('7707','0','61','格桑旺姆','女','1984-02','西藏拉萨','藏族','','2003-07','2003-07','0','','2019-01','0','事业单位','专技九级','那曲市藏医院','','','','','','','中专','2003-07','3','0','护士','2003-07','','0','','','','0','2006','2006','0','','','','','a:1:{i:0;a:1:{s:18:"工改保留工资";s:3:"279";}}',''),('7708','0','61','平措','男','1979-01','西藏日喀则','藏族','党员','2002-07','2002-07','0','','2017-07','0','事业单位','管理七级-正科','那曲市藏医院','','','','','','','大专','2002-07','3','0','','','','0','','','','0','2006','2006','0','','','','','a:1:{i:0;a:1:{s:18:"工改保留工资";s:3:"303";}}',''),('7709','1','61','阿旺次仁','女','1985-08','西藏拉萨','藏族','','2008-08','2008-08','0','','2016-12','0','事业单位','专技十级-中级','那曲市藏医院','','','','','','','本科','2008-08','4','0','','','','0','','','','0','0','0','0','','','','','',''),('7693','0','61','钟文军','男','2018-07','西藏昌都','藏族','党员','2004-07','2004-07','0','0','2020-06','0','事业单位','专技七级-副高','那曲市藏医院','','','','','','','本科','2004-07','4','0','','','','0','','','','0','2006','2006','0','','','0','','a:1:{i:0;a:1:{s:18:"工改保留工资";s:3:"330";}}',''),('7695','1','61','罗布欧珠','男','1975-08','西藏扎囊','藏族','','2000-07','2000-07','0','0','2020-06','0','事业单位','专技八级','那曲市藏医院','','','','','','','本科','2000-07','4','0','','','','0','','','','0','2006','2006','0','','','0','','a:1:{i:0;a:1:{s:18:"工改保留工资";s:3:"378";}}',''),('7692','1','61','阿旺多吉','男','1980-11','西藏林卡子','藏族','','2004-11','2004-11','0','0','2018-05','0','事业单位','专技七级-副高','那曲市藏医院','','','','','','','本科','2004-07','4','0','','','','0','','','','0','2006','2006','0','','','0','','a:1:{i:0;a:1:{s:18:"工改保留工资";s:3:"330";}}',''),('7691','1','61','尼玛卓玛','女','1975-07','西藏堆龙','藏族','','1999-07','1999-07','0','0','2012-09','0','事业单位','专技七级-副高','那曲市藏医院','','','','','','','本科','1999-07','4','0','','','','0','','','','0','2006','2006','0','','','0','','a:1:{i:0;a:1:{s:18:"工改保留工资";s:3:"441";}}',''),('7689','28','61','秋英','女','1976-03','西藏比如','藏族','党员','1996-07','1996-07','0','0','2013-01','0','事业单位','管理九级-科员','那曲市藏医院','','','','','','','中专','1996-07','3','0','','','','0','','','','0','2006','2006','0','','','0','','',''),('7690','30','61','索旺','男','1975-01','西藏江孜','藏族','党员','1998-07','1998-07','0','0','2019-11','0','事业单位','专技四级-正高','那曲市藏医院','','','','','','','本科','1998-07','4','0','','','','0','','','','0','2006','2006','0','','','0','','a:1:{i:0;a:1:{s:18:"工改保留工资";s:3:"397";}}',''),('7685','0','61','尼玛平措','男','1980-09','西藏比如','藏族','党员','2003-07','2003-07','0','0','2010-10','0','事业单位','管理九级-科员','那曲市藏医院','','','','','','','大专','2003-07','3','0','','','','0','','','','0','2006','2006','0','','','0','','a:1:{i:0;a:1:{s:18:"工改保留工资";s:3:"288";}}',''),('7688','28','61','拉巴扎西','男','1967-02','西藏那曲','藏族','','1984-06','1984-06','0','0','2010-10','0','事业单位','管理九级-科员','那曲市藏医院','','','','','','','暂时没有','','0','0','','','','0','','','','0','2006','2006','0','','','0','','',''),('7687','0','61','次吉','女','1988-07','西藏林周','藏族','','2012-11','2012-11','0','0','2018-02','0','事业单位','管理九级-科员','那曲市藏医院','','','','','','','大专','2012-11','3','0','','','','0','','','','0','2012','2012','0','','','0','','',''),('7686','26','61','嘎玛卓嘎','女','1988-01','西藏安多','藏族','党员','2011-12','2011-12','0','0','2017-12','0','事业单位','管理九级-科员','那曲市藏医院','','','','','','','大专','2011-12','3','0','','','','0','','','','0','2011','2011','0','','','0','','',''),('7682','12','61','次仁琼达','女','1979-03','西藏拉孜','藏族','党员','2003-07','2003-07','0','0','2015-10','0','事业单位','管理八级-副科','那曲市藏医院','','','','','','','大专','2003-07','3','0','','','','0','','','','0','0','0','0','','','0','','a:1:{i:0;a:1:{s:18:"工改保留工资";s:3:"288";}}',''),('7679','10','61','旦增旺堆','男','1980-05','四川巴塘','藏族','党员','2002-07','2002-07','0','0','2015-10','0','事业单位','管理七级-正科','那曲市藏医院','','','','','','','大专','2002-07','3','0','','','','0','','','','0','0','0','0','','','0','','a:1:{i:0;a:1:{s:18:"工改保留工资";s:3:"300";}}',''),('7680','9','61','格桑卓嘎','女','1981-03','西藏扎囊','藏族','党员','2003-07','2003-07','0','0','2015-10','0','事业单位','管理七级-正科','那曲市藏医院','','','','','','','大专','2003-07','3','0','','','','0','','','','0','2006','2006','0','','','0','','a:1:{i:0;a:1:{s:18:"工改保留工资";s:3:"288";}}',''),('7684','27','61','洛桑强巴','男','1991-07','西藏曲松','藏族','党员','2012-11','2012-11','0','0','2020-05','0','事业单位','管理八级-副科','那曲市藏医院','','','','','','','大专','2012-11','3','0','','','','0','','','','0','0','0','0','','','0','','','');|INSERT INTO `tx_jobinfo` (`id`, `personid`, `sort`, `oldposttime`, `oldpostkind`, `oldpostname`, `oldarea`, `oldunitkind`, `oldunitname`, `oldisleader`, `height`)  VALUES ('55565','7707','','2003-07','事业单位专业技术人员','专技十三级-员级','四类区','事业单位','那曲市藏医院','','0'),('55315','7672','0','2007-07','事业单位专业技术人员','专技十级-中级','四类区','事业单位','那曲市藏医院','','0'),('55316','7672','0','2017-10','事业单位专业技术人员','专技七级-副高','四类区','事业单位','那曲市藏医院','','0'),('55312','7673','0','2015-02','事业单位专业技术人员','专技十级-中级','四类区','事业单位','那曲市藏医院','','0'),('55317','7672','0','2019-01','事业单位专业技术人员','专技六级','四类区','事业单位','那曲市藏医院','','0'),('55318','7671','0','1997-07','事业单位专业技术人员','专技十二级-助理','四类区','事业单位','那曲市藏医院','','0'),('55319','7671','0','2005-06','事业单位专业技术人员','专技十级-中级','四类区','事业单位','那曲市藏医院','','0'),('55314','7672','0','1998-07','事业单位专业技术人员','专技十二级-助理','四类区','事业单位','那曲市藏医院','','0'),('55320','7671','0','2012-09','事业单位专业技术人员','专技七级-副高','四类区','事业单位','那曲市藏医院','','0'),('55321','7671','0','2019-01','事业单位专业技术人员','专技五级','四类区','事业单位','那曲市藏医院','','0'),('55311','7673','0','2014-02','事业单位专业技术人员','专技十级-中级','三类区','事业单位','那曲市索县','','0'),('55383','7677','0','2004-04','事业单位管理人员','管理八级-副科','四类区','事业单位','那曲市藏医院','','0'),('55333','7676','0','2017-03','事业单位专业技术人员','专技十级-中级','四类区','事业单位','那曲市藏医院','','0'),('55332','7676','0','2012-01','事业单位专业技术人员','专技十二级-助理','四类区','事业单位','那曲市藏医院','','0'),('55331','7676','0','1997-07','事业单位工人','普通-普通工','四类区','事业单位','那曲市尼 玛县','','0'),('55330','7675','0','2021-05','事业单位管理人员','管理六级-副县','四类区','事业单位','那曲市藏医院','','0'),('55310','7673','0','2006-07','事业单位专业技术人员','专技十二级-助理','三类区','事业单位','那曲市索县','','0'),('55313','7673','0','2021-07','事业单位专业技术人员','专技七级-副高','四类区','事业单位','那曲市藏医院','','0'),('55305','7674','0','1997-07','事业单位专业技术人员','专技十三级-员级','三类区','事业单位','那曲市比如县','','0'),('55306','7674','0','1999-07','事业单位专业技术人员','专技十二级-助理','三类区','事业单位','那曲市比如县','','0'),('55307','7674','0','2009-06','事业单位专业技术人员','专技十级-中级','三类区','事业单位','那曲市比如县','','0'),('55309','7674','0','2019-01','事业单位专业技术人员','专技八级','四类区','事业单位','那曲市藏医院','','0'),('55327','7675','0','2011-11','事业单位管理人员','管理八级-副科','四类区','事业单位','那曲市藏医院','','0'),('55420','7680','0','2006-07','事业单位管理人员','管理九级-科员','四类区','事业单位','那曲市藏医院','','0'),('55329','7675','0','2017-07','事业单位管理人员','管理七级-正科','四类区','事业单位','那曲市藏医院','','0'),('55328','7675','0','2016-04','事业单位专业技术人员','专技十级-中级','四类区','事业单位','那曲市藏医院','','0'),('55384','7677','0','2006-05','事业单位管理人员','管理七级-正科','四类区','事业单位','那曲市藏医院','','0'),('55424','7679','0','2005-07','事业单位管理人员','管理九级-科员','四类区','事业单位','那曲市藏医院','','0'),('55423','7679','0','2002-07','事业单位管理人员','管理十级-办事员','四类区','事业单位','那曲市藏医院','','0'),('55421','7680','0','2008-11','事业单位管理人员','管理八级-副科','四类区','事业单位','那曲市藏医院','','0'),('55640','7709','','2016-12','事业单位专业技术人员','专技十级-中级','四类区','事业单位','那曲市藏医院','','0'),('55422','7680','0','2015-10','事业单位管理人员','管理七级-正科','四类区','事业单位','那曲市藏医院','','0'),('55425','7679','0','2010-05','事业单位管理人员','管理八级-副科','四类区','事业单位','那曲市藏医院','','0'),('55437','7681','0','2010-10','事业单位管理人员','管理九级-科员','四类区','事业单位','那曲市藏医院','','0'),('55435','7682','0','2015-10','事业单位管理人员','管理八级-副科','四类区','事业单位','那曲市藏医院','','0'),('55639','7709','','2016-09','事业单位专业技术人员','专技十级-中级','四类区','事业单位','双湖特别区','','0'),('55638','7709','','2009-08','事业单位专业技术人员','专技十二级-助理','四类区','事业单位','双湖特别区','','0'),('55637','7709','','2008-08','事业单位专业技术人员','专技十三级-员级','四类区','事业单位','双湖特别区协德乡','','0'),('55573','7708','','2017-07','事业单位管理人员','管理七级-正科','四类区','事业单位','那曲市藏医院','','0'),('55572','7708','','2011-11','事业单位管理人员','管理八级-副科','四类区','事业单位','那曲市藏医院','','0'),('55571','7708','','2007-07','事业单位专业技术人员','专技十二级-助理','四类区','事业单位','那曲市藏医院','','0'),('55570','7708','','2003-01','事业单位专业技术人员','专技十三级-员级','四类区','事业单位','那曲市藏医院','','0'),('55569','7708','','2002-07','事业单位专业技术人员','专技十三级-员级','四类区','事业单位','那曲市嘉黎县藏医院','','0'),('55568','7707','','2019-01','事业单位专业技术人员','专技九级','四类区','事业单位','那曲市藏医院','','0'),('55567','7707','','2017-04','事业单位专业技术人员','专技十级-中级','四类区','事业单位','那曲市藏医院','','0'),('55566','7707','','2010-12','事业单位专业技术人员','专技十二级-助理','四类区','事业单位','那曲市藏医院','','0'),('55436','7681','0','1999-07','事业单位管理人员','管理十级-办事员','四类区','事业单位','那曲市文工团','','0'),('55434','7682','0','2010-10','事业单位管理人员','管理九级-科员','四类区','事业单位','那曲市藏医院','','0'),('55433','7682','0','2003-07','事业单位管理人员','管理十级-办事员','四类区','事业单位','那曲市藏医院','','0'),('55443','7683','0','2017-07','事业单位管理人员','管理九级-科员','四类区','事业单位','色尼区孔玛乡','','0'),('55442','7683','0','2014-07','事业单位管理人员','管理十级-办事员','四类区','事业单位','色尼区孔玛乡','','0'),('55444','7683','0','2020-05','事业单位管理人员','管理八级-副科','四类区','事业单位','那曲市藏医院','','0'),('55411','7678','0','2007-06','事业单位管理人员','管理九级-科员','四类区','事业单位','那曲市藏医院','','0'),('55410','7678','0','1994-07','事业单位管理人员','管理十级-办事员','三类区','事业单位','那曲市比如县小学','','0'),('55385','7677','0','2011-05','事业单位管理人员','管理六级-副县','四类区','事业单位','那曲市藏医院','','0'),('55456','7684','0','2015-07','事业单位专业技术人员','专技十二级-助理','三类区','事业单位','巴青县雅安镇人民政府','','0'),('55455','7684','0','2012-11','事业单位专业技术人员','专技十三级-员级','三类区','事业单位','巴青县雅安镇人民政府','','0'),('55457','7684','0','2020-05','事业单位管理人员','管理八级-副科','四类区','事业单位','那曲市藏医院','','0'),('55449','7685','0','2010-10','事业单位管理人员','管理九级-科员','四类区','事业单位','那曲市藏医院','','0'),('55448','7685','0','2003-07','事业单位管理人员','管理十级-办事员','四类区','事业单位','阿里地区噶尔县','','0'),('55450','7686','0','2011-12','事业单位专业技术人员','专技十三级-员级','四类区','事业单位','聂荣县广电中心','','0'),('55452','7686','0','2017-12','事业单位管理人员','管理九级-科员','四类区','事业单位','那曲市藏医院','','0'),('55458','7688','0','1984-06','事业单位管理人员','管理十级-办事员','四类区','事业单位','那曲市藏医院','','0'),('55453','7687','0','2012-11','事业单位专业技术人员','专技十三级-员级','三类区','事业单位','巴青县雅安镇人民政府','','0'),('55451','7686','0','2015-09','事业单位专业技术人员','专技十三级-员级','四类区','事业单位','聂荣县广电中心','','0'),('55454','7687','0','2018-02','事业单位管理人员','管理九级-科员','四类区','事业单位','那曲市藏医院','','0'),('55459','7688','0','2010-10','事业单位管理人员','管理九级-科员','四类区','事业单位','那曲市藏医院','','0'),('55460','7689','0','1996-07','事业单位管理人员','管理十级-办事员','四类区','事业单位','那曲市藏医院','','0'),('55461','7689','0','2013-01','事业单位管理人员','管理九级-科员','四类区','事业单位','那曲市藏医院','','0'),('55466','7690','0','2019-11','事业单位专业技术人员','专技四级-正高','四类区','事业单位','那曲市藏医院','','0'),('55465','7690','0','2019-01','事业单位专业技术人员','专技五级','四类区','事业单位','那曲市藏医院','','0'),('55467','7691','0','1999-07','事业单位专业技术人员','专技十二级-助理','四类区','事业单位','那曲市藏医院','','0'),('55468','7691','0','2004-05','事业单位专业技术人员','专技十级-中级','四类区','事业单位','那曲市藏医院','','0'),('55498','7697','0','2021-07','事业单位专业技术人员','专技七级-副高','四类区','事业单位','那曲市藏医院','','0'),('55470','7692','0','2004-07','事业单位专业技术人员','专技十二级-助理','四类区','事业单位','那曲市藏医院','','0'),('55469','7691','0','2012-09','事业单位专业技术人员','专技七级-副高','四类区','事业单位','那曲市藏医院','','0'),('55475','7693','0','2020-06','事业单位专业技术人员','专技七级-副高','四类区','事业单位','那曲市藏医院','','0'),('55482','7695','0','2000-07','事业单位专业技术人员','专技十二级-助理','四类区','事业单位','那曲市尼玛县藏医院','','0'),('55473','7693','0','2004-07','事业单位专业技术人员','专技十二级-助理','四类区','事业单位','那曲市藏医院','','0'),('55472','7692','0','2018-05','事业单位专业技术人员','专技七级-副高','四类区','事业单位','那曲市藏医院','','0'),('55474','7693','0','2012-04','事业单位专业技术人员','专技十级-中级','四类区','事业单位','那曲市藏医院','','0'),('55483','7695','0','2009-07','事业单位专业技术人员','专技十二级-助理','四类区','事业单位','那曲市藏医院','','0'),('55476','7693','0','2019-01','事业单位专业技术人员','专技八级','四类区','事业单位','那曲市藏医院','','0'),('55485','7695','0','2019-01','事业单位专业技术人员','专技八级','四类区','事业单位','那曲市藏医院','','0'),('55462','7690','0','1998-07','事业单位专业技术人员','专技十二级-助理','三类区','事业单位','那曲市比如县藏医院','','0'),('55484','7695','0','2011-10','事业单位专业技术人员','专技十级-中级','四类区','事业单位','那曲市藏医院','','0'),('55464','7690','0','2012-10','事业单位专业技术人员','专技七级-副高','四类区','事业单位','那曲市藏医院','','0'),('55463','7690','0','2005-06','事业单位专业技术人员','专技十级-中级','三类区','事业单位','那曲市比如县藏医院','','0'),('55486','7695','0','2020-06','事业单位专业技术人员','专技八级','四类区','事业单位','那曲市藏医院','','0'),('55426','7679','0','2015-10','事业单位管理人员','管理七级-正科','四类区','事业单位','那曲市藏医院','','0'),('55487','7696','0','2007-07','事业单位专业技术人员','专技十二级-助理','四类区','事业单位','那曲地区双湖','','0'),('55488','7696','0','2013-10','事业单位专业技术人员','专技十二级-助理','四类区','事业单位','那曲市藏医院','','0'),('55490','7696','0','2019-01','事业单位专业技术人员','专技八级','四类区','事业单位','那曲市藏医院','','0'),('55489','7696','0','2014-05','事业单位专业技术人员','专技十级-中级','四类区','事业单位','那曲市藏医院','','0'),('55491','7696','0','2020-08','事业单位专业技术人员','专技七级-副高','四类区','事业单位','那曲市藏医院','','0'),('55492','7697','0','1995-07','事业单位专业技术人员','专技十三级-员级','四类区','事业单位','那曲地区嘉黎县藏医院','','0'),('55497','7697','0','2019-01','事业单位专业技术人员','专技八级','四类区','事业单位','那曲市藏医院','','0'),('55496','7697','0','2015-11','事业单位管理人员','管理七级-正科','四类区','事业单位','那曲市藏医院','','0'),('55493','7697','0','2003-12','事业单位专业技术人员','专技十二级-助理','四类区','事业单位','那曲地区嘉黎县藏医院','','0'),('55419','7680','0','2003-07','事业单位管理人员','管理十级-办事员','四类区','事业单位','那曲市藏医院','','0'),('55517','7698','0','2019-01','事业单位专业技术人员','专技八级','四类区','事业单位','那曲市藏医院','','0'),('55515','7698','0','2007-08','事业单位专业技术人员','专技十二级-助理','四类区','事业单位','那曲市那曲镇卫生院','','0'),('55412','7678','0','2010-05','事业单位管理人员','管理八级-副科','四类区','事业单位','那曲市藏医院','','0'),('55518','7698','0','2021-07','事业单位专业技术人员','专技七级-副高','四类区','事业单位','那曲市藏医院','','0'),('55495','7697','0','2011-10','事业单位专业技术人员','专技十级-中级','四类区','事业单位','那曲市藏医院','','0'),('55494','7697','0','2006-03','事业单位专业技术人员','专技十二级-助理','四类区','事业单位','那曲市藏医院','','0'),('55519','7699','0','2008-07','事业单位专业技术人员','专技十二级-助理','四类区','事业单位','那曲市安多县多玛乡','','0'),('55516','7698','0','2014-05','事业单位专业技术人员','专技十级-中级','四类区','事业单位','那曲市那曲镇卫生院','','0'),('55520','7699','0','2010-05','事业单位专业技术人员','专技十二级-助理','四类区','事业单位','那曲市安多县多玛乡','','0'),('55521','7699','0','2012-05','事业单位专业技术人员','专技十二级-助理','四类区','事业单位','那曲市藏医院','','0'),('55522','7699','0','2016-01','事业单位专业技术人员','专技十级-中级','四类区','事业单位','那曲市藏医院','','0'),('55438','7681','0','2017-07','事业单位管理人员','管理八级-副科','四类区','事业单位','那曲市藏医院','','0'),('55523','7699','0','2021-07','事业单位专业技术人员','专技七级-副高','四类区','事业单位','那曲市藏医院','','0'),('55525','7700','0','2008-07','事业单位专业技术人员','专技十二级-助理','四类区','事业单位','那曲市安多县多玛乡','','0'),('55524','7699','0','2019-01','事业单位专业技术人员','专技九级','四类区','事业单位','那曲市藏医院','','0'),('55526','7700','0','2010-05','事业单位专业技术人员','专技十二级-助理','四类区','事业单位','那曲市安多县多玛乡','','0'),('55528','7700','0','2016-01','事业单位专业技术人员','专技十级-中级','四类区','事业单位','那曲市藏医院','','0'),('55527','7700','0','2012-05','事业单位专业技术人员','专技十二级-助理','四类区','事业单位','那曲市藏医院','','0'),('55529','7700','0','2019-01','事业单位专业技术人员','专技八级','四类区','事业单位','那曲市藏医院','','0'),('55530','7700','0','2021-07','事业单位专业技术人员','专技七级-副高','四类区','事业单位','那曲市藏医院','','0'),('55533','7701','0','2009-06','事业单位专业技术人员','专技十级-中级','三类区','事业单位','那曲市比如县藏医院','','0'),('55534','7701','0','2012-05','事业单位专业技术人员','专技十级-中级','四类区','事业单位','那曲市藏医院','','0'),('55531','7701','0','1997-07','事业单位专业技术人员','专技十三级-员级','三类区','事业单位','那曲市比如县藏医院','','0'),('55532','7701','0','1999-07','事业单位专业技术人员','专技十二级-助理','三类区','事业单位','那曲市比如县藏医院','','0'),('55535','7701','0','2019-01','事业单位专业技术人员','专技八级','四类区','事业单位','那曲市藏医院','','0'),('55546','7703','0','2019-01','事业单位专业技术人员','专技八级','四类区','事业单位','那曲市藏医院','','0'),('55545','7703','0','2021-09','事业单位专业技术人员','专技十级-中级','四类区','事业单位','那曲市藏医院','','0'),('55544','7703','0','2003-06','事业单位专业技术人员','专技十二级-助理','四类区','事业单位','那曲市藏医院','','0'),('55543','7703','0','1994-07','事业单位专业技术人员','专技十三级-员级','四类区','事业单位','那曲市藏医院','','0'),('55547','7704','0','2008-07','事业单位专业技术人员','专技十二级-助理','四类区','事业单位','那曲市安多县卫生服务中心','','0'),('55551','7705','0','2002-07','事业单位专业技术人员','专技十三级-员级','四类区','事业单位','那曲市藏医院','','0'),('55550','7704','0','2019-01','事业单位专业技术人员','专技八级','四类区','事业单位','那曲市藏医院','','0'),('55549','7704','0','2015-12','事业单位专业技术人员','专技十级-中级','四类区','事业单位','那曲市藏医院','','0'),('55548','7704','0','2012-05','事业单位专业技术人员','专技十二级-助理','四类区','事业单位','那曲市藏医院','','0'),('55553','7705','0','2017-04','事业单位专业技术人员','专技十级-中级','四类区','事业单位','那曲市藏医院','','0'),('55552','7705','0','2021-08','事业单位专业技术人员','专技十二级-助理','四类区','事业单位','那曲市藏医院','','0'),('55554','7705','0','2019-01','事业单位专业技术人员','专技九级','四类区','事业单位','那曲市藏医院','','0'),('55557','7706','0','2019-01','事业单位专业技术人员','专技九级','四类区','事业单位','那曲市藏医院','','0'),('55556','7706','0','2017-04','事业单位专业技术人员','专技十级-中级','四类区','事业单位','那曲市藏医院','','0'),('55555','7706','0','2010-12','事业单位专业技术人员','专技十二级-助理','四类区','事业单位','那曲市藏医院','','0'),('55413','7678','0','2012-10','事业单位管理人员','管理七级-正科','四类区','事业单位','那曲市藏医院','','0'),('55188','7665','0','2021-08','事业单位专业技术人员','专技十三级-员级','四类区','事业单位','那曲市藏医院','','0'),('55471','7692','0','2011-05','事业单位专业技术人员','专技十级-中级','四类区','事业单位','那曲市藏医院','','0'),('55414','7678','0','2006-06','事业单位管理人员','管理九级-科员','三类区','事业单位','那曲市藏医院','','0'),('55189','7666','0','2021-08','事业单位专业技术人员','专技十三级-员级','四类区','事业单位','那曲市藏医院','','0'),('54936','7646','0','2003-07','事业单位管理人员','管理九级-科员','四类区','事业单位','西藏那曲市藏医院','','0'),('54937','7646','0','2011-11','事业单位管理人员','管理八级-副科','四类区','事业单位','西藏那曲市藏医院','','0'),('55382','7677','0','1994-07','事业单位专业技术人员','专技十三级-员级','四类区','事业单位','那曲市藏医院','','0'),('55323','7670','0','2004-09','事业单位专业技术人员','专技十级-中级','四类区','事业单位','那曲市藏医院','','0'),('55193','7668','0','2008-03','事业单位管理人员','管理十级-办事员','四类区','事业单位','那曲市藏医院','','0'),('55192','7668','0','2005-07','事业单位专业技术人员','专技十三级-员级','四类区','事业单位','色尼区罗马镇中心小学','','0'),('55194','7668','0','2010-10','事业单位管理人员','管理九级-科员','四类区','事业单位','那曲市藏医院','','0'),('55195','7668','0','2015-10','事业单位管理人员','管理八级-副科','四类区','事业单位','那曲市藏医院','','0'),('55266','7669','0','2016-08','事业单位管理人员','管理九级-科员','四类区','事业单位','那曲市藏医院','','0'),('55322','7670','0','1997-07','事业单位专业技术人员','专技十二级-助理','四类区','事业单位','那曲市藏医院','','0'),('55324','7670','0','2012-09','事业单位专业技术人员','专技七级-副高','四类区','事业单位','那曲市藏医院','','0'),('55325','7670','0','2019-01','事业单位专业技术人员','专技五级','四类区','事业单位','那曲市藏医院','','0'),('55308','7674','0','2010-07','事业单位专业技术人员','专技十级-中级','四类区','事业单位','那曲市藏医院','','0'),('55326','7675','0','2006-07','事业单位专业技术人员','专技十二级-助理','四类区','事业单位','那曲市藏医院','','0'),('55652','7653','','2021-05','事业单位管理人员','管理五级-正县','四类区','事业单位','西藏那曲市妇联主席','领导职务','0'),('55650','7653','','1998-12','事业单位管理人员','管理七级-正科','四类区','事业单位','西藏那曲市人民医院部','非领导职务','0'),('55651','7653','','2004-08','公务员','县处级副职','四类区','机关单位','西藏那曲市聂荣县组织部','领导职务','0'),('55648','7653','','1988-07','公务员','科员','四类区','事业单位','西藏那曲市双湖','非领导职务','0'),('55649','7653','','1994-07','事业单位管理人员','管理八级-副科','四类区','事业单位','西藏那曲市人民医院','非领导职务','0'),('55179','7654','0','2010-05','事业单位管理人员','管理八级-副科','四类区','事业单位','西藏那曲市藏医院','','0'),('54938','7646','0','2017-07','事业单位管理人员','管理七级-正科','四类区','事业单位','西藏那曲市藏医院','','0'),('55182','7654','0','2020-04','事业单位管理人员','管理五级-正县','四类区','事业单位','西藏那曲市藏医院','','0'),('55181','7654','0','2016-07','事业单位管理人员','管理六级-副县','四类区','事业单位','西藏那曲市藏医院','','0'),('55180','7654','0','2012-09','事业单位管理人员','管理七级-正科','四类区','事业单位','西藏那曲市藏医院','','0'),('55178','7654','0','2004-07','事业单位管理人员','管理九级-科员','四类区','事业单位','西藏那曲市藏医院','','0'),('55647','7653','','1987-07','公务员','办事员','四类区','机关单位','西藏那曲市双湖','非领导职务','0'),('43201','7304','0','2008-10','事业单位专业技术人员','专技十三级-员级','二类区','事业单位','山南一小','','0'),('43203','7304','0','2019-11','公务员','省部级正职','二类区','机关单位','','领导职务','0'),('43202','7304','0','2008-12','事业单位专业技术人员','省部级正职_领导职务','二类区','事业单位','山南一小','','0');|INSERT INTO `tx_checkinfo` (`id`, `personid`, `gettime`, `check`)  VALUES ('5575','7669','2016','通过'),('5576','7677','2016','不通过'),('5578','7682','2020','不通过'),('5580','7709','2008','不通过');|INSERT INTO `tx_heightinfo` (`id`, `personid`, `area`, `city`, `county`, `height`, `acc`, `iscity`, `heightid`, `gettime`)  VALUES ('29637','7704','那曲地区','那曲地区','那曲地区','4527','6-1-1','否','0','2012-05'),('29642','7708','那曲地区','嘉黎县','嘉黎县','4540','6-5-1','否','394497','2002-07'),('29626','7700','那曲地区','那曲地区','那曲地区','4527','6-1-1','否','0','2012-05'),('29627','7701','那曲地区','比如县','比如县','4130','6-4-1','否','394241','1997-07'),('29641','7707','那曲地区','那曲地区','那曲地区','4527','6-1-1','否','0','2003-07'),('29628','7701','那曲地区','那曲地区','那曲地区','4527','6-1-1','否','0','2012-05'),('29625','7700','那曲地区','安多县','多玛乡','4750','6-7-9','是','395017','2008-07'),('29624','7698','那曲地区','那曲地区','那曲地区','4527','6-1-1','否','0','2010-09'),('29618','7697','那曲地区','那曲地区','那曲地区','4527','6-1-1','否','0','2006-03'),('29638','7705','那曲地区','那曲地区','那曲地区','4527','6-1-1','否','0','2002-07'),('29408','7646','那曲地区','那曲地区','那曲地区','4527','6-1-1','否','0','2003-07'),('29623','7698','那曲地区','那曲县','那曲镇','4527','6-2-2','是','393730','2007-07'),('29676','7653','那曲地区','那曲地区','那曲地区','4527','6-1-1','否','','1987-07'),('29515','7666','那曲地区','那曲地区','那曲地区','4527','6-1-1','否','0','2021-08'),('29514','7665','那曲地区','那曲地区','那曲地区','4527','6-1-1','否','0','2021-08'),('29517','7668','那曲地区','那曲地区','那曲地区','4527','6-1-1','否','0','2005-07'),('29545','7669','那曲地区','那曲地区','那曲地区','4527','6-1-1','否','0','2016-08'),('29560','7670','那曲地区','那曲地区','那曲地区','4527','6-1-1','否','0','1997-07'),('29609','7690','那曲地区','比如县','比如县','4130','6-4-1','否','394241','1988-07'),('29610','7690','那曲地区','那曲地区','那曲地区','4527','6-1-1','否','0','2012-05'),('29608','7689','那曲地区','那曲地区','那曲地区','4527','6-1-1','否','0','1996-07'),('29607','7688','那曲地区','那曲地区','那曲地区','4527','6-1-1','否','0','1984-06'),('29604','7687','那曲地区','那曲地区','那曲地区','4527','6-1-1','否','0','2018-02'),('29603','7687','那曲地区','巴青县','雅安镇','4230','6-3-4','是','393988','2012-11'),('29602','7686','那曲地区','那曲地区','那曲地区','4527','6-1-1','否','0','2017-12'),('29601','7686','那曲地区','聂荣县','聂荣县','4733','6-10-1','否','395777','2011-12'),('29600','7685','那曲地区','那曲地区','那曲地区','4527','6-1-1','否','0','2004-07'),('29599','7685','阿里地区','噶尔县','噶尔县','4297','7-2-1','否','459265','2003-07'),('29605','7684','那曲地区','巴青县','雅安镇','4230','6-3-4','是','0','2012-11'),('29606','7684','那曲地区','那曲地区','那曲地区','4527','6-1-1','否','0','2020-05'),('29596','7683','那曲地区','那曲地区','那曲地区','4527','6-1-1','否','0','2018-02'),('29595','7683','那曲地区','那曲县','孔玛乡','4560','6-2-8','是','393736','2014-07'),('29593','7682','那曲地区','那曲地区','那曲地区','4527','6-1-1','否','0','2003-07'),('29594','7681','那曲地区','那曲地区','那曲地区','4527','6-1-1','否','0','1999-07'),('29589','7680','那曲地区','那曲地区','那曲地区','4527','6-1-1','否','0','2003-07'),('29590','7679','那曲地区','那曲地区','那曲地区','4527','6-1-1','否','0','2002-07'),('29587','7678','那曲地区','比如县','比如县','4130','6-4-1','否','0','2021-09'),('29586','7678','那曲地区','那曲地区','那曲地区','4527','6-1-1','否','0','2007-06'),('29611','7691','那曲地区','那曲地区','那曲地区','4527','6-1-1','否','0','1999-07'),('29612','7692','那曲地区','那曲地区','那曲地区','4527','6-1-1','否','0','2004-07'),('29577','7677','那曲地区','那曲地区','那曲地区','4527','6-1-1','否','0','1994-07'),('29562','7676','那曲地区','那曲地区','那曲地区','4527','6-1-1','否','0','1997-07'),('29561','7675','那曲地区','那曲地区','那曲地区','4527','6-1-1','否','0','2006-07'),('29555','7674','那曲地区','那曲地区','那曲地区','4527','6-1-1','否','0','2010-05'),('29556','7673','那曲地区','那曲地区','那曲地区','4527','6-1-1','否','0','2005-02'),('29673','7709','那曲地区','那曲地区','那曲地区','4527','6-1-1','否','396289','2016-12'),('29674','7709','那曲地区','尼玛县双湖特别区','尼玛县双湖特别区','4915','6-12-1','否','','2008-08'),('29554','7674','那曲地区','比如县','比如县','4130','6-4-1','否','394241','1997-07'),('29643','7708','那曲地区','那曲地区','那曲地区','4527','6-1-1','否','0','2003-01'),('29635','7703','那曲地区','那曲地区','那曲地区','4527','6-1-1','否','0','1994-07'),('29636','7704','那曲地区','安多县','安多县','4788','6-7-1','否','395009','2021-09'),('29558','7672','那曲地区','那曲地区','那曲地区','4527','6-1-1','否','0','1998-07'),('29557','7673','那曲地区','索县','索县','4096','6-8-1','否','0','2006-07'),('29559','7671','那曲地区','那曲地区','那曲地区','4527','6-1-1','否','0','1997-07'),('29613','7693','那曲地区','那曲地区','那曲地区','4527','6-1-1','否','0','2004-07'),('29616','7696','那曲地区','那曲地区','那曲地区','4527','6-1-1','否','0','2007-07'),('29509','7654','那曲地区','那曲地区','那曲地区','4527','6-1-1','否','0','2004-07'),('29639','7706','那曲地区','那曲地区','那曲地区','4527','6-1-1','否','0','2010-12'),('23389','7304','山南市','山南市','山南市','3550','3-1-1','否','196865','2019-11'),('29615','7695','那曲地区','那曲地区','那曲地区','4527','6-1-1','否','0','2000-07'),('29617','7697','那曲地区','嘉黎县','嘉黎县','4540','6-5-1','否','394497','1995-07');|