INSERT INTO `tx_personinfo` (`id`, `sort`, `userid`, `name`, `sex`, `birthday`, `origin`, `nation`, `partymember`, `worktime`, `intime`, `inadj`, `inyear`, `posttime`, `postadj`, `unitkind`, `postname`, `unitname`, `isleader`, `lastposttime`, `lastunitkind`, `lastpostname`, `lastunitname`, `area`, `education`, `educationtime`, `schooltime`, `educationadj`, `teacherinfo`, `teacherbegin`, `teacherend`, `teacheradj`, `oneinfo`, `onebegin`, `oneend`, `oneadj`, `check2`, `check5`, `coveradj`, `cadre`, `retiretime`, `height`, `note`, `addon`,`ywcadre`) VALUES ('7425','1','58','扎西次仁','男','1973-12','西藏日喀则','汉族','党员','1994-07','1994-07','0','','2018-01','0','机关单位','县处级正职','西藏自治区那曲地区纪委副书记','领导职务','','','','','','大专','1994-07','2','0','','','','0','','','','0','0','0','0','否','','','','',''),('7322','','58','石海明','男','1968-09','甘肃民勤','汉族','党员','1988-07','1988-07','0','','2015-08','0','机关单位','县处级副职','那曲地区纪委','领导职务','','','','','','中专','','0','0','','','','0','','','','0','2006','2006','0','否','','','','',''),('7319','0','58','洛达','男','1968-03','西藏安多','汉族','党员','1997-07','1997-07','0','','2018-04','0','机关单位','县处级正职','那曲地区编译局','非领导职务','','','','','','暂时没有','','0','0','','','','0','','','','0','0','0','0','否','','','','',''),('7581','1','58','张珍珍','女','1991-01','河南','汉族','团员','2015-08','2015-08','0','','2017-08','0','机关单位','科员','那曲市纪委监委','非领导职务','','','','','','暂时没有','','0','0','','','','0','','','','0','0','0','0','','','','','',''),('7552','0','58','刘世善','男','1985-10','甘肃武威','汉族','党员','2009-08','2009-08','0','','2020-11','0','机关单位','一级主任科员','那曲市纪委监委','领导职务','','','','','','本科','2009-08','4','0','','','','0','','','','0','2009','2009','0','','','','','',''),('7344','','58','高军涛','男','1974-10','河南卧龙','汉族','党员','1996-07','1996-07','0','','2000-08','0','机关单位','乡科级副职','那曲地区尼玛县吴尔多乡','领导职务','','','','','','暂时没有','','0','0','','','','0','','','','0','2006','2006','0','否','','','','',''),('7559','1','58','高渊光','男','1996-11','云南','汉族','团员','2018-12','2018-12','0','','2018-12','0','机关单位','科员','那曲地区纪委','非领导职务','','','','','','本科','2018-07','4','0','','','','0','','','','0','0','0','0','','','','','',''),('7508','0','58','鲜志勇','男','1976-08','四川宣汉','汉族','党员','2001-07','2001-07','0','','2019-10','0','机关单位','县处级副职','那曲地区纪委','领导职务','','','','','','大专','2001-07','3','0','','','','0','','','','0','2006','2006','0','','','','','',''),('7500','0','58','才吉','女','1978-03','那曲申扎','藏族','党员','1999-07','1999-07','0','','2019-06','0','机关单位','四级调研员','那曲市纪委','非领导职务','','','','','','中专','1999-07','4','0','','','','0','','','','0','2006','2006','0','','','','','',''),('7564','0','58','王率','男','1983-09','河南邓州','汉族','党员','2007-07','2007-07','0','','2016-10','0','机关单位','乡科级正职','那曲市纪委监委','领导职务','','','','','','本科','2003-09','4','0','','','','0','','','','0','2007','2007','0','','','','','',''),('7563','1','58','王贤明','男','1989-08','山东高唐','藏族','党员','2012-07','2012-07','0','','2019-06','0','机关单位','四级主任科员','那曲市纪委监委','非领导职务','','','','','','大专','2012-07','4','0','','','','0','','','','0','0','0','0','','','','','',''),('7561','0','58','唐克元','男','1990-02','四川遂宁','汉族','党员','2012-10','2012-10','0','','2019-05','0','机关单位','乡科级副职','那曲市纪委监委','非领导职务','','','','','','大专','2004-09','3','0','','','','0','','','','0','2012','2012','0','','','','','',''),('7562','1','58','殷静静','女','1989-12','河南禹州','汉族','党员','2014-01','2014-01','0','','2019-06','0','机关单位','四级主任科员','那曲市委巡查办','非领导职务','','','','','','本科','2012-07','4','0','','','','0','','','','0','0','0','0','','','','','',''),('7549','0','58','旦增次旦','男','1985-05','西藏当雄','藏族','党员','2008-08','2008-08','0','','2019-05','0','机关单位','乡科级正职','那曲市纪委监委','领导职务','','','','','','大专','2008-07','3','0','','','','0','','','','0','2008','2008','0','','','','','',''),('7548','0','58','斯曲次仁','男','1985-10','西藏比如','藏族','党员','2009-08','2009-08','0','','2020-11','0','机关单位','一级主任科员','那曲市纪委监委','领导职务','','','','','','本科','2009-08','4','0','','','','0','','','','0','2009','2009','0','','','','','',''),('7547','1','58','姜玉峰','男','1983-08','山东东明','汉族','党员','2009-12','2009-12','0','','2020-11','0','机关单位','三级主任科员','那曲市纪委监委','领导职务','','','','','','大专','2007-07','3','0','','','','0','','','','0','0','0','0','','','','','',''),('7546','1','58','克珠曲吉','男','1988-06','西藏聂荣','藏族','党员','2012-02','2012-02','0','','2020-11','0','机关单位','三级主任科员','那曲市纪委监委','领导职务','','','','','','本科','2011-12','5','0','','','','0','','','','0','0','0','0','','','','','',''),('7545','1','58','泽旺巴措','女','1983-12','西藏江达','藏族','党员','2007-08','2007-08','0','','2020-11','0','机关单位','一级主任科员','那曲市纪委监委','领导职务','','','','','','本科','2007-08','4','0','','','','0','','','','0','0','0','0','','','','','',''),('7544','1','58','兰一天','男','1995-10','湖北武汉','汉族','','2017-08','2017-08','0','','2020-11','0','机关单位','四级主任科员','那曲市纪委监委','非领导职务','','','','','','本科','2017-07','4','0','','','','0','','','','0','0','0','0','','','','','',''),('7543','0','58','黄利','女','1984-09','重庆潼南','汉族','党员','2008-08','2008-08','0','','2020-11','0','机关单位','一级主任科员','那曲市纪委监委','领导职务','','','','','','本科','2008-08','4','0','','','','0','','','','0','2008','2008','0','','','','','',''),('7503','1','58','旦增','男','1982-05','西藏江孜','藏族','党员','2008-08','2008-08','0','','2020-03','0','机关单位','县处级副职','那曲市纪委','领导职务','','','','','','本科','2008-08','4','0','','','','0','','','','0','0','0','0','','','','','',''),('7362','0','58','阿布','男','1966-08','西藏安多','藏族','','1983-07','1983-07','0','','2007-07','0','机关单位','高级工','那曲地区纪委','','','','','','','初中','1983-07','0','0','','','','0','','','','0','0','0','0','否','','','','',''),('7542','0','58','普布次仁','男','1986-08','西藏日喀则','汉族','党员','2008-08','2008-08','0','','2020-11','0','机关单位','一级主任科员','那曲市纪委监委','领导职务','','','','','','本科','2008-08','4','0','','','','0','','','','0','2008','2008','0','','','','','',''),('7541','1','58','王莹','女','1987-02','河南郸城','汉族','党员','2009-08','2009-08','0','','2020-11','0','机关单位','乡科级正职','那曲市纪委监委','领导职务','','','','','','本科','2009-06','4','0','','','','0','','','','0','0','0','0','','','','','',''),('7539','1','58','孙景安','男','1973-09','山东枣庄','汉族','党员','1996-07','1996-07','0','','2020-11','0','机关单位','三级调研员','那曲市委巡察办','领导职务','','','','','','大专','1996-07','3','0','','','','0','','','','0','0','0','0','','','','','',''),('7550','0','58','次珍','女','1969-11','西藏昌都','藏族','党员','1988-01','1988-01','0','','2020-06','0','机关单位','二级调研员','那曲市委巡察办','领导职务','','','','','','初中','','3','0','','','','0','','','','0','2006','2006','0','','','','','',''),('7507','1','58','达瓦同珠','男','1982-03','西藏比如','藏族','党员','2005-08','2005-08','0','','2018-04','0','机关单位','县处级副职','那曲地区纪委','领导职务','','','','','','大专','2005-08','3','0','','','','0','','','','0','0','0','0','','','','','',''),('7540','10','58','蒲承波','男','1989-01','重庆云阳','汉族','党员','2013-07','2013-07','0','','2020-11','0','机关单位','乡科级正职','那曲市纪委监委','领导职务','','','','','','本科','2013-07','5','0','','','','0','','','','0','0','0','0','','','','','',''),('7509','0','58','冯晓林','男','1982-04','四川遂宁','汉族','党员','2005-08','2005-08','0','','2019-10','0','机关单位','县处级副职','那曲市纪委','领导职务','','','','','','本科','2005-08','4','0','','','','0','','','','0','2006','2006','0','','','','','',''),('7504','1','58','达瓦','男','1975-08','西藏南木林','藏族','党员','2000-07','2000-07','0','','2020-11','0','机关单位','三级调研员','那曲市纪委','领导职务','','','','','','本科','2000-07','4','0','','','','0','','','','0','0','0','0','','','','','',''),('7537','0','58','梁江涛','男','1983-07','河南内乡','汉族','党员','2006-08','2006-08','0','','2020-11','0','机关单位','县处级副职','那曲市纪委监委','领导职务','','','','','','本科','2006-08','4','0','','','','0','','','','0','2006','2006','0','','','','','',''),('7538','0','58','布琼','男','1976-08','西藏贡嘎','藏族','党员','1997-07','1997-07','0','','2020-11','0','机关单位','三级调研员','那曲市委巡察办','领导职务','','','','','','中专','1997-07','4','0','','','','0','','','','0','2006','2006','0','','','','','',''),('7445','1','58','刘媛','女','1983-11','甘肃民勤','汉族','党员','2005-07','2005-07','0','','2019-06','0','机关单位','二级主任科员','那曲市委巡察办','非领导职务','','','','','','大专','2005-07','2','0','','','','0','','','','0','0','0','0','','','','','',''),('7560','1','58','苗江峰','男','1986-11','江苏新沂','汉族','党员','2008-08','2008-08','4','','2019-05','0','机关单位','乡科级副职','那曲市委巡察办','领导职务','','','','','','本科','2010-07','4','4','','','','0','','','','0','0','0','0','否','','','','','否'),('7167','1','58','次央','女','1982-11','西藏拉萨','藏族','党员','2007-07','2007-07','0','','2019-06','0','机关单位','二级主任科员','那曲市纪委监委','非领导职务','','','','','','大专','2006-06','3','0','','','','0','','','','0','0','0','1','否','','','','',''),('7166','1','58','冯晓林','男','1982-04','四川遂宁','汉族','党员','2005-08','2005-08','0','','2019-11','0','机关单位','县处级副职','那曲市纪委','领导职务','','','','','','本科','2005-07','4','0','','','','0','','','','0','0','0','0','否','','','','',''),('7501','0','58','杨有顺','男','1977-10','青海湟中','汉族','党员','1998-07','1998-07','0','','2015-12','0','机关单位','县处级正职','那曲地委巡察办','领导职务','','','','','','大专','1998-07','3','0','','','','0','','','','0','2006','2006','0','','','','','',''),('7506','1','58','拉珠','女','1973-08','西藏那曲','藏族','党员','1996-08','1996-08','0','','2015-01','0','机关单位','县处级副职','那曲地区纪检委','领导职务','','','','','','大专','1996-08','3','0','','','','0','','','','0','0','0','0','','','','','',''),('7502','0','58','西措','女','1983-09','西藏昌都','藏族','党员','2003-09','2003-09','0','','2015-01','0','机关单位','县处级副职','那曲地区纪委','领导职务','','','','','','中专','2003-09','3','0','','','','0','','','','0','2006','2006','0','','','','','',''),('7520','0','58','李鼎','男','1973-10','山东枣庄','汉族','党员','1996-07','1996-07','0','','2015-12','0','机关单位','县处级正职','那曲地区纪委','领导职务','','','','','','大专','1996-07','3','0','','','','0','','','','0','2006','2006','0','','','','','',''),('7519','0','58','刘世善','男','1985-10','甘肃武威','汉族','党员','2009-08','2009-08','0','','2019-05','0','机关单位','乡科级正职','那曲地区纪委','领导职务','','','','','','本科','2009-08','4','0','','','','0','','','','0','2009','2009','0','','','','','',''),('7518','0','58','阿旺扎西','男','1983-08','西藏洛隆','藏族','党员','2009-11','2009-11','0','','2019-11','0','机关单位','一级主任科员','那曲地区纪委','领导职务','','','','','','本科','2009-07','4','0','','','','0','','','','0','2009','2009','0','','','','','',''),('7517','0','58','刘连连','女','1989-06','四川中江','汉族','党员','2012-07','2012-07','0','','2019-05','0','机关单位','乡科级副职','那曲地区','领导职务','','','','','','本科','2012-07','4','0','','','','0','','','','0','2012','2012','0','','','','','',''),('7516','1','58','才旺多吉','男','1977-10','西藏那曲','藏族','党员','2003-07','2003-07','0','','2020-11','0','机关单位','三级调研员','那曲地区纪委','领导职务','','','','','','大专','2003-07','3','0','','','','0','','','','0','0','0','0','','','','','',''),('7515','0','58','白玛维色','女','1980-03','西藏曲松','藏族','党员','2003-07','2003-07','0','','2018-04','0','机关单位','县处级副职','那曲地区纪委','领导职务','','','','','','大专','2003-07','3','0','','','','0','','','','0','2006','2006','0','','','','','',''),('7514','0','58','阿央次仁','男','1974-03','西藏聂荣','藏族','党员','1992-01','1992-01','0','','2018-04','0','机关单位','县处级副职','那曲地区纪委','领导职务','','','','','','暂时没有','','0','0','','','','0','','','','0','2006','2006','0','','','','','',''),('7513','1','58','拉巴','男','1980-10','西藏比如','藏族','党员','2003-07','2003-07','0','','2015-05','0','机关单位','县处级副职','那曲地区双湖县副县长','领导职务','','','','','','大专','2003-07','3','0','','','','0','','','','0','0','0','0','','','','','',''),('7512','1','58','嘎玛拥措','女','1985-08','西藏江达','藏族','党员','2006-07','2006-07','0','','2017-06','0','机关单位','县处级副职','那曲地区纪委','领导职务','','','','','','大专','2006-07','2','0','','','','0','','','','0','0','0','0','','','','','',''),('7511','1','58','建军','男','1971-08','西藏巴青','藏族','党员','1990-08','1990-08','0','','2015-12','0','机关单位','县处级正职','那曲地委巡察办','领导职务','','','','','','中专','1990-08','3','0','','','','0','','','','0','0','0','0','','','','','',''),('7510','0','58','斯郎曲措','女','1984-08','西藏江达','藏族','党员','2004-08','2004-08','0','','2019-10','0','机关单位','县处级副职','那曲地区纪委','领导职务','','','','','','大专','2004-08','2','0','','','','0','','','','0','2006','2006','0','','','','','',''),('7498','0','58','郭涛','男','1988-04','山东秦安','汉族','党员','2006-12','2006-12','0','','2020-05','0','机关单位','乡科级正职','那曲市纪委','领导职务','','','','','','中专','2006-06','3','0','','','','0','','','','0','2006','2006','0','','','','','',''),('7497','0','58','多吉次仁','男','1988-03','西藏那曲','藏族','党员','2009-11','2009-11','0','','2020-05','0','机关单位','乡科级正职','那曲市委巡察办','领导职务','','','','','','大专','2009-06','3','0','','','','0','','','','0','2009','2009','0','','','','','',''),('7558','1','58','郭志','男','1985-07','贵州水城','汉族','党员','2011-07','2011-07','0','','2020-12','0','机关单位','县处级副职','那曲市纪委监委','领导职务','','','','','','本科','2011-07','4','0','','','','0','','','','0','0','0','0','','','','','',''),('7496','1','58','王菲','女','1987-10','河南唐河','汉族','党员','2012-01','2012-01','0','','2020-05','0','机关单位','乡科级正职','那曲市委巡察办','领导职务','','','','','','本科','2010-06','4','0','','','','0','','','','0','0','0','0','','','','','',''),('7495','1','58','谈焱','女','2020-10','湖南长沙','汉族','党员','2011-08','2011-08','0','','2020-05','0','机关单位','乡科级正职','那曲市委巡察办','领导职务','','','','','','本科','2010-06','4','0','','','','0','','','','0','0','0','0','','','','','',''),('7494','0','58','边巴扎西','男','1982-05','巴青','藏族','党员','2005-09','2005-09','0','','2020-05','0','机关单位','乡科级正职','那曲市纪委','领导职务','','','','','','大专','2005-07','3','0','','','','0','','','','0','2006','2006','0','','','','','',''),('7442','1','58','秦衍华','男','1974-04','山东金乡','汉族','党员','1996-07','1996-07','0','','2020-11','0','机关单位','三级调研员','那曲市纪委','领导职务','','','','','','大专','1996-07','3','0','','','','0','','','','0','0','0','0','','','','','',''),('7435','0','58','周跃','男','1984-08','辽宁北票','汉族','党员','2007-07','2007-07','0','','2017-06','0','机关单位','县处级副职','那曲地区纪委','领导职务','','','','','','本科','2007-07','4','0','','','','0','','','','0','2007','2007','0','','','','','',''),('7360','','58','日加','男','1976-09','西藏比如','汉族','','1992-09','1992-09','0','','2015-12','0','机关单位','高级工','那曲地区纪委','','','','','','','暂时没有','','0','0','','','','0','','','','0','2006','2006','0','否','','','','',''),('7432','0','58','旺杰','男','1964-05','西藏当雄','藏族','党员','1988-07','1988-07','0','','2015-01','0','机关单位','县处级副职','那曲地区纪委','领导职务','','','','','','中专','1988-07','3','0','','','','0','','','','0','2006','2006','0','','','','','',''),('7424','1','58','达娃','男','1978-01','西藏当雄','藏族','党员','1998-07','1998-07','0','','2018-05','0','机关单位','县处级正职','西藏自治区那曲市纪委副书记','领导职务','','','','','','中专','1998-07','4','0','','','','0','','','','0','2006','2006','0','否','','','','',''),('7423','1','58','高军涛','男','1974-05','河南南阳','汉族','党员','1996-07','1996-07','0','','2015-04','0','机关单位','县处级正职','西藏自治区那曲地区纪委副书记','领导职务','','','','','','大专','1996-07','3','0','','','','0','','','','0','0','0','0','否','','','','',''),('7414','2','58','徐平','男','1972-08','四川江安','汉族','党员','1990-12','1990-12','0','','2019-02','0','机关单位','厅局级副职','西藏自治那曲市纪委','领导职务','','','','','','大专','1996-08','0','0','','','','0','','','','0','0','0','0','否','','','','',''),('7415','1','58','徐平 ','男','1972-08','四川江安','汉族','党员','1993-12','1993-11','0','','2019-02','0','机关单位','厅局级副职','西藏自治区那曲市纪委','领导职务','','','','','','中专','1996-08','0','0','','','','0','','','','0','0','0','0','否','','','','',''),('7447','1','58','韦晶晶','女','1990-04','陕西宝鸡','汉族','党员','2011-08','2011-08','0','','2017-05','0','机关单位','乡科级副职','那曲地区纪委','非领导职务','','','','','','大专','2011-08','3','0','','','','0','','','','0','0','0','0','','','','','',''),('7449','1','58',' 觉阿次仁','男','1975-02','西藏索县','藏族','党员','1994-07','1994-07','0','','2020-11','0','机关单位','县处级正职','那曲市巡察办','领导职务','','','','','','中专','1994-07','3','0','','','','0','','','','0','0','0','0','','','','','',''),('7450','1','58','许道玖','男','1971-08','四川中江','汉族','党员','1991-12','1994-07','0','','2020-04','0','机关单位','三级调研员','那曲市纪委监委','领导职务','','','','','','大专','1997-07','3','0','','','','0','','','','0','0','0','0','否','','','','','否'),('7451','1','58','李文勇','男','1982-05','湖南邵阳','汉族','党员','2004-08','2004-08','0','','2020-04','0','机关单位','四级调研员','那曲市纪委','领导职务','','','','','','本科','2004-08','4','0','','','','0','','','','0','0','0','0','否','','','','','否'),('7452','1','58','王志强','男','1976-04','陕西兴平','汉族','党员','2000-07','2000-07','0','','2020-04','0','机关单位','三级调研员','那曲市纪委','领导职务','','','','','','中专','1997-12','3','0','','','','0','','','','0','0','0','0','','','','','',''),('7453','1','58','阿旺次仁','男','1982-04','拉萨','藏族','党员','2002-07','2002-07','0','','2020-04','0','机关单位','三级调研员','那曲市纪委','领导职务','','','','','','中专','2002-07','4','0','教师','2002-07','2007-07','0','','','','0','0','0','0','','','','','',''),('7454','1','58','李玉成','男','1972-12','河北故城','藏族','党员','1992-08','1992-08','0','','2020-06','0','机关单位','二级调研员','那曲市纪检委','领导职务','','','','','','中专','1992-08','3','0','','','','0','','','','0','0','0','0','','','','','','');|INSERT INTO `tx_jobinfo` (`id`, `personid`, `sort`, `oldposttime`, `oldpostkind`, `oldpostname`, `oldarea`, `oldunitkind`, `oldunitname`, `oldisleader`, `height`)  VALUES ('43803','7319','','2018-04','公务员','县处级正职','四类区','机关单位','那曲地区编译局','非领导职务','0'),('43801','7319','','2007-09','公务员','县处级副职','四类区','机关单位','那曲地区申扎县纪委','领导职务','0'),('43802','7319','','2015-12','公务员','县处级正职','四类区','机关单位','那曲地委巡查组','领导职务','0'),('43800','7319','','2001-02','公务员','乡科级正职','四类区','机关单位','人大那曲地区工委','领导职务','0'),('43798','7319','','1997-07','公务员','科员','四类区','机关单位','人大那曲地区工委','非领导职务','0'),('43851','7322','','2001-12','公务员','科员','四类区','机关单位','那曲地区审计局','非领导职务','0'),('43799','7319','','1998-08','公务员','乡科级副职','四类区','机关单位','人大那曲地区工委','领导职务','0'),('50339','7550','','1999-06','公务员','乡科级副职','四类区','机关单位','那曲地区嘉黎县夏玛乡','领导职务','0'),('50338','7550','','1988-01','机关工人','普通工','四类区','机关单位','那曲地区嘉黎县计委','','0'),('50336','7506','','2009-09','公务员','乡科级正职','四类区','机关单位','那曲地区财政局','领导职务','0'),('50337','7506','','2015-01','公务员','县处级副职','四类区','机关单位','那曲地区纪检委','领导职务','0'),('49249','7500','','2007-01','公务员','乡科级副职','四类区','机关单位','那曲地区纪委','领导职务','0'),('50977','7547','','2020-11','综合管理公务员','三级主任科员','四类区','机关单位','那曲市纪委监委','领导职务','0'),('50194','7548','','2009-08','公务员','科员','四类区','机关单位','那曲地区班戈县检察院','非领导职务','0'),('50195','7548','','2014-04','公务员','乡科级副职','四类区','机关单位','那曲地区班戈县检察院','领导职务','0'),('50196','7548','','2017-06','公务员','乡科级正职','四类区','机关单位','那曲地区班戈县检察院','领导职务','0'),('50197','7548','','2018-02','公务员','乡科级正职','四类区','机关单位','那曲地区班戈县纪委','领导职务','0'),('50367','7545','','2017-05','公务员','乡科级正职','四类区','机关单位','那曲地区纪委','非领导职务','0'),('50368','7545','','2019-05','公务员','乡科级正职','四类区','机关单位','那曲市纪委监委','领导职务','0'),('50369','7545','','2020-11','综合管理公务员','一级主任科员','四类区','机关单位','那曲市纪委监委','领导职务','0'),('51031','7559','','2018-12','公务员','科员','四类区','机关单位','那曲地区纪委','非领导职务','0'),('51021','7546','','2020-11','综合管理公务员','三级主任科员','四类区','机关单位','那曲市纪委监委','领导职务','0'),('51020','7546','','2020-04','公务员','乡科级副职','四类区','机关单位','那曲市纪委监委','领导职务','0'),('51018','7546','','2012-02','公务员','科员','四类区','机关单位','那曲地区嘉黎县检察院','非领导职务','0'),('51019','7546','','2016-03','公务员','乡科级副职','四类区','机关单位','那曲地区嘉黎县检察院','领导职务','0'),('52189','7581','','2017-08','公务员','科员','四类区','机关单位','那曲市纪委监委','非领导职务','0'),('52196','7558','','2020-12','公务员','县处级副职','四类区','机关单位','那曲市纪委监委','领导职务','0'),('51279','7563','','2019-06','综合管理公务员','四级主任科员','四类区','机关单位','那曲市纪委监委','非领导职务','0'),('51267','7562','','2019-06','综合管理公务员','四级主任科员','四类区','机关单位','那曲市委巡查办','非领导职务','0'),('51261','7560','','2019-05','公务员','乡科级副职','四类区','机关单位','那曲市委巡察办','领导职务','0'),('51259','7560','','2015-05','公务员','科员','四类区','机关单位','那曲地区班戈县纪委','非领导职务','0'),('51260','7560','','2018-03','公务员','科员','四类区','机关单位','那曲市委巡察办','非领导职务','0'),('51088','7564','','2016-10','公务员','乡科级正职','四类区','机关单位','那曲市纪委监委','领导职务','0'),('51087','7564','','2011-04','公务员','乡科级副职','四类区','机关单位','那曲地区双湖县纪委监察','领导职务','0'),('51086','7564','','2007-07','公务员','科员','四类区','机关单位','那曲地区双湖县林业局','非领导职务','0'),('51278','7563','','2019-05','公务员','乡科级副职','四类区','机关单位','那曲市纪委监委','非领导职务','0'),('51277','7563','','2012-07','公务员','科员','四类区','机关单位','那曲县公安局','非领导职务','0'),('51266','7562','','2019-05','公务员','乡科级副职','四类区','机关单位','那曲市纪委监委','非领导职务','0'),('51265','7562','','2014-01','公务员','科员','四类区','机关单位','那曲地区公安处纪委监察室','非领导职务','0'),('51077','7561','','2019-05','公务员','乡科级副职','四类区','机关单位','那曲市纪委监委','非领导职务','0'),('51076','7561','','2012-10','公务员','科员','四类区','机关单位','那曲地区双湖县雅曲乡','非领导职务','0'),('51258','7560','','2014-05','公务员','乡科级副职','四类区','机关单位','那曲地区班戈县纪委','领导职务','0'),('51257','7560','','2008-08','公务员','科员','四类区','机关单位','那曲地区班戈县纪委','非领导职务','0'),('49248','7500','','1999-07','公务员','办事员','四类区','机关单位','那曲地区纪委','非领导职务','0'),('50134','7167','','2019-06','综合管理公务员','二级主任科员','四类区','机关单位','那曲市纪委监委','非领导职务','0'),('49262','7501','','2015-12','公务员','县处级正职','四类区','机关单位','那曲地委巡察办','领导职务','0'),('43850','7322','','1995-07','公务员','科员','四类区','机关单位','那曲地区绒毛分梳厂副厂长','非领导职务','0'),('43849','7322','','1988-07','公务员','办事员','四类区','机关单位','那曲地区班戈县财政局','非领导职务','0'),('47096','7425','','2015-11','公务员','县处级副职','二类区','机关单位','西藏自治区纪委副主任','领导职务','0'),('49259','7501','','2002-11','公务员','乡科级副职','四类区','机关单位','那曲地区班戈县农牧局','领导职务','0'),('49252','7500','','2018-04','公务员','县处级副职','四类区','机关单位','那曲地区纪委','非领导职务','0'),('49251','7500','','2012-01','公务员','乡科级正职','四类区','机关单位','那曲地区纪委','领导职务','0'),('52195','7558','','2020-04','公务员','乡科级正职','四类区','机关单位','那曲市委巡察办','领导职务','0'),('52191','7558','','2015-08','公务员','乡科级副职','四类区','机关单位','那曲地区申扎县委组织部','领导职务','0'),('52194','7558','','2019-06','综合管理公务员','二级主任科员','四类区','机关单位','那曲市申扎县委办公室','非领导职务','0'),('52190','7558','','2011-07','公务员','科员','四类区','机关单位','那曲地区申扎县委办','非领导职务','0'),('50171','7543','','2008-08','公务员','科员','四类区','机关单位','那曲地区安多县人民检察院','非领导职务','0'),('52193','7558','','2018-10','公务员','乡科级正职','四类区','机关单位','那曲地区申扎县委办公室','非领导职务','0'),('51001','7495','','2020-05','公务员','乡科级正职','四类区','机关单位','那曲市委巡察办','领导职务','0'),('52192','7558','','2017-09','公务员','乡科级正职','四类区','机关单位','那曲地区申扎县委办公室','领导职务','0'),('50402','7552','','2019-05','公务员','乡科级正职','四类区','机关单位','那曲市纪委监委','领导职务','0'),('50403','7552','','2020-11','综合管理公务员','一级主任科员','四类区','机关单位','那曲市纪委监委','领导职务','0'),('50382','7539','','2020-11','综合管理公务员','三级调研员','四类区','机关单位','那曲市委巡察办','领导职务','0'),('50344','7550','','2020-06','综合管理公务员','二级调研员','四类区','机关单位','那曲市委巡察办','领导职务','0'),('50343','7550','','2020-04','综合管理公务员','三级调研员','四类区','机关单位','那曲市委巡察办','领导职务','0'),('50340','7550','','2009-11','公务员','乡科级正职','四类区','机关单位','那曲地区嘉黎县社保局','非领导职务','0'),('50341','7550','','2010-11','公务员','乡科级正职','四类区','机关单位','那曲地区嘉黎县组织部','领导职务','0'),('50342','7550','','2013-04','公务员','县处级副职','四类区','机关单位','那曲地区检察院','领导职务','0'),('50203','7549','','2019-05','公务员','乡科级正职','四类区','机关单位','那曲市纪委监委','领导职务','0'),('50202','7549','','2016-11','公务员','乡科级副职','四类区','机关单位','那曲地委巡察办','非领导职务','0'),('50198','7548','','2020-04','公务员','乡科级正职','四类区','机关单位','那曲市纪委监委','领导职务','0'),('50199','7548','','2020-11','综合管理公务员','一级主任科员','四类区','机关单位','那曲市纪委监委','领导职务','0'),('48450','7166','','2016-04','公务员','乡科级正职','四类区','机关单位','那曲市纪委','领导职务','0'),('50201','7549','','2015-09','公务员','乡科级副职','四类区','机关单位','那曲地区那曲县公安局','领导职务','0'),('50200','7549','','2008-08','公务员','科员','四类区','机关单位','那曲地区那曲县公安局','非领导职务','0'),('48448','7166','','2007-08','公务员','科员','四类区','机关单位','双湖特别区多玛乡人民政府','非领导职务','0'),('50973','7547','','2012-02','公务员','科员','四类区','机关单位','那曲地区安多县马荣乡','非领导职务','0'),('50974','7547','','2016-03','公务员','乡科级副职','四类区','机关单位','那曲市纪委监委','非领导职务','0'),('50975','7547','','2017-07','公务员','乡科级副职','四类区','机关单位','那曲地区安多县监察局','领导职务','0'),('50365','7545','','2012-03','公务员','乡科级副职','四类区','机关单位','那曲地区聂荣县色庆乡人民政府','领导职务','0'),('50976','7547','','2020-04','公务员','乡科级副职','四类区','机关单位','那曲市纪委监委','领导职务','0'),('50366','7545','','2015-12','公务员','乡科级副职','四类区','机关单位','那曲地区纪委','非领导职务','0'),('50370','7544','','2017-08','公务员','科员','四类区','机关单位','那曲地区纪委','非领导职务','0'),('50364','7545','','2007-08','公务员','科员','四类区','机关单位','那曲地区聂荣县政府办公室','非领导职务','0'),('50371','7544','','2020-11','综合管理公务员','四级主任科员','四类区','机关单位','那曲市纪委监委','非领导职务','0'),('47283','7435','','2007-07','公务员','科员','四类区','机关单位','那曲地区聂荣县县委办','非领导职务','0'),('49989','7504','','2000-07','公务员','科员','三类区','机关单位','那曲地区嘉黎县忠义乡人民政府','非领导职务','0'),('44771','7362','','2007-07','机关工人','高级工','四类区','机关单位','那曲地区纪委','','0'),('44770','7362','','2006-03','机关工人','中级工','四类区','机关单位','那曲地区安多县政府','','0'),('44769','7362','','2004-11','机关工人','初级工','四类区','机关单位','那曲地区安多县政府','','0'),('49263','7502','','2003-09','公务员','办事员','四类区','机关单位','那曲地区尼玛县农牧局','非领导职务','0'),('49265','7502','','2011-05','公务员','乡科级正职','四类区','机关单位','那曲地区尼玛县申亚乡人民政府','领导职务','0'),('49266','7502','','2015-01','公务员','县处级副职','四类区','机关单位','那曲地区纪委','领导职务','0'),('44768','7362','','1983-07','机关工人','普通工','四类区','机关单位','那曲地区安多县政府','','0'),('49264','7502','','2006-04','公务员','乡科级副职','四类区','机关单位','那曲地区尼玛县尼玛镇人民政府','领导职务','0'),('50176','7543','','2020-11','综合管理公务员','一级主任科员','四类区','机关单位','那曲市纪委监委','领导职务','0'),('50175','7543','','2019-05','公务员','乡科级正职','四类区','机关单位','那曲市纪委监委','领导职务','0'),('50174','7543','','2017-05','公务员','乡科级正职','四类区','机关单位','那曲地区纪检委','非领导职务','0'),('50173','7543','','2015-06','公务员','乡科级副职','四类区','机关单位','那曲地区纪检委','非领导职务','0'),('50172','7543','','2012-06','公务员','乡科级副职','四类区','机关单位','那曲地区安多县委办公室','非领导职务','0'),('50169','7542','','2019-05','公务员','乡科级正职','四类区','机关单位','那曲地区纪委','领导职务','0'),('50170','7542','','2020-11','综合管理公务员','一级主任科员','四类区','机关单位','那曲市纪委监委','领导职务','0'),('50372','7541','','2009-08','公务员','乡科级副职','四类区','机关单位','那曲地区班戈县公安局','非领导职务','0'),('50373','7541','','2015-09','公务员','乡科级副职','四类区','机关单位','那曲地区那曲县委宣传部','非领导职务','0'),('50377','7541','','2020-11','公务员','乡科级正职','四类区','机关单位','那曲市纪委监委','领导职务','0'),('50376','7541','','2019-06','综合管理公务员','二级主任科员','四类区','机关单位','那曲市纪委监委','非领导职务','0'),('50375','7541','','2019-05','公务员','乡科级正职','四类区','机关单位','那曲市纪委监委','非领导职务','0'),('50166','7542','','2008-08','公务员','科员','四类区','机关单位','那曲地区聂荣县法院','非领导职务','0'),('50167','7542','','2012-03','公务员','乡科级副职','四类区','机关单位','那曲地区聂荣县法院','领导职务','0'),('50374','7541','','2018-02','公务员','乡科级副职','四类区','机关单位','那曲地委巡察办','非领导职务','0'),('50453','7540','','2020-11','公务员','乡科级正职','四类区','机关单位','那曲市纪委监委','领导职务','0'),('50452','7540','','2020-04','公务员','乡科级副职','四类区','机关单位','那曲市纪委监委','领导职务','0'),('50450','7540','','2013-07','公务员','科员','三类区','机关单位','那曲地区巴青县农牧局','非领导职务','0'),('50451','7540','','2017-09','公务员','乡科级副职','三类区','机关单位','那曲地区巴青县农牧局','领导职务','0'),('50381','7539','','2013-04','公务员','县处级副职','四类区','机关单位','那曲地区人力资源和社会保障局','领导职务','0'),('50378','7539','','1996-07','公务员','科员','四类区','机关单位','那曲地区','非领导职务','0'),('50151','7538','','2020-11','综合管理公务员','三级调研员','四类区','机关单位','那曲市委巡察办','领导职务','0'),('50380','7539','','2004-07','公务员','乡科级正职','四类区','机关单位','那曲地区劳工局','领导职务','0'),('50379','7539','','2001-05','公务员','乡科级副职','四类区','机关单位','那曲地区劳动局','领导职务','0'),('50149','7538','','2003-01','公务员','乡科级正职','四类区','机关单位','那曲地区聂荣县财政局','领导职务','0'),('50150','7538','','2013-04','公务员','县处级副职','四类区','机关单位','那曲地区申扎县民宗局','领导职务','0'),('50147','7538','','1997-07','公务员','科员','四类区','机关单位','那曲地区聂荣县财政局','非领导职务','0'),('50148','7538','','2000-01','公务员','乡科级副职','四类区','机关单位','那曲地区聂荣县财政局','领导职务','0'),('49961','7537','','2015-02','公务员','乡科级副职','四类区','机关单位','那曲地区纪委监察局','非领导职务','0'),('50011','7445','','2019-06','综合管理公务员','二级主任科员','四类区','机关单位','那曲市委巡察办','非领导职务','0'),('50133','7167','','2019-05','公务员','乡科级正职','四类区','机关单位','那曲市纪委监委','非领导职务','0'),('50397','7442','','2020-11','综合管理公务员','三级调研员','四类区','机关单位','那曲市纪委','领导职务','0'),('49994','7504','','2020-11','综合管理公务员','三级调研员','四类区','机关单位','那曲市纪委','领导职务','0'),('49979','7449','','2020-11','公务员','县处级正职','四类区','机关单位','那曲市巡察办','领导职务','0'),('49970','7516','','2020-11','综合管理公务员','三级调研员','四类区','机关单位','那曲地区纪委','领导职务','0'),('49963','7537','','2020-11','公务员','县处级副职','四类区','机关单位','那曲市纪委监委','领导职务','0'),('49398','7511','','2015-12','公务员','县处级正职','四类区','机关单位','那曲地委巡察办','领导职务','0'),('49397','7511','','2009-11','公务员','县处级副职','四类区','机关单位','那曲地区机要局','领导职务','0'),('49962','7537','','2016-04','公务员','乡科级正职','四类区','机关单位','那曲地区纪委监察局','领导职务','0'),('50168','7542','','2015-02','公务员','乡科级副职','四类区','机关单位','那曲地区纪委','非领导职务','0'),('49959','7537','','2006-08','公务员','科员','四类区','机关单位','那曲地区尼玛县工青妇','非领导职务','0'),('49253','7500','','2019-06','综合管理公务员','四级调研员','四类区','机关单位','那曲市纪委','非领导职务','0'),('49992','7504','','2006-12','公务员','乡科级正职','四类区','机关单位','那曲地区嘉黎县纪委','领导职务','0'),('49967','7516','','2008-07','公务员','乡科级副职','四类区','机关单位','那曲地区组织部','领导职务','0'),('49420','7520','','2015-12','公务员','县处级正职','四类区','机关单位','那曲地区纪委','领导职务','0'),('49419','7520','','2008-11','公务员','县处级副职','四类区','机关单位','那曲地区尼玛县纪委','领导职务','0'),('49418','7520','','2005-10','公务员','乡科级正职','四类区','机关单位','那曲地区纪委','领导职务','0'),('49417','7520','','2000-08','公务员','乡科级副职','四类区','机关单位','那曲地区尼玛县文部乡','领导职务','0'),('49416','7520','','1996-07','公务员','科员','四类区','机关单位','那曲地区尼玛县委办公室','非领导职务','0'),('49359','7519','','2016-10','公务员','乡科级正职','四类区','机关单位','那曲地区纪委','非领导职务','0'),('49360','7519','','2019-05','公务员','乡科级正职','四类区','机关单位','那曲地区纪委','领导职务','0'),('49358','7519','','2015-05','公务员','乡科级副职','四类区','机关单位','那曲地区纪委','非领导职务','0'),('49357','7519','','2013-05','公务员','乡科级副职','四类区','机关单位','那曲地区聂荣县纪检委','领导职务','0'),('49356','7519','','2009-08','公务员','科员','四类区','机关单位','那曲地区聂荣县检察院','非领导职务','0'),('49353','7518','','2013-11','公务员','乡科级副职','四类区','机关单位','那曲地区公安局','非领导职务','0'),('49355','7518','','2019-11','综合管理公务员','一级主任科员','四类区','机关单位','那曲地区纪委','领导职务','0'),('49354','7518','','2017-02','公务员','乡科级正职','四类区','机关单位','那曲地区公安局','领导职务','0'),('49352','7518','','2009-11','公务员','科员','四类区','机关单位','那曲地区公安处','非领导职务','0'),('49351','7517','','2019-05','公务员','乡科级副职','四类区','机关单位','那曲地区','领导职务','0'),('49350','7517','','2012-07','公务员','科员','四类区','机关单位','那曲地区班戈县政法委','非领导职务','0'),('49349','7507','','2018-04','公务员','县处级副职','四类区','机关单位','那曲地区纪委','领导职务','0'),('49348','7507','','2012-03','公务员','乡科级正职','四类区','机关单位','那曲地区班戈县保吉乡','领导职务','0'),('49347','7507','','2008-10','公务员','乡科级副职','四类区','机关单位','那曲地区班戈县交通局','领导职务','0'),('49346','7507','','2005-08','公务员','科员','四类区','机关单位','那曲地区班戈县委办公室','非领导职务','0'),('49969','7516','','2015-12','公务员','县处级副职','四类区','机关单位','那曲地区纪委','领导职务','0'),('49968','7516','','2010-11','公务员','乡科级正职','四类区','机关单位','那曲地区组织部','领导职务','0'),('49960','7537','','2012-03','公务员','乡科级副职','四类区','机关单位','那曲地区尼玛县纪委监察局','领导职务','0'),('49258','7501','','1998-07','公务员','科员','四类区','机关单位','那曲地区班戈县农牧局','非领导职务','0'),('49403','7503','','2020-03','公务员','县处级副职','四类区','机关单位','那曲市纪委','领导职务','0'),('49991','7504','','2004-04','公务员','乡科级副职','四类区','机关单位','那曲地区嘉黎县委办公室','领导职务','0'),('49402','7503','','2016-11','公务员','乡科级正职','四类区','机关单位','那曲地区纪委','领导职务','0'),('49401','7503','','2015-02','公务员','乡科级副职','四类区','机关单位','那曲地区纪委','非领导职务','0'),('49993','7504','','2013-04','公务员','县处级副职','四类区','机关单位','那曲地区双湖县纪委','领导职务','0'),('49399','7503','','2008-08','公务员','科员','四类区','机关单位','那地区班戈县人民检察院','非领导职务','0'),('49400','7503','','2013-06','公务员','乡科级副职','四类区','机关单位','那曲地区班戈县政法委','领导职务','0'),('44142','7344','','2000-08','公务员','乡科级副职','四类区','机关单位','那曲地区尼玛县吴尔多乡','领导职务','0'),('44141','7344','','1996-07','公务员','科员','四类区','机关单位','那曲地区尼玛县畜牧局','非领导职务','0'),('49990','7504','','2001-07','公务员','科员','四类区','机关单位','那曲地区嘉黎县机要室','非领导职务','0'),('49260','7501','','2005-10','公务员','乡科级正职','四类区','机关单位','那曲地区纪委','领导职务','0'),('49261','7501','','2009-11','公务员','县处级副职','三类区','机关单位','那曲地区巴青县纪委','领导职务','0'),('49250','7500','','2010-07','公务员','乡科级正职','四类区','机关单位','那曲地区纪委','非领导职务','0'),('49965','7516','','2003-07','公务员','科员','四类区','机关单位','那曲地区组织部','非领导职务','0'),('49966','7516','','2007-11','公务员','乡科级副职','四类区','机关单位','那曲地区组织部','非领导职务','0'),('49340','7515','','2018-04','公务员','县处级副职','四类区','机关单位','那曲地区纪委','领导职务','0'),('49339','7515','','2012-03','公务员','乡科级正职','四类区','机关单位','那曲地区申扎县工青妇','领导职务','0'),('49337','7515','','2003-07','公务员','科员','四类区','机关单位','那曲地区申扎县政府办','非领导职务','0'),('49338','7515','','2007-01','公务员','乡科级副职','四类区','机关单位','那曲地区申扎县组织部','领导职务','0'),('49336','7514','','2018-04','公务员','县处级副职','四类区','机关单位','那曲地区纪委','领导职务','0'),('49335','7514','','2015-08','公务员','县处级副职','四类区','机关单位','那曲地区工商联','非领导职务','0'),('49333','7514','','1999-04','公务员','乡科级副职','四类区','机关单位','那曲地区聂荣县财政局','领导职务','0'),('49334','7514','','2000-10','公务员','乡科级正职','四类区','机关单位','那曲地区聂荣县色庆乡','领导职务','0'),('49332','7514','','1992-01','公务员','科员','四类区','机关单位','那曲地区聂荣县检察院','非领导职务','0'),('49390','7513','','2015-05','公务员','县处级副职','四类区','机关单位','那曲地区双湖县副县长','领导职务','0'),('49389','7513','','2007-11','公务员','乡科级正职','四类区','机关单位','那曲地区双湖特别行政区协德乡','领导职务','0'),('49386','7513','','2003-07','公务员','科员','四类区','机关单位','那曲地区双湖特别行政区办公室','非领导职务','0'),('49388','7513','','2007-03','公务员','乡科级副职','四类区','机关单位','那曲地区双湖特别行政区办公室','领导职务','0'),('49387','7513','','2005-10','公务员','乡科级副职','四类区','机关单位','那曲地区特别行政区办公室','非领导职务','0'),('51030','7512','','2017-06','公务员','县处级副职','四类区','机关单位','那曲地区纪委','领导职务','0'),('51029','7512','','2013-05','公务员','乡科级正职','四类区','机关单位','那曲地区组织部','领导职务','0'),('51028','7512','','2013-01','公务员','乡科级正职','四类区','机关单位','那曲地区组织部','非领导职务','0'),('51027','7512','','2010-11','公务员','乡科级副职','四类区','机关单位','那曲地区组织部','领导职务','0'),('51026','7512','','2009-11','公务员','乡科级副职','四类区','机关单位','那曲地区组织部','非领导职务','0'),('51024','7512','','2006-07','事业单位专业技术人员','专技十三级-员级','四类区','事业单位','那曲地区罗马镇中心小学','','0'),('51025','7512','','2006-12','公务员','科员','四类区','机关单位','西藏那曲地区那曲县司法局','非领导职务','0'),('49396','7511','','2005-06','公务员','县处级副职','四类区','机关单位','那曲地委老干部局','非领导职务','0'),('49395','7511','','2005-04','公务员','乡科级正职','四类区','机关单位','那曲地区机要局','领导职务','0'),('49394','7511','','2002-12','公务员','乡科级正职','四类区','机关单位','那曲地区机要局','非领导职务','0'),('49391','7511','','1990-08','公务员','办事员','四类区','机关单位','那曲地区机要局','非领导职务','0'),('49393','7511','','2001-08','公务员','乡科级正职','四类区','机关单位','那曲地区机要局','领导职务','0'),('49964','7537','','2019-11','综合管理公务员','一级主任科员','四类区','机关单位','那曲市纪委监委','领导职务','0'),('49392','7511','','1996-12','公务员','乡科级副职','四类区','机关单位','那曲地区机要局','领导职务','0'),('50396','7442','','2015-12','公务员','县处级副职','四类区','机关单位','那曲地区纪委','领导职务','0'),('50395','7442','','2015-01','公务员','县处级副职','四类区','机关单位','那曲地区应急办','非领导职务','0'),('50394','7442','','2013-04','公务员','县处级副职','四类区','机关单位','那曲地区申扎县纪委','领导职务','0'),('50393','7442','','2010-07','公务员','乡科级正职','四类区','机关单位','那曲地区纪委','领导职务','0'),('49311','7510','','2019-10','公务员','县处级副职','四类区','机关单位','那曲地区纪委','领导职务','0'),('49309','7510','','2012-01','公务员','乡科级副职','四类区','机关单位','那曲地区纪委','非领导职务','0'),('49310','7510','','2016-04','公务员','乡科级正职','四类区','机关单位','那曲地区纪委','领导职务','0'),('49308','7510','','2008-10','公务员','科员','四类区','机关单位','那曲地区旅游局科员','非领导职务','0'),('49307','7510','','2007-10','事业单位专业技术人员','专技十三级-员级','四类区','事业单位','那曲地区那曲县中学','','0'),('49306','7510','','2004-08','事业单位专业技术人员','专技十三级-员级','三类区','事业单位','西藏昌都地区江达县中学','','0'),('49305','7509','','2019-10','公务员','县处级副职','四类区','机关单位','那曲市纪委','领导职务','0'),('50132','7167','','2016-03','公务员','乡科级副职','四类区','机关单位','那曲市纪委监委','非领导职务','0'),('50131','7167','','2014-10','公务员','乡科级副职','三类区','机关单位','那曲地区巴青县财政局','非领导职务','0'),('48193','7447','','2013-07','公务员','科员','四类区','机关单位','那曲地区班戈县纪委','非领导职务','0'),('50401','7552','','2016-10','公务员','乡科级正职','四类区','机关单位','那曲地区纪委','非领导职务','0'),('50400','7552','','2015-05','公务员','乡科级副职','四类区','机关单位','那曲地区纪委','非领导职务','0'),('50130','7167','','2010-12','公务员','科员','三类区','机关单位','那曲地区巴青县财政局','非领导职务','0'),('50129','7167','','2007-07','公务员','科员','四类区','机关单位','那曲地区嘉黎县林堤乡人民政府','非领导职务','0'),('48449','7166','','2012-01','公务员','乡科级副职','四类区','机关单位','那曲市纪委','非领导职务','0'),('43852','7322','','2004-05','公务员','乡科级副职','四类区','机关单位','那曲地区审计局','领导职务','0'),('43853','7322','','2006-09','公务员','乡科级正职','四类区','机关单位','那曲地区审计局','领导职务','0'),('43854','7322','','2015-08','公务员','县处级副职','四类区','机关单位','那曲地区纪委','领导职务','0'),('49304','7509','','2016-04','公务员','乡科级正职','四类区','机关单位','那曲地区纪委','领导职务','0'),('49303','7509','','2012-01','公务员','乡科级副职','四类区','机关单位','那曲地区纪委','非领导职务','0'),('49302','7509','','2007-10','公务员','科员','四类区','机关单位','那曲地区双湖县多玛乡','非领导职务','0'),('49301','7508','','2019-10','公务员','县处级副职','四类区','机关单位','那曲地区纪委','领导职务','0'),('49300','7508','','2019-06','综合管理公务员','二级主任科员','四类区','机关单位','那曲地区纪委','非领导职务','0'),('49299','7508','','2014-05','公务员','乡科级正职','四类区','机关单位','那曲地区嘉黎县纪委','非领导职务','0'),('49298','7508','','2009-11','公务员','乡科级正职','四类区','机关单位','那曲地区嘉黎县纪委','领导职务','0'),('49297','7508','','2005-06','公务员','乡科级副职','四类区','机关单位','那曲地区嘉黎县纪检委','领导职务','0'),('49296','7508','','2004-06','公务员','乡科级副职','四类区','机关单位','那曲地区嘉黎县纪检委','非领导职务','0'),('49295','7508','','2001-07','公务员','科员','三类区','机关单位','那曲地区嘉黎县忠义乡','非领导职务','0'),('50334','7506','','1996-08','公务员','科员','四类区','机关单位','那曲地区财政局','非领导职务','0'),('50335','7506','','2002-08','公务员','乡科级副职','四类区','机关单位','那曲地区财政局','领导职务','0'),('49228','7498','','2020-05','公务员','乡科级正职','四类区','机关单位','那曲市纪委','领导职务','0'),('49227','7498','','2019-05','公务员','乡科级正职','四类区','机关单位','那曲市纪委','非领导职务','0'),('49226','7498','','2016-04','公务员','乡科级副职','四类区','机关单位','那曲地区纪委','非领导职务','0'),('49225','7498','','2011-11','公务员','科员','四类区','机关单位','西藏那曲地区那曲县公安局','非领导职务','0'),('49224','7497','','2020-05','公务员','乡科级正职','四类区','机关单位','那曲市委巡察办','领导职务','0'),('49223','7497','','2019-11','综合管理公务员','三级主任科员','四类区','机关单位','那曲市委巡察办','非领导职务','0'),('49222','7497','','2019-06','综合管理公务员','四级主任科员','四类区','机关单位','那曲市委巡察办','非领导职务','0'),('49221','7497','','2016-11','公务员','乡科级副职','四类区','机关单位','那曲地委巡察办','非领导职务','0'),('49220','7497','','2015-06','公务员','乡科级副职','四类区','机关单位','那曲县公安局','领导职务','0'),('51016','7496','','2019-06','综合管理公务员','四级主任科员','四类区','机关单位','那曲市委巡察办','非领导职务','0'),('49219','7497','','2009-11','公务员','科员','四类区','机关单位','那曲县公安局','非领导职务','0'),('51017','7496','','2020-05','公务员','乡科级正职','四类区','机关单位','那曲市委巡察办','领导职务','0'),('51015','7496','','2018-05','公务员','乡科级副职','四类区','机关单位','那曲地委巡察办','非领导职务','0'),('51012','7496','','2012-01','公务员','科员','四类区','机关单位','西藏那曲地区尼玛县卓瓦乡人民政府','非领导职务','0'),('51014','7496','','2016-01','公务员','乡科级副职','四类区','机关单位','那曲地区尼玛县组织部','领导职务','0'),('51013','7496','','2013-05','公务员','科员','四类区','机关单位','西藏那曲地区尼玛县组织部','非领导职务','0'),('51000','7495','','2019-06','综合管理公务员','二级主任科员','四类区','机关单位','那曲市委巡察办','非领导职务','0'),('50998','7495','','2017-07','公务员','乡科级副职','四类区','机关单位','那曲地委巡察办','非领导职务','0'),('50999','7495','','2019-05','公务员','乡科级正职','四类区','机关单位','那曲市委巡察办','非领导职务','0'),('50996','7495','','2011-08','公务员','科员','四类区','机关单位','西藏那曲地区申扎县塔尔玛乡1寸村官','非领导职务','0'),('50997','7495','','2015-09','公务员','乡科级副职','四类区','机关单位','那曲地区申扎县委办','非领导职务','0'),('49197','7494','','2020-05','公务员','乡科级正职','四类区','机关单位','那曲市纪委','领导职务','0'),('49196','7494','','2019-05','公务员','乡科级正职','四类区','机关单位','那曲市纪检委','非领导职务','0'),('49195','7494','','2018-02','公务员','乡科级副职','四类区','机关单位','那曲地区纪检委','非领导职务','0'),('49194','7494','','2015-11','公务员','乡科级副职','四类区','机关单位','那曲地区检察院','领导职务','0'),('49193','7494','','2012-04','公务员','乡科级副职','四类区','机关单位','尼玛县检察院','领导职务','0'),('49192','7494','','2005-09','公务员','科员','四类区','机关单位','尼玛县检察院','非领导职务','0'),('49191','7454','','2020-06','综合管理公务员','二级调研员','四类区','机关单位','那曲市纪检委','领导职务','0'),('49978','7449','','2020-06','综合管理公务员','二级调研员','四类区','机关单位','那曲市纪委','领导职务','0'),('44400','7360','','2015-12','机关工人','高级工','四类区','机关单位','那曲地区纪委','','0'),('44399','7360','','2007-05','机关工人','中级工','四类区','事业单位','那曲地区纪委','','0'),('44398','7360','','2003-07','机关工人','初级工','四类区','机关单位','那曲地区纪委','','0'),('44397','7360','','1992-09','事业单位工人','普通-普通工','四类区','事业单位','那曲地区金路公司','','0'),('49940','7453','','2020-04','综合管理公务员','三级调研员','四类区','机关单位','那曲市纪委','领导职务','0'),('48451','7166','','2019-11','公务员','县处级副职','四类区','机关单位','那曲市纪委','领导职务','0'),('48426','7452','','2005-05','公务员','乡科级副职','四类区','机关单位','西藏自治区那曲地区聂荣县尼玛乡副乡长','领导职务','0'),('47098','7425','','2018-01','公务员','县处级正职','四类区','机关单位','西藏自治区那曲地区纪委副书记','领导职务','0'),('47097','7425','','2017-04','公务员','县处级正职','二类区','机关单位','西藏自治区纪委正处级纪检员','非领导职务','0'),('47095','7425','','2012-07','公务员','县处级副职','二类区','机关单位','西藏自治区纪委副处级监察员','非领导职务','0'),('47094','7425','','2006-03','公务员','乡科级正职','二类区','机关单位','西藏自治区纪委主任科员','领导职务','0'),('47048','7424','','2018-05','公务员','县处级正职','四类区','机关单位','西藏自治区那曲市纪委副书记','领导职务','0'),('47047','7424','','2015-08','公务员','县处级正职','特别区','机关单位','西藏自治区双湖县委副书记','领导职务','0'),('47046','7424','','2010-07','公务员','县处级副职','四类区','机关单位','西藏自治区那曲地委组织部副部长','领导职务','0'),('47045','7424','','2006-05','公务员','乡科级正职','四类区','机关单位','西藏自治区那曲地委组织部办公室主任','领导职务','0'),('47044','7424','','2005-04','公务员','乡科级副职','四类区','机关单位','西藏自治区那曲地委组织部干部管理科副科长','领导职务','0'),('47043','7424','','2003-04','公务员','乡科级副职','四类区','机关单位','西藏自治区那曲地委组织部干部管理科副主任科员','非领导职务','0'),('47042','7424','','2001-07','公务员','科员','四类区','机关单位','西藏自治区那曲地委组织部组织科科员','非领导职务','0'),('47041','7424','','1998-07','公务员','办事员','四类区','机关单位','西藏自治区那曲地委组织部组织科办事员','非领导职务','0'),('47040','7423','','2015-04','公务员','县处级正职','四类区','机关单位','西藏自治区那曲地区纪委副书记','领导职务','0'),('47039','7423','','2009-11','公务员','县处级副职','四类区','机关单位','西藏自治区那曲地区纪委监察室主任','领导职务','0'),('47038','7423','','2005-10','公务员','乡科级正职','四类区','机关单位','西藏自治区那曲地区纪委审理室副主任','领导职务','0'),('47037','7423','','2001-04','公务员','乡科级副职','四类区','机关单位','西藏自治区尼玛县农牧局副局长','领导职务','0'),('47035','7423','','1996-07','公务员','科员','四类区','机关单位','西藏自治区尼玛县畜牧局科员','非领导职务','0'),('47036','7423','','2000-08','公务员','乡科级副职','四类区','机关单位','西藏自治区尼玛县尼玛镇副乡长','领导职务','0'),('47092','7425','','1999-05','公务员','乡科级副职','二类区','机关单位','西藏日喀则地区纪委副主任','领导职务','0'),('47093','7425','','2003-05','公务员','乡科级正职','二类区','机关单位','西藏日喀则地区纪委正科级副主任','领导职务','0'),('47091','7425','','1995-12','公务员','科员','二类区','机关单位','西藏日喀则地区纪委科员','非领导职务','0'),('48312','7415','','2019-02','公务员','厅局级副职','四类区','机关单位','西藏自治区那曲市纪委','领导职务','0'),('48311','7415','','2013-04','公务员','县处级正职','二类区','机关单位','西藏自治区纪委','领导职务','0'),('48310','7415','','2011-08','公务员','县处级副职','二类区','机关单位','西藏自治区纪委','领导职务','0'),('48309','7415','','2008-05','公务员','县处级副职','二类区','机关单位','西藏自治区纪委','非领导职务','0'),('48308','7415','','2002-10','公务员','乡科级正职','二类区','机关单位','西藏自治区纪委','非领导职务','0'),('48306','7415','','2000-10','公务员','乡科级副职','二类区','机关单位','西藏自治区林周县纪委','领导职务','0'),('48307','7415','','2002-08','公务员','乡科级正职','二类区','机关单位','西藏自治区林周县纪委','领导职务','0'),('48303','7415','','1996-08','公务员','办事员','二类区','机关单位','西藏自治区林周县纪委','非领导职务','0'),('48254','7414','','2019-02','公务员','厅局级副职','四类区','机关单位','西藏自治那曲市纪委','领导职务','0'),('48253','7414','','2013-04','公务员','县处级正职','二类区','机关单位','西藏自治区纪委','领导职务','0'),('48305','7415','','1999-09','公务员','乡科级副职','二类区','机关单位','西藏自治区林周县纪委','非领导职务','0'),('48304','7415','','1997-11','公务员','科员','二类区','机关单位','西藏自治区林周县纪检委','非领导职务','0'),('48252','7414','','2011-08','公务员','县处级副职','二类区','机关单位','西藏自治区纪委','领导职务','0'),('48251','7414','','2008-05','公务员','县处级副职','二类区','机关单位','西藏自治区纪委','非领导职务','0'),('48250','7414','','2002-10','公务员','乡科级正职','二类区','机关单位','西藏自治区林周县纪委','非领导职务','0'),('48246','7414','','1997-11','公务员','科员','二类区','机关单位','西藏自治区林周县纪委','非领导职务','0'),('48247','7414','','1999-09','公务员','乡科级副职','二类区','机关单位','西藏自治区林周县纪委','非领导职务','0'),('48248','7414','','2000-10','公务员','乡科级副职','二类区','机关单位','西藏自治区林周县纪委','领导职务','0'),('48249','7414','','2002-08','公务员','乡科级正职','二类区','机关单位','西藏自治区林周县纪委','领导职务','0'),('47203','7432','','1988-07','公务员','办事员','四类区','机关单位','那曲地区申扎县纪委（监察局）','非领导职务','0'),('47204','7432','','1991-07','公务员','科员','四类区','机关单位','那曲地区申扎县里粮食局','非领导职务','0'),('47205','7432','','1993-07','公务员','科员','四类区','机关单位','那曲地区申扎县检察院','非领导职务','0'),('47206','7432','','1998-04','公务员','乡科级副职','四类区','机关单位','那曲地区申扎县检察院','领导职务','0'),('47207','7432','','2004-06','公务员','乡科级正职','四类区','机关单位','那曲地区申扎县检察院','领导职务','0'),('47208','7432','','2013-04','公务员','县处级副职','四类区','机关单位','那曲地区检察院','领导职务','0'),('47209','7432','','2015-01','公务员','县处级副职','四类区','机关单位','那曲地区纪委','领导职务','0'),('47284','7435','','2011-04','公务员','乡科级副职','四类区','机关单位','那曲地区聂荣县政府办','领导职务','0'),('47285','7435','','2014-06','公务员','乡科级正职','四类区','机关单位','那曲地区纪委','非领导职务','0'),('47286','7435','','2016-04','公务员','乡科级正职','四类区','机关单位','那曲地区纪委','领导职务','0'),('47287','7435','','2017-06','公务员','县处级副职','四类区','机关单位','那曲地区纪委','领导职务','0'),('50392','7442','','2008-06','公务员','乡科级正职','四类区','机关单位','那曲地区纪委','非领导职务','0'),('50389','7442','','1996-07','公务员','科员','四类区','机关单位','那曲地区聂荣县发改委','非领导职务','0'),('50391','7442','','2003-11','公务员','乡科级副职','四类区','机关单位','那曲地区纪委','非领导职务','0'),('50390','7442','','2000-01','公务员','乡科级副职','四类区','机关单位','那曲地区聂荣县扶贫办','领导职务','0'),('50010','7445','','2016-04','公务员','乡科级正职','四类区','机关单位','那曲地区国土局','非领导职务','0'),('50008','7445','','2008-05','公务员','科员','四类区','机关单位','那曲地区国土局','非领导职务','0'),('48194','7447','','2015-02','公务员','科员','四类区','机关单位','那曲地区纪委','非领导职务','0'),('48192','7447','','2011-08','公务员','科员','四类区','机关单位','西藏自治区班戈县普保镇人民政府','非领导职务','0'),('49977','7449','','2020-04','综合管理公务员','三级调研员','四类区','机关单位','那曲市纪委','领导职务','0'),('50009','7445','','2011-10','公务员','乡科级副职','四类区','机关单位','那曲地区国土局','非领导职务','0'),('49976','7449','','2013-04','公务员','县处级副职','四类区','机关单位','那曲地区纪委','领导职务','0'),('49975','7449','','2008-06','公务员','乡科级正职','四类区','机关单位','那曲地区纪委','领导职务','0'),('49974','7449','','2007-07','公务员','乡科级副职','四类区','机关单位','那曲地区纪委','非领导职务','0'),('49972','7449','','2001-03','公务员','乡科级副职','三类区','机关单位','那曲地区比如县比如乡','非领导职务','0'),('48463','7450','','2020-04','综合管理公务员','三级调研员','四类区','机关单位','那曲市纪委监委','领导职务','0'),('48460','7450','','2009-04','公务员','乡科级正职','四类区','机关单位','西藏自治区那曲地区地委办公室督查科科长','领导职务','0'),('48461','7450','','2013-04','公务员','县处级副职','三类区','机关单位','西藏自治区那曲比如县委常委、纪委书记','领导职务','0'),('48459','7450','','2007-07','公务员','乡科级正职','四类区','机关单位','西藏自治区那曲地委办公室','非领导职务','0'),('48458','7450','','2004-05','公务员','乡科级正职','四类区','机关单位','西藏自治区班戈县委组织部副部长','领导职务','0'),('48457','7450','','2000-12','公务员','乡科级副职','四类区','机关单位','西藏自治区班戈县人事局','领导职务','0'),('48199','7451','','2018-05','公务员','乡科级正职','四类区','机关单位','西藏自治区那曲市纪委第二纪检j监察室副主任','领导职务','0'),('48198','7451','','2014-01','公务员','乡科级正职','四类区','机关单位','西藏自治区检察院那曲分院反贪贿赂局副局长','领导职务','0'),('48197','7451','','2009-09','公务员','乡科级副职','四类区','机关单位','西藏自治区检察院那曲分院助理检察员','领导职务','0'),('48429','7452','','2020-04','综合管理公务员','三级调研员','四类区','机关单位','那曲市纪委','领导职务','0'),('48428','7452','','2015-01','公务员','县处级副职','四类区','机关单位','西藏自治区那曲地委政策研究室f','领导职务','0'),('48427','7452','','2010-12','公务员','乡科级正职','四类区','机关单位','西藏自治区那曲地区聂荣县委宣传部副部长','领导职务','0'),('48424','7452','','2003-07','公务员','办事员','四类区','机关单位','西藏自治区那曲地区聂荣县尼玛乡','非领导职务','0'),('49939','7453','','2016-06','公务员','县处级副职','四类区','机关单位','那曲地区纪委','领导职务','0'),('49938','7453','','2013-01','公务员','乡科级正职','四类区','机关单位','那曲地区纪委','领导职务','0'),('49937','7453','','2012-01','公务员','乡科级副职','四类区','机关单位','那曲地区纪委','领导职务','0'),('49933','7453','','2002-07','事业单位专业技术人员','专技十三级-员级','四类区','事业单位','安多县完小','','0'),('49934','7453','','2007-07','公务员','科员','四类区','机关单位','那曲地区那曲县检察院','非领导职务','0'),('49936','7453','','2010-07','公务员','乡科级副职','四类区','机关单位','那曲地区纪委','非领导职务','0'),('49935','7453','','2009-02','公务员','科员','四类区','机关单位','那曲地区纪委','非领导职务','0'),('50007','7445','','2005-07','事业单位专业技术人员','专技十三级-员级','四类区','事业单位','比如夏曲镇中心小学','','0'),('49190','7454','','2020-04','综合管理公务员','三级调研员','四类区','机关单位','那曲市纪检委','领导职务','0'),('49189','7454','','2013-04','公务员','县处级副职','四类区','机关单位','那曲地区检察院','领导职务','0'),('49188','7454','','2007-01','公务员','乡科级正职','四类区','机关单位','那曲地区检察院','领导职务','0'),('49187','7454','','2003-04','公务员','乡科级副职','四类区','机关单位','那曲地区检察院','领导职务','0'),('49186','7454','','1994-10','公务员','科员','四类区','机关单位','那曲地区检察院 ','非领导职务','0'),('49185','7454','','1992-08','公务员','办事员','四类区','机关单位','那曲地区安多县','非领导职务','0'),('48425','7452','','2004-06','公务员','科员','四类区','机关单位','西藏自治区那曲地区聂荣县委办公室','非领导职务','0'),('48200','7451','','2020-04','综合管理公务员','四级调研员','四类区','机关单位','那曲市纪委','领导职务','0'),('48196','7451','','2004-08','公务员','科员','四类区','机关单位','西藏自治区检察院那曲分院','非领导职务','0'),('48462','7450','','2015-01','公务员','县处级副职','四类区','机关单位','西藏自治区那曲地区纪委信访室主任','领导职务','0'),('48456','7450','','2000-02','公务员','科员','四类区','机关单位','西藏自治区班戈县委组织部','非领导职务','0'),('48455','7450','','1997-07','公务员','科员','四类区','机关单位','西藏自治区班戈县卫生局','非领导职务','0'),('49973','7449','','2004-03','公务员','乡科级副职','四类区','机关单位','那曲地区纪委','非领导职务','0'),('49971','7449','','1994-07','公务员','科员','四类区','机关单位','那曲地区纪委','非领导职务','0'),('48195','7447','','2017-05','公务员','乡科级副职','四类区','机关单位','那曲地区纪委','非领导职务','0'),('48201','7451','','2019-11','综合管理公务员','一级主任科员','四类区','机关单位','那曲市纪委','领导职务','0'),('48245','7414','','1996-08','公务员','办事员','二类区','机关单位','西藏自治区林周县纪委','非领导职务','0'),('50399','7552','','2013-05','公务员','乡科级副职','四类区','机关单位','那曲地区聂荣县监察局','领导职务','0'),('50398','7552','','2009-08','公务员','科员','四类区','机关单位','那曲地区聂荣县检察院','非领导职务','0');|INSERT INTO `tx_studyinfo` (`id`, `personid`, `level`, `gettime`, `school`)  VALUES ('6200','7581','本科','2015-06','浙江工业学校'),('5780','7344','大专','1996-07','西藏农牧学校'),('5767','7319','大专','1997-07',''),('6141','7445','本科','2009-01','西藏大学'),('6025','7450','大专','1994-09','西藏自治区农牧学院'),('6015','7451','本科','2000-09','西北政法大学'),('6081','7498','大专','2018-07','首都经济贸易大学'),('6143','7538','大专','2004-09','中央党校函授学院大专班'),('6089','7500','大专','2004-06','中央党校函授学院大专班行政管理专业'),('6090','7500','本科','2007-12','中央党校函授学院本科班经济管理专业'),('6092','7501','本科','2008-02','北京电子科技学院行政管理'),('6093','7502','大专','2009-06','中央党校函授学院经济管理专业'),('6094','7502','本科','2011-06','中央党校函授学院经济管理专业'),('6146','7506','本科','2007-12','中央党校函授学院经济管理专业'),('6098','7510','本科','2010-01','西藏大学继续教育学院思政教育'),('6115','7511','本科','2008-12','中央函授学院经济管理'),('6114','7511','大专','2006-06','中央党校函授学院法律专业'),('6173','7512','本科','2009-12','中央党校函授学院法律专业'),('6113','7513','本科','2007-12','中央党校函授学院西藏分院国民经济管理专业'),('6103','7514','中专','1997-11','那曲地区党校法律专业'),('6104','7514','本科','2010-06','中央党校函授学院法律专业'),('6105','7515','本科','2007-12','中央党校函授学院经济管理专业'),('6140','7516','本科','2006-08','中央党校函授学院经济管理'),('6107','7507','本科','2009-12','中央党校函授学院法律专业'),('6116','7520','本科','2007-12','中央党校函授学院经济管理'),('6149','7539','本科','2003-12','中央党校函授学院本科班'),('6145','7549','本科','2013-09','沈阳刑警学院刑事侦查专业'),('6147','7550','大专','2003-06','中央党校函授学院大专班'),('6148','7550','本科','2007-12','中央党校函授学院本科班');|INSERT INTO `tx_checkinfo` (`id`, `personid`, `gettime`, `check`)  VALUES ('4546','7166','2007','不通过'),('4545','7166','2006','不通过'),('4544','7166','2005','不通过'),('4635','7559','2018','不通过'),('4632','7547','2012','不通过'),('4636','7561','2012','不通过'),('4639','7560','2010','不通过'),('4773','7581','2018','不通过');|INSERT INTO `tx_heightinfo` (`id`, `personid`, `area`, `city`, `county`, `height`, `acc`, `iscity`, `heightid`, `gettime`)  VALUES ('26571','7514','那曲地区','聂荣县','色庆乡','4870','6-10-5','是','395781','2000-10'),('27085','7550','那曲地区','那曲地区','那曲地区','4527','6-1-1','否','393473','1988-01'),('23692','7319','那曲地区','那曲县','那曲镇','4580','那曲地区那曲县那曲镇','否','','2015-12'),('23690','7319','那曲地区','那曲县','那曲镇','4580','那曲地区那曲县那曲镇','否','','1997-07'),('23691','7319','那曲地区','申扎县','申扎县','4700','那曲地区申扎县','否','','2007-09'),('28094','7581','那曲地区','那曲地区','那曲地区','4527','6-1-1','否','','2015-08'),('26002','7447','那曲地区','那曲地区','那曲地区','4527','6-1-1','否','','2015-02'),('26574','7515','那曲地区','申扎县','申扎县','4750','6-9-1','否','395521','2003-07'),('26575','7515','那曲地区','那曲地区','那曲地区','4527','6-1-1','否','393473','2013-08'),('26915','7516','那曲地区','那曲地区','那曲地区','4527','6-1-1','否','','2003-07'),('26577','7507','那曲地区','班戈县','班戈县','4888','6-6-1','否','394753','2005-08'),('26578','7507','那曲地区','班戈县','新吉乡','4969','6-6-11','是','394763','2011-06'),('26579','7507','那曲地区','班戈县','保吉乡','4785','6-6-8','是','394760','2012-03'),('26580','7507','那曲地区','班戈县','尼玛乡','4718','6-6-10','是','394762','2013-05'),('26581','7507','那曲地区','班戈县','班戈县','4888','6-6-1','否','394753','2016-05'),('26582','7507','那曲地区','那曲地区','那曲地区','4527','6-1-1','否','393473','2018-04'),('23880','7344','那曲','尼玛县','吴尔多乡','4732','那曲地区尼玛县吴尔多乡','是','0','2000-08'),('24228','7362','那曲','那曲县','那曲镇','4580','那曲地区那曲镇','否','','2006-03'),('27529','7563','那曲地区','那曲县','那曲县','4527','6-2-1','否','393729','2012-07'),('27530','7563','那曲地区','那曲地区','那曲地区','4527','6-1-1','否','393473','2018-03'),('27521','7560','那曲地区','那曲地区','那曲地区','4527','6-1-1','否','','2018-03'),('27522','7562','那曲地区','那曲地区','那曲地区','4527','6-1-1','否','393473','2014-01'),('27459','7564','那曲地区','双湖县','双湖县','4800','双湖县','否','0','2007-07'),('27519','7560','日喀则市','亚东县','下亚东乡','2880','2-15-4','是','','2004-12'),('27405','7547','那曲地区','安多县','玛荣乡','4900','6-7-8','是','','2012-02'),('28095','7558','那曲地区','申扎县','申扎县','4750','6-9-1','否','','2011-07'),('27087','7550','那曲地区','那曲地区','那曲地区','4527','6-1-1','否','393473','2013-04'),('27086','7550','那曲地区','嘉黎县','夏玛乡','4883','6-5-7','是','394503','1999-06'),('27039','7549','那曲地区','那曲地区','那曲地区','4527','6-1-1','否','393473','2016-11'),('24227','7362','那曲','安多','安多','4800','那曲地安多县区','否','','1983-07'),('27036','7548','那曲地区','班戈县','班戈县','4888','6-6-1','否','394753','2009-08'),('27037','7548','那曲地区','那曲地区','那曲地区','4527','6-1-1','否','393473','2020-04'),('27038','7549','那曲地区','那曲县','那曲县','4527','6-2-1','否','393729','2008-08'),('27404','7547','那曲地区','比如县','比如县','4130','6-4-1','否','','2009-12'),('23879','7344','那曲','尼玛县','尼玛县','4732','那曲地区尼玛县','否','0','1996-07'),('28096','7558','那曲地区','那曲地区','那曲地区','4527','6-1-1','否','','2020-04'),('27431','7559','那曲地区','那曲地区','那曲地区','4527','6-1-1','否','','2018-12'),('27113','7552','那曲地区','聂荣县','聂荣县','4733','6-10-1','否','395777','2009-08'),('27407','7547','那曲地区','那曲地区','那曲地区','4527','6-1-1','否','','2020-04'),('23726','7322','那曲','班戈','班戈','4800','那曲地区班戈县','否','0','1988-07'),('27424','7546','那曲地区','嘉黎县','嘉黎县','4540','6-5-1','否','','2012-02'),('27425','7546','那曲地区','那曲地区','那曲地区','4527','6-1-1','否','','2020-04'),('27406','7547','那曲地区','安多县','安多县','4788','6-7-1','否','','2012-08'),('27101','7545','那曲地区','那曲地区','那曲地区','4527','6-1-1','否','','2015-12'),('26535','7502','那曲地区','尼玛县','尼玛镇','4598','6-11-2','是','396034','2006-04'),('26536','7502','那曲地区','尼玛县','申亚乡','4750','6-11-13','是','396045','2011-05'),('26934','7445','那曲地区','那曲地区','那曲地区','4527','6-1-1','否','','2008-05'),('26496','7494','那曲地区','尼玛县','尼玛县','4598','6-11-1','否','396033','2005-09'),('27100','7545','那曲地区','聂荣县','色庆乡','4870','6-10-5','是','','2012-03'),('27099','7545','那曲地区','聂荣县','聂荣县','4733','6-10-1','否','','2007-08'),('27102','7544','那曲地区','那曲地区','那曲地区','4527','6-1-1','否','','2017-08'),('27026','7543','那曲地区','那曲地区','那曲地区','4527','6-1-1','否','393473','2015-06'),('27025','7543','那曲地区','安多县','安多县','4788','6-7-1','否','395009','2008-08'),('27024','7542','那曲地区','那曲地区','那曲地区','4527','6-1-1','否','393473','2015-02'),('27105','7541','那曲地区','那曲地区','那曲地区','4527','6-1-1','否','','2018-02'),('27023','7542','那曲地区','聂荣县','聂荣县','4733','6-10-1','否','395777','2008-08'),('27103','7541','那曲地区','班戈县','班戈县','4888','6-6-1','否','','2009-08'),('27104','7541','那曲地区','那曲县','那曲县','4527','6-2-1','否','','2012-12'),('27143','7540','那曲地区','那曲地区','那曲地区','4527','6-1-1','否','','2020-04'),('27142','7540','那曲地区','巴青县','巴青县','4160','6-3-1','否','','2013-07'),('27106','7539','那曲地区','那曲地区','那曲地区','4527','6-1-1','否','','1996-07'),('27016','7538','那曲地区','那曲地区','那曲地区','4527','6-1-1','否','393473','2016-06'),('25620','7435','那曲地区','聂荣县','聂荣县','4733','6-10-1','否','395777','2007-07'),('27014','7538','那曲地区','聂荣县','聂荣县','4733','6-10-1','否','395777','1997-07'),('27114','7552','那曲地区','那曲地区','那曲地区','4527','6-1-1','否','393473','2015-05'),('26914','7537','那曲地区','那曲地区','那曲地区','4527','6-1-1','否','393473','2015-02'),('26913','7537','那曲地区','尼玛县','文布乡','4530','6-11-3','是','396035','2013-11'),('26528','7500','那曲地区','那曲地区','那曲地区','4527','6-1-1','否','393473','1999-07'),('26912','7537','那曲地区','尼玛县','尼玛县','4598','6-11-1','否','396033','2006-08'),('26615','7520','那曲地区','那曲地区','那曲地区','4527','6-1-1','否','393473','2013-04'),('26614','7520','那曲地区','尼玛县','尼玛县','4598','6-11-1','否','396033','2008-11'),('26613','7520','那曲地区','那曲地区','那曲地区','4527','6-1-1','否','393473','2005-10'),('26612','7520','那曲地区','尼玛县','尼玛县','4598','6-11-1','否','396033','2001-06'),('26611','7520','那曲地区','尼玛县','文布乡','4530','6-11-3','是','396035','2000-08'),('27015','7538','那曲地区','申扎县','申扎县','4750','6-9-1','否','395521','2013-04'),('26587','7519','那曲地区','那曲地区','那曲地区','4527','6-1-1','否','393473','2015-05'),('26586','7519','那曲地区','聂荣县','聂荣县','4733','6-10-1','否','395777','2009-08'),('26585','7518','那曲地区','那曲地区','那曲地区','4527','6-1-1','否','393473','2009-11'),('26583','7517','那曲地区','班戈县','班戈县','4888','6-6-1','否','394753','2012-07'),('26584','7517','那曲地区','那曲地区','那曲地区','4527','6-1-1','否','393473','2015-12'),('26572','7514','那曲地区','聂荣县','聂荣县','4733','6-10-1','否','395777','2004-04'),('26573','7514','那曲地区','那曲地区','那曲地区','4527','6-1-1','否','393473','2013-02'),('26534','7502','那曲地区','尼玛县','尼玛县','4598','6-11-1','否','396033','2003-09'),('26024','7414','拉萨市','拉萨市','拉萨市','3650','1-1-1','否','','2008-05'),('26602','7503','那曲地区','班戈县','班戈县','4888','6-6-1','否','','2008-08'),('26538','7502','那曲地区','那曲地区','那曲地区','4527','6-1-1','否','393473','2015-01'),('26533','7501','那曲地区','那曲地区','那曲地区','4527','6-1-1','否','393473','2013-04'),('26537','7502','那曲地区','尼玛县','尼玛县','4598','6-11-1','否','396033','2012-10'),('26532','7501','那曲地区','巴青县','巴青县','4160','6-3-1','否','393985','2009-11'),('26530','7501','那曲地区','班戈县','班戈县','4888','6-6-1','否','394753','1998-07'),('26531','7501','那曲地区','那曲地区','那曲地区','4527','6-1-1','否','393473','2005-03'),('26603','7503','那曲地区','那曲地区','那曲地区','4527','6-1-1','否','','2015-02'),('25621','7435','那曲地区','那曲地区','那曲地区','4527','6-1-1','否','393473','2012-09'),('25586','7432','那曲地区','那曲地区','那曲地区','4527','6-1-1','否','393473','2013-04'),('26600','7513','那曲地区','那曲地区','那曲地区','4527','6-1-1','否','','2016-04'),('26570','7514','那曲地区','聂荣县','聂荣县','4733','6-10-1','否','395777','1992-01'),('26599','7513','那曲地区','尼玛县双湖特别区','尼玛县双湖特别区','4915','6-12-1','否','','2003-07'),('27430','7512','那曲地区','那曲地区','那曲地区','4527','6-1-1','否','','2007-11'),('27429','7512','那曲地区','那曲县','那曲县','4527','6-2-1','否','','2006-12'),('27428','7512','那曲地区','那曲县','罗玛镇','4698','6-2-3','是','','2006-07'),('26601','7511','那曲地区','那曲地区','那曲地区','4527','6-1-1','否','','1990-08'),('26563','7510','那曲地区','那曲地区','那曲地区','4527','6-1-1','否','393473','2008-10'),('26562','7510','那曲地区','那曲县','那曲县','4527','6-2-1','否','393729','2007-10'),('26561','7510','昌都市','江达县','江达县','3790','5-4-1','否','328705','2004-08'),('26560','7509','那曲地区','那曲地区','那曲地区','4527','6-1-1','否','393473','2011-01'),('26559','7509','那曲地区','尼玛县双湖特别区','尼玛县双湖特别区','4915','6-12-1','否','396289','2009-06'),('26557','7509','拉萨市','拉萨市','拉萨市','3650','1-1-1','否','65793','2005-08'),('26558','7509','那曲地区','尼玛县双湖特别区','多玛乡','4743','6-12-7','是','396295','2007-10'),('26556','7508','那曲地区','那曲地区','那曲地区','4527','6-1-1','否','393473','2018-02'),('26555','7508','那曲地区','嘉黎县','嘉黎县','4540','6-5-1','否','394497','2002-07'),('27084','7506','那曲地区','那曲地区','那曲地区','4527','6-1-1','否','','1996-08'),('26554','7508','那曲地区','嘉黎县','忠玉乡','3450','6-5-8','是','394504','2001-07'),('26926','7504','那曲地区','那曲地区','那曲地区','4527','6-1-1','否','','2018-04'),('26925','7504','那曲地区','尼玛县双湖特别区','尼玛县双湖特别区','4915','6-12-1','否','','2013-04'),('27520','7560','那曲地区','班戈县','班戈县','4888','6-6-1','否','','2010-08'),('26610','7520','那曲地区','尼玛县','尼玛县','4598','6-11-1','否','396033','1996-07'),('23727','7322',' 那曲','那曲县','那曲镇','4580','那曲地区那曲镇','否','0','1995-07'),('26114','7166','那曲','双湖','多玛','4800','那曲市双湖县多玛乡','是','','2007-08'),('26115','7166','那曲','双湖','多玛','4980','那曲市双湖县多玛乡','否','','2009-06'),('26116','7166','那曲','色尼区','那曲镇','4580','那曲市色尼区那曲镇','否','','2011-01'),('27006','7167','那曲地区','那曲地区','那曲地区','4527','6-1-1','否','','2016-03'),('27005','7167','那曲地区','巴青县','巴青县','4160','6-3-1','否','','2010-12'),('27004','7167','那曲','嘉黎县','林堤乡','4800','那曲地区嘉黎县林堤乡','是','','2007-07'),('26023','7414','那曲地区','那曲地区','那曲地区','4527','6-1-1','否','','2019-02'),('25585','7432','那曲地区','申扎县','申扎县','4750','6-9-1','否','395521','1988-07'),('26923','7504','那曲地区','嘉黎县','忠玉乡','3450','6-5-8','是','','2000-07'),('26924','7504','那曲地区','嘉黎县','嘉黎县','4540','6-5-1','否','','2001-07'),('26513','7498','那曲地区','那曲地区','那曲地区','4527','6-1-1','否','393473','2015-02'),('26512','7498','那曲地区','那曲县','那曲县','4527','6-2-1','否','393729','2011-11'),('26511','7498','那曲地区','那曲地区','那曲地区','4527','6-1-1','否','393473','2006-12'),('26510','7497','那曲地区','那曲地区','那曲地区','4527','6-1-1','否','393473','2016-11'),('26509','7497','那曲地区','那曲县','那曲县','4527','6-2-1','否','393729','2009-11'),('27421','7496','那曲地区','尼玛县','卓瓦乡','4863','6-11-5','是','','2011-12'),('27422','7496','那曲地区','尼玛县','尼玛县','4598','6-11-1','否','','2013-05'),('27423','7496','那曲地区','那曲地区','那曲地区','4527','6-1-1','否','','2018-05'),('27416','7495','那曲地区','那曲地区','那曲地区','4527','6-1-1','否','','2017-07'),('27415','7495','那曲地区','申扎县','申扎县','4750','6-9-1','否','','2013-08'),('26040','7415','西藏自治区','林周县','卡孜乡','3690','西藏自治林周县卡孜乡','否','','1993-12'),('24016','7360','那曲','那曲县','那曲镇','4580','那曲地区那曲镇','否','0','1992-09'),('26041','7415','拉萨市','拉萨市','拉萨市','3650','1-1-1','否','','2002-10'),('26042','7415','那曲地区','那曲地区','那曲地区','4527','6-1-1','否','','2019-02'),('26022','7414','拉萨市','林周县','林周县','3950','1-3-1','否','','1997-11'),('26021','7414','拉萨市','林周县','卡孜乡','3923','1-3-6','是','65793','1993-12'),('27414','7495','那曲地区','申扎县','塔尔玛乡','4853','6-9-6','是','','2011-08'),('26918','7449','那曲地区','那曲地区','那曲地区','4527','6-1-1','否','','2004-03'),('25531','7425','拉萨市','拉萨市','拉萨市','3650','1-1-1','否','','2012-08'),('25532','7425','拉萨市','拉萨市','拉萨市','3650','1-1-1','否','','2015-11'),('25533','7425','拉萨市','拉萨市','拉萨市','3650','1-1-1','否','','2017-04'),('25534','7425','那曲地区','那曲地区','那曲地区','4527','6-1-1','否','','2018-01'),('25481','7424','那曲地区','那曲地区','那曲地区','4527','6-1-1','否','393473','2010-07'),('25482','7424','那曲地区','尼玛县双湖特别区','尼玛县双湖特别区','4915','6-12-1','否','396289','2015-08'),('25480','7424','那曲地区','那曲地区','那曲地区','4527','6-1-1','否','393473','2006-05'),('25479','7424','那曲地区','那曲地区','那曲地区','4527','6-1-1','否','393473','2005-04'),('25478','7424','那曲地区','那曲地区','那曲地区','4527','6-1-1','否','393473','2003-04'),('25477','7424','那曲地区','那曲地区','那曲地区','4527','6-1-1','否','393473','2001-07'),('25476','7424','那曲地区','那曲地区','那曲地区','4527','6-1-1','否','393473','1998-07'),('25475','7423','那曲地区','那曲地区','那曲地区','4527','6-1-1','否','','2015-04'),('25474','7423','那曲地区','那曲地区','那曲地区','4527','6-1-1','否','','2009-11'),('25473','7423','那曲地区','那曲地区','那曲地区','4527','6-1-1','否','','2005-10'),('25472','7423','那曲地区','尼玛县','尼玛县','4598','6-11-1','否','','2001-04'),('25471','7423','那曲地区','尼玛县','尼玛镇','4598','6-11-2','是','','2000-08'),('25470','7423','那曲地区','尼玛县','尼玛县','4598','6-11-1','否','','1996-07'),('25530','7425','拉萨市','拉萨市','拉萨市','3650','1-1-1','否','','2006-03'),('25529','7425','日喀则市','日喀则市','日喀则市','3835','2-1-1','否','','2003-05'),('25528','7425','日喀则市','日喀则市','日喀则市','3835','2-1-1','否','','1999-05'),('25527','7425','日喀则市','日喀则市','日喀则市','3835','2-1-1','否','','1995-12'),('25483','7424','那曲地区','那曲地区','那曲地区','4527','6-1-1','否','393473','2018-05'),('26497','7494','那曲地区','那曲地区','那曲地区','4527','6-1-1','否','393473','2015-11'),('27112','7442','那曲地区','那曲地区','那曲地区','4527','6-1-1','否','','2015-01'),('27110','7442','那曲地区','那曲地区','那曲地区','4527','6-1-1','否','','2003-11'),('27111','7442','那曲地区','申扎县','申扎县','4750','6-9-1','否','','2013-04'),('27109','7442','那曲地区','聂荣县','聂荣县','4733','6-10-1','否','','1996-07'),('26933','7445','那曲地区','比如县','夏曲镇','4448','6-4-3','是','','2005-07'),('26001','7447','那曲地区','班戈县','班戈县','4888','6-6-1','否','','2013-07'),('26916','7449','那曲地区','那曲地区','那曲地区','4527','6-1-1','否','','1994-07'),('26917','7449','那曲地区','比如县','比如镇','4130','6-4-2','是','','2001-03'),('26126','7450','那曲地区','那曲地区','那曲地区','4527','6-1-1','否','','2015-01'),('26125','7450','那曲地区','比如县','比如县','4130','6-4-1','否','','2013-04'),('26123','7450','那曲地区','那曲地区','那曲地区','4527','6-1-1','否','','2007-07'),('26124','7450','那曲地区','那曲地区','那曲地区','4527','6-1-1','否','','2009-04'),('26122','7450','那曲地区','班戈县','班戈县','4888','6-6-1','否','','2004-05'),('26121','7450','那曲地区','班戈县','班戈县','4888','6-6-1','否','','2000-12'),('26120','7450','那曲地区','班戈县','班戈县','4888','6-6-1','否','','2000-02'),('26119','7450','那曲地区','班戈县','班戈县','4888','6-6-1','否','','1995-07'),('26003','7451','那曲地区','那曲地区','那曲地区','4527','6-1-1','否','','2004-08'),('26096','7452','那曲地区','那曲地区','那曲地区','4527','6-1-1','否','','2015-01'),('26095','7452','那曲地区','聂荣县','聂荣县','4733','6-10-1','否','','2004-06'),('26094','7452','那曲地区','聂荣县','尼玛乡','4725','6-10-7','是','','2003-07'),('26899','7453','那曲地区','那曲地区','那曲地区','4527','6-1-1','否','','2009-02'),('26898','7453','那曲地区','那曲县','那曲县','4527','6-2-1','否','','2007-07'),('26897','7453','那曲地区','安多县','安多县','4788','6-7-1','否','','2002-07'),('26495','7454','那曲地区','那曲地区','那曲地区','4527','6-1-1','否','','1994-10'),('26494','7454','那曲地区','安多县','安多县','4788','6-7-1','否','','1992-08'),('26000','7447','那曲地区','班戈县','普保镇','4888','6-6-2','是','','2011-08');|