INSERT INTO `tx_personinfo` (`id`, `sort`, `userid`, `name`, `sex`, `birthday`, `origin`, `nation`, `partymember`, `worktime`, `intime`, `inadj`, `inyear`, `posttime`, `postadj`, `unitkind`, `postname`, `unitname`, `isleader`, `lastposttime`, `lastunitkind`, `lastpostname`, `lastunitname`, `area`, `education`, `educationtime`, `schooltime`, `educationadj`, `teacherinfo`, `teacherbegin`, `teacherend`, `teacheradj`, `oneinfo`, `onebegin`, `oneend`, `oneadj`, `check2`, `check5`, `coveradj`, `cadre`, `retiretime`, `height`, `note`, `addon`,`ywcadre`,`yjbegin`,`yjend`,`bjcadre`,`bjbegin`,`bjend`,`xzcadre`,`xzbegin`,`xzend`) VALUES ('7994','1','57','管培霞','女','1991-08','山东诸城','汉族','党员','2014-07','2014-07','0','','2021-11','0','事业单位','专技十级-中级','自治区党委网信办网络评论中心','','','','','','','本科','2014-07','4','0','','','','0','','','','0','2014','2014','0','','','','','','','','','','',''),('7996','4','57','旦增拉布','男','1997-06','四川理塘','藏族','党员','2021-08','2021-08','0','','2024-11-15','0','事业单位','专技十二级-助理','西藏国际传播中心','','','','','','','本科','2021-06','4','0','','','','0','','','','0','2021','2021','0','','','','','','','','','','',''),('7997','5','57','孙伟','男','1987-01','内蒙古磴口','汉族','党员','2015-11','2015-11','0','','2015-11','0','事业单位','专技十二级-助理','自治区党委网信办','','','','','','','硕士','2015-06','4','0','','','','0','','','','0','2015','2015','0','','','','','','','','','','',''),('7999','7','57','阿旺吉美','男','1987-03','四川绵阳','藏族','党员','2009-08','2009-08','0','','2015-08','0','事业单位','管理八级-副科','自治区党委网信办','领导职务','','','','','','大专','2008-06','4','0','','','','0','','','','0','2009','2009','0','','','','','','','','','','',''),('7998','6','57','旦增尼玛','男','1987-04','西藏拉萨','藏族','团员','2011-12','2011-12','0','','2015-09','0','事业单位','管理九级-科员','自治区党委网信办','非领导职务','','','','','','本科','2011-06','4','0','','','','0','','','','0','2011','2011','0','','','','','','','','','','',''),('7995','3','57','白玛曲尼','女','1991-12','西藏山南','藏族','党员','2014-07','2014-07','0','','2017-10','0','机关单位','专技十二级-助理','西藏国际传播中心','','','','','','','本科','2014-06','4','0','','','','0','','','','0','2014','2014','0','','','','','','','','','','',''),('7993','2','57','胡杨','男','1991-10','四川简阳','汉族','团员','2014-07','2014-07','0','','2017-10-10','0','事业单位','专技十二级-助理','西藏国际传播中心','','','','','','','本科','2014-06','4','0','','','','0','','','','0','2014','2014','0','','','','','','','','','','','');|INSERT INTO `tx_jobinfo` (`id`, `personid`, `sort`, `oldposttime`, `oldpostkind`, `oldpostname`, `oldarea`, `oldunitkind`, `oldunitname`, `oldisleader`, `height`)  VALUES ('65274','7995','','2017-10','事业单位专业技术人员','专技十二级-助理','二类区','机关单位','西藏国际传播中心','','0'),('65273','7995','','2014-07','事业单位专业技术人员','专技十三级-员级','二类区','事业单位','自治区党委宣传部网络评论中心','','0'),('65272','7994','','2021-11','事业单位专业技术人员','专技十级-中级','二类区','事业单位','自治区党委网信办网络评论中心','','0'),('65271','7994','','2016-03','事业单位专业技术人员','专技十二级-助理','二类区','事业单位','自治区党委网信办网络评论中心','','0'),('65270','7994','','2014-07','事业单位专业技术人员','专技十三级-员级','二类区','事业单位','自治区党委宣传部网络评论中心','','0'),('65269','7993','','2017-10-10','事业单位专业技术人员','专技十二级-助理','二类区','事业单位','西藏国际传播中心','','0'),('65268','7993','','2014-07-01','事业单位专业技术人员','专技十三级-员级','二类区','事业单位','西藏国际传播中心','','0'),('65304','7999','','2015-08','事业单位管理人员','管理八级-副科','二类区','事业单位','自治区党委网信办','领导职务','0'),('65303','7999','','2013-03','公务员','乡科级副职','二类区','机关单位','昌都市八宿县白马镇','领导职务','0'),('65302','7999','','2009-08','公务员','科员','二类区','机关单位','昌都市八宿县夏里乡人民政府','非领导职务','0'),('65305','7998','','2011-12','公务员','科员','三类区','机关单位','昌都市','非领导职务','0'),('65306','7998','','2015-09','事业单位管理人员','管理九级-科员','二类区','事业单位','自治区党委网信办','非领导职务','0'),('65292','7997','','2015-11','事业单位专业技术人员','专技十二级-助理','二类区','事业单位','自治区党委网信办','','0'),('65280','7996','','2024-11-15','事业单位专业技术人员','专技十二级-助理','二类区','事业单位','西藏国际传播中心','','0'),('65279','7996','','2021-08','事业单位专业技术人员','专技十三级-员级','二类区','事业单位','自治区党委网信办','','0');|INSERT INTO `tx_studyinfo` (`id`, `personid`, `level`, `gettime`, `school`)  VALUES ('8080','7997','硕士','2007-09','四川大学'),('8066','7995','本科','2010-09','西藏大学'),('8086','7998','本科','2007-09','首都经贸大学'),('8085','7999','本科','2005-09',''),('8069','7996','本科','2018-09','哈尔滨工业大学'),('8064','7993','本科','2010-09','西藏大学'),('8065','7994','硕士','2010-09','浙江大学');|INSERT INTO `tx_heightinfo` (`id`, `personid`, `area`, `city`, `county`, `height`, `acc`, `iscity`, `heightid`, `gettime`)  VALUES ('34545','7998','拉萨市','拉萨市','拉萨市','3656','1-1-1','否','','2015-09'),('34544','7998','昌都市','昌都市','昌都市','3559','5-1-1','否','','2011-12'),('34531','7997','拉萨市','拉萨市','拉萨市','3656','1-1-1','否','','2015-11'),('34515','7993','拉萨市','拉萨市','拉萨市','3656','1-1-1','否','','2014-07'),('34517','7995','拉萨市','拉萨市','拉萨市','3656','1-1-1','否','','2014-07'),('34516','7994','拉萨市','拉萨市','拉萨市','3656','1-1-1','否','','2014-07'),('34520','7996','拉萨市','拉萨市','拉萨市','3656','1-1-1','否','','2021-08'),('34541','7999','昌都市','八宿县','夏里乡','3703','5-12-8','是','','2009-08'),('34542','7999','昌都市','八宿县','白玛镇','3772','5-12-2','是','','2013-03'),('34543','7999','拉萨市','拉萨市','拉萨市','3656','1-1-1','否','','2015-08');|