INSERT INTO `tx_personinfo` (`id`, `sort`, `userid`, `name`, `sex`, `birthday`, `origin`, `nation`, `partymember`, `worktime`, `intime`, `inadj`, `inyear`, `posttime`, `postadj`, `unitkind`, `postname`, `unitname`, `isleader`, `lastposttime`, `lastunitkind`, `lastpostname`, `lastunitname`, `area`, `education`, `educationtime`, `schooltime`, `educationadj`, `teacherinfo`, `teacherbegin`, `teacherend`, `teacheradj`, `oneinfo`, `onebegin`, `oneend`, `oneadj`, `check2`, `check5`, `coveradj`, `cadre`, `retiretime`, `height`, `note`, `addon`,`ywcadre`,`yjbegin`,`yjend`,`bjcadre`,`bjbegin`,`bjend`) VALUES ('7839','0','56','ljh','男','1973-12','','汉族','','1990-03','1990-03','0','','2020-08','0','机关单位','县处级正职','拉萨','非领导职务','','','','','','大专','1992-09','3','0','','','','0','','','','0','2006','2006','0','否','','','','','','','','否','',''),('7842','0','56','jjj','男','1969-07','','汉族','','1990-03','1990-03','0','','2020-04','0','机关单位','乡科级正职','拉萨','非领导职务','','','','','','暂时没有','','0','0','','','','0','','','','0','2006','2006','0','否','','','','','否','','','','',''),('7841','0','56','qmbz','女','1963-08','','藏族','','1982-01','1982-01','0','','2013-05','0','机关单位','县处级正职','拉萨','非领导职务','','','','','','暂时没有','','0','0','','','','0','','','','0','2006','2006','0','否','','','','','否','','','否','','');|INSERT INTO `tx_jobinfo` (`id`, `personid`, `sort`, `oldposttime`, `oldpostkind`, `oldpostname`, `oldarea`, `oldunitkind`, `oldunitname`, `oldisleader`, `height`)  VALUES ('62078','7839','','2000-12','公务员','乡科级副职','二类区','机关单位','拉萨','领导职务','0'),('62079','7839','','2004-08','公务员','乡科级正职','二类区','机关单位','拉萨','领导职务','0'),('62117','7842','','2020-04','公务员','乡科级正职','二类区','机关单位','拉萨','非领导职务','0'),('62116','7842','','2003-01','公务员','乡科级正职','二类区','机关单位','拉萨','领导职务','0'),('62115','7842','','1999-05','公务员','乡科级副职','二类区','机关单位','拉萨','领导职务','0'),('62080','7839','','2010-04','公务员','县处级副职','二类区','机关单位','拉萨','领导职务','0'),('62081','7839','','2016-08','公务员','县处级正职','二类区','机关单位','拉萨','领导职务','0'),('62082','7839','','2020-08','公务员','县处级正职','二类区','机关单位','拉萨','非领导职务','0'),('62112','7841','','1999-05','公务员','乡科级正职','二类区','机关单位','拉萨','领导职务','0'),('62113','7841','','2004-03','公务员','县处级副职','二类区','机关单位','拉萨','领导职务','0'),('62114','7841','','2013-05','公务员','县处级正职','二类区','机关单位','拉萨','非领导职务','0');|INSERT INTO `tx_studyinfo` (`id`, `personid`, `level`, `gettime`, `school`)  VALUES ('7571','7839','大专','1992-09','海军'),('7573','7842','中专','1996-09',''),('7572','7841','大专','1986-09','');|INSERT INTO `tx_heightinfo` (`id`, `personid`, `area`, `city`, `county`, `height`, `acc`, `iscity`, `heightid`, `gettime`)  VALUES ('33207','7841','拉萨市','城关区','城关区','3650','1-2-1','否','66049','1982-01'),('33201','7839','拉萨市','城关区','城关区','3650','1-2-1','否','66049','1990-03'),('33208','7842','拉萨市','城关区','城关区','3650','1-2-1','否','66049','1990-03');|