INSERT INTO `tx_personinfo` (`id`, `sort`, `userid`, `name`, `sex`, `birthday`, `origin`, `nation`, `partymember`, `worktime`, `intime`, `inadj`, `inyear`, `posttime`, `postadj`, `unitkind`, `postname`, `unitname`, `isleader`, `lastposttime`, `lastunitkind`, `lastpostname`, `lastunitname`, `area`, `education`, `educationtime`, `schooltime`, `educationadj`, `teacherinfo`, `teacherbegin`, `teacherend`, `teacheradj`, `oneinfo`, `onebegin`, `oneend`, `oneadj`, `check2`, `check5`, `coveradj`, `cadre`, `retiretime`, `height`, `note`, `addon`) VALUES ('5364','','55','夏建平','男','1978-12','重庆','汉族','党员','1999-07','1999-07','0','','2017-05','0','事业单位','管理五级-正县','西藏自治区交通勘察设计研究院','领导职务','','','','','','本科','1999-06','4','0','','','','0','','','','0','0','0','0','否','','','',''),('5365','','55','麻文琪','男','1991-04','河南新乡','汉族','党员','2013-11','2013-11','0','','2013-11','0','事业单位','管理九级-科员','西藏自治区交通勘察设计研究院','','','','','','','本科','2013-06','4','0','','','','0','','','','0','0','0','0','否','','','',''),('5369','','55','次仁拉姆','女','1974-11','西藏拉萨','藏族','党员','1996-07','1996-07','0','','2013-03','0','事业单位','管理五级-正县','西藏自治区交通勘察设计研究院','','','','','','','本科','1996-06','4','0','','','','0','','','','0','2006','2006','0','否','','','',''),('5366','','55','央金措姆','女','1972-05','西藏山南','藏族','党员','1996-07','1996-07','0','','2014-07','0','事业单位','管理七级-正科','西藏自治区交通勘察设计研究院','','','','','','','本科','1996-06','4','0','','','','0','','','','0','0','0','0','否','','','','');|INSERT INTO `tx_jobinfo` (`id`, `personid`, `sort`, `oldposttime`, `oldpostkind`, `oldpostname`, `oldarea`, `oldunitkind`, `oldunitname`, `oldisleader`, `height`)  VALUES ('25831','5364','','2010-03','公务员','县处级副职','二类区','机关单位','西藏自治区公务员局','领导职务','0'),('25832','5364','','2013-05','公务员','县处级正职','二类区','机关单位','西藏自治区交通运输厅','领导职务','0'),('25856','5366','','2014-07','事业单位管理人员','管理七级-正科','二类区','事业单位','西藏自治区交通勘察设计研究院','','0'),('25855','5366','','2009-02','事业单位管理人员','管理八级-副科','二类区','事业单位','西藏自治区交通勘察设计研究院','','0'),('25862','5369','','2008-05','事业单位管理人员','管理六级-副县','二类区','事业单位','西藏自治区交通勘察设计研究院','','0'),('25863','5369','','2013-03','事业单位管理人员','管理五级-正县','二类区','事业单位','西藏自治区交通勘察设计研究院','','0'),('25861','5369','','2002-06','事业单位管理人员','管理六级-副县','二类区','事业单位','西藏自治区交通科学研究所','','0'),('25860','5369','','2001-11','事业单位管理人员','管理八级-副科','二类区','事业单位','西藏自治区交通科学研究所','','0'),('25859','5369','','1996-07','事业单位管理人员','管理九级-科员','二类区','事业单位','西藏自治区交通科学研究所','','0'),('25854','5366','','1997-10','事业单位管理人员','管理九级-科员','二类区','事业单位','西藏自治区交通勘察设计研究院','','0'),('25833','5364','','2017-05','事业单位管理人员','管理五级-正县','二类区','事业单位','西藏自治区交通勘察设计研究院','领导职务','0'),('25834','5365','','2013-11','事业单位管理人员','管理九级-科员','二类区','事业单位','西藏自治区交通勘察设计研究院','','0'),('25830','5364','','2008-08','公务员','县处级副职','二类区','机关单位','西藏自治区党委政策研究室','领导职务','0'),('25853','5366','','1996-07','事业单位管理人员','管理九级-科员','二类区','事业单位','拉萨市面粉厂','','0'),('25826','5364','','1999-07','公务员','科员','二类区','机关单位','拉萨市林周县委办公室','非领导职务','0'),('25829','5364','','2004-06','公务员','乡科级正职','二类区','机关单位','西藏自治区党委政策研究室','非领导职务','0'),('25828','5364','','2003-06','公务员','乡科级副职','二类区','机关单位','西藏自治区党委政策研究室','非领导职务','0'),('25827','5364','','2001-03','公务员','乡科级副职','二类区','机关单位','拉萨市林周县委办公室','非领导职务','0');|INSERT INTO `tx_studyinfo` (`id`, `personid`, `level`, `gettime`, `school`)  VALUES ('2855','5366','本科','1992-09','武汉粮食工业学院'),('2847','5364','本科','1995-09','中国人民大学'),('2848','5365','本科','2009-09','江苏大学'),('2857','5369','本科','1992-09','重庆交通大学');|INSERT INTO `tx_checkinfo` (`id`, `personid`, `gettime`, `check` FROM `tx_checkinfo`)  VALUES ('3120','5366','1996','通过'),('3114','5364','1999','通过'),('3115','5365','2013','通过'),('3121','5369','1996','通过');|INSERT INTO `tx_heightinfo` (`id`, `personid`, `area`, `city`, `county`, `height`, `acc`, `iscity`, `heightid`, `gettime`)  VALUES ('15286','5364','拉萨市','拉萨市','拉萨市','3650','1-1-1','否','','1999-07'),('15294','5366','拉萨市','拉萨市','拉萨市','3650','1-1-1','否','','1996-07'),('15287','5365','拉萨市','拉萨市','拉萨市','3650','1-1-1','否','65793','2013-11'),('15297','5369','拉萨市','拉萨市','拉萨市','3650','1-1-1','否','65793','1996-07');|