INSERT INTO `tx_personinfo` (`id`, `sort`, `userid`, `name`, `sex`, `birthday`, `origin`, `nation`, `partymember`, `worktime`, `intime`, `inadj`, `inyear`, `posttime`, `postadj`, `unitkind`, `postname`, `unitname`, `isleader`, `lastposttime`, `lastunitkind`, `lastpostname`, `lastunitname`, `area`, `education`, `educationtime`, `schooltime`, `educationadj`, `teacherinfo`, `teacherbegin`, `teacherend`, `teacheradj`, `oneinfo`, `onebegin`, `oneend`, `oneadj`, `check2`, `check5`, `coveradj`, `cadre`, `retiretime`, `height`, `note`, `addon`) VALUES ('284','0','54','扎桑','男','1963-02-01','西藏扎囊县','藏族','党员','1982-07','1982-07','0','0','2015-01','0','机关单位','县处级正职','山南市','领导职务','','','','','','中专','1982-07','2','0','','','','0','','','','0','2006','2006','0','否','','0','',''),('281','0','54','索朗扎西','男','1963-06-30','西藏曲水','藏族','党员','1984-04','1984-04','0','0','2010-05','0','机关单位','厅局级副职','山南市','领导职务','','','','','','中专','1984-04','0','0','','','','0','','','','0','2006','2006','0','否','','0','',''),('286','0','54','李世蓉','女','1970-01-31','山东莒南县','汉族','党员','1992-07','1992-07','0','0','2011-12','0','机关单位','县处级正职','山南市','领导职务','','','','','','本科','1992-07','4','0','','','','0','','','','0','2006','2006','0','否','','0','',''),('405','0','54','桑杰多吉','男','1981-06-30','西藏错那','藏族','党员','2002-07','2002-07','0','0','2016-02','0','机关单位','乡科级正职','山南市','非领导职务','','','','','','大专','2002-07','3','0','','','','0','','','','0','2006','2006','0','否','','0','',''),('288','0','54','晋美曲旦','男','1991-06-01','西藏乃东县','藏族','党员','2012-08','2012-08','0','0','2015-11','0','机关单位','科员','山南市','非领导职务','','','','','','大专','2012-06','3','0','','','','0','','','','0','0','0','0','否','','0','',''),('404','0','54','次旦多吉','男','1988-12-31','西藏乃东','藏族','党员','2006-12','2006-12','0','0','2012-12','0','机关单位','初级工','山南市','','','','','','','暂时没有','1985-01','0','0','','','','0','','','','0','2006','2006','0','否','','0','',''),('323','0','54','格列','男','1960-10-31','西藏琼结','藏族','','1989-08','1989-08','0','0','2005-07','0','机关单位','高级工','山南市','','','','','','','暂时没有','1985-01','0','0','','','','0','','','','0','2006','2006','0','否','','0','',''),('324','0','54','洛桑次仁','男','1983-12-31','西藏琼结','藏族','党员','2000-12','2000-12','0','0','2009-08','0','机关单位','初级工','山南市','','','','','','','高中','2000-01','0','0','','','','0','','','','0','2006','2006','0','否','','0','',''),('322','0','54','古桑曲珍','女','1987-09-30','西藏乃东','藏族','','2006-12','2006-12','0','0','2009-08','0','机关单位','普通工','山南市','','','','','','','暂时没有','2000-01','0','0','','','','0','','','','0','2006','2006','0','否','','0','',''),('296','0','54','赵凡','男','1989-01-26','四川广元','汉族','','2012-08','2012-08','0','0','2012-08','0','机关单位','科员','山南市','非领导职务','','','','','','大专','2012-06','3','0','','','','0','','','','0','2012','2012','0','否','','0','',''),('295','0','54','其米拉姆','女','1984-09-10','西藏洛扎','藏族','党员','2007-08','2007-08','0','0','2015-11','0','机关单位','乡科级副职','山南市','非领导职务','','','','','','本科','2007-06','4','0','','','','0','','','','0','2007','2007','0','否','','0','',''),('325','0','54','次仁曲旦','男','1983-06-30','西藏贡嘎','藏族','党员','2001-12','2001-12','1','0','2010-10','0','机关单位','初级工','山南市','','','','','','','暂时没有','1985-01','0','0','','','','0','','','','0','2006','2006','0','否','','0','',''),('305','0','54','多吉仁增','男','1960-07-05','西藏桑日县','藏族','党员','1981-06','1981-06','0','0','2016-04','0','机关单位','县处级正职','山南市','领导职务','','','','','','中专','1981-06','3','0','','','','0','','','','0','2006','2006','0','否','','0','',''),('311','0','54','查珠','男','1962-03-06','西藏扎囊','藏族','党员','1981-06','1981-06','0','0','2015-01','0','机关单位','县处级副职','山南市','领导职务','','','','','','中专','1990-07','2','0','','','','0','','','','0','2006','2006','0','否','','0','',''),('314','0','54','次旦平措','男','1979-01-08','日喀则市','藏族','党员','2000-06','2000-06','0','0','2011-10','0','机关单位','乡科级正职','山南市','非领导职务','','','','','','中专','2000-06','4','0','','','','0','','','','0','2006','2006','0','否','','0','',''),('308','0','54','多布杰','男','1961-12-15','西藏隆子','藏族','党员','1978-08','1978-08','0','0','2015-01','0','机关单位','县处级副职','山南市','领导职务','','','','','','中专','1987-07','2','0','','','','0','','','','0','2006','2006','0','否','','0','',''),('406','0','54','肖晗','男','1984-09-30','湖北松滋市','汉族','党员','2008-08','2008-08','0','0','2008-08','0','机关单位','科员','山南市','非领导职务','','','','','','本科','2008-08','4','0','','','','0','','','','0','2008','2008','0','否','','0','',''),('351','0','54','泽登卓嘎','女','1985-03-31','西藏昌都','藏族','党员','2007-12','2007-12','0','0','2014-02','0','机关单位','乡科级副职','山南市','领导职务','','','','','','本科','2007-05','4','0','','','','0','','','','0','2007','2007','0','否','','0','',''),('313','0','54','平措','男','1970-03-15','西藏江孜','藏族','党员','1985-12','1985-12','0','0','2010-08','0','机关单位','县处级副职','山南市','领导职务','','','','','','大专','1991-07','0','0','','','','0','','','','0','2006','2006','0','否','','0','',''),('407','0','54','次仁拉姆','女','1986-08-31','西藏错那','藏族','党员','2009-08','2009-08','0','0','2012-06','0','机关单位','科员','山南市','非领导职务','','','','','','本科','2009-07','4','0','','','','0','','','','0','2009','2009','0','否','','0','',''),('321','0','54','索朗建才','男','1970-01-31','西藏桑日','藏族','党员','2016-05','2002-12','0','0','2012-12','0','机关单位','中级工','山南市','','','','','','','中专','2009-10','0','0','','','','0','','','','0','2016','2016','0','否','','0','',''),('320','0','54','罗布扎西','男','1981-03-31','西藏桑日','藏族','','2001-12','2001-12','0','0','2012-12','0','机关单位','中级工','山南市','','','','','','','大专','2009-06','0','0','','','','0','','','','0','2006','2006','0','否','','0','',''),('318','0','54','拉珍','女','1985-09-30','西藏拉萨','藏族','党员','2008-08','2008-08','0','0','2014-02','0','机关单位','乡科级副职','山南市','非领导职务','','','','','','本科','2008-05','4','0','','','','0','','','','0','2008','2008','0','否','','0','',''),('317','0','54','刘珍','女','1983-05-31','四川','汉族','','2007-12','2007-12','0','0','2007-11','0','机关单位','科员','山南市','非领导职务','','','','','','本科','2007-06','4','0','','','','0','','','','0','2007','2007','0','否','','0','',''),('319','0','54','旺珍','女','1982-12-31','青海玉树','藏族','党员','2006-07','2006-07','0','0','2014-02','0','机关单位','乡科级副职','山南市','非领导职务','','','','','','本科','2006-06','4','0','','','','0','','','','0','2006','2006','0','否','','0','',''),('328','0','54','格桑巴珠','男','1967-05-31','西藏贡嘎','藏族','党员','1993-12','1993-12','0','0','2012-02','0','机关单位','中级工','山南市','','','','','','','中专','1999-07','0','0','','','','0','','','','0','2006','2006','0','否','','0','',''),('330','0','54','普边','女','1968-10-31','西藏江孜','藏族','党员','1985-07','1985-07','0','0','1994-08','0','机关单位','乡科级正职','山南市','领导职务','','','','','','中专','1985-07','3','0','','','','0','','','','0','2006','2006','0','否','','0','',''),('329','0','54','次旦多吉','男','1988-12-31','西藏乃东','藏族','党员','2006-12','2006-12','0','0','2012-12','0','机关单位','初级工','山南市','','','','','','','暂时没有','1985-01','0','0','','','','0','','','','0','2006','2006','0','否','','0','',''),('331','0','54','达娃旺杰','男','1967-11-30','西藏桑日','藏族','党员','1985-07','1985-07','0','0','2003-11','0','机关单位','乡科级正职','山南市','非领导职务','','','','','','中专','1985-07','3','0','','','','0','','','','0','2006','2006','0','否','','0','',''),('333','0','54','张养军','男','1970-11-30','陕西乾县','汉族','党员','1994-07','1994-07','0','0','2003-03','0','机关单位','乡科级正职','山南市','领导职务','','','','','','本科','1994-07','4','0','','','','0','','','','0','2006','2006','0','否','','0','',''),('332','0','54','朗杰','男','1962-12-31','西藏隆子','藏族','','1978-10','1978-10','0','0','2003-03','0','机关单位','乡科级正职','山南市','非领导职务','','','','','','暂时没有','1985-01','0','0','','','','0','','','','0','2006','2006','0','否','','0','',''),('334','0','54','庄卫明','男','1970-09-30','陕西勉县','汉族','党员','1990-03','1990-03','0','0','2005-09','0','机关单位','乡科级正职','山南市','非领导职务','','','','','','中专','1994-07','2','0','','','','0','','','','0','2006','2006','0','否','','0','',''),('335','0','54','央宗','女','1970-01-31','西藏错那','门巴族','党员','1989-03','1989-03','0','0','2007-12','0','机关单位','乡科级正职','山南市','领导职务','','','','','','大专','1999-07','0','0','','','','0','','','','0','2006','2006','0','否','','0','',''),('336','0','54','洛桑顿珠','男','1976-12-30','西藏曲松','藏族','党员','1997-12','1997-12','0','0','2012-07','0','机关单位','乡科级正职','山南市','非领导职务','','','','','','中专','1997-04','3','0','','','','0','','','','0','2006','2006','0','否','','0','',''),('339','0','54','史洪涛','男','1971-12-31','河南驻马店','汉族','党员','1991-07','1991-07','0','0','2011-10','0','机关单位','乡科级正职','山南市','领导职务','','','','','','中专','1991-07','2','0','','','','0','','','','0','2006','2006','0','否','','0','',''),('337','0','54','王伟','男','1967-05-31','四川自贡','汉族','党员','1989-07','1989-07','0','0','1992-07','0','机关单位','乡科级正职','山南市','非领导职务','','','','','','大专','1989-07','3','0','','','','0','','','','0','2006','2006','0','否','','0','',''),('359','0','54','程月','女','1974-07-31','山西晋中','汉族','党员','1997-07','1997-07','0','0','2014-02','0','机关单位','乡科级副职','山南市','领导职务','','','','','','大专','1997-06','3','0','','','','0','','','','0','2006','2006','0','否','','0','',''),('341','0','54','聂勇','男','1974-12-01','重庆忠县','汉族','党员','1991-12','1991-12','0','0','2008-08','0','机关单位','乡科级正职','山南市','领导职务','','','','','','中专','1997-07','2','0','','','','0','','','','0','2006','2006','0','否','','0','',''),('343','0','54','索朗多吉','男','1974-02-28','西藏加查','藏族','党员','1996-07','1996-07','0','0','2011-10','0','机关单位','乡科级正职','山南市','领导职务','','','','','','中专','1996-06','3','0','','','','0','','','','0','2006','2006','0','否','','0','',''),('342','0','54','朱红堂','男','1976-12-31','甘肃武威','汉族','','1998-07','1998-07','0','0','2011-10','0','机关单位','乡科级正职','山南市','领导职务','','','','','','本科','1998-07','4','0','','','','0','','','','0','2006','2006','0','否','','0','',''),('345','0','54','解松娟','女','1980-06-30','山东滕州','汉族','党员','2002-07','2002-07','0','0','2013-01','0','机关单位','乡科级正职','山南市','领导职务','','','','','','本科','2002-07','4','0','','','','0','','','','0','2006','2006','0','否','','0','',''),('346','0','54','次旦','女','1975-08-31','西藏桑日','藏族','党员','1999-07','1999-07','0','0','2013-01','0','机关单位','乡科级正职','山南市','领导职务','','','','','','大专','1999-06','3','0','','','','0','','','','0','2006','2006','0','否','','0','',''),('344','0','54','拉巴次仁','男','1976-07-31','西藏乃东','藏族','党员','1996-07','1996-07','0','0','2011-10','0','机关单位','乡科级正职','山南市','领导职务','','','','','','中专','1996-07','3','0','','','','0','','','','0','2006','2006','0','否','','0','',''),('347','0','54','刘晓荣','女','1975-03-31','山东德州','藏族','党员','1998-06','1998-06','0','0','2013-01','0','机关单位','乡科级正职','山南市','领导职务','','','','','','大专','1998-06','3','0','','','','0','','','','0','2006','2006','0','否','','0','',''),('348','0','54','参旦卓嘎','女','1977-11-30','西藏曲松','藏族','党员','1998-08','1998-08','0','0','2011-11','0','机关单位','乡科级正职','山南市','非领导职务','','','','','','中专','1998-08','3','0','','','','0','','','','0','2006','2006','0','否','','0','',''),('349','0','54','布达瓦','男','1973-04-30','西藏贡嘎','藏族','党员','1991-11','1991-11','0','0','2005-09','0','机关单位','乡科级副职','山南市','非领导职务','','','','','','暂时没有','1985-01','0','0','','','','0','','','','0','2006','2006','0','否','','0','',''),('353','0','54','益西','男','1960-08-31','西藏桑日','藏族','','1982-12','1982-12','0','0','2003-06','0','机关单位','乡科级副职','山南市','非领导职务','','','','','','暂时没有','1985-01','0','0','','','','0','','','','0','2006','2006','0','否','','0','',''),('350','0','54','王姮','女','1985-05-31','甘肃庆阳','汉族','党员','2006-12','2006-12','0','0','2011-08','0','机关单位','乡科级副职','山南市','非领导职务','','','','','','大专','2006-06','3','0','','','','0','','','','0','2006','2006','0','否','','0','',''),('352','0','54','索朗央金','女','1975-08-31','西藏加查','藏族','党员','1998-07','1998-07','0','0','2014-01','0','机关单位','乡科级正职','山南市','领导职务','','','','','','本科','1998-06','4','0','','','','0','','','','0','2006','2006','0','否','','0','',''),('354','0','54','巴桑旺堆','男','1982-02-28','西藏拉萨','藏族','党员','2003-07','2003-07','0','0','2011-10','0','机关单位','乡科级副职','山南市','领导职务','','','','','','大专','2003-07','3','0','','','','0','','','','0','2006','2006','0','否','','0','',''),('355','0','54','多吉','男','1977-10-31','西藏拉萨','藏族','党员','1998-07','1998-07','0','0','2011-10','0','机关单位','乡科级副职','山南市','非领导职务','','','','','','中专','1998-07','3','0','','','','0','','','','0','2006','2006','0','否','','0','',''),('356','0','54','李小莉','女','1979-09-30','四川中江','汉族','党员','2003-07','2003-07','0','0','2011-08','0','机关单位','乡科级副职','山南市','领导职务','','','','','','大专','2003-07','3','0','','','','0','','','','0','2006','2006','0','否','','0','',''),('358','0','54','拉巴卓玛','女','1980-12-31','西藏察雅','藏族','党员','2004-07','2004-07','0','0','2011-08','0','机关单位','乡科级副职','山南市','领导职务','','','','','','本科','2004-06','4','0','','','','0','','','','0','2006','2006','0','否','','0','',''),('357','0','54','程倩','女','1981-12-31','安徽临泉','汉族','党员','2005-07','2005-07','0','0','2011-11','0','机关单位','乡科级副职','山南市','领导职务','','','','','','本科','2005-07','4','0','','','','0','','','','0','2006','2006','0','否','','0','',''),('360','0','54','甘志超','男','1972-09-30','四川邻水','汉族','党员','1990-12','1990-12','0','0','2007-12','0','机关单位','乡科级副职','山南市','领导职务','','','','','','中专','1995-07','2','0','','','','0','','','','0','2006','2006','0','否','','0','',''),('361','0','54','次仁卓嘎','女','1975-02-28','西藏拉萨','藏族','党员','1997-07','1997-07','0','0','2011-10','0','机关单位','乡科级副职','山南市','领导职务','','','','','','大专','1997-06','3','0','','','','0','','','','0','2006','2006','0','否','','0','',''),('366','0','54','巴桑卓玛','女','1976-11-30','西藏当雄','藏族','党员','1997-07','1997-07','0','0','2011-10','0','机关单位','乡科级副职','山南市','领导职务','','','','','','中专','1997-06','3','0','','','','0','','','','0','2006','2006','0','否','','0','',''),('363','0','54','张伟','男','1977-08-31','河北唐山','汉族','党员','1988-07','1988-07','0','0','2011-10','0','机关单位','乡科级副职','山南市','领导职务','','','','','','大专','1998-06','3','0','','','','0','','','','0','2006','2006','0','否','','0','',''),('364','0','54','张军','男','1975-05-31','重庆忠县','汉族','党员','1998-07','1998-07','0','0','2011-10','0','机关单位','乡科级副职','山南市','领导职务','','','','','','大专','1998-07','3','0','','','','0','','','','0','2006','2006','0','否','','0','',''),('370','0','54','李穗林','女','1983-11-30','四川资阳','汉族','党员','2004-07','2004-07','0','0','2011-08','0','机关单位','乡科级副职','山南市','领导职务','','','','','','大专','2004-07','2','0','','','','0','','','','0','2006','2006','0','否','','0','',''),('369','0','54','白珍','女','1979-01-31','西藏拉萨','藏族','党员','1998-07','1998-07','0','0','2011-10','0','机关单位','乡科级副职','山南市','领导职务','','','','','','中专','1998-08','3','0','','','','0','','','','0','2006','2006','0','否','','0','',''),('368','0','54','白玛央金','女','1979-11-30','西藏错那','藏族','党员','1998-07','1998-07','0','0','2011-10','0','机关单位','乡科级副职','山南市','领导职务','','','','','','暂时没有','1998-07','3','0','','','','0','','','','0','2006','2006','0','否','','0','',''),('372','0','54','应国业','男','1972-04-30','青海乐都','汉族','党员','1991-12','1991-12','0','0','2008-04','0','机关单位','乡科级副职','山南市','非领导职务','','','','','','中专','1994-09','2','0','','','','0','','','','0','2006','2006','0','否','','0','',''),('375','0','54','格桑巴珠','男','1983-04-30','西藏错那','藏族','党员','2003-07','2003-07','0','0','2014-02','0','机关单位','乡科级副职','山南市','领导职务','','','','','','大专','2003-06','2','0','','','','0','','','','0','2006','2006','0','否','','0','',''),('374','0','54','次仁卓嘎','女','1963-01-31','西藏贡嘎','藏族','','1984-12','1984-12','0','0','2005-02','0','机关单位','乡科级正职','山南市','非领导职务','','','','','','大专','2004-06','2','0','','','','0','','','','0','2006','2006','0','否','','0','',''),('377','0','54','索朗旺姆','女','1971-08-31','西藏扎囊','藏族','党员','1992-07','1992-07','0','0','2005-07','0','机关单位','乡科级副职','山南市','非领导职务','','','','','','中专','1992-07','3','0','','','','0','','','','0','2006','2006','0','否','','0','',''),('379','0','54','大洛桑次仁','男','1979-01-31','西藏曲松','藏族','党员','1994-12','1994-12','0','0','2015-01','0','机关单位','乡科级副职','山南市','非领导职务','','','','','','中专','2003-07','2','0','','','','0','','','','0','2006','2006','0','否','','0','',''),('378','0','54','普布次仁','男','1975-03-31','西藏洛扎','藏族','党员','1995-08','1995-08','0','0','2012-12','0','机关单位','乡科级副职','山南市','非领导职务','','','','','','中专','2000-05','2','0','','','','0','','','','0','2006','2006','0','否','','0','',''),('380','0','54','次珍','女','1986-08-31','四川大邑县','藏族','党员','2009-11','2009-11','0','0','2011-09','0','机关单位','科员','山南市','非领导职务','','','','','','本科','2009-11','4','0','','','','0','','','','0','2009','2009','0','否','','0','',''),('381','0','54','德吉措姆','女','1984-07-31','西藏加查','藏族','党员','2007-12','2007-12','0','0','2014-02','0','机关单位','乡科级副职','山南市','非领导职务','','','','','','本科','2007-06','4','0','','','','0','','','','0','2007','2007','0','否','','0','',''),('384','0','54','边巴普珠','男','1982-11-30','西藏康马','藏族','党员','2008-08','2008-08','0','0','2012-04','0','机关单位','科员','山南市','非领导职务','','','','','','大专','2008-08','3','0','','','','0','','','','0','2008','2008','0','否','','0','',''),('382','0','54','普布曲珍','女','1970-11-30','西藏乃东','藏族','党员','1985-07','1985-07','0','0','2011-12','0','机关单位','县处级副职','山南市','领导职务','','','','','','中专','1985-07','3','0','','','','0','','','','0','2006','2006','0','否','','0','',''),('383','0','54','罗布曲珍','女','1984-10-31','西藏乃东','藏族','党员','2006-08','2006-08','0','0','2008-09','0','机关单位','乡科级副职','山南市','领导职务','','','','','','本科','2006-08','4','0','','','','0','','','','0','2006','2006','0','否','','0','',''),('385','0','54','周清平','男','1968-04-30','河南','汉族','党员','1991-07','2010-07','0','0','2012-08','0','机关单位','县处级正职','山南市','非领导职务','','','','','','本科','1991-07','4','0','','','','0','','','','0','2006','2006','0','是','','0','',''),('386','0','54','索朗占堆','男','1988-08-31','西藏隆子','藏族','党员','2011-11','2011-11','0','0','2011-11','0','机关单位','科员','山南市','非领导职务','','','','','','本科','2011-11','4','0','','','','0','','','','0','2011','2011','0','否','','0','',''),('388','0','54','旦增卓嘎','女','1985-07-31','西藏拉萨','藏族','党员','2010-07','2010-07','0','0','2010-07','0','机关单位','科员','山南市','非领导职务','','','','','','本科','2008-07','4','0','','','','0','','','','0','2010','2010','0','否','','0','',''),('387','0','54','吴佩萍','女','1987-08-31','陕西渭南','汉族','党员','2012-07','2012-07','0','0','2014-03','0','机关单位','乡科级副职','山南市','非领导职务','','','','','','硕士','2012-06','6','0','','','','0','','','','0','2012','2012','0','否','','0','',''),('390','0','54','格桑多吉','男','1984-07-31','西藏乃东','藏族','党员','2007-08','2007-08','0','0','2014-02','0','机关单位','乡科级副职','山南市','非领导职务','','','','','','本科','2007-07','4','0','','','','0','','','','0','2007','2007','0','否','','0','',''),('391','0','54','次央','女','1985-09-30','西藏贡嘎','藏族','','2011-08','2011-08','0','0','2013-12','0','机关单位','科员','山南市','非领导职务','','','','','','本科','2011-06','4','0','','','','0','','','','0','2011','2011','0','否','','0','',''),('392','0','54','韦武妮','女','1978-04-30','陕西','汉族','党员','2006-05','2006-05','0','0','2013-04','0','机关单位','科员','山南市','非领导职务','','','','','','中专','2000-07','2','0','','','','0','','','','0','2006','2006','0','否','','0','',''),('393','0','54','益西桑旦','男','1987-03-31','西藏朗县','藏族','党员','2012-08','2012-08','0','0','2014-03','0','机关单位','科员','山南市','非领导职务','','','','','','大专','2012-06','3','0','','','','0','','','','0','2012','2012','0','否','','0','',''),('394','0','54','德吉','女','1969-05-28','西藏乃东','藏族','党员','1985-12','1985-12','0','0','2014-11','0','机关单位','县处级副职','山南市','领导职务','','','','','','中专','1996-06','2','0','','','','0','','','','0','2006','2006','0','否','','0','',''),('397','0','54','马金龙','男','1982-09-28','陕西绥德','汉族','党员','2006-07','2006-07','0','0','2013-10','0','机关单位','乡科级副职','山南市','非领导职务','','','','','','本科','2006-07','4','0','','','','0','','','','0','2006','2006','0','否','','0','',''),('396','0','54','黄菊英','女','1983-09-28','湖南永州','汉族','党员','2006-07','2006-07','0','0','2013-07','0','机关单位','乡科级副职','山南市','非领导职务','','','','','','本科','2006-07','4','0','','','','0','','','','0','2006','2006','0','否','','0','',''),('3022','','54','次登曲吉','女','1984-01-10','西藏林周','藏族','党员','2007-09','2007-09','0','','2016-01','0','机关单位','乡科级副职','山南市','非领导职务','','','','','','本科','2007-07','4','0','','','','0','','','','0','2007','2007','0','否','','','',''),('2300','','54','拉琼','女','1984-12-26','西藏乃东','藏族','党员','2006-07','2006-07','0','','2016-01','0','机关单位','乡科级副职','山南市','非领导职务','','','','','','本科','2006-07','4','0','','','','0','','','','0','2006','2006','0','否','','','',''),('399','0','54','曲妮','女','1976-10-31','西藏拉萨','藏族','党员','1997-06','1997-06','0','0','2011-11','0','机关单位','乡科级正职','山南市','非领导职务','','','','','','中专','1997-04','3','0','','','','0','','','','0','2006','2006','0','否','','0','',''),('398','0','54','谭丽娟','女','1980-04-29','四川安岳','汉族','党员','2000-02','2000-02','0','0','2013-03','0','机关单位','科员','山南市','非领导职务','','','','','','本科','1999-07','4','0','','','','0','','','','0','2006','2006','0','否','','0','',''),('395','0','54','白玛次仁','男','1974-11-01','西藏洛扎','藏族','党员','1995-07','1995-07','0','0','2013-09','0','机关单位','县处级副职','山南市','非领导职务','','','','','','中专','1995-06','3','0','','','','0','','','','0','2006','2006','0','否','','0','',''),('401','0','54','杨波','男','1974-03-31','甘肃拧县','汉族','党员','1993-05','1993-05','0','0','2010-06','0','机关单位','高级工','山南市','','','','','','','大专','2012-07','3','0','','','','0','','','','0','2006','2006','0','否','','0','',''),('400','0','54','扎西','男','1988-04-30','西藏贡嘎','藏族','党员','2007-12','2007-12','0','0','2010-10','0','机关单位','普通工','山南市','','','','','','','初中','','0','0','','','','0','','','','0','2007','2007','0','否','','0','','');|INSERT INTO `tx_jobinfo` (`id`, `personid`, `sort`, `oldposttime`, `oldpostkind`, `oldpostname`, `oldarea`, `oldunitkind`, `oldunitname`, `oldisleader`, `height`)  VALUES ('3635','383','0','2008-09','公务员','乡科级副职','二类区','机关单位','山南市','领导职务','0'),('3293','386','0','2011-11','公务员','科员','二类区','机关单位','山南市','非领导职务','0'),('2638','281','0','2010-05','公务员','厅局级副职','二类区','机关单位','山南市','领导职务','0'),('2637','281','0','2001-03','公务员','县处级正职','二类区','机关单位','山南市','领导职务','0'),('2636','281','0','1997-01','公务员','县处级副职','二类区','机关单位','山南市','领导职务','0'),('2632','284','0','2015-01','公务员','县处级正职','二类区','机关单位','山南市','领导职务','0'),('2631','284','0','2010-09','公务员','县处级正职','二类区','机关单位','山南市','非领导职务','0'),('2630','284','0','2007-01','公务员','县处级副职','二类区','机关单位','山南市','领导职务','0'),('2629','284','0','1997-09','公务员','县处级副职','二类区','机关单位','山南市','领导职务','0'),('2628','286','0','2011-12','公务员','县处级正职','二类区','机关单位','山南市','领导职务','0'),('2627','286','0','2006-08','公务员','县处级副职','二类区','机关单位','山南市','领导职务','0'),('2626','286','0','2001-02','公务员','乡科级正职','二类区','机关单位','山南市','领导职务','0'),('2625','286','0','1998-08','公务员','乡科级副职','二类区','机关单位','山南市','领导职务','0'),('2624','286','0','1997-09','公务员','乡科级副职','二类区','机关单位','山南市','领导职务','0'),('2623','286','0','1995-10','公务员','科员','二类区','机关单位','山南市','非领导职务','0'),('2622','286','0','1993-08','公务员','科员','二类区','机关单位','山南市','非领导职务','0'),('2621','286','0','1992-07','公务员','科员','二类区','机关单位','山南市','非领导职务','0'),('14144','288','','2015-11','公务员','科员','二类区','机关单位','山南市','非领导职务','0'),('14143','288','','2012-08','公务员','科员','三类区','机关单位','山南市','非领导职务','0'),('2407','357','0','2011-11','公务员','乡科级副职','二类区','机关单位','山南市','领导职务','0'),('2371','404','0','2012-12','机关工人','初级工','二类区','机关单位','山南市','','0'),('2906','295','0','2015-11','公务员','乡科级副职','二类区','机关单位','山南市','非领导职务','0'),('2905','295','0','2007-08','公务员','乡科级副职','二类区','机关单位','山南市','领导职务','0'),('2614','296','0','2012-08','公务员','科员','二类区','机关单位','山南市','非领导职务','0'),('3274','333','0','2003-03','公务员','乡科级正职','二类区','机关单位','山南市','领导职务','0'),('3160','332','0','1999-05','公务员','乡科级副职','二类区','机关单位','山南市','非领导职务','0'),('2890','321','0','2012-12','机关工人','中级工','二类区','机关单位','山南市','','0'),('8866','322','','2009-08','机关工人','普通工','二类区','机关单位','山南市','','0'),('2887','323','0','2005-07','机关工人','高级工','二类区','机关单位','山南市','','0'),('2886','324','0','2009-08','机关工人','初级工','二类区','机关单位','山南市','','0'),('2885','325','0','2010-10','机关工人','初级工','二类区','机关单位','山南市','','0'),('3363','328','0','2012-02','机关工人','中级工','二类区','机关单位','山南市','','0'),('3362','328','0','1993-12','机关工人','初级工','二类区','机关单位','山南市','','0'),('2882','329','0','2012-12','机关工人','初级工','二类区','机关单位','山南市','','0'),('3161','332','0','2003-03','公务员','乡科级正职','二类区','机关单位','山南市','非领导职务','0'),('3683','330','0','1994-08','公务员','乡科级正职','二类区','机关单位','山南市','领导职务','0'),('3682','330','0','1990-05','公务员','乡科级副职','二类区','机关单位','山南市','领导职务','0'),('3166','331','0','1999-06','公务员','乡科级副职','二类区','机关单位','山南市','非领导职务','0'),('3167','331','0','2003-11','公务员','乡科级正职','二类区','机关单位','山南市','非领导职务','0'),('2611','305','0','1988-05','公务员','乡科级正职','二类区','机关单位','山南市','非领导职务','0'),('3724','375','0','2014-02','公务员','乡科级副职','二类区','机关单位','山南市','领导职务','0'),('2613','305','0','2016-04','公务员','县处级正职','二类区','机关单位','山南市','领导职务','0'),('2612','305','0','1994-11','公务员','县处级副职','二类区','机关单位','山南市','非领导职务','0'),('2587','311','0','2015-01','公务员','县处级副职','二类区','机关单位','山南市','领导职务','0'),('2586','311','0','2004-01','公务员','县处级副职','二类区','机关单位','山南市','非领导职务','0'),('2608','308','0','2015-01','公务员','县处级副职','二类区','机关单位','山南市','领导职务','0'),('2607','308','0','2002-10','公务员','县处级副职','二类区','机关单位','山南市','非领导职务','0'),('2606','308','0','1997-09','公务员','县处级副职','二类区','机关单位','山南市','领导职务','0'),('2605','308','0','1991-01','公务员','乡科级正职','三类区','机关单位','山南市','非领导职务','0'),('2604','308','0','1988-07','公务员','乡科级副职','三类区','机关单位','山南市','非领导职务','0'),('2603','308','0','1984-05','公务员','科员','三类区','机关单位','山南市','非领导职务','0'),('2602','308','0','1982-01','公务员','科员','三类区','机关单位','山南市','非领导职务','0'),('2601','308','0','1978-08','公务员','办事员','三类区','机关单位','山南市','非领导职务','0'),('4120','405','0','2016-02','公务员','乡科级正职','二类区','机关单位','山南市','非领导职务','0'),('4117','405','0','2011-04','公务员','乡科级副职','三类区','机关单位','山南市','非领导职务','0'),('4118','405','0','2013-01','公务员','乡科级副职','三类区','机关单位','山南市','领导职务','0'),('4119','405','0','2015-06','公务员','乡科级正职','三类区','机关单位','山南市','非领导职务','0'),('2585','311','0','2000-08','公务员','县处级副职','二类区','机关单位','山南市','领导职务','0'),('2584','311','0','1997-11','公务员','县处级副职','三类区','机关单位','山南市','领导职务','0'),('2583','311','0','1997-03','公务员','乡科级正职','三类区','机关单位','山南市','领导职务','0'),('2582','311','0','1991-08','公务员','乡科级正职','二类区','机关单位','山南市','非领导职务','0'),('2581','311','0','1986-12','公务员','乡科级副职','二类区','机关单位','山南市','非领导职务','0'),('2579','311','0','1981-06','公务员','办事员','二类区','机关单位','山南市','非领导职务','0'),('2580','311','0','1985-03','公务员','科员','二类区','机关单位','山南市','非领导职务','0'),('2578','313','0','2010-08','公务员','县处级副职','二类区','机关单位','山南市','领导职务','0'),('2577','313','0','2001-03','公务员','县处级副职','二类区','机关单位','山南市','领导职务','0'),('2576','313','0','1997-09','公务员','乡科级正职','二类区','机关单位','山南市','领导职务','0'),('3316','314','0','2011-10','公务员','乡科级正职','二类区','机关单位','山南市','非领导职务','0'),('3315','314','0','2007-12','公务员','乡科级副职','二类区','机关单位','山南市','领导职务','0'),('3314','314','0','2006-10','公务员','乡科级副职','二类区','机关单位','山南市','非领导职务','0'),('3313','314','0','2005-04','公务员','乡科级副职','二类区','机关单位','山南市','领导职务','0'),('10809','407','','2012-06','公务员','科员','二类区','机关单位','山南市','非领导职务','0'),('3535','406','0','2008-08','公务员','科员','二类区','机关单位','山南市','非领导职务','0'),('2889','321','0','2011-10','机关工人','初级工','二类区','机关单位','山南市','','0'),('3298','317','0','2007-11','公务员','科员','二类区','机关单位','山南市','非领导职务','0'),('3330','319','0','2014-02','公务员','乡科级副职','二类区','机关单位','山南市','非领导职务','0'),('2892','320','0','2012-12','机关工人','中级工','二类区','机关单位','山南市','','0'),('2891','320','0','2004-09','机关工人','初级工','二类区','机关单位','山南市','','0'),('3273','333','0','2000-10','公务员','乡科级副职','二类区','机关单位','山南市','领导职务','0'),('20914','334','','2005-09','公务员','乡科级正职','二类区','机关单位','山南市','非领导职务','0'),('20913','334','','2004-08','公务员','乡科级正职','二类区','机关单位','山南市','领导职务','0'),('20912','334','','2002-08','公务员','乡科级副职','二类区','机关单位','山南市','领导职务','0'),('3641','335','0','2007-12','公务员','乡科级正职','二类区','机关单位','山南市','领导职务','0'),('3640','335','0','2002-10','公务员','乡科级副职','二类区','机关单位','山南市','领导职务','0'),('3258','336','0','2012-07','公务员','乡科级正职','二类区','机关单位','山南市','非领导职务','0'),('3257','336','0','2006-10','公务员','乡科级正职','二类区','机关单位','山南市','领导职务','0'),('3256','336','0','2004-10','公务员','乡科级副职','二类区','机关单位','山南市','非领导职务','0'),('3679','337','0','1992-07','公务员','乡科级正职','二类区','机关单位','山南市','非领导职务','0'),('3678','337','0','1989-07','公务员','乡科级副职','二类区','机关单位','山南市','领导职务','0'),('2401','359','0','2011-08','公务员','乡科级副职','二类区','机关单位','山南市','非领导职务','0'),('2402','359','0','2014-02','公务员','乡科级副职','二类区','机关单位','山南市','领导职务','0'),('3252','339','0','2011-10','公务员','乡科级正职','二类区','机关单位','山南市','领导职务','0'),('3251','339','0','2008-03','公务员','乡科级正职','二类区','机关单位','山南市','非领导职务','0'),('3250','339','0','2002-10','公务员','乡科级副职','二类区','机关单位','山南市','领导职务','0'),('3260','341','0','2008-08','公务员','乡科级正职','二类区','机关单位','山南市','领导职务','0'),('3259','341','0','2004-02','公务员','乡科级副职','二类区','机关单位','山南市','领导职务','0'),('3241','342','0','2011-10','公务员','乡科级正职','二类区','机关单位','山南市','领导职务','0'),('3240','342','0','2005-02','公务员','乡科级副职','二类区','机关单位','山南市','非领导职务','0'),('3187','343','0','2011-10','公务员','乡科级正职','二类区','机关单位','山南市','领导职务','0'),('3186','343','0','2004-02','公务员','乡科级副职','二类区','机关单位','山南市','非领导职务','0'),('3177','344','0','2011-10','公务员','乡科级正职','二类区','机关单位','山南市','领导职务','0'),('3176','344','0','2003-01','公务员','乡科级副职','二类区','机关单位','山南市','非领导职务','0'),('3173','345','0','2013-01','公务员','乡科级正职','二类区','机关单位','山南市','领导职务','0'),('3172','345','0','2008-04','公务员','乡科级副职','二类区','机关单位','山南市','领导职务','0'),('3171','345','0','2005-11','公务员','乡科级副职','二类区','机关单位','山南市','非领导职务','0'),('3654','346','0','2013-01','公务员','乡科级正职','二类区','机关单位','山南市','领导职务','0'),('3653','346','0','2005-02','公务员','乡科级副职','二类区','机关单位','山南市','非领导职务','0'),('3663','347','0','2013-01','公务员','乡科级正职','二类区','机关单位','山南市','领导职务','0'),('3662','347','0','2011-10','公务员','乡科级正职','二类区','机关单位','山南市','非领导职务','0'),('3661','347','0','2007-12','公务员','乡科级副职','二类区','机关单位','山南市','领导职务','0'),('3660','347','0','2005-02','公务员','乡科级副职','二类区','机关单位','山南市','非领导职务','0'),('4590','348','0','2011-11','公务员','乡科级正职','二类区','机关单位','山南市','非领导职务','0'),('4589','348','0','2004-08','公务员','乡科级副职','三类区','机关单位','山南市','领导职务','0'),('3726','349','0','2005-09','公务员','乡科级副职','二类区','机关单位','山南市','非领导职务','0'),('3525','350','0','2007-01','公务员','科员','二类区','机关单位','山南市','非领导职务','0'),('3526','350','0','2011-08','公务员','乡科级副职','二类区','机关单位','山南市','非领导职务','0'),('3518','351','0','2007-10','公务员','科员','二类区','机关单位','山南市','非领导职务','0'),('3519','351','0','2012-03','公务员','乡科级副职','二类区','机关单位','山南市','非领导职务','0'),('3520','351','0','2014-02','公务员','乡科级副职','二类区','机关单位','山南市','领导职务','0'),('3491','352','0','2014-01','公务员','乡科级正职','二类区','机关单位','山南市','领导职务','0'),('3488','352','0','1998-07','公务员','科员','二类区','机关单位','山南市','非领导职务','0'),('3489','352','0','2005-02','公务员','乡科级副职','二类区','机关单位','山南市','非领导职务','0'),('2488','353','0','1994-09','公务员','科员','二类区','机关单位','山南市','非领导职务','0'),('2489','353','0','2003-06','公务员','乡科级副职','二类区','机关单位','山南市','非领导职务','0'),('3626','354','0','2003-07','公务员','科员','二类区','机关单位','山南市','非领导职务','0'),('3627','354','0','2011-10','公务员','乡科级副职','二类区','机关单位','山南市','领导职务','0'),('3865','355','0','2001-07','公务员','科员','二类区','机关单位','山南市','非领导职务','0'),('3540','356','0','2003-07','公务员','科员','二类区','机关单位','山南市','非领导职务','0'),('3541','356','0','2011-08','公务员','乡科级副职','二类区','机关单位','山南市','领导职务','0'),('2406','357','0','2007-12','公务员','乡科级副职','二类区','机关单位','山南市','非领导职务','0'),('2405','357','0','2005-07','公务员','科员','二类区','机关单位','山南市','非领导职务','0'),('3793','358','0','2011-08','公务员','乡科级副职','二类区','机关单位','山南市','领导职务','0'),('2400','359','0','1997-07','公务员','科员','二类区','机关单位','山南市','非领导职务','0'),('3334','360','0','2005-09','公务员','乡科级副职','二类区','机关单位','山南市','非领导职务','0'),('3333','360','0','2004-10','公务员','科员','二类区','机关单位','山南市','非领导职务','0'),('2479','361','0','2011-10','公务员','乡科级副职','二类区','机关单位','山南市','领导职务','0'),('2478','361','0','2005-02','公务员','乡科级副职','二类区','机关单位','山南市','非领导职务','0'),('2477','361','0','1997-07','公务员','科员','二类区','机关单位','山南市','非领导职务','0'),('3304','363','0','2011-10','公务员','乡科级副职','二类区','机关单位','山南市','领导职务','0'),('3303','363','0','2004-07','公务员','乡科级副职','二类区','机关单位','山南市','非领导职务','0'),('10648','364','','2011-10','公务员','乡科级副职','二类区','机关单位','山南市','领导职务','0'),('10647','364','','2005-02','公务员','乡科级副职','二类区','机关单位','山南市','非领导职务','0'),('3504','366','0','2011-10','公务员','乡科级副职','二类区','机关单位','山南市','领导职务','0'),('3503','366','0','2004-07','公务员','乡科级副职','二类区','机关单位','山南市','非领导职务','0'),('3496','369','0','2011-10','公务员','乡科级副职','二类区','机关单位','山南市','领导职务','0'),('3493','370','0','2011-08','公务员','乡科级副职','二类区','机关单位','山南市','领导职务','0'),('3514','368','0','2011-10','公务员','乡科级副职','二类区','机关单位','山南市','领导职务','0'),('3495','369','0','2004-07','公务员','乡科级副职','二类区','机关单位','山南市','非领导职务','0'),('3494','369','0','2000-08','公务员','科员','二类区','机关单位','山南市','非领导职务','0'),('3492','370','0','2004-07','公务员','科员','二类区','机关单位','山南市','非领导职务','0'),('3162','372','0','2006-10','公务员','科员','二类区','机关单位','山南市','非领导职务','0'),('3163','372','0','2008-04','公务员','乡科级副职','二类区','机关单位','山南市','非领导职务','0'),('3706','374','0','2005-02','公务员','乡科级正职','二类区','机关单位','山南市','非领导职务','0'),('3705','374','0','1997-07','公务员','乡科级副职','二类区','机关单位','山南市','非领导职务','0'),('3723','375','0','2011-08','公务员','乡科级副职','二类区','机关单位','山南市','非领导职务','0'),('3722','375','0','2003-08','公务员','科员','二类区','机关单位','山南市','非领导职务','0'),('3297','377','0','2005-07','公务员','乡科级副职','二类区','机关单位','山南市','非领导职务','0'),('3743','378','0','2005-12','公务员','科员','二类区','机关单位','山南市','非领导职务','0'),('3744','378','0','2010-10','公务员','乡科级副职','二类区','机关单位','山南市','非领导职务','0'),('3745','378','0','2012-11','公务员','乡科级副职','二类区','机关单位','山南市','领导职务','0'),('3746','378','0','2012-12','公务员','乡科级副职','二类区','机关单位','山南市','非领导职务','0'),('3509','379','0','2015-01','公务员','乡科级副职','二类区','机关单位','山南市','非领导职务','0'),('3508','379','0','2011-10','公务员','乡科级副职','二类区','机关单位','山南市','领导职务','0'),('3507','379','0','2005-12','公务员','科员','二类区','机关单位','山南市','非领导职务','0'),('3639','380','0','2011-09','公务员','科员','二类区','机关单位','山南市','非领导职务','0'),('3638','380','0','2009-11','公务员','科员','二类区','机关单位','山南市','非领导职务','0'),('3628','381','0','2007-12','公务员','科员','二类区','机关单位','山南市','非领导职务','0'),('2440','382','0','2011-12','公务员','县处级副职','二类区','机关单位','山南市','领导职务','0'),('2439','382','0','2007-02','公务员','乡科级正职','二类区','机关单位','山南市','领导职务','0'),('2438','382','0','1998-09','公务员','乡科级副职','二类区','机关单位','山南市','非领导职务','0'),('3634','383','0','2006-08','公务员','科员','二类区','机关单位','山南市','非领导职务','0'),('3637','384','0','2012-04','公务员','科员','二类区','机关单位','山南市','非领导职务','0'),('3636','384','0','2008-08','公务员','科员','二类区','机关单位','山南市','非领导职务','0'),('4147','385','0','2012-08','公务员','县处级正职','二类区','机关单位','山南市','非领导职务','0'),('3310','387','0','2014-03','公务员','乡科级副职','二类区','机关单位','山南市','非领导职务','0'),('3309','387','0','2012-07','公务员','乡科级副职','三类区','机关单位','山南市','非领导职务','0'),('3690','388','0','2010-07','公务员','科员','二类区','机关单位','山南市','非领导职务','0'),('3712','390','0','2007-08','公务员','科员','二类区','机关单位','山南市','非领导职务','0'),('3713','390','0','2012-09','公务员','乡科级副职','二类区','机关单位','山南市','领导职务','0'),('3714','390','0','2014-02','公务员','乡科级副职','二类区','机关单位','山南市','非领导职务','0'),('2423','391','0','2013-12','公务员','科员','二类区','机关单位','山南市','非领导职务','0'),('2422','391','0','2013-02','公务员','科员','二类区','机关单位','山南市','非领导职务','0'),('2421','391','0','2011-08','公务员','科员','二类区','机关单位','山南市','非领导职务','0'),('3347','392','0','2013-04','公务员','科员','二类区','机关单位','山南市','非领导职务','0'),('3345','392','0','2006-05','公务员','办事员','二类区','机关单位','山南市','非领导职务','0'),('3346','392','0','2010-05','公务员','科员','二类区','机关单位','山南市','非领导职务','0'),('3689','393','0','2014-03','公务员','科员','二类区','机关单位','山南市','非领导职务','0'),('3688','393','0','2012-08','公务员','科员','二类区','机关单位','山南市','非领导职务','0'),('2393','394','0','2011-07','公务员','县处级副职','二类区','机关单位','山南市','领导职务','0'),('2392','394','0','2002-09','公务员','县处级副职','二类区','机关单位','山南市','领导职务','0'),('2391','394','0','1998-04','公务员','乡科级正职','二类区','机关单位','山南市','领导职务','0'),('2390','394','0','1994-04','公务员','乡科级副职','二类区','机关单位','山南市','领导职务','0'),('2389','394','0','1985-12','公务员','科员','二类区','机关单位','山南市','非领导职务','0'),('2388','395','0','2013-09','公务员','县处级副职','二类区','机关单位','山南市','非领导职务','0'),('2387','395','0','2012-11','公务员','乡科级正职','二类区','机关单位','山南市','领导职务','0'),('2386','395','0','2003-05','公务员','乡科级副职','二类区','机关单位','山南市','领导职务','0'),('2385','395','0','1998-06','公务员','科员','二类区','机关单位','山南市','非领导职务','0'),('3703','396','0','2011-08','公务员','乡科级副职','二类区','机关单位','山南市','非领导职务','0'),('3702','396','0','2006-08','公务员','科员','二类区','机关单位','山南市','非领导职务','0'),('5389','397','0','2013-10','公务员','乡科级副职','二类区','机关单位','山南市','非领导职务','0'),('5388','397','0','2012-03','公务员','乡科级副职','二类区','机关单位','山南市','领导职务','0'),('3533','398','0','2013-03','公务员','科员','二类区','机关单位','山南市','非领导职务','0'),('3532','398','0','2000-02','公务员','科员','二类区','机关单位','山南市','非领导职务','0'),('1895','399','0','1997-06','公务员','办事员','二类区','机关单位','山南市','非领导职务','0'),('1896','399','0','1999-07','公务员','科员','二类区','机关单位','山南市','非领导职务','0'),('1897','399','0','2003-03','公务员','乡科级副职','二类区','机关单位','山南市','非领导职务','0'),('1898','399','0','2007-11','公务员','乡科级副职','二类区','机关单位','山南市','领导职务','0'),('1899','399','0','2011-11','公务员','乡科级正职','二类区','机关单位','山南市','非领导职务','0'),('8865','400','','2010-10','机关工人','普通工','二类区','机关单位','山南市','','0'),('6663','401','','2006-07','机关工人','中级工','二类区','机关单位','山南市','','0'),('6662','401','','1993-05','机关工人','初级工','二类区','机关单位','山南市','','0'),('10808','407','','2009-08','公务员','科员','二类区','机关单位','山南市','非领导职务','0'),('4116','405','0','2002-07','公务员','科员','四类区','机关单位','阿里地区','非领导职务','0'),('5387','397','0','2006-07','公务员','科员','二类区','机关单位','山南市','','0'),('3704','396','0','2013-07','公务员','乡科级副职','二类区','机关单位','山南市','非领导职务','0'),('3335','360','0','2007-12','公务员','乡科级副职','二类区','机关单位','山南市','领导职务','0'),('3629','381','0','2014-02','公务员','乡科级副职','二类区','机关单位','山南市','非领导职务','0'),('10646','364','','1998-07','公务员','科员','二类区','机关单位','山南市','非领导职务','0'),('2394','394','0','2014-11','公务员','县处级副职','二类区','机关单位','山南市','领导职务','0'),('3296','377','0','1992-07','公务员','办事员','二类区','机关单位','山南市','非领导职务','0'),('3329','319','0','2006-07','公务员','科员','二类区','机关单位','山南市','非领导职务','0'),('2610','305','0','1984-05','公务员','乡科级副职','二类区','机关单位','山南市','非领导职务','0'),('2609','305','0','1981-06','公务员','科员','二类区','机关单位','山南市','非领导职务','0'),('3513','368','0','2004-07','公务员','乡科级副职','二类区','机关单位','山南市','非领导职务','0'),('3512','368','0','1998-07','公务员','科员','二类区','机关单位','山南市','非领导职务','0'),('3490','352','0','2011-10','公务员','乡科级副职','二类区','机关单位','山南市','领导职务','0'),('3302','363','0','1998-07','公务员','科员','二类区','机关单位','山南市','非领导职务','0'),('3652','318','0','2014-02','公务员','乡科级副职','二类区','机关单位','山南市','非领导职务','0'),('3651','318','0','2011-06','公务员','科员','二类区','机关单位','山南市','非领导职务','0'),('3650','318','0','2008-07','公务员','科员','二类区','机关单位','日喀则市','非领导职务','0'),('3866','355','0','2011-10','公务员','乡科级副职','二类区','机关单位','山南市','非领导职务','0'),('3792','358','0','2004-07','公务员','科员','二类区','机关单位','山南市','非领导职务','0'),('3725','349','0','1999-06','公务员','科员','二类区','机关单位','山南市','非领导职务','0'),('4146','385','0','2010-07','公务员','县处级副职','二类区','机关单位','山南市','领导职务','0'),('4588','348','0','1997-06','公务员','科员','三类区','机关单位','山南市','非领导职务','0'),('6664','401','','2010-07','机关工人','高级工','二类区','机关单位','山南市','','0'),('10819','2300','','2006-07','公务员','科员','二类区','机关单位','日喀则市','非领导职务','0'),('10820','2300','','2011-11','公务员','乡科级副职','四类区','机关单位','日喀则市','领导职务','0'),('10821','2300','','2016-01','公务员','乡科级副职','二类区','机关单位','山南市','非领导职务','0'),('14146','3022','','2016-01','公务员','乡科级副职','二类区','机关单位','山南市','非领导职务','0'),('14145','3022','','2012-05','公务员','乡科级副职','二类区','机关单位','山南地区','非领导职务','0');|INSERT INTO `tx_studyinfo` (`id`, `personid`, `level`, `gettime`, `school`)  VALUES ('339','324','大专','2013-01','');|INSERT INTO `tx_checkinfo` (`id`, `personid`, `gettime`, `check` FROM `tx_checkinfo`)  VALUES ('331','386','2016',''),('359','406','2008','不合格'),('283','359','2016','合格'),('339','360','2015','合格'),('297','361','2015','合格'),('333','363','2015','合格'),('1166','364','2015','合格'),('357','366','2015','合格'),('356','370','2015','合格'),('368','374','2016','合格'),('374','378','2015','合格'),('360','381','2007','不合格 '),('362','383','2007','不通过'),('363','384','2008','不合格'),('332','317','2008','不通过'),('299','296','2012','不合格'),('875','400','2007','不合格');|INSERT INTO `tx_heightinfo` (`id`, `personid`, `area`, `city`, `county`, `height`, `acc`, `iscity`, `heightid`, `gettime`)  VALUES ('1832','396','山南市','山南市','山南市','3550','山南市','否','0','2013-07'),('1831','396','山南市','乃东县','乃东县','3550','乃东县','否','0','2011-08'),('1822','393','山南市','山南市','山南市','3550','山南市','否','0','2014-03'),('2848','397','山南市','山南市','山南市','3550','山南市','否','0','2013-07'),('1119','281','山南市','山南市','山南市','3550','山南是','否','0','1984-04'),('1117','284','山南市','山南市','山南市','3550','3-1-1','否','0','2010-09'),('1116','284','山南市','山南市','山南市','3550','3-1-1','否','0','2007-01'),('1115','284','山南市','乃东区','乃东县','3550','3-2-1','否','0','1997-09'),('1114','284','山南市','乃东区','乃东县','3550','3-2-1','否','0','1994-06'),('1113','284','山南市','乃东区','乃东县','3550','3-2-1','否','0','1993-07'),('1112','284','山南市','乃东区','乃东县','3550','3-2-1','否','0','1990-11'),('1111','284','山南市','乃东区','乃东县','3550','3-2-1','否','0','1988-06'),('1110','284','山南市','乃东区','乃东县','3550','3-2-1','否','0','1982-07'),('8441','288','山南市','山南市','山南市','3550','山南市','否','','2015-11'),('8440','288','山南市','措美县','措美县','4230','措美县','否','','2012-08'),('1267','295','山南 市','山南 市','山南 市','3550','山南 市','否','0','2015-11'),('3741','401','山南市','山南市','山南市','3550','山南市','否','','2013-04'),('1101','296','山南市','山南市','山南市','3550','山南市','否','0','2012-08'),('1508','377','山南市','山南市','山南市','3550','山南市','否','0','2011-11'),('1093','311','山南市','山南市','山南市','3550','山南市','否','0','2004-01'),('1089','313','山南市','山南市','山南市','3550','3-1-1','否','0','2010-08'),('1088','313','山南市','错那县','错那县','4380','3-11-1','否','0','2001-03'),('1087','313','山南市','琼结县','琼结县','3950','3-3-1','否','0','1985-12'),('2847','397','山南市','桑日县','桑日县','3560','桑日县','否','0','2006-07'),('1521','314','山南市','山南市','山南市','3550','3-1-1','否','0','2006-10'),('1520','314','山南市','加查县','加查县','3860','3-13-1','否','0','2000-07'),('1790','318','山南市','山南市','山南市','3550','山南市','否','0','2011-06'),('1789','318','日喀则市','日喀则市','日喀则市','3835','日喀则市','否','0','2008-07'),('1531','319','山南市','山南市','山南市','3550','山南市','否','0','2014-02'),('1530','319','山南市','隆子县','隆子县','3975','隆子县','否','0','2006-07'),('1510','317','山南市','山南市','山南市','3550','山南市','否','0','2010-11'),('1536','360','山南市','乃东县','乃东县','3550','乃东县','否','0','2001-06'),('1261','320','山南市','山南市','山南市','3550','山南市','否','0','2001-12'),('1260','321','山南市','山南市','山南市','3550','山南市','否','0','2012-12'),('1259','321','山南市','山南市','山南市','3550','山南市','否','0','2011-10'),('5179','322','山南市','山南市','山南市','3550','山南市','否','','2006-12'),('1679','398','山南市','山南市','山南市','3550','山南市','否','0','2012-12'),('1257','324','山南市','山南市','山南市','3550','山南市','否','0','2000-12'),('1255','329','山南市','山南市','山南市','3550','3-1-1','否','0','2006-12'),('1256','325','山南市','山南市','山南市','3550','3-1-1','否','0','2001-11'),('1773','381','山南市','山南市','山南市','3550','山南市','否','0','2012-01'),('1517','387','山南市','山南市','山南市','3550','山南市','否','0','2014-03'),('1516','387','山南市','措美县','措美县','4232','措美县','否','0','2012-07'),('1823','388','山南市','山南市','山南市','3550','山南市','否','0','2010-07'),('1839','390','山南市','山南市','山南市','3550','山南市','否','0','2014-02'),('993','391','山南市','山南市','山南市','3550','山南市','否','0','2013-12'),('992','391','山南市','隆子县','隆子县','3975','隆子县','否','0','2013-02'),('991','391','山南市','隆子县','隆子县','4055','隆子县','是','0','2011-08'),('1821','393','山南市','乃东县','乃东县','3550','乃东县','否','0','2012-08'),('963','394','山南市','山南市','山南市','3550','山南市','否','0','2014-11'),('962','394','山南市','桑日县','桑日县','3560','桑日县','否','0','2011-07'),('961','394','山南市','桑日县','桑日县','3560','桑日县','否','0','2002-09'),('960','394','山南市','桑日县','桑日县','3560','桑日县','否','0','1998-04'),('959','394','山南市','桑日县','桑日县','3560','桑日县','否','0','1994-04'),('958','394','山南市','桑日县','桑日县','3560','桑日县','否','0','1985-12'),('693','399','山南市','隆子县','隆子县','3975','隆子县','否','0','1997-06'),('1678','398','山南市','琼结县','琼结县','3950','琼结县','否','0','2000-02'),('3740','401','山南市','洛扎县','洛扎县','3940','洛扎县','否','','1993-05'),('944','404','山南市','山南市','山南市','3550','山南市','否','0','2006-12'),('2085','405','山南市','山南市','山南市','3550','山南市','否','0','2016-02'),('2084','405','山南市','错那县','错那县','4380','错那县','否','0','2006-11'),('1681','406','山南市','山南市','山南市','3550','山南市','否','0','2008-08'),('6457','407','山南市','山南市','山南市','3550','山南市','否','','2012-06'),('6456','407','山南市','琼结县','琼结县','3950','琼结县','否','','2009-08'),('1266','295','山南市','桑日县','桑日县','3560','桑日县','否','0','2007-08'),('2083','405','阿里地区','阿里地区','阿里地区','4695','阿里地区','否','0','2002-07'),('1397','372','山南市','山南市','山南市','3550','3-1-1','否','0','2004-04'),('1396','372','山南市','洛扎县','洛扎县','3940','3-9-1','否','0','2000-12'),('1395','372','山南市','山南市','山南市','3550','3-1-1','否','0','1996-08'),('1394','372','那曲地区','比如县','比如县','4130','6-4-1','否','0','1992-10'),('1392','372','那曲地区','那曲地区','那曲地区','4527','6-1-1','否','0','1991-12'),('1393','372','那曲地区','申扎县','申扎县','4750','6-9-1','否','0','1992-03'),('955','395','山南市','洛扎县','洛扎县','3940','洛扎县','否','0','1995-07'),('956','395','山南市','浪卡子县','浪卡子县','4460','浪卡子县','否','0','2012-04'),('957','395','山南市','山南市','山南市','3550','山南市','否','0','2013-05'),('1535','360','山南市','洛扎县','洛扎县','3940','洛扎县','否','0','1999-12'),('1534','360','山南市','乃东县','乃东县','3550','乃东县','否','0','1998-08'),('1533','360','阿里地区','阿里地区','阿里地区','4297','阿里地区','否','0','1990-12'),('975','359','昌都市','察雅县','察雅县','3585','察雅县','否','0','2000-04'),('976','359','山南市','山南市','山南市','3550','山南市','否','0','2011-10'),('1885','358','山南市','山南市','山南市','3550','山南市','否','0','2004-07'),('978','357','山南市','山南市','山南市','3550','山南市','否','0','2005-07'),('1686','356','山南市','山南市','山南市','3550','山南市','否','0','2011-08'),('1685','356','日喀则市','萨迦县','萨迦县','4468','萨迦县','否','0','2003-05'),('1910','355','山南市','山南市','山南市','3550','山南市','否','0','2010-06'),('1909','355','那曲地区','申扎县','申扎县','4750','申扎县','否','0','2002-04'),('1771','354','山南市','山南市','山南市','3550','山南市','否','0','2003-07'),('1036','353','山南市','山南市','山南市','3550','山南市','否','0','2003-08'),('1035','353','山南市','桑日县','桑日县','3560','桑日县','否','0','1982-12'),('1548','392','山南市','山南市','山南市','3550','山南市','否','0','2013-01'),('1547','392','那曲地区','嘉黎县','绒多乡','4542','绒多乡','是','0','2006-05'),('1838','390','山南市','贡嘎县','贡嘎县','3763','贡嘎县','否','0','2007-08'),('1504','386','山南市','山南市','山南市','3550','山南市','否','0','2014-03'),('1503','386','山南市','曲松县','曲松县','3905','曲松县','否','0','2011-11'),('1781','384','山南市','山南市','山南市','3550','山南市','否','0','2012-03'),('1780','384','阿里地区','阿里地区','阿里地区','4297','阿里地区','否','0','2008-08'),('1779','383','山南市','山南市','山南市','3550','山南市','否','0','2008-09'),('1778','383','山南市','乃东县','乃东县','3550','乃东县','否','0','2006-08'),('1006','382','山南市','山南市','山南市','3550','山南市','否','0','1985-07'),('1007','382','山南市','乃东县','乃东县','3550','乃东县','否','0','2007-04'),('1008','382','山南市','山南市','山南市','3550','山南市','否','0','2012-01'),('1772','381','山南市','桑日县','桑日县','3560','桑日县','否','0','2007-12'),('1783','380','山南市','山南市','山南市','3550','山南市','否','0','2011-08'),('1782','380','昌都地区','昌都地区','昌都地区','3570','昌都地区','否','0','2009-11'),('1655','379','山南市','山南市','山南市','3550','山南市','否','0','2011-08'),('1654','379','山南市','曲松县','曲松县','3905','曲松县','否','0','1994-12'),('1861','378','山南市','山南市','山南市','3550','山南市','否','0','2012-09'),('1860','378','山南市','洛扎县','洛扎县 ','3940','洛扎县','否','0','2010-11'),('1859','378','山南市','扎日乡','扎日乡','4340','扎日乡','是','0','1997-09'),('1858','378','山南市','洛扎县','边巴乡','3815','边巴乡','是','0','1995-08'),('2097','385','山南市','山南市','山南市','3550','山南市','否','0','2010-07'),('1848','375','山南市','山南市','山南市','3550','山南市','否','0','2003-07'),('1833','374','山南市','山南市','山南市','3550','山南市','否','0','1997-07'),('1646','370','山南市','山南市','山南市','3550','山南市','否','0','2011-08'),('1645','370','山南市','隆子县','隆子县','3975','隆子县','否','0','2004-07'),('1648','369','山南市','山南市','山南市','3550','山南市','否','0','2004-07'),('1647','369','日喀则市','江孜县','江孜县','4020','江孜县','否','0','1998-07'),('5178','400','山南市','山南市','山南市','3550','山南市','否','','2010-01'),('5177','400','林芝市','朗县','金东乡','3475','金东乡','是','','2007-12'),('1659','368','山南市','山南市','山南市','3550','山南市','否','0','2004-07'),('1658','368','山南市','琼结县','琼结县','3950','琼结县','否','0','1998-07'),('1652','366','山南市','山南市','山南市','3550','山南市','否','0','2010-06'),('1651','366','山南市','洛扎县','洛扎县','3940','洛扎县','否','0','1997-07'),('6350','364','山南市','山南市','山南市','3550','山南市','否','','1998-07'),('1514','363','山南市','山南市','山南市','3550','山南市','否','0','1988-07'),('1034','361','山南市','山南市','山南市','3550','山南市','否','0','1997-07'),('1644','352','山南市','山南市','山南市','3550','山南市','否','0','1998-07'),('1664','351','山南市','山南市','山南市','3550','山南市','否','0','2014-05'),('1663','351','山南市','桑日县','桑日县','3560','桑日县','否','0','2007-12'),('1673','350','山南市','山南市','山南市','3550','山南市','否','0','2012-01'),('1672','350','山南市','乃东县','乃东县','3550','乃东县','否','0','2007-01'),('2337','348','山南市','山南市','山南市','3550','山南市','否','0','2011-11'),('2336','348','山南市','错那县','错那县','4380','错那县','否','0','2004-08'),('1796','347','山南市','山南市','山南市','3550','山南市','否','0','1998-06'),('1791','346','山南市','山南市','山南市','3550','山南市','否','0','1999-07'),('1401','345','山南市','山南市','山南市','3550','山南市','否','0','2002-07'),('1404','344','山南市','山南市','山南市','3550','山南市','否','0','2006-01'),('1403','344','山南市','隆子县','隆子县','3975','隆子县','否','0','2003-12'),('1412','343','山南市','山南市','山南市','3550','山南市','否','0','1996-07'),('1450','342','山南市','山南市','山南市','3550','山南市','否','0','1998-07'),('1462','339','山南市','山南市','山南市','3550','山南市','否','0','2002-10'),('1461','339','山南市','措美县','措美县','4230','措美县','否','0','1993-11'),('1812','337','山南市','山南市','山南市','3550','山南市','否','0','1992-07'),('1811','337','山南市','隆子县','隆子县','3975','隆子县','否','0','1989-07'),('1467','336','山南市','山南市','山南市','3550','山南市','否','0','2012-06'),('1466','336','山南市','洛扎县','洛扎县','3940','洛扎县','否','0','2006-06'),('1784','335','山南市','山南市','山南市','3550','山南市','否','0','1989-03'),('1483','333','那曲地区','那曲地区','那曲地区','4527','那曲地区','否','0','1998-10'),('1484','333','山南市','山南市','山南市','3550','山南市','否','0','2000-08'),('1391','332','山南市','山南市','山南市','3550','山南市','否','0','2000-09'),('1390','332','山南市','隆子县','隆子县','3975','隆子县','否','0','1984-09'),('1399','331','山南市','山南市','山南市','3550','山南市','否','0','1985-07'),('1816','330','山南市','山南市','山南市','3550','山南市','否','0','1994-08'),('1815','330','山南市','浪卡子县','浪卡子县','4460','浪卡子县','否','0','1990-05'),('1509','317','山南市','桑日县','桑日县','3560','桑日县','否','0','2007-12'),('1092','311','扎囊县','错那县','错那县','4380','错那县','否','0','2000-08'),('1091','311','山南市','乃东县','乃东县','3550','乃东县','否','0','1986-12'),('1090','311','山南市','扎囊县','扎囊县','3635','扎囊县','否','0','1985-03'),('1099','308','山南市','山南市','山南市','3550','山南市','否','0','2004-01'),('1098','308','山南市','桑日县','桑日县','3560','桑日县','否','0','2003-07'),('1097','308','山南市','隆子县','隆子县','3975','隆子县','否','0','1978-08'),('1100','305','山南市','山南市','山南市','3550','山南市','否','0','1981-06'),('1108','286','山南市','曲松县','曲松县','3905','曲松县','否','0','1993-08'),('1109','286','山南市','山南市','山南市','3550','山南市','否','0','2000-04'),('1120','281','山南市','洛扎县','洛扎县','3940','洛扎县','否','0','1997-11'),('1121','281','山南市','加查县','加查县','3860','加查县','否','0','2002-09'),('1122','281','山南市','乃东县','乃东县','3550','乃东县','否','0','2005-03'),('1123','281','山南市','山南市','山南市','3550','山南市','否','0','2010-05'),('1507','377','山南市','加查县','加查县','3860','加查县','否','0','1992-07'),('1470','341','山南市','山南市','山南市','3550','山南市','否','0','2004-04'),('1469','341','山南市','措美县','措美县','4230','措美县','否','0','2000-01'),('1468','341','山南市','山南市','山南市','3550','山南市','否','0','1997-08'),('12451','334','山南市','山南市','山南市','3550','山南市','否','','2009-06'),('12450','334','山南市','隆子县','斗玉乡','3550','斗玉乡','是','','2004-03'),('12449','334','山南市','错那县','浪波','3990','浪波','是','','1994-07'),('12448','334','拉萨','拉萨','拉萨','3670','拉萨','否','','1990-03'),('1537','360','山南市','山南市','山南市','3550','山南市','否','0','2007-12'),('1851','349','山南市','山南市','山南市','3550','山南市','否','0','2005-01'),('1850','349','山南市','加查县','加查县','3860','加查县','否','0','1995-03'),('1849','349','山南市','浪卡子县','白地乡','4530','白地乡','是','0','1994-12'),('6462','2300','日喀则市','谢通门县','谢通门县','4094','谢通门县','否','0','2006-07'),('6463','2300','日喀则市','谢通门县','孜许乡','4813','孜许乡','是','0','2011-11'),('6464','2300','山南市','山南市','山南市','3550','山南市','否','0','2016-03'),('8443','3022','山南市','山南市','山南市','3550','山南市','否','','2016-01'),('8442','3022','山南地区','曲松县','曲松县','3905','曲松县','否','','2012-05');|