INSERT INTO `tx_personinfo` (`id`, `sort`, `userid`, `name`, `sex`, `birthday`, `origin`, `nation`, `partymember`, `worktime`, `intime`, `inadj`, `inyear`, `posttime`, `postadj`, `unitkind`, `postname`, `unitname`, `isleader`, `lastposttime`, `lastunitkind`, `lastpostname`, `lastunitname`, `area`, `education`, `educationtime`, `schooltime`, `educationadj`, `teacherinfo`, `teacherbegin`, `teacherend`, `teacheradj`, `oneinfo`, `onebegin`, `oneend`, `oneadj`, `check2`, `check5`, `coveradj`, `cadre`, `retiretime`, `height`, `note`, `addon`,`ywcadre`) VALUES ('7585','1','49','孙红章','男','1966-03','四川大竹','汉族','党员','1988-07','1988-07','0','','2019-11','0','机关单位','一级调研员','西藏山南市卫生健康委员会','领导职务','','','','','','大专','1988-07','3','0','','','','0','','','','0','0','0','0','否','','','','','否'),('7587','5','49','索朗多吉','男','1969-11','西藏乃东','藏族','党员','1994-07','1994-07','0','','2014-11','0','机关单位','县处级副职','西藏山南地区卫生局','领导职务','','','','','','大专','1994-07','5','0','','','','0','','','','0','0','0','0','否','','','','','否'),('7588','18','49','多吉','男','1971-06','日喀则','藏族','党员','1993-07','1993-07','0','','2019-06','0','机关单位','乡科级正职','西藏山南市卫生健康委员会','领导职务','','','','','','中专','1993-07','2','0','','','','0','','','','0','0','0','0','否','','','','','否'),('7597','13','49','张平','男','1988-10','湖南隆回','汉族','党员','2006-12','2009-02','-3','','2019-06','0','机关单位','乡科级副职','西藏山南市卫生健康委员会','领导职务','','','','','','大专','2014-07','3','0','','','','0','','','','0','0','0','0','否','','','','','否'),('7603','20','49','刘杰','男','1986-08','四川自贡','汉族','党员','2010-08','2010-08','0','','2019-06','0','机关单位','乡科级正职','西藏山南市卫生健康委员会','领导职务','','','','','','本科','2009-06','4','0','','','','0','','','','0','0','0','0','否','','','该同志于2021年5月份正式辞职','','否'),('7634','3','49','拉宗','女','1981-01','西藏尼木','藏族','党员','2000-07','2000-07','0','','2020-07','0','机关单位','县处级正职','西藏山南市卫生健康委员会','非领导职务','','','','','','中专','2000-07','3','0','','','','0','','','','0','0','0','0','否','','','','','否'),('7594','10','49','赵治坤','男','1990-10','河南信阳','汉族','党员','2009-12','2009-12','-4','','2019-11','0','机关单位','乡科级副职','西藏山南市卫生健康委员会','领导职务','','','','','','本科','2015-07','4','0','','','','0','','','','0','0','0','0','否','','','','','否'),('7592','8','49','白玛央金','女','1971-03','青海循化','藏族','党员','1996-07','1996-07','0','','2019-06','0','机关单位','四级调研员','西藏山南市卫生健康委员会','非领导职务','','','','','','大专','1996-06','5','0','','','','0','','','','0','0','0','0','否','','','','','否'),('7591','7','49','念扎','男','1970-10','西藏扎囊','藏族','党员','1993-08','1993-08','0','','2019-06','0','机关单位','四级调研员','西藏山南市卫生健康委员会','非领导职务','','','','','','本科','1993-07','5','0','','','','0','','','','0','0','0','0','否','','','','','否'),('7604','21','49','白玛拉姆','女','1981-01','西藏错那','藏族','党员','2001-09','2001-09','0','','2019-11','0','机关单位','三级主任科员','西藏山南市卫生健康委员会','非领导职务','','','','','','中专','2001-09','3','0','','','','0','','','','0','0','0','0','否','','','','','否'),('7593','9','49','陈玲','女','1976-04','四川苍溪','汉族','党员','1997-07','1997-07','0','','2019-12','0','机关单位','一级主任科员','西藏山南市卫生健康委员会','领导职务','','','','','','中专','1997-07','2','0','','','','0','','','','0','0','0','0','否','','','','','否'),('7609','27','49','冯海青','女','1976-09','甘肃威武','汉族','党员','1997-08','1997-08','0','','2019-12','0','机关单位','二级主任科员','西藏山南市卫生健康委员会','领导职务','','','','','','中专','1997-08','3','0','','','','0','','','','0','0','0','0','否','','','','','否'),('7608','25','49','仓决白玛','女','1971-03','西藏隆子','藏族','党员','1994-07','1994-07','0','','2019-12','0','机关单位','一级主任科员','西藏山南市卫生健康委员会','领导职务','','','','','','中专','1994-07','4','0','','','','0','','','','0','0','0','0','否','','','','','否'),('7607','24','49','白珍','女','1981-11','西藏扎囊','藏族','党员','2000-07','2000-07','0','','2019-11','0','机关单位','三级主任科员','西藏山南市卫生健康委员会','非领导职务','','','','','','中专','2000-07','3','0','','','','0','','','','0','0','0','0','否','','','','','否'),('7610','28','49','次仁德吉','女','1980-03','西藏昌都','藏族','','2000-07','2000-07','0','','2019-12','0','机关单位','四级主任科员','西藏山南市卫生健康委员会','非领导职务','','','','','','中专','2000-07','3','0','','','','0','','','','0','0','0','0','否','','','','','否'),('7614','32','49','多布杰','男','1987-09','西藏乃东','藏族','党员','2006-12','2006-12','0','','2021-03','0','机关单位','中级工','西藏山南市卫生健康委员会','','','','','','','暂时没有','','0','0','','','','0','','','','0','0','0','0','否','','','','','否'),('7613','33','49','索朗央宗','女','1989-07','西藏贡嘎','藏族','党员','2008-12','2008-12','0','','2019-12','0','机关单位','中级工','西藏山南市卫生健康委员会','','','','','','','大专','2008-12','3','0','','','','0','','','','0','0','0','0','否','','','','','否'),('7612','26','49','洛桑加错','男','1991-05','西藏错那','藏族','','2010-12','2010-12','0','','2019-12','0','机关单位','中级工','西藏山南市卫生健康委员会','','','','','','','暂时没有','','0','0','','','','0','','','','0','0','0','0','否','','','','',''),('7601','17','49','桑吉拉姆','女','1982-03','西藏扎囊','藏族','党员','2006-05','2006-05','0','','2019-06','0','机关单位','乡科级副职','西藏山南市卫生健康委员会','领导职务','','','','','','中专','2002-09','3','0','','','','0','','','','0','0','0','0','否','','','','','否'),('7600','16','49','旺姆','女','1970-12','西藏波密','藏族','党员','1993-07','1993-07','0','','2019-06','0','机关单位','一级主任科员','西藏山南市卫生健康委员会','领导职务','','','','','','中专','1989-09','4','0','','','','0','','','','0','0','0','0','否','','','','','否'),('7611','26','49','边巴次仁','男','1974-01','西藏日喀则','藏族','党员','1992-12','1992-12','0','','2009-08','0','机关单位','高级工','西藏山南市卫生健康委员会','','','','','','','暂时没有','','0','0','','','','0','','','','0','0','0','0','否','','','','','否'),('7586','2','49','其米拉珍','女','1976-07','西藏乃东','藏族','党员','2000-08','2000-08','0','','2021-01','0','机关单位','县处级正职','西藏山南市卫生健康委员会','领导职务','','','','','','本科','2000-07','5','0','','','','0','','','','0','0','0','0','否','','','','','否'),('7596','12','49','阿珍','女','1983-07','西藏加查','藏族','党员','2001-09','2001-09','0','','2019-06','0','机关单位','乡科级正职','西藏山南市卫生健康委员会','领导职务','','','','','','中专','2001-07','3','0','','','','0','','','','0','0','0','0','否','','','','',''),('7595','11','49','仓琼','女','1984-11','西藏乃东','藏族','党员','2007-03','2007-03','0','','2019-12','0','机关单位','三级主任科员','西藏山南市卫生健康委员会','非领导职务','','','','','','大专','2007-03','3','0','','','','0','','','','0','0','0','0','否','','','','',''),('7605','22','49','米玛','女','1974-11','西藏乃东','藏族','党员','1995-07','1995-07','0','','2019-06','0','机关单位','乡科级正职','西藏山南市卫生健康委员会','领导职务','','','','','','中专','1995-07','3','0','','','','0','','','','0','0','0','0','否','','','','','否'),('7606','23','49','格桑白珍','女','1982-08','西藏曲松','藏族','党员','2006-08','2006-08','0','','2019-12','0','机关单位','三级主任科员','西藏山南市卫生健康委员会','非领导职务','','','','','','本科','2006-08','4','0','','','','0','','','','0','0','0','0','否','','','','','否'),('7602','19','49','央珍','女','1977-02','四川德格','藏族','党员','1997-07','1997-07','0','','2019-11','0','机关单位','四级主任科员','西藏山南市卫生健康委员会','非领导职务','','','','','','中专','1997-07','4','0','','','','0','','','','0','0','0','0','否','','','','','否'),('7590','26','49','次仁曲珍','女','1979-05','西藏乃东','藏族','党员','1998-07','1998-07','0','','2021-02','0','机关单位','二级主任科员','西藏山南市卫生健康委员会','领导职务','','','','','','中专','1998-07','3','0','','','','0','','','','0','0','0','0','否','','','','','否'),('7598','14','49','玉杰','男','1983-12','西藏扎囊','藏族','党员','2005-09','2005-09','0','','2019-06','0','机关单位','乡科级正职','西藏山南市卫生健康委员会','领导职务','','','','','','大专','2005-07','3','0','','','','0','','','','0','0','0','0','否','','','','','否'),('7599','15','49','旦珍','女','1981-11','西藏乃东','藏族','党员','2005-07','2005-07','0','','2019-12','0','机关单位','二级主任科员','西藏山南市卫生健康委员会','非领导职务','','','','','','本科','2005-07','4','0','','','','0','','','','0','0','0','0','否','','','','','');|INSERT INTO `tx_jobinfo` (`id`, `personid`, `sort`, `oldposttime`, `oldpostkind`, `oldpostname`, `oldarea`, `oldunitkind`, `oldunitname`, `oldisleader`, `height`)  VALUES ('54244','7595','','2019-12','综合管理公务员','三级主任科员','二类区','机关单位','西藏山南市卫生健康委员会','非领导职务','0'),('54322','7594','','2019-06','综合管理公务员','一级科员','二类区','机关单位','西藏山南市卫生健康委员会','非领导职务','0'),('54323','7594','','2019-11','公务员','乡科级副职','二类区','机关单位','西藏山南市卫生健康委员会','领导职务','0'),('54243','7595','','2019-06','综合管理公务员','四级主任科员','二类区','机关单位','西藏山南市卫生健康委员会','非领导职务','0'),('54200','7586','','2021-01','公务员','县处级正职','二类区','机关单位','西藏山南市卫生健康委员会','领导职务','0'),('54199','7586','','2019-12','综合管理公务员','二级调研员','二类区','机关单位','西藏山南市卫生健康委员会','领导职务','0'),('54345','7597','','2019-06','公务员','乡科级副职','二类区','机关单位','西藏山南市卫生健康委员会','领导职务','0'),('54344','7597','','2016-11','公务员','科员','二类区','机关单位','西藏山南市卫生计生委','非领导职务','0'),('54265','7596','','2015-03','公务员','乡科级副职','二类区','机关单位','西藏山南地区卫生局','领导职务','0'),('54266','7596','','2019-06','公务员','乡科级正职','二类区','机关单位','西藏山南市卫生健康委员会','领导职务','0'),('54194','7586','','2004-07','公务员','乡科级副职','二类区','机关单位','西藏山南地区洛扎县卫生局','领导职务','0'),('54299','7634','','2005-08','公务员','乡科级正职','二类区','机关单位','西藏共青团琼结县团委','领导职务','0'),('54300','7634','','2010-09','公务员','县处级副职','二类区','机关单位','共青团西藏自治区山南市委员会','领导职务','0'),('54301','7634','','2016-05','公务员','县处级正职','二类区','机关单位','共青团西藏自治区山南市委员会','领导职务','0'),('54242','7595','','2016-01','公务员','乡科级副职','二类区','机关单位','西藏山南地区人口计生委','非领导职务','0'),('54279','7593','','2019-12','综合管理公务员','一级主任科员','二类区','机关单位','西藏山南市卫生健康委员会','领导职务','0'),('54196','7586','','2007-11','公务员','乡科级正职','二类区','机关单位','西藏山南地区洛扎县洛扎镇党委','领导职务','0'),('54198','7586','','2019-11','综合管理公务员','三级调研员','二类区','机关单位','西藏山南市卫生健康委员会','领导职务','0'),('54284','7587','','2014-11','公务员','县处级副职','二类区','机关单位','西藏山南地区卫生局','领导职务','0'),('54283','7587','','2008-09','公务员','乡科级正职','二类区','机关单位','西藏山南地区食品药品监督管理局','领导职务','0'),('54282','7587','','2006-07','公务员','乡科级正职','二类区','机关单位','西藏山南地食品药品监督管理局','非领导职务','0'),('54197','7586','','2011-08','公务员','县处级副职','二类区','机关单位','西藏山南地区贡嘎县政府','领导职务','0'),('53356','7611','','2009-08','机关工人','高级工','二类区','机关单位','西藏山南市卫生健康委员会','','0'),('52584','7612','','2019-12','机关工人','中级工','二类区','机关单位','西藏山南市卫生健康委员会','','0'),('52583','7612','','2016-09','机关工人','初级工','二类区','机关单位','西藏山南地区人口计生委','','0'),('53355','7613','','2019-12','机关工人','中级工','二类区','机关单位','西藏山南市卫生健康委员会','','0'),('53354','7613','','2011-10','机关工人','初级工','二类区','机关单位','西藏山南地区人口计生委','','0'),('53353','7614','','2021-03','机关工人','中级工','二类区','机关单位','西藏山南市卫生健康委员会','','0'),('53352','7614','','2012-12','机关工人','初级工','二类区','机关单位','西藏山南地区人口计生委','','0'),('54250','7590','','2021-02','综合管理公务员','二级主任科员','二类区','机关单位','西藏山南市卫生健康委员会','领导职务','0'),('54310','7608','','2007-09','公务员','乡科级副职','二类区','机关单位','西藏隆子县卫生局','非领导职务','0'),('54257','7605','','2019-06','公务员','乡科级正职','二类区','机关单位','西藏山南市卫生健康委员会','领导职务','0'),('54234','7604','','2019-11','综合管理公务员','三级主任科员','二类区','机关单位','西藏山南市卫生健康委员会','非领导职务','0'),('54321','7594','','2015-07','公务员','科员','二类区','机关单位','西藏山南地区人口计生委','非领导职务','0'),('54263','7596','','2001-09','公务员','办事员','二类区','机关单位','西藏山南地区桑日县桑日镇人民政府','非领导职务','0'),('54278','7593','','2015-03','公务员','乡科级正职','二类区','机关单位','西藏山南地区卫生局','领导职务','0'),('54241','7595','','2013-04','公务员','乡科级副职','二类区','机关单位','西藏山南地区曲松县下江乡','领导职务','0'),('54249','7590','','2019-06','公务员','乡科级正职','二类区','机关单位','西藏山南市卫生健康委员会','领导职务','0'),('54281','7587','','2001-10','公务员','乡科级副职','二类区','机关单位','西藏山南地区卫生局','领导职务','0'),('54317','7610','','2019-12','综合管理公务员','四级主任科员','二类区','机关单位','西藏山南市卫生健康委员会','非领导职务','0'),('54316','7610','','2005-08','公务员','科员','二类区','机关单位','西藏山南地区卫生局','非领导职务','0'),('54272','7609','','2019-12','综合管理公务员','二级主任科员','二类区','机关单位','西藏山南市卫生健康委员会','领导职务','0'),('54264','7596','','2004-07','公务员','科员','二类区','机关单位','西藏山南地区桑日县桑日镇人民政府','非领导职务','0'),('54309','7608','','2003-04','公务员','科员','二类区','机关单位','西藏隆子县卫生局','非领导职务','0'),('54262','7588','','2019-06','公务员','乡科级正职','二类区','机关单位','西藏山南市卫生健康委员会','领导职务','0'),('54280','7587','','1996-07','公务员','科员','二类区','机关单位','西藏山南地区卫生局','非领导职务','0'),('54312','7608','','2017-05','公务员','乡科级正职','二类区','机关单位','西藏山南市卫生和计划生育委员会','领导职务','0'),('54311','7608','','2012-11','公务员','乡科级副职','二类区','机关单位','西藏山南地区卫生局','领导职务','0'),('54336','7602','','2012-02','公务员','科员','二类区','机关单位','西藏山南地区卫生局','非领导职务','0'),('54342','7607','','2019-11','综合管理公务员','三级主任科员','二类区','机关单位','西藏山南市卫生健康委员会','非领导职务','0'),('54341','7607','','2019-06','综合管理公务员','四级主任科员','二类区','机关单位','西藏山南市卫生健康委员会','非领导职务','0'),('54340','7607','','2010-09','公务员','乡科级副职','二类区','机关单位','西藏琼结县卫生局','非领导职务','0'),('54339','7607','','2003-05','公务员','科员','二类区','机关单位','西藏琼结县卫生局','非领导职务','0'),('54181','7606','','2019-12','综合管理公务员','三级主任科员','二类区','机关单位','西藏山南市卫生健康委员会','非领导职务','0'),('54338','7607','','2000-07','公务员','办事员','二类区','机关单位','西藏琼结县卫生局','非领导职务','0'),('54180','7606','','2019-06','综合管理公务员','四级主任科员','二类区','机关单位','西藏山南市卫生健康委员会','非领导职务','0'),('54178','7606','','2013-01','公务员','乡科级副职','二类区','机关单位','西藏隆子县县委宣传部','领导职务','0'),('54177','7606','','2006-08','公务员','科员','二类区','机关单位','西藏隆子县人民法院','非领导职务','0'),('54252','7605','','2005-11','公务员','乡科级副职','二类区','机关单位','西藏浪卡子县卫生局','非领导职务','0'),('54253','7605','','2006-08','公务员','乡科级副职','二类区','机关单位','西藏浪卡子县卫计委','领导职务','0'),('54255','7605','','2015-04','公务员','乡科级副职','二类区','机关单位','西藏山南地区卫生局','领导职务','0'),('54224','7601','','2019-06','公务员','乡科级副职','二类区','机关单位','西藏山南市卫生健康委员会','领导职务','0'),('54223','7601','','2010-11','公务员','科员','二类区','机关单位','西藏山南地区计划生育委员会','非领导职务','0'),('54222','7601','','2007-09','公务员','科员','二类区','机关单位','西藏错那县民政局','非领导职务','0'),('54221','7601','','2006-05','公务员','办事员','二类区','机关单位','西藏错那县麻玛乡','非领导职务','0'),('54254','7605','','2010-12','公务员','乡科级副职','二类区','机关单位','西藏山南地区卫生局','非领导职务','0'),('54343','7597','','2014-07','公务员','科员','二类区','机关单位','西藏山南地区加查县人民政府','非领导职务','0'),('54233','7604','','2019-06','综合管理公务员','四级主任科员','二类区','机关单位','西藏山南市卫生健康委员会','非领导职务','0'),('54251','7605','','2005-05','公务员','科员','二类区','机关单位','西藏浪卡子县卫生局','非领导职务','0'),('54305','7600','','2003-11','公务员','乡科级副职','二类区','机关单位','西藏山南地区卫生局','非领导职务','0'),('54306','7600','','2006-04','公务员','乡科级副职','二类区','机关单位','西藏山南地区卫生局','领导职务','0'),('54303','7600','','1993-07','公务员','办事员','二类区','机关单位','西藏林芝地区朗县卫生局','非领导职务','0'),('54307','7600','','2012-11','公务员','乡科级正职','二类区','机关单位','西藏山南地区卫生局','领导职务','0'),('54240','7595','','2009-08','公务员','科员','二类区','机关单位','西藏山南地区曲松县下江乡','非领导职务','0'),('54076','7599','','2019-12','综合管理公务员','二级主任科员','二类区','机关单位','西藏山南市卫生健康委员会','非领导职务','0'),('54075','7599','','2019-11','综合管理公务员','三级主任科员','二类区','机关单位','西藏山南市卫生健康委员会','非领导职务','0'),('54304','7600','','1998-06','公务员','科员','二类区','机关单位','西藏山南地区卫生局','非领导职务','0'),('54073','7599','','2016-01','公务员','乡科级副职','二类区','机关单位','西藏山南地区卫生局','非领导职务','0'),('54074','7599','','2019-06','综合管理公务员','四级主任科员','二类区','机关单位','西藏山南市卫生健康委员会','非领导职务','0'),('54071','7599','','2005-07','公务员','科员','二类区','机关单位','西藏琼结县下水乡人民政府','非领导职务','0'),('54072','7599','','2013-04','公务员','乡科级副职','二类区','机关单位','西藏琼结县财政局','非领导职务','0'),('54179','7606','','2016-01','公务员','乡科级副职','二类区','机关单位','西藏山南地区卫生局','非领导职务','0'),('54220','7598','','2019-06','公务员','乡科级正职','二类区','机关单位','西藏山南市卫生健康委员会','领导职务','0'),('54277','7593','','2013-01','公务员','乡科级副职','二类区','机关单位','西藏山南地区卫生局','领导职务','0'),('54219','7598','','2015-03','公务员','乡科级副职','二类区','机关单位','西藏山南地区卫生局','领导职务','0'),('54091','7603','','2017-06','公务员','乡科级正职','二类区','机关单位','西藏山南市卫生和计划生育委员会','领导职务','0'),('54334','7592','','2019-04','公务员','县处级副职','二类区','机关单位','西藏山南市卫生健康委员会','非领导职务','0'),('54335','7592','','2019-06','综合管理公务员','四级调研员','二类区','机关单位','西藏山南市卫生健康委员会','非领导职务','0'),('54330','7592','','1996-07','公务员','科员','二类区','机关单位','西藏山南地区人口计生委','非领导职务','0'),('54331','7592','','2003-03','公务员','乡科级副职','二类区','机关单位','西藏山南地区人口计生委','非领导职务','0'),('54333','7592','','2012-11','公务员','乡科级正职','二类区','机关单位','西藏山南地区卫生局','领导职务','0'),('54332','7592','','2005-09','公务员','乡科级副职','二类区','机关单位','西藏山南地区人口计生委','领导职务','0'),('54248','7590','','2013-05','公务员','乡科级副职','二类区','机关单位','西藏山南地区卫生局','领导职务','0'),('54273','7593','','1997-07','公务员','办事员','二类区','机关单位','西藏山南地区贡嘎县县委','非领导职务','0'),('54276','7593','','2004-03','公务员','乡科级副职','二类区','机关单位','西藏山南地区卫生局','非领导职务','0'),('54275','7593','','2002-04','公务员','乡科级副职','二类区','机关单位','西藏自治区贡嘎县杰德秀镇','领导职务','0'),('54211','7591','','2019-06','综合管理公务员','四级调研员','二类区','机关单位','西藏山南市卫生健康委员会','非领导职务','0'),('54210','7591','','2016-06','公务员','县处级副职','二类区','机关单位','西藏山南市卫生和计划生育委员会','非领导职务','0'),('54218','7598','','2005-09','公务员','科员','二类区','机关单位','西藏山南地区卫生局','非领导职务','0'),('54208','7591','','2008-11','公务员','乡科级正职','二类区','机关单位','西藏山南地区疾控中心','领导职务','0'),('54274','7593','','2000-07','公务员','科员','二类区','机关单位','西藏山南地区贡嘎县县委','非领导职务','0'),('54209','7591','','2013-09','公务员','县处级副职','二类区','机关单位','西藏山南地区卫生局','非领导职务','0'),('54206','7591','','2001-10','公务员','乡科级副职','二类区','机关单位','西藏山南地区卫生局防疫和地方病防治科副科长','领导职务','0'),('54302','7634','','2020-07','公务员','县处级正职','二类区','机关单位','西藏山南市卫生健康委员会','非领导职务','0'),('54207','7591','','2006-10','公务员','乡科级正职','二类区','机关单位','西藏山南地区卫生局地方病防治科','非领导职务','0'),('54271','7609','','2019-11','综合管理公务员','三级主任科员','二类区','机关单位','西藏山南市卫生健康委员会','领导职务','0'),('54267','7609','','1997-08','公务员','办事员','二类区','机关单位','西藏隆子县县委','非领导职务','0'),('54268','7609','','2001-07','公务员','科员','二类区','机关单位','西藏隆子县县委','非领导职务','0'),('54269','7609','','2005-07','公务员','乡科级副职','二类区','机关单位','西藏隆子县县委','非领导职务','0'),('54270','7609','','2015-03','公务员','乡科级副职','二类区','机关单位','西藏山南地区卫生局','领导职务','0'),('54245','7590','','1998-07','公务员','办事员','三类区','机关单位','西藏山南地区浪卡子县卫生局','非领导职务','0'),('54246','7590','','2003-10','公务员','科员','三类区','机关单位','西藏山南地区浪卡子县卫生局','非领导职务','0'),('54247','7590','','2006-06','公务员','科员','二类区','机关单位','西藏山南地区卫生局','非领导职务','0'),('54231','7604','','2010-11','公务员','乡科级副职','二类区','机关单位','西藏错那县觉拉乡','领导职务','0'),('54337','7602','','2019-11','综合管理公务员','四级主任科员','二类区','机关单位','西藏山南市卫生健康委员会','非领导职务','0'),('54308','7600','','2019-06','综合管理公务员','一级主任科员','二类区','机关单位','西藏山南市卫生健康委员会','领导职务','0'),('54092','7603','','2019-06','公务员','乡科级正职','二类区','机关单位','西藏山南市卫生健康委员会','领导职务','0'),('54232','7604','','2014-04','公务员','乡科级副职','二类区','机关单位','西藏山南地区卫生局','非领导职务','0'),('54229','7604','','2001-09','公务员','办事员','二类区','机关单位','西藏错那县卡达乡','非领导职务','0'),('54230','7604','','2004-11','公务员','科员','二类区','机关单位','西藏错那县卫生局','非领导职务','0'),('54090','7603','','2015-03','公务员','乡科级副职','二类区','机关单位','西藏山南地区卫生局','领导职务','0'),('54089','7603','','2010-08','公务员','科员','二类区','机关单位','西藏错那县人大办公室','非领导职务','0'),('54297','7634','','2000-07','公务员','办事员','二类区','机关单位','西藏琼结县拉玉乡人民政府','非领导职务','0'),('54261','7588','','2017-05','公务员','乡科级正职','二类区','机关单位','西藏山南市卫生和计划生育委员会','领导职务','0'),('54298','7634','','2002-06','公务员','乡科级副职','二类区','机关单位','西藏琼结县下水乡','领导职务','0'),('54256','7605','','2017-05','公务员','乡科级正职','二类区','机关单位','西藏山南市卫生和计划生育委员会','领导职务','0'),('54195','7586','','2006-09','公务员','乡科级正职','二类区','机关单位','西藏洛扎县委办公室','非领导职务','0'),('54313','7608','','2019-12','综合管理公务员','一级主任科员','二类区','机关单位','西藏山南市卫生健康委员会','领导职务','0'),('54151','7585','','2019-11','综合管理公务员','一级调研员','二类区','机关单位','西藏山南市卫生健康委员会','领导职务','0'),('54150','7585','','2010-09','公务员','县处级正职','二类区','机关单位','西藏山南地区桑日县县委','领导职务','0'),('54149','7585','','2002-09','公务员','县处级副职','二类区','机关单位','西藏山南地区洛扎县县委','领导职务','0'),('54146','7585','','1988-07','公务员','科员','二类区','机关单位','西藏山南地区琼结县教育局','非领导职务','0'),('54148','7585','','1998-10','公务员','乡科级正职','二类区','机关单位','西藏山南地区洛扎县委组织部','领导职务','0'),('54147','7585','','1995-01','公务员','乡科级副职','二类区','机关单位','西藏山南地区琼结县委组织部','领导职务','0'),('54260','7588','','2015-04','公务员','乡科级副职','二类区','机关单位','西藏山南市卫生和计划生育委员会','领导职务','0'),('54259','7588','','2013-01','公务员','乡科级副职','二类区','机关单位','西藏山南地区卫生局卫生应急办公室','非领导职务','0'),('54258','7588','','2005-12','公务员','科员','二类区','机关单位','西藏山南地区卫生局','非领导职务','0');|INSERT INTO `tx_studyinfo` (`id`, `personid`, `level`, `gettime`, `school`)  VALUES ('6592','7593','大专','2007-10','西藏民族学院'),('6597','7634','本科','2012-07','中央党校函授学院'),('6568','7585','本科','1999-09','中央党校函授学院'),('6589','7588','本科','2008-12','中央党校函授学院'),('6588','7588','大专','2004-12','中央党校函授学院'),('6586','7590','本科','2008-12','中央党校函授学院'),('6585','7590','大专','2006-06','中央党校函授学院'),('6603','7592','本科','2005-12','中央党校函授学院'),('6594','7587','本科','2007-12','中央党校函授学院'),('6593','7593','本科','2009-12','中央党校函授学院'),('6590','7596','大专','2006-01','四川生殖卫生学院'),('6577','7598','本科','2009-12','中央党校函授学院'),('6599','7600','本科','2008-12','中央党校函授学院'),('6598','7600','大专','2005-06','中央党校函授学院'),('6579','7601','本科','2012-06','中央党校函授学院'),('6578','7601','大专','2010-06','中央党校函授学院'),('6604','7602','本科','2011-06','中央党校函授学院'),('6584','7595','本科','2020-01','中国开发大学'),('6582','7604','本科','2012-03','西藏大学'),('6587','7605','大专','2009-06','中央党校函授学院'),('6605','7607','本科','2005-12','中央党校函授学院'),('6601','7608','本科','2010-06','中央党校函授学院'),('6600','7608','大专','2008-06','中央党校函授学院'),('6591','7609','大专','2004-06','湖北经济干部管理学院');|INSERT INTO `tx_checkinfo` (`id`, `personid`, `gettime`, `check`)  VALUES ('4887','7595','2009','不通过'),('4890','7597','2014','不通过'),('4889','7594','2015','不通过'),('4886','7601','2006','不通过'),('4885','7606','2006','不通过');|INSERT INTO `tx_heightinfo` (`id`, `personid`, `area`, `city`, `county`, `height`, `acc`, `iscity`, `heightid`, `gettime`)  VALUES ('28978','7591','山南市','山南市','山南市','3550','3-1-1','否','','1993-08'),('29039','7592','山南市','山南市','山南市','3550','3-1-1','否','','1996-07'),('28975','7586','山南市','山南市','山南市','3550','3-1-1','否','','2014-11'),('28973','7586','山南市','洛扎县','洛扎县','3940','3-9-1','否','','2004-07'),('29013','7593','山南市','山南市','山南市','3550','3-1-1','否','','2004-03'),('29011','7593','山南市','贡嘎县','杰德秀镇','3690','3-5-6','是','','2002-04'),('29015','7587','山南市','山南市','山南市','3550','3-1-1','否','','1996-07'),('29030','7608','山南市','山南市','山南市','3550','3-1-1','否','','1994-07'),('29027','7600','山南市','山南市','山南市','3550','3-1-1','否','196865','1996-09'),('28991','7604','山南市','山南市','山南市','3550','3-1-1','否','','2014-04'),('28990','7604','山南市','错那县','觉拉乡','3965','3-11-10','是','','2010-11'),('28983','7601','山南市','山南市','山南市','3550','3-1-1','否','','2010-11'),('28911','7599','山南市','琼结县','琼结县','3950','3-3-1','否','','2010-09'),('29002','7605','山南市','山南市','山南市','3550','3-1-1','否','','2010-12'),('29025','7634','山南市','琼结县','琼结县','3950','3-3-1','否','','2005-08'),('29005','7588','山南市','山南市','山南市','3550','3-1-1','否','','2005-12'),('29014','7587','林芝市','墨脱县','墨脱县','875','4-5-1','否','','1994-07'),('29040','7602','山南市','山南市','山南市','3550','3-1-1','否','','1997-07'),('29004','7588','山南市','桑日县','桑日县','3560','3-7-1','否','','1998-07'),('29023','7634','山南市','琼结县','下水乡','3765','3-3-4','是','','2002-06'),('29008','7609','山南市','隆子县','隆子县','3975','3-10-1','否','','1997-08'),('29028','7608','山南市','隆子县','隆子县','3975','3-10-1','否','196865','1994-11'),('29001','7605','山南市','浪卡子县','浪卡子县','4460','3-12-1','否','','1999-05'),('29042','7607','山南市','山南市','山南市','3550','3-1-1','否','','2015-12'),('29041','7607','山南市','琼结县','琼结县','3950','3-3-1','否','','2000-07'),('28967','7606','山南市','山南市','山南市','3550','3-1-1','否','','2016-01'),('29012','7593','山南市','贡嘎县','贡嘎县','3763','3-5-1','否','','2003-06'),('28988','7604','山南市','错那县','卡达乡','3970','3-11-11','是','','2001-09'),('28982','7601','山南市','错那县','错那县','4380','3-11-1','否','','2007-09'),('29026','7600','林芝市','朗县','朗县','3100','4-8-1','否','264193','1993-07'),('28910','7599','山南市','山南市','山南市','3550','3-1-1','否','','2016-01'),('29034','7610','山南市','山南市','山南市','3550','3-1-1','否','','2005-08'),('29009','7609','山南市','山南市','山南市','3550','3-1-1','否','','2007-09'),('29024','7634','山南市','山南市','山南市','3550','3-1-1','否','','2010-09'),('28981','7601','山南市','错那县','麻玛门巴民族乡','3125','3-11-6','是','','2006-05'),('28922','7603','山南地区','山南市','山南市','3550','3-1-1','否','','2010-08'),('28998','7590','山南市','山南市','山南市','3550','3-1-1','否','','2006-06'),('29029','7608','山南市','山南市','山南市','3550','3-1-1','否','','2007-12'),('28989','7604','山南市','错那县','错那县','4380','3-11-1','否','','2002-09'),('28966','7606','山南市','隆子县','隆子县','3975','3-10-1','否','','2006-08'),('29000','7605','山南市','浪卡子县','多却乡','4570','3-12-5','是','','1996-05'),('28999','7605','山南市','浪卡子县','浪卡子县','4460','3-12-1','否','','1995-07'),('29006','7596','山南市','桑日县','桑日镇','3560','3-7-2','是','','2001-07'),('29007','7596','山南市','山南市','山南市','3550','3-1-1','否','','2010-12'),('29022','7634','山南市','琼结县','拉玉乡','3770','3-3-3','是','197377','2000-07'),('28909','7599','山南市','琼结县','下水乡','3765','3-3-4','是','197377','2005-07'),('29010','7593','山南市','贡嘎县','贡嘎县','3763','3-5-1','否','','1997-07'),('29033','7610','林芝市','波密县','玉普乡','3460','4-6-8','是','196865','2000-07'),('28997','7590','山南市','浪卡子县','浪卡子县','4460','3-12-1','否','','1998-07'),('29037','7594','山南市','山南市','山南市','3550','3-1-1','否','','2013-07'),('28996','7595','山南市','山南市','山南市','3550','3-1-1','否','','2016-01'),('28951','7585','山南市','洛扎县','洛扎县','3940','3-9-1','否','','1998-12'),('28952','7585','山南市','桑日县','桑日县','3560','3-7-1','否','','2010-09'),('28953','7585','山南市','山南市','山南市','3550','3-1-1','否','','2016-06'),('28980','7598','山南市','山南市','山南市','3550','3-1-1','否','','2005-09'),('28994','7595','山南市','错那县','浪坡乡','3990','3-11-9','是','','2007-03'),('29003','7588','林芝市','墨脱县','墨脱县','875','4-5-1','否','','1993-07'),('29043','7597','山南市','加查县','加查县','3860','3-13-1','否','','2012-07'),('29044','7597','山南市','山南市','山南市','3550','3-1-1','否','','2019-06'),('28995','7595','山南市','曲松县','下江乡','4055','3-6-6','是','','2009-03'),('28974','7586','山南市','贡嘎县','贡嘎县','3763','3-5-1','否','','2011-08'),('28950','7585','山南市','琼结县','琼结县','3950','3-3-1','否','','1988-07');|