INSERT INTO `tx_personinfo` (`id`, `sort`, `userid`, `name`, `sex`, `birthday`, `origin`, `nation`, `partymember`, `worktime`, `intime`, `inadj`, `inyear`, `posttime`, `postadj`, `unitkind`, `postname`, `unitname`, `isleader`, `lastposttime`, `lastunitkind`, `lastpostname`, `lastunitname`, `area`, `education`, `educationtime`, `schooltime`, `educationadj`, `teacherinfo`, `teacherbegin`, `teacherend`, `teacheradj`, `oneinfo`, `onebegin`, `oneend`, `oneadj`, `check2`, `check5`, `coveradj`, `cadre`, `retiretime`, `height`, `note`, `addon`,`ywcadre`,`yjbegin`,`yjend`,`bjcadre`,`bjbegin`,`bjend`,`xzcadre`,`xzbegin`,`xzend`) VALUES ('7480','3','47','罗布次仁','男','1976-12','西藏拉萨','藏族','党员','1998-07','1998-07','0','0','2020-06','0','机关单位','二级调研员','那曲地区工商联','领导职务','','','','','','大专','1998-06','3','0','','','','0','','','','0','0','0','0','','','0','','','','','','','',''),('7461','1','47','边巴卓玛','女','1984-02','西藏巴青','藏族','党员','2005-07','2005-07','0','0','2018-11','0','机关单位','乡科级正职','那曲地区政协','非领导职务','','','','','','大专','','3','0','','','','0','','','','0','0','0','0','','','0','','','','','','','',''),('7796','6','47','王宝山','男','1972-10','四川','汉族','党员','1998-07','1998-07','0','0','2022-07','0','机关单位','三级调研员','西藏那曲市工商联','领导职务','','','','','','暂时没有','','0','0','','','','0','','','','0','2006','2006','0','','','0','','','','','','','',''),('7797','7','47','周越','男','1973-05','四川宜宾','藏族','党员','1998-08','1998-08','0','0','2022-07','0','机关单位','三级调研员','西藏那曲地区工商联','领导职务','','','','','','中专','1998-08','5','0','','','','0','','','','0','2006','2006','0','','','0','','','','','','','',''),('7429','0','47','才层拉姆','女','1985-08','西藏索县','藏族','党员','2007-07','2007-07','0','0','2018-07','0','事业单位','专技十一级','那曲地区农牧局','','','','','','','大专','2007-08','3','0','','','','0','','','','0','2007','2007','0','','','0','','','','','','','',''),('7428','20','47','索青','男','1989-12','索县','藏族','党员','2012-07','2012-07','0','0','2020-07-15','0','机关单位','二级警长','那曲市交警支队','','','','','','','大专','2010-07','3','0','','','','0','','','','0','0','0','0','','','0','','','','','','','',''),('7411','5','47','张志周','男','1972-11','云南会泽','汉族','党员','1994-09','1994-09','0','0','2019-06','0','机关单位','县处级副职','那曲市工商联','领导职务','','','','','','中专','1997-07','3','0','','','','0','','','','0','0','0','0','否','','0','','','','','','','',''),('7410','1','47','尼玛央金','女','1969-09','西藏比如','藏族','党员','1982-07','1982-07','0','0','2014-06','0','机关单位','技师','地委统战部','','','','','','','中专','2013-07','2','0','','','','0','','','','0','0','0','0','否','','0','','','','','','','',''),('7409','15','47','扎西央宗','女','1988-12','西藏比如','藏族','党员','2013-08','2013-08','0','0','2019-12-01','0','机关单位','乡科级副职','那曲地区工商联','领导职务','','','','','','本科','2013-07','4','0','','','','0','','','','0','0','0','0','否','','0','','','','','','','',''),('7406','12','47','边巴次仁','男','1982-07','西藏巴青','藏族','党员','2003-07','2003-07','0','0','2021-01','0','机关单位','一级主任科员','那曲地区工商联','领导职务','','','','','','大专','2003-07','3','0','','','','0','','','','0','0','0','0','否','','0','','','','','','','',''),('7400','10','47','强巴卓玛','女','1978-03','西藏安多','藏族','党员','2003-07','2003-07','0','0','2021-12','0','机关单位','四级调研员','那曲地区工商联','领导职务','','','','','','大专','2003-07','3','0','','','','0','','','','0','0','0','0','否','','0','','','','','','','',''),('7407','8','47','索朗德吉','女','1980-10','西藏巴青','藏族','党员','2003-07','2003-07','0','0','2020-07','0','机关单位','四级调研员','那曲市工商联','非领导职务','','','','','','大专','2003-07','3','0','','','','0','','','','0','0','0','0','否','','0','','','','','','','',''),('7404','11','47','旺青','男','1976-05','西藏聂荣','藏族','党员','1995-12','1995-12','0','0','2021-01-01','0','机关单位','一级主任科员','那曲地区工商联','非领导职务','','','','','','中专','2003-07','2','0','','','','0','','','','0','0','0','0','否','','0','','','','','','','',''),('7401','16','47','索朗曲珍','女','1989-07','西藏索县','藏族','党员','2010-07','2010-07','0','0','2019-12-01','0','机关单位','三级主任科员','那曲地区工商联','非领导职务','','','','','','大专','2010-07','3','0','','','','0','','','','0','0','0','0','否','','0','','','','','','','',''),('7403','13','47','旦增欧色','男','1988-04','西藏拉萨','藏族','党员','2009-08','2009-08','0','0','2019-06-01','0','机关单位','二级主任科员','那曲地区工商联','非领导职务','','','','','','大专','2009-07','3','0','','','','0','','','','0','0','0','0','否','','0','','','','','','','',''),('7405','2','47','桑珠次仁','男','1972-07','西藏比如','藏族','','1992-07','1992-07','0','0','2019-12','0','机关单位','一级调研员','那曲地区工商联','领导职务','','','','','','中专','1992-07','5','0','','','','0','','','','0','0','0','0','否','','0','','','','','','','',''),('7398','1','47','江海波','男','1973-10','四川渠县','汉族','党员','1996-07','1996-07','0','0','2016-12','0','机关单位','县处级正职','那曲地区工商联','领导职务','','','','','','大专','1996-07','3','0','','','','0','','','','0','0','0','0','否','','0','','','','','','','',''),('7795','17','47','韩汶利','女','1992-08','重庆市壁山区','汉族','党员','2015-12','2015-12','0','0','2022-07','0','机关单位','乡科级副职','西藏那曲市工商联','非领导职务','','','','','','暂时没有','2014-07','0','0','','','','0','','','','0','2015','2015','0','','','0','','','','','','','',''),('7399','9','47','周艳','女','1976-09','四川资中','汉族','党员','1998-07','1998-07','0','0','2020-04','0','机关单位','四级调研员','那曲地区工商联','领导职务','','','','','','中专','1998-07','2','0','','','','0','','','','0','0','0','0','否','','0','','','','','','','',''),('7408','4','47','谈祖泉','男','1972-05','四川泸州','汉族','党员','1993-09','1993-09','0','0','2022-04-15','0','机关单位','二级调研员','那曲地区工商联','领导职务','','','','','','中专','1996-07','3','0','','','','0','','','','0','0','0','0','否','','0','','','','','','','',''),('7755','14','47','聂扎边巴','男','1988-04','拉萨','藏族','','2011-12','2011-12','0','0','2021-07-01','0','机关单位','乡科级副职','那曲地区工商联','领导职务','','','','','','本科','2011-09','4','0','','','','0','','','','0','2011','2011','0','','','0','','','','','','','','');|INSERT INTO `tx_jobinfo` (`id`, `personid`, `sort`, `oldposttime`, `oldpostkind`, `oldpostname`, `oldarea`, `oldunitkind`, `oldunitname`, `oldisleader`, `height`)  VALUES ('65320','7407','','2009-04-01','公务员','乡科级副职','四类区','机关单位','那曲地委政法委','领导职务','0'),('59442','7797','0','1998-08','公务员','办事员','四类区','机关单位','西藏那曲地区农牧局水利科','非领导职务','0'),('58502','7410','0','2005-12','机关工人','高级工','四类区','机关单位','地委统战部','','0'),('58501','7410','0','2002-01','机关工人','中级工','四类区','机关单位','地委统战部','','0'),('59416','7480','0','1998-07','公务员','科员','四类区','机关单位','那曲地委组织部','非领导职务','0'),('59418','7480','0','2007-11','公务员','乡科级正职','四类区','机关单位','那曲地委组织部','非领导职务','0'),('59417','7480','0','2001-03','公务员','乡科级副职','四类区','机关单位','那曲地委组织部','领导职务','0'),('59419','7480','0','2010-11','公务员','乡科级正职','四类区','机关单位','那曲地委组织部','领导职务','0'),('59425','7408','0','2001-10-01','公务员','乡科级副职','三类区','机关单位','比如县香曲乡','领导职务','0'),('59424','7408','0','1997-07-01','公务员','科员','三类区','机关单位','比如县农牧局','非领导职务','0'),('59409','7405','0','1996-10','公务员','科员','四类区','机关单位','那曲地区政协','非领导职务','0'),('59478','7404','0','2021-01-01','综合管理公务员','一级主任科员','四类区','机关单位','那曲地区工商联','非领导职务','0'),('59420','7480','0','2013-04','公务员','县处级副职','四类区','机关单位','那曲地区机关工委','领导职务','0'),('59438','7796','0','2009-09','公务员','乡科级正职','四类区','机关单位','西藏那曲地区农牧局','领导职务','0'),('65323','7407','','2018-04','公务员','县处级副职','四类区','机关单位','那曲市工商联','非领导职务','0'),('59421','7480','0','2020-05-01','综合管理公务员','三级调研员','四类区','机关单位','那曲地区工商联','领导职务','0'),('59422','7480','0','2020-06','综合管理公务员','二级调研员','四类区','机关单位','那曲地区工商联','领导职务','0'),('59423','7408','0','1996-07-01','公务员','办事员','三类区','机关单位','比如县农牧局','非领导职务','0'),('59410','7405','0','1999-07','公务员','乡科级副职','四类区','机关单位','那曲地区政协','领导职务','0'),('59414','7405','0','2013-04','公务员','县处级正职','四类区','机关单位','那曲地区工商联','领导职务','0'),('48682','7461','0','2013-07','公务员','科员','四类区','机关单位','那曲地区政协','非领导职务','0'),('48681','7461','0','2005-07','公务员','科员','四类区','机关单位','那曲聂荣县财政局','非领导职务','0'),('48683','7461','0','2013-11','公务员','乡科级副职','四类区','机关单位','那曲地区政协','非领导职务','0'),('48684','7461','0','2018-11','公务员','乡科级正职','四类区','机关单位','那曲地区政协','非领导职务','0'),('59398','7428','0','2014-12','执法警员','一级警员','四类区','机关单位','那曲地区交警支队','','0'),('59437','7796','0','2003-09','公务员','乡科级副职','四类区','机关单位','西藏那曲地区草原站','领导职务','0'),('59463','7399','0','2020-04','综合管理公务员','四级调研员','四类区','机关单位','那曲地区工商联','领导职务','0'),('59397','7428','0','2012-01-07','执法警员','一级警员','四类区','机关单位','那曲地区特警支队','','0'),('59387','7398','0','1996-07','事业单位专业技术人员','专技十三级-员级','四类区','事业单位','那曲地区师范学校','','0'),('59446','7797','0','2015-08','公务员','县处级副职','四类区','机关单位','西藏那曲地区水利局','领导职务','0'),('58500','7410','0','1994-01','机关工人','初级工','四类区','机关单位','地委统战部','','0'),('59436','7796','0','1998-07','公务员','科员','四类区','机关单位','西藏那曲地区农牧局助理畜牧师','非领导职务','0'),('59440','7796','0','2018-04','公务员','县处级副职','四类区','机关单位','西藏那曲市科学技术局','领导职务','0'),('59441','7796','0','2022-07','综合管理公务员','三级调研员','四类区','机关单位','西藏那曲市工商联','领导职务','0'),('59475','7404','0','2013-08','公务员','乡科级正职','四类区','机关单位','那曲地区工商联','非领导职务','0'),('59487','7403','0','2015-02','公务员','乡科级副职','四类区','机关单位','那曲地区工商联','领导职务','0'),('59472','7404','0','2006-01','公务员','办事员','四类区','机关单位','那曲地区统战部','非领导职务','0'),('59473','7404','0','2010-07','公务员','科员','四类区','机关单位','那曲地区统战部','非领导职务','0'),('58499','7410','0','1982-07','机关工人','普通工','四类区','事业单位','那曲地区养护段','','0'),('59426','7408','0','2005-06-01','公务员','乡科级正职','三类区','机关单位','比如县香曲乡','领导职务','0'),('59408','7405','0','1992-07','公务员','办事员','四类区','机关单位','那曲地区艺术团工作','非领导职务','0'),('59503','7409','0','2019-12-01','公务员','乡科级副职','四类区','机关单位','那曲地区工商联','领导职务','0'),('59489','7403','0','2019-06-01','综合管理公务员','二级主任科员','四类区','机关单位','那曲地区工商联','非领导职务','0'),('59432','7411','0','1999-06-01','公务员','乡科级副职','四类区','机关单位','那曲申扎县政府办','领导职务','0'),('59431','7411','0','1997-07','公务员','办事员','四类区','机关单位','那曲申扎县政府办','非领导职务','0'),('59483','7406','0','2021-01','综合管理公务员','一级主任科员','四类区','机关单位','那曲地区工商联','领导职务','0'),('59433','7411','0','2003-04','公务员','乡科级正职','四类区','机关单位','那曲申扎县经贸委','领导职务','0'),('59434','7411','0','2013-04','公务员','县处级副职','四类区','机关单位','那曲申扎县委','领导职务','0'),('59501','7409','0','2015-05-01','公务员','科员','四类区','机关单位','聂荣县永曲乡','非领导职务','0'),('58503','7410','0','2014-06','机关工人','技师','四类区','机关单位','地委统战部','','0'),('59435','7411','0','2019-06','公务员','县处级副职','四类区','机关单位','那曲市工商联','领导职务','0'),('59427','7408','0','2006-06-01','公务员','乡科级正职','三类区','机关单位','比如县人大办','领导职务','0'),('59486','7403','0','2013-11','公务员','乡科级副职','四类区','机关单位','那曲尼玛县达果乡','领导职务','0'),('65322','7407','','2014-07','公务员','乡科级正职','四类区','机关单位','那曲地委政法委','领导职务','0'),('59428','7408','0','2015-08-01','公务员','县处级副职','四类区','机关单位','那曲地区工商联','领导职务','0'),('65324','7407','','2020-07','综合管理公务员','四级调研员','四类区','机关单位','那曲市工商联','非领导职务','0'),('65321','7407','','2011-08','公务员','乡科级正职','四类区','机关单位','那曲地委政法委','非领导职务','0'),('59480','7406','0','2011-10','公务员','乡科级副职','四类区','机关单位','那曲地区工商联','非领导职务','0'),('59481','7406','0','2013-01','公务员','乡科级副职','四类区','机关单位','那曲地区工商联','领导职务','0'),('59479','7406','0','2003-07','公务员','科员','四类区','机关单位','那曲地区工商联','非领导职务','0'),('59482','7406','0','2014-02','公务员','乡科级正职','四类区','机关单位','那曲地区工商联','领导职务','0'),('59388','7398','0','1998-07','公务员','科员','四类区','机关单位','那曲地区寺教办','非领导职务','0'),('59411','7405','0','2004-05','公务员','乡科级正职','四类区','机关单位','那曲地区政协','领导职务','0'),('59412','7405','0','2007-11','公务员','县处级副职','三类区','机关单位','比如县政协','领导职务','0'),('59413','7405','0','2012-05','公务员','县处级副职','四类区','机关单位','那曲地区工商联','领导职务','0'),('59471','7404','0','1999-12','机关工人','普通工','四类区','机关单位','那曲地区统战部','','0'),('59415','7405','0','2019-12','综合管理公务员','一级调研员','四类区','机关单位','那曲地区工商联','领导职务','0'),('59474','7404','0','2011-10','公务员','乡科级副职','四类区','机关单位','那曲地区统战部','非领导职务','0'),('59477','7404','0','2018-12-01','公务员','乡科级正职','四类区','机关单位','那曲地区工商联','非领导职务','0'),('59485','7403','0','2011-07-01','公务员','科员','四类区','机关单位','那曲尼玛县达果乡','非领导职务','0'),('59484','7403','0','2009-08','公务员','科员','四类区','机关单位','那曲尼玛县吉瓦乡','非领导职务','0'),('59488','7403','0','2016-12','公务员','乡科级正职','四类区','机关单位','那曲地区工商联','非领导职务','0'),('59495','7401','0','2010-07','公务员','科员','四类区','机关单位','那曲聂荣县人大办','非领导职务','0'),('59496','7401','0','2012-05-01','公务员','科员','四类区','机关单位','那曲聂荣县永曲乡','非领导职务','0'),('59497','7401','0','2015-02-01','公务员','科员','四类区','机关单位','那曲地区工商联','非领导职务','0'),('59465','7400','0','2006-06-01','公务员','乡科级副职','四类区','机关单位','那曲安多县扎仁镇','领导职务','0'),('59499','7401','0','2019-12-01','综合管理公务员','三级主任科员','四类区','机关单位','那曲地区工商联','非领导职务','0'),('59467','7400','0','2013-12','公务员','乡科级正职','四类区','机关单位','那曲安多县统计局','领导职务','0'),('59466','7400','0','2011-06','公务员','乡科级正职','四类区','机关单位','那曲安多县措玛乡','领导职务','0'),('59468','7400','0','2015-03','公务员','乡科级正职','四类区','机关单位','那曲地区工商联','领导职务','0'),('59464','7400','0','2003-07','公务员','科员','四类区','机关单位','那曲安多县乡镇企业管理局','非领导职务','0'),('59469','7400','0','2019-12-01','综合管理公务员','一级主任科员','四类区','机关单位','那曲地区工商联','领导职务','0'),('59470','7400','0','2021-12','综合管理公务员','四级调研员','四类区','机关单位','那曲地区工商联','领导职务','0'),('59458','7399','0','2005-12-01','公务员','科员','四类区','机关单位','那曲地区工商联','非领导职务','0'),('59456','7399','0','1998-07','公务员','办事员','四类区','机关单位','聂荣县民政局','非领导职务','0'),('59459','7399','0','2009-09','公务员','乡科级副职','四类区','机关单位','那曲地区工商联','非领导职务','0'),('59457','7399','0','1999-03','公务员','科员','四类区','机关单位','聂荣县机要室','非领导职务','0'),('59462','7399','0','2019-12-01','综合管理公务员','一级主任科员','四类区','机关单位','那曲地区工商联','领导职务','0'),('59460','7399','0','2011-10','公务员','乡科级副职','四类区','机关单位','那曲地区工商联','领导职务','0'),('59391','7398','0','2006-10','公务员','乡科级副职','四类区','机关单位','那曲地区聂荣县委办公室','领导职务','0'),('59390','7398','0','2002-02','公务员','乡科级副职','四类区','机关单位','那曲地区民宗局','领导职务','0'),('59461','7399','0','2013-01','公务员','乡科级正职','四类区','机关单位','那曲地区工商联','领导职务','0'),('59389','7398','0','1999-08','公务员','科员','四类区','机关单位','那曲地区民宗局','非领导职务','0'),('59399','7428','0','2019-12','执法警员','四级警长','四类区','机关单位','那曲市交警支队','','0'),('47145','7429','0','2007-07','事业单位专业技术人员','专技十二级-助理','三类区','事业单位','西藏索县若达乡政府','','0'),('59392','7398','0','2007-05','公务员','乡科级正职','四类区','机关单位','那曲地区聂荣县政府办','领导职务','0'),('59493','7755','0','2018-06','公务员','乡科级副职','四类区','机关单位','那曲地区统战部','领导职务','0'),('59492','7755','0','2016-12','公务员','乡科级副职','四类区','机关单位','那曲地区统战部','非领导职务','0'),('59400','7428','0','2020-07-15','执法警员','二级警长','四类区','机关单位','那曲市交警支队','','0'),('59444','7797','0','2003-04','公务员','乡科级副职','四类区','机关单位','西藏那曲地区水利局业务科','领导职务','0'),('47146','7429','0','2011-10','事业单位专业技术人员','专技十二级-助理','四类区','事业单位','那曲地区农牧局','','0'),('47147','7429','0','2018-07','事业单位专业技术人员','专技十一级','四类区','事业单位','那曲地区农牧局','','0'),('59505','7795','0','2016-03','公务员','办事员','四类区','机关单位','西藏申扎县统战部','非领导职务','0'),('59504','7795','0','2015-12','公务员','办事员','四类区','机关单位','西藏申扎县统计局','非领导职务','0'),('59506','7795','0','2019-06','公务员','科员','四类区','机关单位','西藏申扎县统战部','非领导职务','0'),('59508','7795','0','2022-07','公务员','乡科级副职','四类区','机关单位','西藏那曲市工商联','非领导职务','0'),('59507','7795','0','2021-04','公务员','乡科级副职','四类区','机关单位','西藏申扎县统战部','领导职务','0'),('65318','7407','','2003-07','公务员','科员','四类区','机关单位','那曲地委政法委','非领导职务','0'),('59476','7404','0','2015-09','公务员','乡科级正职','四类区','机关单位','那曲地区工商联','领导职务','0'),('65319','7407','','2008-06','公务员','乡科级副职','四类区','机关单位','那曲地委政法委','非领导职务','0'),('59500','7409','0','2013-08-15','公务员','科员','四类区','机关单位','那曲聂荣县民宗局','非领导职务','0'),('59429','7408','0','2020-04-01','综合管理公务员','三级调研员','四类区','机关单位','那曲地区工商联','领导职务','0'),('59491','7755','0','2015-08','公务员','科员','四类区','机关单位','那曲地区统战部','非领导职务','0'),('59490','7755','0','2011-12-01','公务员','科员','四类区','机关单位','聂荣县统计局','非领导职务','0'),('59439','7796','0','2013-04','公务员','县处级副职','四类区','机关单位','西藏西藏那曲地区科学技术局','领导职务','0'),('59502','7409','0','2016-10-01','公务员','科员','四类区','机关单位','那曲地区工商联','非领导职务','0'),('59498','7401','0','2017-09-01','公务员','乡科级副职','四类区','机关单位','那曲地区工商联','非领导职务','0'),('59494','7755','0','2021-07-01','公务员','乡科级副职','四类区','机关单位','那曲地区工商联','领导职务','0'),('59430','7408','0','2022-04-15','综合管理公务员','二级调研员','四类区','机关单位','那曲地区工商联','领导职务','0'),('59396','7398','0','2016-12','公务员','县处级正职','四类区','机关单位','那曲地区工商联','领导职务','0'),('59443','7797','0','2002-03','公务员','科员','四类区','机关单位','西藏那曲地区水利局业务科','非领导职务','0'),('59445','7797','0','2012-01','公务员','乡科级正职','四类区','机关单位','西藏那曲地区水利局','领导职务','0'),('59447','7797','0','2020-04','综合管理公务员','三级调研员','四类区','机关单位','西藏那曲地区水利局','领导职务','0'),('59448','7797','0','2022-07','综合管理公务员','三级调研员','四类区','机关单位','西藏那曲地区工商联','领导职务','0'),('59394','7398','0','2011-05','公务员','县处级副职','四类区','机关单位','尼玛县政府','领导职务','0'),('59393','7398','0','2009-12','公务员','乡科级正职','四类区','机关单位','聂荣县人大办','领导职务','0'),('59395','7398','0','2015-01','公务员','县处级副职','四类区','机关单位','那曲地区行署','领导职务','0');|INSERT INTO `tx_studyinfo` (`id`, `personid`, `level`, `gettime`, `school`)  VALUES ('7280','7406','本科','2010-09','中央党校函授学院'),('7278','7400','本科','2010-07','中央党校函授学院'),('7277','7399','本科','2010-07','中央党校函授学院'),('8092','7407','本科','2010-06','中央党校函授学院'),('7275','7411','大专','2007-06','中央函授学院'),('7274','7405','大专','2017-01','东 北大学行政管理'),('7279','7404','大专','2008-07',''),('6050','7461','本科','2009-12','中央党校'),('7273','7428','本科','2015-07','西藏警官学院');|INSERT INTO `tx_checkinfo` (`id`, `personid`, `gettime`, `check`)  VALUES ('6036','7755','2011','考核不计等次'),('6037','7755','2012','考核不计等次');|INSERT INTO `tx_heightinfo` (`id`, `personid`, `area`, `city`, `county`, `height`, `acc`, `iscity`, `heightid`, `gettime`)  VALUES ('31877','7480','那曲地区','安多县','帕那镇','4788','6-7-2','是','0','2001-03'),('26266','7461','那曲地区','聂荣县','聂荣县','4733','6-10-1','否','0','2005-07'),('31896','7400','那曲地区','安多县','措玛乡','4753','6-7-12','是','0','2011-06'),('31895','7400','那曲地区','安多县','扎仁镇','4703','6-7-4','是','0','2006-04'),('31894','7400','那曲地区','安多县','安多县','4788','6-7-1','否','0','2003-07'),('31913','7795','那曲地区','申扎县','申扎县','4750','6-9-1','否','0','2015-12'),('26267','7461','那曲地区','那曲地区','那曲地区','4527','6-1-1','否','0','2013-07'),('31892','7399','那曲地区','聂荣县','聂荣县','4733','6-10-1','否','0','1998-07'),('31868','7398','那曲地区','聂荣县','聂荣县','4733','6-10-1','否','396033','2006-10'),('31869','7398','那曲地区','尼玛县','尼玛县','4598','6-11-1','否','393473','2011-05'),('31890','7797','那曲地区','那曲地区','那曲地区','4527','6-1-1','否','0','2022-10'),('31914','7795','那曲地区','那曲地区','那曲地区','4527','6-1-1','否','0','2022-07'),('31907','7401','那曲地区','聂荣县','聂荣县','4733','6-10-1','否','0','2010-07'),('31908','7401','那曲地区','聂荣县','永曲乡','4990','6-10-9','是','0','2012-05'),('31867','7398','那曲地区','那曲地区','那曲地区','4527','6-1-1','否','395777','1996-07'),('31898','7400','那曲地区','那曲地区','那曲地区','4527','6-1-1','否','0','2015-03'),('31903','7403','那曲地区','尼玛县','达果乡','4639','6-11-12','是','0','2011-07'),('31909','7401','那曲地区','那曲地区','那曲地区','4527','6-1-1','否','0','2015-02'),('31878','7480','那曲地区','那曲地区','那曲地区','4527','6-1-1','否','0','2007-05'),('31871','7428','那曲地区','那曲地区','那曲地区','4527','6-1-1','否','0','2012-01'),('31902','7403','那曲地区','尼玛县','吉瓦乡','4843','6-11-7','是','0','2009-08'),('31876','7480','那曲地区','那曲地区','那曲地区','4527','6-1-1','否','0','1998-07'),('31904','7403','那曲地区','那曲地区','那曲地区','4527','6-1-1','否','0','2015-02'),('31899','7404','林芝市','米林县','卧龙镇','3855','4-4-3','是','0','1995-12'),('31900','7404','那曲地区','那曲地区','那曲地区','4527','6-1-1','否','0','1999-12'),('31893','7399','那曲地区','那曲地区','那曲地区','4527','6-1-1','否','0','2005-12'),('31873','7405','那曲地区','那曲地区','那曲地区','4527','6-1-1','否','0','1992-07'),('31874','7405','那曲地区','比如县','比如县','4130','6-4-1','否','0','2007-11'),('31875','7405','那曲地区','那曲地区','那曲地区','4527','6-1-1','否','0','2012-05'),('31911','7409','那曲地区','聂荣县','永曲乡','4990','6-10-9','是','0','2015-05'),('31879','7408','那曲地区','那曲地区','那曲地区','4527','6-1-1','否','0','1993-09'),('31880','7408','那曲地区','比如县','比如县','4130','6-4-1','否','0','1996-07'),('31912','7409','那曲地区','那曲地区','那曲地区','4527','6-1-1','否','0','2016-10'),('31870','7398','那曲地区','那曲地区','那曲地区','4527','6-1-1','否','0','2015-01'),('31885','7411','那曲地区','申扎县','申扎县','4750','6-9-1','否','0','1997-07'),('34556','7407','那曲地区','那曲地区','那曲地区','4527','6-1-1','否','','2003-07'),('31400','7410','那曲地区','那曲地区','那曲地区','4527','6-1-1','否','0','1982-07'),('31910','7409','那曲地区','聂荣县','聂荣县','4733','6-10-1','否','0','2013-08'),('31884','7411','林芝市','米林县','米林县','2938','4-4-1','否','0','1994-07'),('31897','7400','那曲地区','安多县','安多县','4788','6-7-1','否','0','2013-12'),('31886','7411','那曲地区','申扎县','申扎镇','4750','6-9-2','是','0','2008-05'),('31906','7755','那曲地区','那曲地区','那曲地区','4527','6-1-1','否','0','2015-08'),('31905','7755','那曲地区','聂荣县','聂荣县','4733','6-10-1','否','0','2011-11'),('31889','7796','那曲地区','那曲地区','那曲地区','4527','6-1-1','否','0','1998-07'),('31888','7411','那曲地区','那曲地区','那曲地区','4527','6-1-1','否','0','2019-06'),('31887','7411','那曲地区','申扎县','申扎县','4750','6-9-1','否','0','2013-04'),('31881','7408','那曲地区','比如县','香曲乡','4160','6-4-6','是','0','2001-10'),('31901','7406','那曲地区','那曲地区','那曲地区','4527','6-1-1','否','0','2003-07'),('31882','7408','那曲地区','比如县','比如县','4130','6-4-1','否','0','2006-06'),('31883','7408','那曲地区','那曲地区','那曲地区','4527','6-1-1','否','0','2015-08');|