INSERT INTO `tx_personinfo` (`id`, `sort`, `userid`, `name`, `sex`, `birthday`, `origin`, `nation`, `partymember`, `worktime`, `intime`, `inadj`, `inyear`, `posttime`, `postadj`, `unitkind`, `postname`, `unitname`, `isleader`, `lastposttime`, `lastunitkind`, `lastpostname`, `lastunitname`, `area`, `education`, `educationtime`, `schooltime`, `educationadj`, `teacherinfo`, `teacherbegin`, `teacherend`, `teacheradj`, `oneinfo`, `onebegin`, `oneend`, `oneadj`, `check2`, `check5`, `coveradj`, `cadre`, `retiretime`, `height`, `note`, `addon`,`ywcadre`,`yjbegin`,`yjend`,`bjcadre`,`bjbegin`,`bjend`) VALUES ('7848','1','44','陈钦瑞','男','1971-07','四川射洪','汉族','党员','1990-07','1990-07','0','0','2014-04-26','0','机关单位','县处级副职','中国人民银行日喀则市中心支行','非领导职务','','','','','','中专','','4','0','','','','0','','','','0','2006','2006','0','','','0','','','','','','','',''),('7846','0','44','李小霞','','1990-12','西藏日喀则','汉族','党员','2013-07','2013-07','0','0','2014-07','0','机关单位','科员','中国人民银行日喀则市中心支行','非领导职务','','','','','','本科','','4','0','','','','0','','','','0','2013','2013','0','','','0','','','','','','','',''),('7937','12','44','索朗（保卫）','','','','汉族','','1983-01','1983-01','0','','2011-07','0','机关单位','乡科级副职','中国人民银行日喀则市中心支行','非领导职务','','','','','','小学','','0','0','','','','0','','','','0','2006','2006','0','','','','','','','','','','',''),('7938','11','44','尼玛','','','','汉族','','1983-10','1983-10','0','','2006-08','0','机关单位','高级工','中国人民银行日喀则市中心支行','','','','','','','小学','','0','0','','','','0','','','','0','2006','2006','0','','','','','','','','','','',''),('7939','10','44','普次仁','','','','汉族','','1979-11','1979-11','0','','2011-07','0','机关单位','乡科级副职','中国人民银行日喀则市中心支行','非领导职务','','','','','','中专','','0','0','','','','0','','','','0','2006','2006','0','','','','','','','','','','',''),('7845','0','44','米玛','男','1955-06','西藏日喀则','藏族','党员','1972-09','1972-09','0','0','2016-03','0','机关单位','县处级副职','中国人民银行日喀则市中心支行','领导职务','','','','','','中专','','0','0','','','','0','','','','0','2006','2006','0','','','0','','','','','','','',''),('421','0','44','次吉','女','1982-09-01','拉萨曲水县','汉族','','2006-08','2006-08','0','0','2006-08','0','事业单位','专技十级-中级','拉萨市第二中学','','','','','','','本科','2006-06','4','0','教师','2006-08','','0','','','','0','2006','2006','0','否','','0','','','','','','','',''),('419','0','44','江白','男','1989-01-01','拉萨林周县','藏族','','2014-07','2014-07','0','0','2014-07','0','事业单位','专技十三级-员级','拉萨二中','','','','','','','本科','2014-06','4','0','教师','2014-07','','0','','','','0','0','0','0','否','','0','','','','','','','',''),('7850','0','44','石曲次仁','男','1961-01','','藏族','党员','1984-07','1984-07','0','','2010-11','0','机关单位','县处级副职','中国人民银行日喀则市中心支行','非领导职务','','','','','','中专','','4','0','','','','0','','','','0','2006','2006','0','','','','','','','','','否','',''),('7936','13','44','罗旦','','','','汉族','','1982-12','1982-12','0','','2019-03','0','机关单位','乡科级正职','中国人民银行日喀则市中心支行','非领导职务','','','','','','中专','','0','0','','','','0','','','','0','2006','2006','0','','','','','','','','','','',''),('7919','19','44','索朗','男','1959-08','','藏族','','1979-11','1979-11','0','','2016-04','0','机关单位','乡科级正职','中国人民银行日喀则市中心支行','非领导职务','','','','','','初中','','0','0','','','','0','','','','0','2006','2006','0','','','','','','','','','','',''),('7920','0','44','边巴次仁','男','1964-07','','藏族','团员','1983-12','1983-12','0','','1989-02','0','机关单位','科员','中国人民银行日喀则市中心支行','非领导职务','','','','','','小学','','0','0','','','','0','','','','0','2006','2006','0','','','','','','','','','','',''),('7921','17','44','达娃次仁','男','1964-10','','藏族','','1983-12','1983-12','0','','2003-11','0','机关单位','乡科级正职','中国人民银行日喀则市中心支行','非领导职务','','','','','','初中','','0','0','','','','0','','','','0','2006','2006','0','','','','','','','','','','',''),('7923','16','44','巴桑次仁','女','','','汉族','','1983-12','1983-12','0','','2011-06','0','机关单位','乡科级正职','中国人民银行日喀则市中心支行','非领导职务','','','','','','初中','','0','0','','','','0','','','','0','2006','2006','0','','','','','','','','','','',''),('7924','15','44','达娃次仁（保卫）','','','','汉族','','1980-01','1980-01','0','','2008-04','0','机关单位','乡科级副职','中国人民银行日喀则市中心支行','非领导职务','','','','','','小学','','0','0','','','','0','','','','0','2006','2006','0','','','','','','','','','','',''),('7925','14','44','朱正义','','','','汉族','','1982-12','1982-12','0','','2023-10','0','机关单位','乡科级正职','中国人民银行日喀则市中心支行','非领导职务','','','','','','中专','','0','0','','','','0','','','','0','2006','2006','0','','','','','','','','','','',''),('7940','9','44','琼达（女）','','','','汉族','','1986-07','1986-07','0','','2014-01','0','机关单位','乡科级正职','中国人民银行日喀则市中心支行','非领导职务','','','','','','中专','','0','0','','','','0','','','','0','2006','2006','0','','','','','','','','','','',''),('7941','8','44','卓嘎','','','','汉族','','1979-11','1979-11','0','','1999-07','0','机关单位','乡科级正职','中国人民银行日喀则市中心支行','非领导职务','','','','','','中专','','0','0','','','','0','','','','0','2006','2006','0','','','','','','','','','','',''),('7942','7','44','于济','','','','汉族','','1984-07','1984-07','0','','2014-02','0','机关单位','县处级副职','中国人民银行日喀则市中心支行','非领导职务','','','','','','中专','','0','0','','','','0','','','','0','2006','2006','0','','','','','','','','','','',''),('7943','6','44','普布扎西','','','','汉族','','1978-02','1978-02','0','','1999-07','0','机关单位','乡科级正职','中国人民银行日喀则市中心支行','非领导职务','','','','','','中专','','0','0','','','','0','','','','0','2006','2006','0','','','','','','','','','','',''),('7944','5','44','普布次仁','','','','汉族','','1986-11','1986-11','0','','2007-11','0','机关单位','高级工','中国人民银行日喀则市中心支行','','','','','','','中专','','0','0','','','','0','','','','0','2006','2006','0','','','','','','','','','','',''),('7945','4','44','白珍','','','','汉族','','1979-05','1979-05','0','','2004-12','0','机关单位','乡科级正职','中国人民银行日喀则市中心支行','非领导职务','','','','','','中专','','0','0','','','','0','','','','0','2006','2006','0','','','','','','','','','','',''),('7946','3','44','次仁琼达','','','','汉族','','1986-07','1986-07','0','','2001-06','0','机关单位','乡科级正职','中国人民银行日喀则市中心支行','非领导职务','','','','','','中专','','0','0','','','','0','','','','0','2006','2006','0','','','','','','','','','','',''),('7947','2','44','次仁潘多','','','','汉族','','1985-10','1985-10','0','','2017-03','0','机关单位','乡科级正职','中国人民银行日喀则市中心支行','非领导职务','','','','','','中专','','0','0','','','','0','','','','0','2006','2006','0','','','','','','','','','','',''),('7948','1','44','多吉','','','','汉族','','1991-07','1991-07','0','','2019-10','0','机关单位','乡科级正职','中国人民银行日喀则市中心支行','非领导职务','','','','','','中专','','0','0','','','','0','','','','0','2006','2006','0','','','','','','','','','','','');|INSERT INTO `tx_jobinfo` (`id`, `personid`, `sort`, `oldposttime`, `oldpostkind`, `oldpostname`, `oldarea`, `oldunitkind`, `oldunitname`, `oldisleader`, `height`)  VALUES ('62160','7848','','2005-08-01','公务员','乡科级正职','二类区','机关单位','中国人民银行日喀则市中心支行','领导职务','0'),('62161','7848','','2005-08-02','公务员','县处级副职','二类区','机关单位','中国人民银行日喀则市中心支行','领导职务','0'),('63354','7937','','1988-12','公务员','办事员','二类区','机关单位','中国人民银行日喀则市中心支行','非领导职务','0'),('63356','7937','','2011-07','公务员','乡科级副职','二类区','机关单位','中国人民银行日喀则市中心支行','非领导职务','0'),('63355','7937','','1989-12','公务员','科员','二类区','机关单位','中国人民银行日喀则市中心支行','非领导职务','0'),('63360','7936','','2019-03','公务员','乡科级正职','二类区','机关单位','中国人民银行日喀则市中心支行','非领导职务','0'),('63359','7936','','2011-07','公务员','乡科级副职','二类区','机关单位','中国人民银行日喀则市中心支行','非领导职务','0'),('62145','7846','0','2014-07','公务员','科员','二类区','机关单位','中国人民银行日喀则市中心支行','非领导职务','0'),('62144','7846','0','2013-07','公务员','办事员','二类区','机关单位','中国人民银行日喀则市中心支行','非领导职务','0'),('62139','7845','0','2016-03','公务员','县处级副职','二类区','机关单位','中国人民银行日喀则市中心支行','领导职务','0'),('62138','7845','0','1993-05','公务员','县处级副职','二类区','机关单位','中国人民银行日喀则市中心支行','领导职务','0'),('62137','7845','0','1990-07','公务员','乡科级正职','二类区','机关单位','中国人民银行日喀则市中心支行','领导职务','0'),('62136','7845','0','1989-01','公务员','乡科级正职','二类区','机关单位','中国人民银行日喀则市中心支行','领导职务','0'),('2665','419','0','2014-07','事业单位专业技术人员','专技十三级-员级','二类区','事业单位','拉萨二中','','0'),('2669','421','0','2006-08','事业单位专业技术人员','专技十级-中级','二类区','事业单位','拉萨市第二中学','','0'),('62159','7848','','2002-05','公务员','乡科级正职','四类区','机关单位','中国人民银行那曲地区中心支行','领导职务','0'),('62162','7848','','2014-04-26','公务员','县处级副职','二类区','机关单位','中国人民银行日喀则市中心支行','非领导职务','0'),('62175','7850','','1984-07','公务员','办事员','二类区','机关单位','中国人民银行日喀则市中心支行','非领导职务','0'),('62176','7850','','1989-07','公务员','科员','二类区','机关单位','中国人民银行日喀则市中心支行','非领导职务','0'),('62177','7850','','1993-07','公务员','乡科级副职','二类区','机关单位','中国人民银行日喀则市中心支行','领导职务','0'),('62178','7850','','1997-05','公务员','乡科级正职','二类区','机关单位','中国人民银行日喀则市中心支行','领导职务','0'),('62179','7850','','2010-11','公务员','县处级副职','二类区','机关单位','中国人民银行日喀则市中心支行','非领导职务','0'),('63357','7936','','1987-07','公务员','科员','二类区','机关单位','中国人民银行日喀则市中心支行','非领导职务','0'),('63358','7936','','1987-10','公务员','办事员','二类区','机关单位','中国人民银行日喀则市中心支行','非领导职务','0'),('63420','7919','','2016-04','公务员','乡科级正职','二类区','机关单位','中国人民银行日喀则市中心支行','非领导职务','0'),('63419','7919','','1999-07','公务员','乡科级副职','二类区','机关单位','中国人民银行日喀则市中心支行','非领导职务','0'),('63418','7919','','1997-02','公务员','乡科级副职','二类区','机关单位','中国人民银行日喀则市中心支行','领导职务','0'),('63417','7919','','1981-11','公务员','科员','二类区','机关单位','中国人民银行日喀则市中心支行','非领导职务','0'),('63416','7919','','1980-11','公务员','科员','四类区','机关单位','中国人民银仲巴县支行','非领导职务','0'),('63415','7919','','1979-11','公务员','办事员','四类区','机关单位','中国人民银行仲巴县支行','非领导职务','0'),('62801','7920','','1988-03','公务员','办事员','二类区','机关单位','中国人民银行日喀则市中心支行','非领导职务','0'),('62802','7920','','1989-02','公务员','科员','二类区','机关单位','中国人民银行日喀则市中心支行','非领导职务','0'),('63407','7921','','2003-11','公务员','乡科级正职','二类区','机关单位','中国人民银行日喀则市中心支行','非领导职务','0'),('63406','7921','','1997-07','公务员','乡科级副职','二类区','机关单位','中国人民银行日喀则市中心支行','非领导职务','0'),('63405','7921','','1989-09','公务员','科员','二类区','机关单位','中国人民银行日喀则市中心支行','非领导职务','0'),('63404','7921','','1985-07','公务员','科员','二类区','机关单位','中国人民银行定日县支行','非领导职务','0'),('63403','7921','','1983-12','公务员','办事员','二类区','机关单位','中国人民银行定日县支行','非领导职务','0'),('63414','7923','','2011-06','公务员','乡科级正职','二类区','机关单位','中国人民银行日喀则市中心支行','非领导职务','0'),('63413','7923','','1999-07','公务员','乡科级副职','二类区','机关单位','中国人民银行日喀则市中心支行','非领导职务','0'),('63412','7923','','1997-07','公务员','乡科级副职','二类区','机关单位','中国人民银行日喀则市中心支行','领导职务','0'),('63411','7923','','1992-03','公务员','科员','二类区','机关单位','中国人民银行日喀则市中心支行','非领导职务','0'),('63410','7923','','1986-01','公务员','科员','四类区','机关单位','中国人民银行仲巴县支行','非领导职务','0'),('63409','7923','','1984-08','公务员','办事员','四类区','机关单位','中国人民银行仲巴县支行','非领导职务','0'),('63408','7923','','1983-12','公务员','办事员','二类区','机关单位','中国人民银行日喀则市中心支行','非领导职务','0'),('63367','7924','','2008-04','公务员','乡科级副职','二类区','机关单位','中国人民银行日喀则市中心支行','非领导职务','0'),('63366','7924','','1991-06','公务员','科员','二类区','机关单位','中国人民银行日喀则市中心支行','非领导职务','0'),('63365','7924','','1988-12','公务员','办事员','二类区','机关单位','中国人民银行日喀则市中心支行','非领导职务','0'),('63364','7925','','2023-10','公务员','乡科级正职','二类区','机关单位','中国人民银行日喀则市中心支行','非领导职务','0'),('63363','7925','','2011-07','公务员','乡科级副职','二类区','机关单位','中国人民银行日喀则市中心支行','非领导职务','0'),('63362','7925','','1987-07','公务员','科员','二类区','机关单位','中国人民银行日喀则市中心支行','非领导职务','0'),('63361','7925','','1987-01','公务员','办事员','二类区','机关单位','中国人民银行日喀则市中心支行','非领导职务','0'),('63352','7938','','1997-06','机关工人','中级工','二类区','机关单位','中国人民银行日喀则市中心支行','','0'),('63353','7938','','2006-08','机关工人','高级工','二类区','机关单位','中国人民银行日喀则市中心支行','','0'),('63351','7938','','1996-05','机关工人','初级工','二类区','机关单位','中国人民银行日喀则市中心支行','','0'),('63395','7939','','1980-11','公务员','科员','二类区','机关单位','中国人民银行日喀则市中心支行','非领导职务','0'),('63394','7939','','1979-11','公务员','办事员','二类区','机关单位','中国人民银行日喀则市中心支行','非领导职务','0'),('63392','7940','','1997-02','公务员','乡科级副职','二类区','机关单位','中国人民银行日喀则市中心支行','领导职务','0'),('63393','7940','','2014-01','公务员','乡科级正职','二类区','机关单位','中国人民银行日喀则市中心支行','非领导职务','0'),('63391','7940','','1991-07','公务员','科员','二类区','机关单位','中国人民银行日喀则市中心支行','非领导职务','0'),('63390','7940','','1987-02','公务员','办事员','二类区','机关单位','中国人民银行日喀则市中心支行','非领导职务','0'),('63389','7940','','1986-07','公务员','办事员','二类区','机关单位','中国人民银行樟木中心支行','非领导职务','0'),('63387','7941','','1986-04','公务员','乡科级副职','二类区','机关单位','中国人民银行日喀则市中心支行','领导职务','0'),('63385','7942','','1999-07','公务员','乡科级正职','二类区','机关单位','中国人民银行日喀则市中心支行','领导职务','0'),('63384','7942','','1996-04','公务员','乡科级副职','二类区','机关单位','中国人民银行日喀则市中心支行','领导职务','0'),('63456','7943','','1999-07','公务员','乡科级正职','二类区','机关单位','中国人民银行日喀则市中心支行','非领导职务','0'),('63455','7943','','1995-08','公务员','乡科级副职','二类区','机关单位','中国人民银行日喀则市中心支行','领导职务','0'),('63379','7944','','2007-11','机关工人','高级工','二类区','机关单位','中国人民银行日喀则市中心支行','','0'),('63378','7944','','1986-11','机关工人','初级工','二类区','机关单位','中国人民银行日喀则市中心支行','','0'),('63376','7945','','1996-04','公务员','乡科级副职','二类区','机关单位','中国人民银行日喀则市中心支行','领导职务','0'),('63374','7946','','1995-08','公务员','乡科级副职','二类区','机关单位','中国人民银行日喀则市中心支行','领导职务','0'),('63372','7947','','2002-01','公务员','乡科级正职','二类区','机关单位','中国人民银行日喀则市中心支行','领导职务','0'),('63371','7947','','1996-04','公务员','乡科级副职','二类区','机关单位','中国人民银行日喀则市中心支行','领导职务','0'),('63369','7948','','2004-12','公务员','乡科级正职','二类区','机关单位','中国人民银行日喀则市中心支行','领导职务','0'),('63368','7948','','1998-10','公务员','乡科级副职','二类区','机关单位','中国人民银行日喀则市中心支行','领导职务','0'),('63370','7948','','2019-10','公务员','乡科级正职','二类区','机关单位','中国人民银行日喀则市中心支行','非领导职务','0'),('63373','7947','','2017-03','公务员','乡科级正职','二类区','机关单位','中国人民银行日喀则市中心支行','非领导职务','0'),('63375','7946','','2001-06','公务员','乡科级正职','二类区','机关单位','中国人民银行日喀则市中心支行','非领导职务','0'),('63377','7945','','2004-12','公务员','乡科级正职','二类区','机关单位','中国人民银行日喀则市中心支行','非领导职务','0'),('63386','7942','','2014-02','公务员','县处级副职','二类区','机关单位','中国人民银行日喀则市中心支行','非领导职务','0'),('63388','7941','','1999-07','公务员','乡科级正职','二类区','机关单位','中国人民银行日喀则市中心支行','非领导职务','0'),('63396','7939','','2011-07','公务员','乡科级副职','二类区','机关单位','中国人民银行日喀则市中心支行','非领导职务','0');|INSERT INTO `tx_studyinfo` (`id`, `personid`, `level`, `gettime`, `school`)  VALUES ('7765','7948','本科','2008-03',''),('7764','7948','大专','2002-07',''),('7763','7948','中专','1991-07',''),('7783','7919','中专','1997-07',''),('7782','7923','中专','1988-07',''),('7781','7921','大专','2005-09',''),('7780','7921','中专','1997-07',''),('7767','7947','大专','1999-07',''),('7766','7947','中专','1997-07',''),('7770','7946','本科','2008-12',''),('7769','7946','大专','2005-06',''),('7768','7946','中专','1986-07',''),('7771','7945','中专','1997-07',''),('7772','7944','中专','1997-07',''),('7790','7943','中专','1997-07',''),('7775','7942','大专','2005-09',''),('7774','7942','中专','1984-07',''),('7777','7941','大专','2001-07',''),('7776','7941','中专','1988-07',''),('7778','7940','中专','1986-07',''),('7779','7939','中专','1997-07',''),('7762','7936','中专','1997-07','');|INSERT INTO `tx_checkinfo` (`id`, `personid`, `gettime`, `check`)  VALUES ('6366','7848','2015','不通过'),('6365','7848','2014','不通过');|INSERT INTO `tx_heightinfo` (`id`, `personid`, `area`, `city`, `county`, `height`, `acc`, `iscity`, `heightid`, `gettime`)  VALUES ('33214','7846','日喀则市','桑珠孜区','城南办事处','3835','2-2-3','否','131587','2013-07'),('33564','7948','日喀则市','桑珠孜区','无','3835','无','是','','1991-07'),('33565','7947','日喀则市','桑珠孜区','无','3835','无','是','','1985-10'),('33566','7946','日喀则市','桑珠孜区','无','3835','无','是','','1986-07'),('33567','7945','日喀则市','桑珠孜区','无','3835','无','是','','1979-05'),('33593','7943','日喀则市','桑珠孜区','无','3835','无','是','','1978-02'),('33568','7944','日喀则市','桑珠孜区','无','3835','无','是','','1986-11'),('33570','7942','日喀则市','桑珠孜区','无','3835','无','是','','1984-07'),('33571','7941','日喀则市','桑珠孜区','无','3835','无','是','','1979-11'),('33572','7940','日喀则市','桑珠孜区','无','3835','无','是','','1986-07'),('33574','7939','日喀则市','桑珠孜区','无','3835','无','是','','1990-10'),('33573','7939','日喀则市','萨嘎县','无','4600','无','是','','1979-11'),('33559','7938','日喀则市','桑珠孜区','无','3835','无','','','1985-01'),('33562','7925','日喀则市','桑珠孜区','无','3835','无','是','','1982-12'),('33563','7924','日喀则市','桑珠孜区','无','3835','无','是','','1980-01'),('33578','7923','日喀则市','桑珠孜区','无','3835','无','是','','1992-03'),('33576','7923','日喀则市','桑珠孜区','无','3835','无','是','','1983-12'),('33577','7923','日喀则市','仲巴县','无','4772','无','是','','1984-08'),('33575','7921','日喀则市','桑珠孜区','无','3835','无','是','','1983-12'),('33393','7920','日喀则市','桑珠孜区','无','3835','无','是','0','1983-12'),('33580','7919','日喀则市','桑珠孜区','','3835','','','','1981-11'),('33579','7919','日喀则市','仲巴县','无','4772','县区','是','','1979-11'),('33560','7937','日喀则市','桑珠孜区','无','3835','无','是','','1983-01'),('33212','7845','日喀则市','桑珠孜区','城南办事处','3835','2-2-3','是','131587','1972-09'),('33220','7848','那曲地区','那曲地区','那曲地区','4527','6-1-1','否','','1990-07'),('33221','7848','日喀则市','日喀则市','日喀则市','3835','2-1-1','否','','2005-08'),('1150','419','拉萨市','拉萨市','拉萨市','3650','1-1-1','否','0','2014-07'),('1154','421','拉萨市','拉萨市','拉萨市','3650','1-1-1','否','0','2006-08'),('33558','7938','那曲地区','那曲地区','无','4772','无','是','','1982-01'),('33561','7936','日喀则市','桑珠孜区','无','3835','无','是','','1982-12');|