INSERT INTO `tx_personinfo` (`id`, `sort`, `userid`, `name`, `sex`, `birthday`, `origin`, `nation`, `partymember`, `worktime`, `intime`, `inadj`, `inyear`, `posttime`, `postadj`, `unitkind`, `postname`, `unitname`, `isleader`, `lastposttime`, `lastunitkind`, `lastpostname`, `lastunitname`, `area`, `education`, `educationtime`, `schooltime`, `educationadj`, `teacherinfo`, `teacherbegin`, `teacherend`, `teacheradj`, `oneinfo`, `onebegin`, `oneend`, `oneadj`, `check2`, `check5`, `coveradj`, `cadre`, `retiretime`, `height`, `note`, `addon`,`ywcadre`,`yjbegin`,`yjend`,`bjcadre`,`bjbegin`,`bjend`) VALUES ('7870','3','38','多吉旺堆','男','','','藏族','','1982-04','1982-04','0','','2010-08','0','机关单位','乡科级正职','人行那曲','非领导职务','','','','','','暂时没有','','0','0','','','','0','','','','0','2006','2006','0','','','','','','','','','','',''),('7843','1','38','西文生','男','1966-10','西藏那曲','藏族','党员','1983-10','1983-10','0','','2001-07','0','机关单位','乡科级正职','人行那曲','领导职务','','','','','','暂时没有','','0','0','','','','0','','','','0','2006','2006','0','','','','','','','','','','',''),('7867','2','38','斯达','男','','','藏族','党员','1983-10','1983-10','0','','2010-08','0','机关单位','乡科级正职','人行那曲','非领导职务','','','','','','暂时没有','','0','0','','','','0','','','','0','2006','2006','0','','','','','','','','','','',''),('7876','4','38','达瓦尼玛','男','','','藏族','','1987-01','1987-01','0','','2015-04','0','机关单位','乡科级副职','人行那曲','领导职务','','','','','','暂时没有','','0','0','','','','0','','','','0','2006','2006','0','','','','','','','','','','',''),('7880','5','38','才落','男','','西藏那曲','藏族','党员','1975-05','1975-05','0','','2010-11-01','0','机关单位','县处级副职','人行那曲','非领导职务','','','','','','暂时没有','','0','0','','','','0','','','','0','0','2016','0','','','','','','','','','','',''),('7889','6','38','娇觉','男','','','藏族','','1987-01','1987-01','0','','2007-12-01','0','机关单位','乡科级副职','人行那曲','非领导职务','','','','','','暂时没有','','0','0','','','','0','','','','0','2006','2006','0','','','','','','','','','','',''),('7890','7','38','平扎','','','','藏族','','1982-10','1982-10','0','','2008-10-01','0','机关单位','乡科级正职','人行那曲','领导职务','','','','','','暂时没有','','0','0','','','','0','','','','0','2006','2006','0','','','','','','','','','','',''),('7891','8','38','美珠','','','','藏族','','1974-06','1974-06','0','','1989-04-01','0','机关单位','普通工','人行那曲','','','','','','','暂时没有','','0','0','','','','0','','','','0','0','2015','0','','','','','','','','','','',''),('7892','9','38','贡卓','','','','藏族','','1992-07','1992-07','0','','2012-03','0','机关单位','乡科级正职','人行那曲','非领导职务','','','','','','暂时没有','','0','0','','','','0','','','','0','2006','2006','0','','','','','','','','','','',''),('7893','10','38','贡桑旺姆','','','','藏族','','1990-12','1990-12','0','','2012-03','0','机关单位','乡科级正职','人行那曲','非领导职务','','','','','','暂时没有','','0','0','','','','0','','','','0','2006','2006','0','','','','','','','','','','',''),('7894','11','38','达瓦次仁','','','','藏族','','1989-03','1989-03','0','','1997-10','0','机关单位','乡科级副职','人行那曲','非领导职务','','','','','','暂时没有','','0','0','','','','0','','','','0','2006','2006','0','','','','','','','','','','',''),('7895','12','38','格桑占堆','男','','','藏族','','1986-08','1986-08','0','','2020-04','0','机关单位','县处级正职','人行那曲','非领导职务','','','','','','暂时没有','','0','0','','','','0','','','','0','2006','2006','0','','','','','','','','','','',''),('7896','13','38','次仁桑珠','','','','藏族','','1983-10','1983-10','0','','2016-09','0','机关单位','乡科级正职','人行那曲','非领导职务','','','','','','暂时没有','','0','0','','','','0','','','','0','2006','2006','0','','','','','','','','','','',''),('7897','14','38','巴桑多吉','','','','藏族','','1990-12','1990-12','0','','2009-11-20','0','机关单位','高级工','人行那曲','','','','','','','暂时没有','','0','0','','','','0','','','','0','0','2015','0','','','','','','','','','','',''),('7898','15','38','次仁','','','','藏族','','1990-12','1990-12','0','','2013-09','0','机关单位','乡科级正职','人行那曲','非领导职务','','','','','','暂时没有','','0','0','','','','0','','','','0','2006','2006','0','','','','','','','','','','',''),('7899','16','38','阿勇','','','','藏族','','1991-12','1991-12','0','','2014-05-01','0','机关单位','高级工','人行那曲','','','','','','','暂时没有','','0','0','','','','0','','','','0','0','2015','0','','','','','','','','','','',''),('7900','17','38','珠加','','','','藏族','','1991-12','1991-12','0','','2014-05-01','0','机关单位','高级工','人行那曲','','','','','','','暂时没有','','0','0','','','','0','','','','0','0','2015','0','','','','','','','','','','','');|INSERT INTO `tx_jobinfo` (`id`, `personid`, `sort`, `oldposttime`, `oldpostkind`, `oldpostname`, `oldarea`, `oldunitkind`, `oldunitname`, `oldisleader`, `height`)  VALUES ('62437','7843','','2001-07','公务员','乡科级正职','四类区','机关单位','人行那曲','领导职务','0'),('62517','7870','','2010-08','公务员','乡科级正职','四类区','机关单位','人行那曲','非领导职务','0'),('62514','7870','','1982-04','公务员','办事员','四类区','机关单位','人行那曲','非领导职务','0'),('62436','7843','','1993-10','公务员','乡科级副职','四类区','机关单位','人行那曲','领导职务','0'),('62435','7843','','1986-06','公务员','办事员','四类区','机关单位','人行那曲','非领导职务','0'),('62516','7870','','2005-04','公务员','乡科级副职','四类区','机关单位','人行那曲','非领导职务','0'),('62440','7867','','2010-08','公务员','乡科级正职','四类区','机关单位','人行那曲','非领导职务','0'),('62515','7870','','1994-01','公务员','科员','四类区','机关单位','人行那曲','非领导职务','0'),('62439','7867','','2005-04','公务员','乡科级副职','四类区','机关单位','人行那曲','非领导职务','0'),('62438','7867','','1999-05','公务员','科员','四类区','机关单位','人行那曲','非领导职务','0'),('62446','7876','','2007-12','公务员','乡科级副职','四类区','机关单位','人行那曲','非领导职务','0'),('62445','7876','','1994-08','公务员','科员','四类区','机关单位','人行那曲','非领导职务','0'),('62354','7880','','2010-11-01','公务员','县处级副职','四类区','机关单位','人行那曲','非领导职务','0'),('62353','7880','','2000-03-01','公务员','乡科级正职','四类区','机关单位','人行那曲','领导职务','0'),('62352','7880','','1989-07-01','公务员','乡科级副职','四类区','机关单位','人行那曲','领导职务','0'),('62351','7880','','1975-05-01','公务员','科员','四类区','机关单位','人行那曲','非领导职务','0'),('62403','7889','','1988-05-01','公务员','科员','四类区','机关单位','人行那曲','非领导职务','0'),('62404','7889','','2007-12-01','公务员','乡科级副职','四类区','机关单位','人行那曲','非领导职务','0'),('62407','7890','','2008-10-01','公务员','乡科级正职','四类区','机关单位','人行那曲','领导职务','0'),('62406','7890','','2000-03-01','公务员','乡科级副职','四类区','机关单位','人行那曲','领导职务','0'),('62405','7890','','1999-01-01','公务员','科员','四类区','机关单位','人行那曲','非领导职务','0'),('62413','7892','','2012-03','公务员','乡科级正职','四类区','机关单位','人行那曲','非领导职务','0'),('62412','7892','','2005-04','公务员','乡科级副职','四类区','机关单位','人行那曲','非领导职务','0'),('62411','7892','','1992-07','公务员','科员','四类区','机关单位','人行那曲','非领导职务','0'),('62414','7893','','1999-01','公务员','科员','四类区','机关单位','人行那曲','非领导职务','0'),('62415','7893','','2005-04','公务员','乡科级副职','四类区','机关单位','人行那曲','非领导职务','0'),('62416','7893','','2012-03','公务员','乡科级正职','四类区','机关单位','人行那曲','非领导职务','0'),('62417','7894','','1989-07','公务员','科员','四类区','机关单位','人行那曲','非领导职务','0'),('62418','7894','','1997-10','公务员','乡科级副职','四类区','机关单位','人行那曲','非领导职务','0'),('62659','7895','','2005-05','公务员','县处级副职','四类区','机关单位','人行那曲','领导职务','0'),('62658','7895','','1996-02','公务员','乡科级正职','四类区','机关单位','人行那曲','领导职务','0'),('62657','7895','','1989-02','公务员','乡科级副职','四类区','机关单位','人行那曲','领导职务','0'),('62656','7895','','1987-08','公务员','科员','四类区','机关单位','人行那曲','非领导职务','0'),('62447','7876','','2015-04','公务员','乡科级副职','四类区','机关单位','人行那曲','领导职务','0'),('62570','7896','','2016-09','公务员','乡科级正职','四类区','机关单位','人行那曲','非领导职务','0'),('62569','7896','','2009-03','公务员','乡科级副职','四类区','机关单位','人行那曲','领导职务','0'),('62567','7896','','1988-09','公务员','科员','四类区','机关单位','人行那曲','非领导职务','0'),('62568','7896','','2005-03','公务员','乡科级副职','四类区','机关单位','人行那曲','非领导职务','0'),('62471','7898','','2013-09','公务员','乡科级正职','四类区','机关单位','人行那曲','非领导职务','0'),('62470','7898','','2009-03','公务员','乡科级副职','四类区','机关单位','人行那曲','非领导职务','0'),('62469','7898','','1991-12','公务员','科员','四类区','机关单位','人行那曲','非领导职务','0'),('62472','7898','','1990-12-01','公务员','办事员','四类区','机关单位','','非领导职务','0'),('62818','7900','','2014-05-01','机关工人','高级工','四类区','机关单位','人行那曲','','0'),('62817','7900','','2008-05-01','机关工人','中级工','四类区','机关单位','人行那曲','','0'),('62816','7900','','1997-04-01','机关工人','初级工','四类区','机关单位','人行那曲','','0'),('62701','7899','','1997-04-01','机关工人','初级工','四类区','机关单位','人行那曲','','0'),('63402','7897','','2009-11-20','机关工人','高级工','四类区','机关单位','人行那曲','','0'),('62492','7891','','1989-04-01','机关工人','普通工','四类区','机关单位','人行那曲','','0'),('62660','7895','','2020-04','公务员','县处级正职','四类区','机关单位','人行那曲','非领导职务','0'),('62702','7899','','2008-05-01','机关工人','中级工','四类区','机关单位','人行那曲','','0'),('62703','7899','','2014-05-01','机关工人','高级工','四类区','机关单位','人行那曲','','0'),('63401','7897','','2002-05-13','机关工人','中级工','四类区','机关单位','人行那曲','','0'),('63400','7897','','1994-01-01','机关工人','初级工','四类区','机关单位','人行那曲','','0');|INSERT INTO `tx_heightinfo` (`id`, `personid`, `area`, `city`, `county`, `height`, `acc`, `iscity`, `heightid`, `gettime`)  VALUES ('33396','7900','西藏','那曲','色尼区','4527','那曲镇','否','','1991-12'),('33280','7880','西藏','那曲','色尼','4527','那曲','否','','1975-05');|