INSERT INTO `tx_personinfo` (`id`, `sort`, `userid`, `name`, `sex`, `birthday`, `origin`, `nation`, `partymember`, `worktime`, `intime`, `inadj`, `inyear`, `posttime`, `postadj`, `unitkind`, `postname`, `unitname`, `isleader`, `lastposttime`, `lastunitkind`, `lastpostname`, `lastunitname`, `area`, `education`, `educationtime`, `schooltime`, `educationadj`, `teacherinfo`, `teacherbegin`, `teacherend`, `teacheradj`, `oneinfo`, `onebegin`, `oneend`, `oneadj`, `check2`, `check5`, `coveradj`, `cadre`, `retiretime`, `height`, `note`, `addon`) VALUES ('6601','','229','扎建','男','1989-03','西藏江孜','藏族','党员','2013-08','2013-08','0','','2013-08','0','机关单位','科员','拉萨交通综合执法支队','非领导职务','','','','','','本科','2013-08','4','0','','','','0','','','','0','2013','2013','0','否','','','',''),('6622','','229','陈可敬','男','1958-10','安微太和','汉族','党员','1978-02','1988-05','0','','2011-04','0','机关单位','高级工','拉萨交通综合执法支队','','','','','','','高中','1978-12','0','0','','','','0','','','','0','0','0','0','否','','','',''),('6624','','229','巴桑吉巴（巴桑基本）','女','1960-08','西藏日喀则','藏族','','1976-01','1976-01','0','','2013-12','0','机关单位','技师','拉萨交通综合执法支队','','','','','','','大专','2009-01','3','0','','','','0','','','','0','2006','2006','0','否','','','',''),('6625','','229','格桑罗布','男','1972-08','山南错那','汉族','','1993-07','1993-07','0','','2011-04','0','机关单位','科员','拉萨交通综合执法支队','非领导职务','','','','','','中专','1993-07','4','0','','','','0','','','','0','2006','2006','0','否','','','','');|INSERT INTO `tx_jobinfo` (`id`, `personid`, `sort`, `oldposttime`, `oldpostkind`, `oldpostname`, `oldarea`, `oldunitkind`, `oldunitname`, `oldisleader`, `height`)  VALUES ('34330','6624','','2013-12','机关工人','技师','二类区','机关单位','拉萨交通综合执法支队','','0'),('34333','6625','','2011-04','公务员','科员','二类区','机关单位','拉萨交通综合执法支队','非领导职务','0'),('34332','6625','','2002-02','公务员','科员','二类区','机关单位','拉萨征稽所','非领导职务','0'),('34329','6624','','2012-01','机关工人','高级工','二类区','机关单位','拉萨交通综合执法支队','','0'),('34327','6622','','2011-04','机关工人','高级工','二类区','机关单位','拉萨交通综合执法支队','','0'),('34326','6622','','2007-03','机关工人','高级工','二类区','机关单位','拉萨征稽所','','0'),('34331','6625','','1993-07','公务员','办事员','二类区','机关单位','日喀则征稽所','非领导职务','0'),('34328','6624','','2005-07','事业单位工人','技术工三级-高级工','二类区','机关单位','曲水公路段','','0'),('33922','6601','','2013-08','公务员','科员','二类区','机关单位','拉萨交通综合执法支队','非领导职务','0');|INSERT INTO `tx_studyinfo` (`id`, `personid`, `level`, `gettime`, `school`)  VALUES ('5070','6624','大专','2009-01','西藏大学'),('5071','6625','大专','2007-07','中央广播电视大学'),('5072','6625','大专','2011-07','长安大学');|INSERT INTO `tx_heightinfo` (`id`, `personid`, `area`, `city`, `county`, `height`, `acc`, `iscity`, `heightid`, `gettime`)  VALUES ('18997','6625','拉萨市','拉萨市','拉萨市','3650','1-1-1','否','65793','1995-01'),('18996','6625','日喀则市','日喀则市','日喀则市','3835','2-1-1','否','131329','1993-07'),('18995','6624','拉萨市','拉萨市','拉萨市','3650','1-1-1','否','65793','1992-03'),('18994','6624','拉萨市','当雄县','当雄县','4269','1-4-1','否','66561','1989-01'),('18869','6601','拉萨市','拉萨市','拉萨市','3650','1-1-1','否','65793','2013-08'),('18993','6622','拉萨市','拉萨市','拉萨市','3650','1-1-1','否','65793','1988-05');|