INSERT INTO `tx_personinfo` (`id`, `sort`, `userid`, `name`, `sex`, `birthday`, `origin`, `nation`, `partymember`, `worktime`, `intime`, `inadj`, `inyear`, `posttime`, `postadj`, `unitkind`, `postname`, `unitname`, `isleader`, `lastposttime`, `lastunitkind`, `lastpostname`, `lastunitname`, `area`, `education`, `educationtime`, `schooltime`, `educationadj`, `teacherinfo`, `teacherbegin`, `teacherend`, `teacheradj`, `oneinfo`, `onebegin`, `oneend`, `oneadj`, `check2`, `check5`, `coveradj`, `cadre`, `retiretime`, `height`, `note`, `addon`) VALUES ('6414','','227','边巴次仁','男','1976-01','当雄','藏族','','1997-08','1997-08','0','','2017-05','0','机关单位','乡科级正职','公安局','非领导职务','','','','','','中专','1997-08','0','0','','','','0','','','','0','0','0','0','否','','','',''),('6501','','227','郭尚志','男','1995-11','江西晋城','汉族','团员','2017-08','2017-08','0','','2018-01','0','机关单位','科员','龙仁乡','非领导职务','','','','','','本科','2018-01','4','0','','','','0','','','','0','0','0','0','否','','','',''),('6500','','227','罗凡','男','1994-07','四川江油','汉族','团员','2017-08','2017-08','0','','2018-01','0','机关单位','科员','格达乡','非领导职务','','','','','','本科','2018-01','4','0','','','','0','','','','0','0','0','0','否','','','',''),('6499','','227','王剑磊','男','1994-01','山西朔州','汉族','团员','2017-08','2017-08','0','','2018-01','0','机关单位','科员','格达乡','非领导职务','','','','','','本科','2018-01','4','0','','','','0','','','','0','0','0','0','否','','','',''),('6498','','227','叶毕勇','男','1994-03','贵州都匀','汉族','团员','2017-08','2017-08','0','','2018-01','0','机关单位','科员','格达乡','非领导职务','','','','','','本科','2018-01','4','0','','','','0','','','','0','0','0','0','否','','','',''),('6497','','227','王翰卿','男','1993-07','甘肃张掖','汉族','团员','2017-08','2017-08','0','','2018-01','0','机关单位','科员','宁中乡','非领导职务','','','','','','本科','2018-01','4','0','','','','0','','','','0','0','0','0','否','','','',''),('6496','','227','董义航','男','1995-08','湖北随州','汉族','党员','2017-08','2017-08','0','','2018-01','0','机关单位','科员','宁中乡','非领导职务','','','','','','本科','2018-01','4','0','','','','0','','','','0','0','0','0','否','','','',''),('6495','','227','胡静伟','男','1995-08','重庆城口','汉族','党员','2017-08','2017-08','0','','2018-01','0','机关单位','科员','宁中乡','非领导职务','','','','','','本科','2018-01','4','0','','','','0','','','','0','0','0','0','否','','','',''),('6494','','227','李超','男','1994-10','江西抚州','汉族','团员','2017-08','2017-08','0','','2018-01','0','机关单位','科员','乌玛塘乡','非领导职务','','','','','','本科','2018-01','4','0','','','','0','','','','0','0','0','0','否','','','',''),('6493','','227','谢开锋','男','1995-02','湖北十堰','汉族','团员','2017-08','2017-08','0','','2018-01','0','机关单位','科员','乌玛塘乡','非领导职务','','','','','','本科','2018-01','4','0','','','','0','','','','0','0','0','0','否','','','',''),('6492','','227','郑世有','男','1992-09','江西上饶','汉族','团员','2017-08','2017-08','0','','2018-01','0','机关单位','科员','纳木湖乡','非领导职务','','','','','','本科','2018-01','4','0','','','','0','','','','0','0','0','0','否','','','',''),('6491','','227','程博文','男','1995-06','陕西渭南','汉族','党员','2017-08','2017-08','0','','2018-01','0','机关单位','科员','纳木湖','非领导职务','','','','','','本科','2018-01','4','0','','','','0','','','','0','0','0','0','否','','','',''),('6490','','227','孟永钢','男','1994-03','河南洛阳','汉族','团员','2017-08','2017-08','0','','2018-01','0','机关单位','科员','乌玛塘乡','非领导职务','','','','','','本科','2018-01','4','0','','','','0','','','','0','2017','2017','0','否','','','',''),('6489','','227','张斌','男','1993-05','甘肃陇南','汉族','团员','2017-08','2017-08','0','','2018-01','0','机关单位','科员','当曲卡镇','非领导职务','','','','','','本科','2018-01','4','0','','','','0','','','','0','2017','2017','0','否','','','',''),('6487','','227','张合林','男','1993-05','河南鹤壁','汉族','','2017-08','2017-08','0','','2018-01','0','机关单位','科员','公塘乡','非领导职务','','','','','','本科','2018-01','4','0','','','','0','','','','0','0','0','0','否','','','',''),('6486','','227','张楠','女','1993-09','河南南阳','汉族','团员','2017-08','2017-08','0','','2018-01','0','机关单位','科员','公塘乡','非领导职务','','','','','','本科','2018-01','4','0','','','','0','','','','0','0','0','0','否','','','',''),('6488','','227','于志现','男','1993-07','河北沧州','汉族','党员','2017-08','2017-08','0','','2018-01','0','机关单位','科员','当曲卡镇','非领导职务','','','','','','本科','2018-01','4','0','','','','0','','','','0','2017','2017','0','否','','','',''),('6456','','227','张玉龙','男','1993-11','甘肃','汉族','','2016-07','2016-07','0','','2018-02','0','事业单位','管理九级-科员','组织部','','','','','','','本科','2016-07','4','0','','','','0','水利','2016-07','','0','0','0','0','否','','','',''),('6457','','227','朱军宇','男','1988-10','山东','汉族','党员','2010-12','2010-12','0','','2016-12','0','机关单位','乡科级副职','组织部','非领导职务','','','','','','本科','2012-10','4','0','','','','0','','','','0','2010','2010','0','否','','','',''),('6416','','227','向科宇','男','1990-09','四川','汉族','','2007-12','2007-12','0','','2017-10','0','机关单位','乡科级副职','组织部','非领导职务','','','','','','大专','2012-06','3','0','','','','0','','','','0','2007','2007','0','否','','','',''),('6415','','227','刘军','男','1979-10','辽宁','汉族','党员','2002-08','2002-08','0','','2016-05','0','机关单位','乡科级正职','水利局','非领导职务','','','','','','大专','2002-08','3','0','','','','0','','','','0','2006','2006','0','否','','','',''),('6412','','227','曹勇','男','1965-06','','汉族','','1988-07','1988-07','0','','2017-05','0','机关单位','乡科级副职','公安局','非领导职务','','','','','','本科','1988-07','4','0','','','','0','','','','0','0','0','0','否','','','',''),('6413','','227','施龙江','男','1987-06','云南大理','白族','','2011-10','2011-10','0','','2013-08','0','机关单位','科员','县委办','非领导职务','','','','','','本科','2013-07','4','0','','','','0','','','','0','0','0','0','否','','','',''),('6409','','227','洛桑旺丹','男','1977-09','','藏族','','1994-01','1994-01','0','','2011-12','0','机关单位','乡科级正职','政府办','非领导职务','','','','','','大专','2003-07','0','0','','','','0','','','','0','0','0','0','否','','','',''),('6212','','227','达瓦卓玛','女','1988-01','云南','藏族','','2012-07','2012-07','0','','2012-07','0','机关单位','科员','羊八井镇','非领导职务','','','','','','本科','2012-07','5','0','','','','0','','','','0','2012','2012','0','否','','','',''),('6210','','227','王建宗','男','1986-10','四川','汉族','党员','2004-12','2004-12','0','','2014-11','0','机关单位','科员','组织部','非领导职务','','','','','','大专','2012-10','3','0','','','','0','','','','0','2006','2006','0','否','','','',''),('6211','','227','张祥源','男','1987-02','四川','汉族','','2010-10','2010-10','0','','2012-08','0','机关单位','科员','民宗局','非领导职务','','','','','','本科','2012-08','4','0','','','','0','','','','0','0','0','0','否','','','',''),('6209','','227','龙发武','男','1989-10','重庆','汉族','党员','2007-12','2007-12','0','','2014-11','0','机关单位','科员','水利局','非领导职务','','','','','','大专','2012-10','3','0','','','','0','','','','0','0','0','0','否','','','','');|INSERT INTO `tx_jobinfo` (`id`, `personid`, `sort`, `oldposttime`, `oldpostkind`, `oldpostname`, `oldarea`, `oldunitkind`, `oldunitname`, `oldisleader`, `height`)  VALUES ('32502','6413','','2013-08','公务员','科员','三类区','机关单位','县委办','非领导职务','0'),('32908','6487','','2018-01','公务员','科员','三类区','机关单位','公塘乡','非领导职务','0'),('32500','6412','','2017-05','公务员','乡科级副职','三类区','机关单位','公安局','非领导职务','0'),('32498','6412','','2010-05','公务员','乡科级正职','二类区','机关单位','公安局','非领导职务','0'),('32496','6412','','1995-08','公务员','乡科级副职','二类区','机关单位','公安局','非领导职务','0'),('32909','6488','','2018-01','公务员','科员','三类区','机关单位','当曲卡镇','非领导职务','0'),('32907','6486','','2018-01','公务员','科员','三类区','机关单位','公塘乡','非领导职务','0'),('32934','6501','','2018-01','公务员','科员','三类区','机关单位','龙仁乡','非领导职务','0'),('32925','6500','','2018-01','公务员','科员','三类区','机关单位','格达乡','非领导职务','0'),('32924','6499','','2018-01','公务员','科员','三类区','机关单位','格达乡','非领导职务','0'),('32926','6498','','2018-01','公务员','科员','三类区','机关单位','格达乡','非领导职务','0'),('32927','6497','','2018-01','公务员','科员','三类区','机关单位','宁中乡','非领导职务','0'),('32928','6496','','2018-01','公务员','科员','三类区','机关单位','宁中乡','非领导职务','0'),('32929','6495','','2018-01','公务员','科员','三类区','机关单位','宁中乡','非领导职务','0'),('32930','6494','','2018-01','公务员','科员','三类区','机关单位','乌玛塘乡','非领导职务','0'),('32931','6493','','2018-01','公务员','科员','三类区','机关单位','乌玛塘乡','非领导职务','0'),('32932','6492','','2018-01','公务员','科员','四类区','机关单位','纳木湖乡','非领导职务','0'),('32933','6491','','2018-01','公务员','科员','四类区','机关单位','纳木湖','非领导职务','0'),('32911','6490','','2018-01','公务员','科员','三类区','机关单位','乌玛塘乡','非领导职务','0'),('32910','6489','','2018-01','公务员','科员','三类区','机关单位','当曲卡镇','非领导职务','0'),('32669','6457','','2016-12','公务员','乡科级副职','三类区','机关单位','组织部','非领导职务','0'),('32666','6456','','2016-08','事业单位专业技术人员','专技十三级-员级','三类区','事业单位','水利局','','0'),('32667','6456','','2018-02','事业单位管理人员','管理九级-科员','三类区','事业单位','组织部','','0'),('32668','6457','','2012-10','公务员','科员','三类区','机关单位','当曲卡镇','非领导职务','0'),('32497','6412','','2006-10','公务员','乡科级副职','二类区','机关单位','公安局','领导职务','0'),('32516','6416','','2017-10','公务员','乡科级副职','三类区','机关单位','组织部','非领导职务','0'),('32515','6416','','2012-10','公务员','科员','三类区','机关单位','组织部','非领导职务','0'),('32514','6415','','2016-05','公务员','乡科级正职','三类区','机关单位','水利局','非领导职务','0'),('32513','6415','','2012-01','公务员','乡科级副职','三类区','机关单位','水利局','领导职务','0'),('32512','6415','','2002-08','公务员','科员','三类区','机关单位','羊八井镇','非领导职务','0'),('32510','6414','','2017-05','公务员','乡科级正职','三类区','机关单位','公安局','非领导职务','0'),('32509','6414','','2015-05','公务员','县处级副职','三类区','机关单位','公安局','领导职务','0'),('32508','6414','','2011-04','公务员','乡科级正职','三类区','机关单位','公安局','非领导职务','0'),('32507','6414','','2003-11','公务员','乡科级副职','三类区','机关单位','公安局','领导职务','0'),('32454','6409','','2011-12','公务员','乡科级正职','三类区','机关单位','政府办','非领导职务','0'),('32453','6409','','2009-12','公务员','乡科级正职','四类区','机关单位','公安局','非领导职务','0'),('32452','6409','','2009-03','公务员','乡科级正职','四类区','机关单位','政协办','领导职务','0'),('32451','6409','','2008-04','公务员','乡科级正职','三类区','机关单位','政协办','非领导职务','0'),('32450','6409','','2003-07','公务员','乡科级副职','三类区','机关单位','政协办','领导职务','0'),('32499','6412','','2013-11','公务员','县处级副职','三类区','机关单位','公安局','领导职务','0'),('30685','6211','','2012-08','公务员','科员','三类区','机关单位','民宗局','非领导职务','0'),('30529','6210','','2012-10','公务员','科员','四类区','机关单位','纳木湖乡','非领导职务','0'),('30532','6212','','2012-07','公务员','科员','三类区','机关单位','羊八井镇','非领导职务','0'),('30530','6210','','2014-11','公务员','科员','三类区','机关单位','组织部','非领导职务','0'),('32495','6412','','1988-08','公务员','科员','二类区','机关单位','公安局','非领导职务','0'),('30517','6209','','2012-10','公务员','科员','四类区','机关单位','纳木湖乡','非领导职务','0'),('30518','6209','','2014-11','公务员','科员','三类区','机关单位','水利局','非领导职务','0');|INSERT INTO `tx_studyinfo` (`id`, `personid`, `level`, `gettime`, `school`)  VALUES ('4621','6494','本科','2013-09','北方工业大学'),('4620','6495','本科','2013-09','北京林业大学'),('4619','6496','本科','2013-09','北京联合大学'),('4618','6497','本科','2013-09','北京城市学院'),('4617','6498','本科','2013-09','华北电力大学'),('4615','6499','本科','2013-09','北京工业大学'),('4616','6500','本科','2013-09','北京语言大学'),('4625','6501','本科','2013-09','中国传媒大学'),('4612','6490','本科','2013-09','中国劳动关系学院'),('4611','6489','本科','2013-09','北京中医药大学'),('4610','6488','本科','2013-09','北京第二外国语学院'),('4609','6487','本科','2013-09','北京第二外国语学院'),('4608','6486','本科','2013-09','北京城市学院'),('4550','6457','本科','2010-06','沈阳炮兵学院'),('4623','6492','本科','2013-09','北京印刷学院'),('4622','6493','本科','2013-09','北京理工大学'),('4624','6491','本科','2013-09','中国农业大学'),('4022','6212','本科','2012-07','西藏藏医学院'),('4088','6211','本科','2012-07','西藏民族学院'),('4020','6210','大专','2010-07','中央广播电视大学'),('4016','6209','本科','2017-06','湖南商学院'),('4015','6209','大专','2012-06','江西经济管理专修学院');|INSERT INTO `tx_checkinfo` (`id`, `personid`, `gettime`, `check`)  VALUES ('3533','6210','2013','不通过'),('3730','6416','2012','不通过'),('3729','6413','2013','不通过'),('3535','6212','2012','不通过'),('3539','6211','2012','不通过'),('3532','6210','2012','不通过'),('3530','6209','2013','不通过'),('3529','6209','2012','不通过'),('3778','6494','2018','不定等次'),('3779','6493','2018','不定等次'),('3780','6492','2018','不定等次'),('3781','6491','2018','不定等次'),('3759','6490','2018','不定等次'),('3758','6489','2018','不定等次'),('3757','6488','2018','不定等次'),('3756','6487','2018','不定等次'),('3755','6486','2018','不定等次'),('3737','6457','2013','不通过'),('3736','6457','2012','不通过'),('3735','6456','2016','不通过'),('3731','6416','2013','不通过'),('3777','6495','2018','不定等次'),('3776','6496','2018','不定等次'),('3775','6497','2018','不定等次'),('3774','6498','2018','不定等次'),('3772','6499','2018','不定等次'),('3773','6500','2018','不定等次'),('3782','6501','2018','不定等次');|INSERT INTO `tx_heightinfo` (`id`, `personid`, `area`, `city`, `county`, `height`, `acc`, `iscity`, `heightid`, `gettime`)  VALUES ('17598','6209','林芝市','工布江达县','工布江达县','3360','4-3-1','否','','2007-12'),('17599','6209','拉萨市','当雄县','纳木湖乡','4790','1-4-9','是','','2012-10'),('18422','6501','拉萨市','当雄县','龙仁乡','4358','1-4-7','是','','2018-01'),('18413','6500','拉萨市','当雄县','格达乡','4510','1-4-4','是','','2018-01'),('18412','6499','拉萨市','当雄县','格达乡','4510','1-4-4','是','','2018-01'),('18418','6494','拉萨市','当雄县','乌玛塘乡','4427','1-4-8','是','','2018-01'),('18417','6495','拉萨市','当雄县','宁中乡','4266','1-4-5','是','','2018-01'),('18416','6496','拉萨市','当雄县','宁中乡','4266','1-4-5','是','','2018-01'),('18415','6497','拉萨市','当雄县','宁中乡','4266','1-4-5','是','','2018-01'),('18414','6498','拉萨市','当雄县','格达乡','4510','1-4-4','是','','2018-01'),('18419','6493','拉萨市','当雄县','乌玛塘乡','4427','1-4-8','是','','2018-01'),('18420','6492','拉萨市','当雄县','纳木湖乡','4790','1-4-9','是','','2018-01'),('18395','6486','拉萨市','当雄县','公塘乡','4315','1-4-6','是','','2018-01'),('18287','6457','拉萨市','当雄县','当曲卡镇','4269','1-4-2','是','66562','2012-10'),('18285','6456','拉萨市','当雄县','当雄县','4269','1-4-1','否','','2016-07'),('18286','6457','拉萨市','拉萨市','拉萨市','3650','1-1-1','否','65793','2010-12'),('18421','6491','拉萨市','当雄县','纳木湖乡','4790','1-4-9','是','','2018-01'),('18226','6415','拉萨市','当雄县','羊八井镇','4407','1-4-3','是','66563','2002-08'),('18227','6415','拉萨市','当雄县','当雄县','4269','1-4-1','否','66561','2005-12'),('18228','6415','拉萨市','当雄县','公塘乡','4315','1-4-6','是','66566','2012-01'),('18229','6415','拉萨市','当雄县','当雄县','4269','1-4-1','否','66561','2015-06'),('18230','6416','林芝市','米林县','米林县','2938','4-4-1','否','263169','2007-12'),('18231','6416','拉萨市','当雄县','公塘乡','4315','1-4-6','是','66566','2012-10'),('18223','6414','拉萨市','当雄县','当雄县','4269','1-4-1','否','','1997-08'),('18224','6414','拉萨市','当雄县','乌玛塘乡','4427','1-4-8','是','','2015-05'),('18219','6413','日喀则市','定结县','定结县','4205','2-13-1','否','','2011-10'),('18220','6413','拉萨市','当雄县','格达乡','4510','1-4-4','是','','2013-08'),('18216','6412','拉萨市','当雄县','当雄县','4269','1-4-1','否','','2013-11'),('18215','6412','拉萨市','拉萨市','拉萨市','3650','1-1-1','否','','1988-07'),('17667','6211','拉萨市','当雄县','当雄县','4269','1-4-1','否','','2012-07'),('17609','6212','拉萨市','当雄县','羊八井镇','4407','1-4-3','是','66563','2012-07'),('17666','6211','拉萨市','拉萨市','拉萨市','3650','1-1-1','否','','2010-10'),('17606','6210','拉萨市','当雄县','纳木湖乡','4790','1-4-9','是','66569','2012-10'),('17605','6210','林芝市','米林县','米林县','2938','4-4-1','否','263169','2004-12'),('18202','6409','拉萨市','当雄县','纳木湖乡','4790','1-4-9','是','','2009-02'),('18203','6409','拉萨市','当雄县','当雄县','4269','1-4-1','否','','2012-01'),('18396','6487','拉萨市','当雄县','公塘乡','4315','1-4-6','是','','2018-01'),('18397','6488','拉萨市','当雄县','当曲卡镇','4269','1-4-2','是','66562','2018-01'),('18398','6489','拉萨市','当雄县','当曲卡镇','4269','1-4-2','是','66562','2018-01'),('18399','6490','拉萨市','当雄县','乌玛塘乡','4427','1-4-8','是','66568','2018-01'),('18201','6409','拉萨市','当雄县','当雄县','4269','1-4-1','否','','2003-07'),('18200','6409','拉萨市','当雄县','当雄县','4269','1-4-1','否','','1999-09'),('18199','6409','拉萨市','当雄县','宁中乡','4266','1-4-5','是','','1994-01');|