INSERT INTO `tx_personinfo` (`id`, `sort`, `userid`, `name`, `sex`, `birthday`, `origin`, `nation`, `partymember`, `worktime`, `intime`, `inadj`, `inyear`, `posttime`, `postadj`, `unitkind`, `postname`, `unitname`, `isleader`, `lastposttime`, `lastunitkind`, `lastpostname`, `lastunitname`, `area`, `education`, `educationtime`, `schooltime`, `educationadj`, `teacherinfo`, `teacherbegin`, `teacherend`, `teacheradj`, `oneinfo`, `onebegin`, `oneend`, `oneadj`, `check2`, `check5`, `coveradj`, `cadre`, `retiretime`, `height`, `note`, `addon`) VALUES ('6015','0','224','次仁央宗','女','1980-10','索县','藏族','','1998-07','1998-07','0','0','2013-04','0','事业单位','技术工三级-高级工','西藏那曲国家粮食储备库','','','','','','','大专','2007-01','0','0','','','','0','','','','0','0','0','0','否','','0','','',''),('6014','0','224','卓玛次吉','女','1969-03','巴青县','藏族','','1984-10','1984-10','0','0','2009-07','0','事业单位','技术工三级-高级工','西藏那曲国家粮食储备库','','','','','','','大专','2008-01','0','0','','','','0','','','','0','0','0','0','否','','0','','',''),('6013','0','224','团结','男','1967-06','安多县','藏族','','1985-12','1985-12','0','0','2009-07','0','事业单位','技术工三级-高级工','西藏那曲国家粮食储备库','','','','','','','暂时没有','','0','0','','','','0','','','','0','0','0','0','否','','0','','',''),('6012','0','224','措姆','女','1970-05','安多县','藏族','','1985-12','1985-12','0','0','2009-07','0','事业单位','技术工三级-高级工','西藏那曲国家粮食储备库','','','','','','','暂时没有','','0','0','','','','0','','','','0','0','0','0','否','','0','','',''),('6011','0','224','才旦卓玛','女','1980-07','那曲县','藏族','','2002-12','2002-12','0','0','2007-04','0','事业单位','技术工四级-中级工','西藏那曲国家粮食储备库','','','','','','','大专','2010-01','0','0','','','','0','','','','0','0','0','0','否','','0','','',''),('6009','0','224','林洪玉','女','1969-03','河南','汉族','党员','1986-01','1986-01','0','0','2007-06','0','事业单位','技术工三级-高级工','西藏那曲国家粮食储备库','','','','','','','大专','2005-12','0','0','','','','0','','','','0','0','0','0','否','','0','','',''),('6010','0','224','次仁央宗','女','1979-02','那曲县','藏族','','2002-12','2002-12','0','0','2007-04','0','事业单位','技术工四级-中级工','西藏那曲国家粮食储备库','','','','','','','大专','2010-01','0','0','','','','0','','','','0','0','0','0','否','','0','','',''),('6008','0','224','扎西卓玛','女','1975-11','班嘎县','藏族','','1996-07','1996-07','0','0','1996-08','0','事业单位','管理九级-科员','西藏那曲国家粮食储备库','','','','','','','中专','1996-05','0','0','','','','0','','','','0','0','0','0','否','','0','','',''),('6007','0','224','常洪臣','男','1963-07','山东','汉族','党员','1982-03','1982-03','0','0','1982-07','0','事业单位','管理九级-科员','西藏那曲国家粮食储备库','','','','','','','大专','2008-06','0','0','','','','0','','','','0','0','0','0','否','','0','','',''),('6005','0','224','美多卓玛','女','1972-08','西藏那曲县','藏族','','1993-05','1993-05','0','0','2016-01','0','事业单位','技术工三级-高级工','西藏那曲国家粮食储备库','','','','','','','暂时没有','','0','0','','','','0','','','','0','0','0','0','否','','0','','',''),('6004','0','224','仁青罗布','男','1976-03','西藏那曲县','藏族','','1996-12','1996-12','0','0','2017-03','0','事业单位','技术工三级-高级工','西藏那曲国家粮食储备库','','','','','','','暂时没有','','0','0','','','','0','','','','0','0','0','0','否','','0','','',''),('5998','0','224','布次仁','男','1965-09','安多','藏族','','1983-10','1983-10','0','0','2013-12','0','事业单位','技术工二级-技师','西藏那曲国家粮食储备库','','','','','','','暂时没有','','0','0','','','','0','','','','0','0','0','0','否','','0','','',''),('6003','0','224','穷达','男','1982-10','西藏那曲县','藏族','','2002-12','2002-12','0','0','2016-01','0','事业单位','技术工四级-中级工','西藏那曲国家粮食储备库','','','','','','','暂时没有','','0','0','','','','0','','','','0','0','0','0','否','','0','','',''),('6019','0','224','桑琼','男','1962-07','嘉黎县','藏族','','1979-11','1979-11','0','0','1979-11','0','事业单位','技术工三级-高级工','西藏那曲国家粮食储备库','','','','','','','暂时没有','','0','0','','','','0','','','','0','2006','2006','0','否','','0','','',''),('5999','0','224','普布扎西','男','1968-05','那曲县','藏族','','1985-12','1985-12','0','0','2013-12','0','事业单位','技术工二级-技师','西藏那曲国家粮食储备库','','','','','','','暂时没有','','0','0','','','','0','','','','0','0','0','0','否','','0','','',''),('6006','0','224','文英','女','1965-11','比如县','藏族','','1984-05','1984-05','0','0','1984-05','0','事业单位','管理九级-科员','西藏那曲国家粮食储备库','','','','','','','暂时没有','','0','0','','','','0','','','','0','2006','2006','0','否','','0','','',''),('6001','0','224','次仁顿珠','男','1973-11','西藏索县','藏族','','2002-12','2002-12','0','0','2014-01','0','事业单位','技术工四级-中级工','西藏那曲国家粮食储备库','','','','','','','暂时没有','','0','0','','','','0','','','','0','0','0','0','否','','0','','',''),('6000','0','224','巴桑顿珠','男','1981-03','比如','藏族','','2000-12','2000-12','0','0','2017-03','0','事业单位','技术工四级-中级工','西藏那曲国家粮食储备库','','','','','','','暂时没有','','0','0','','','','0','','','','0','0','0','0','否','','0','','',''),('6002','0','224','贡布次增','男','1980-09','西藏比如县','藏族','','1999-09','1999-09','0','0','2016-01','0','事业单位','技术工四级-中级工','西藏那曲国家粮食储备库','','','','','','','暂时没有','','0','0','','','','0','','','','0','0','0','0','否','','0','','',''),('6018','0','224','藏花','女','1964-02','聂荣县','藏族','','1979-07','1979-07','0','0','2009-07','0','事业单位','技术工三级-高级工','西藏那曲国家粮食储备库','','','','','','','暂时没有','','0','0','','','','0','','','','0','0','0','0','否','','0','','',''),('6017','0','224','魏培涛','男','1974-06','河南','汉族','','1992-01','1992-01','0','0','2014-01','0','事业单位','技术工三级-高级工','西藏那曲国家粮食储备库','','','','','','','大专','2004-07','0','0','','','','0','','','','0','0','0','0','否','','0','','',''),('6016','0','224','南郎','男','1968-09','那曲县','藏族','','1984-10','1984-10','0','0','2009-07','0','事业单位','技术工三级-高级工','西藏那曲国家粮食储备库','','','','','','','暂时没有','','0','0','','','','0','','','','0','0','0','0','否','','0','','','');|INSERT INTO `tx_jobinfo` (`id`, `personid`, `sort`, `oldposttime`, `oldpostkind`, `oldpostname`, `oldarea`, `oldunitkind`, `oldunitname`, `oldisleader`, `height`)  VALUES ('29011','6011','0','2002-12','事业单位工人','普通-普通工','四类区','事业单位','西藏那曲国家粮食储备库','','0'),('29140','6014','0','1984-10','事业单位工人','普通-普通工','四类区','事业单位','西藏那曲国家粮食储备库','','0'),('29136','6003','0','2016-01','事业单位工人','技术工四级-中级工','四类区','事业单位','西藏那曲国家粮食储备库','','0'),('29060','5999','0','2009-07','事业单位工人','技术工三级-高级工','四类区','事业单位','西藏那曲国家粮食储备库','','0'),('28975','6006','0','1984-05','事业单位管理人员','管理九级-科员','四类区','事业单位','西藏那曲国家粮食储备库','','0'),('29133','5998','0','2013-12','事业单位工人','技术工二级-技师','四类区','事业单位','西藏那曲国家粮食储备库','','0'),('29134','6003','0','2002-12','事业单位工人','普通-普通工','四类区','事业单位','西藏那曲国家粮食储备库','','0'),('28995','6017','0','2014-01','事业单位工人','技术工三级-高级工','四类区','事业单位','西藏那曲国家粮食储备库','','0'),('29126','6008','0','1996-08','事业单位管理人员','管理九级-科员','四类区','事业单位','西藏那曲国家粮食储备库','','0'),('29041','6002','0','1999-09','事业单位工人','普通-普通工','四类区','事业单位','西藏那曲国家粮食储备库','','0'),('29131','5998','0','2002-01','事业单位工人','技术工四级-中级工','四类区','事业单位','西藏那曲国家粮食储备库','','0'),('28998','6009','0','2007-06','事业单位工人','技术工三级-高级工','四类区','事业单位','西藏那曲国家粮食储备库','','0'),('29129','6001','0','2014-01','事业单位工人','技术工四级-中级工','四类区','事业单位','西藏那曲国家粮食储备库','','0'),('29135','6003','0','2009-07','事业单位工人','技术工五级-初级工','四类区','事业单位','西藏那曲国家粮食储备库','','0'),('29081','6012','0','2009-07','事业单位工人','技术工三级-高级工','四类区','事业单位','西藏那曲国家粮食储备库','','0'),('29130','5998','0','1983-10','事业单位工人','普通-普通工','四类区','事业单位','西藏那曲国家粮食储备库','','0'),('29093','6004','0','2009-07','事业单位工人','技术工四级-中级工','四类区','事业单位','西藏那曲国家粮食储备库','','0'),('29047','6010','0','2002-12','事业单位工人','普通-普通工','四类区','事业单位','西藏那曲国家粮食储备库','','0'),('29030','6005','0','2015-07','事业单位工人','技术工五级-初级工','四类区','事业单位','西藏那曲国家粮食储备库','','0'),('28993','6017','0','1992-01','事业单位工人','普通-普通工','四类区','事业单位','西藏那曲国家粮食储备库','','0'),('29043','6002','0','2016-01','事业单位工人','技术工四级-中级工','四类区','事业单位','西藏那曲国家粮食储备库','','0'),('29031','6005','0','2016-01','事业单位工人','技术工三级-高级工','四类区','事业单位','西藏那曲国家粮食储备库','','0'),('29034','6013','0','2009-07','事业单位工人','技术工三级-高级工','四类区','事业单位','西藏那曲国家粮食储备库','','0'),('29122','6016','0','1984-07','事业单位工人','普通-普通工','四类区','事业单位','西藏那曲国家粮食储备库','','0'),('29028','6005','0','1993-05','事业单位工人','普通-普通工','四类区','事业单位','西藏那曲国家粮食储备库','','0'),('29141','6014','0','2007-07','事业单位工人','技术工四级-中级工','四类区','事业单位','西藏那曲国家粮食储备库','','0'),('29012','6011','0','2007-04','事业单位工人','技术工四级-中级工','四类区','事业单位','西藏那曲国家粮食储备库','','0'),('29048','6010','0','2007-04','事业单位工人','技术工四级-中级工','四类区','事业单位','西藏那曲国家粮食储备库','','0'),('29080','6012','0','1985-12','事业单位工人','普通-普通工','四类区','事业单位','西藏那曲国家粮食储备库','','0'),('29142','6014','0','2009-07','事业单位工人','技术工三级-高级工','四类区','事业单位','西藏那曲国家粮食储备库','','0'),('29128','6001','0','2002-11','事业单位工人','普通-普通工','四类区','事业单位','西藏那曲国家粮食储备库','','0'),('28997','6009','0','1986-01','事业单位工人','普通-普通工','四类区','事业单位','西藏那曲国家粮食储备库','','0'),('29059','5999','0','1985-12','事业单位工人','普通-普通工','四类区','事业单位','西藏那曲国家粮食储备库','','0'),('29087','6018','0','2007-04','事业单位工人','技术工四级-中级工','四类区','事业单位','西藏那曲国家粮食储备库','','0'),('29094','6004','0','2017-03','事业单位工人','技术工三级-高级工','四类区','事业单位','西藏那曲国家粮食储备库','','0'),('28994','6017','0','2009-07','事业单位工人','技术工四级-中级工','四类区','事业单位','西藏那曲国家粮食储备库','','0'),('28990','6019','0','1979-11','事业单位工人','技术工三级-高级工','四类区','事业单位','西藏那曲国家粮食储备库','','0'),('29042','6002','0','2009-07','事业单位工人','技术工五级-初级工','四类区','事业单位','西藏那曲国家粮食储备库','','0'),('29005','6000','0','2000-12','事业单位工人','普通-普通工','四类区','事业单位','西藏那曲国家粮食储备库','','0'),('29086','6018','0','1979-07','事业单位工人','普通-普通工','四类区','事业单位','西藏那曲国家粮食储备库','','0'),('29125','6015','0','2013-04','事业单位工人','技术工三级-高级工','四类区','事业单位','西藏那曲国家粮食储备库','','0'),('29006','6000','0','2017-03','事业单位工人','技术工四级-中级工','四类区','事业单位','西藏那曲国家粮食储备库','','0'),('29124','6015','0','1998-07','事业单位工人','普通-普通工','四类区','事业单位','西藏那曲国家粮食储备库','','0'),('29007','6000','0','2009-07','事业单位工人','技术工五级-初级工','四类区','事业单位','西藏那曲国家粮食储备库','','0'),('29132','5998','0','2007-10','事业单位工人','技术工三级-高级工','四类区','事业单位','西藏那曲国家粮食储备库','','0'),('29088','6018','0','2009-07','事业单位工人','技术工三级-高级工','四类区','事业单位','西藏那曲国家粮食储备库','','0'),('29127','6007','0','1982-07','事业单位管理人员','管理九级-科员','四类区','事业单位','西藏那曲国家粮食储备库','','0'),('29123','6016','0','2009-07','事业单位工人','技术工三级-高级工','四类区','事业单位','西藏那曲国家粮食储备库','','0'),('29061','5999','0','2013-12','事业单位工人','技术工二级-技师','四类区','事业单位','西藏那曲国家粮食储备库','','0'),('29029','6005','0','2009-07','事业单位工人','技术工四级-中级工','四类区','事业单位','西藏那曲国家粮食储备库','','0'),('29092','6004','0','1996-12','事业单位工人','普通-普通工','四类区','事业单位','西藏那曲国家粮食储备库','','0'),('29033','6013','0','1985-12','事业单位工人','普通-普通工','四类区','机关单位','西藏那曲国家粮食储备库','','0');|INSERT INTO `tx_studyinfo` (`id`, `personid`, `level`, `gettime`, `school`)  VALUES ('3755','6007','大专','2008-06','中共中央党校函授学院'),('3734','6010','大专','2010-01','西藏大学'),('3757','6014','大专','2008-01','四川经济管理学院'),('3726','6009','本科','2008-12','中共中央党校函授学院'),('3722','6017','大专','2004-07','四川经济管理学院'),('3731','6011','大专','2010-01','西藏大学'),('3725','6009','大专','2005-12','西藏民族学院'),('3753','6008','中专','1996-05','黑龙江省粮食学校'),('3754','6008','大专','2007-01','西藏大学'),('3752','6015','大专','2007-01','西藏大学');|