INSERT INTO `tx_personinfo` (`id`, `sort`, `userid`, `name`, `sex`, `birthday`, `origin`, `nation`, `partymember`, `worktime`, `intime`, `inadj`, `inyear`, `posttime`, `postadj`, `unitkind`, `postname`, `unitname`, `isleader`, `lastposttime`, `lastunitkind`, `lastpostname`, `lastunitname`, `area`, `education`, `educationtime`, `schooltime`, `educationadj`, `teacherinfo`, `teacherbegin`, `teacherend`, `teacheradj`, `oneinfo`, `onebegin`, `oneend`, `oneadj`, `check2`, `check5`, `coveradj`, `cadre`, `retiretime`, `height`, `note`, `addon`,`ywcadre`) VALUES ('6042','0','223','扎嘎','男','1975-08','','藏族','党员','1995-07','1995-07','0','0','2017-12','0','机关单位','县处级副职','地区教育局','非领导职务','','','','','','中专','1995-07','0','0','','','','0','','','','0','0','0','0','否','2017-12','0','','',''),('6043','0','223','次仁吉措','女','1983-06','那曲巴青县','藏族','党员','2006-07','2006-07','0','0','2017-08','0','事业单位','专技十级-中级','那曲地区教育局','','','','','','','大专','2006-07','3','0','教师','2016-11','','0','','','','0','0','0','0','否','','0','','',''),('6044','0','223','顿珠','男','','','藏族','党员','1999-07','1999-07','0','0','2007-08','0','事业单位','专技十级-中级','地区教体局','','','','','','','中专','1999-07','0','0','教师','1999-07','','0','','','','0','2006','2006','0','否','','0','','',''),('6076','0','223','桑白同珠','男','1974-06','','藏族','','1994-11','1994-11','0','0','2014-05','0','事业单位','技术工四级-中级工','地区教体局','','','','','','','暂时没有','','0','0','','','','0','','','','0','0','0','0','否','','0','','',''),('6929','0','223','达曲仁青','男','1980-11','比如县','藏族','党员','2002-09','2002-09','0','0','2019-04','0','机关单位','县处级副职','那曲地区教育局','领导职务','','','','','','中专','2002-09','0','0','','','','0','','','','0','2006','2006','0','否','','0','','',''),('7176','0','223','达瓦','男','1968-08','拉萨','藏族','党员','1982-10','1982-10','0','0','2013-04','0','机关单位','县处级正职','那曲地区纪检委','非领导职务','','','','','','中专','1982-10','0','0','','','','0','','','','0','0','0','0','否','','0','','',''),('7525','1','223','吉生虎','男','1975-05','青海','汉族','党员','1998-07','1998-07','0','0','2019-12','0','机关单位','一级调研员','地区教体局','领导职务','','','','','','大专','1998-07','3','3','','','','0','','','','0','0','0','0','','','0','','',''),('7640','0','223','格桑才吉','女','1960-06','','藏族','党员','1983-07','1960-06','0','','2021-06','0','机关单位','专技十级-中级','那曲市教体局','','','','','','','中专','1983-07','0','0','教师','1983-07','2015-01','0','','','','0','2006','2006','0','','','','','','是'),('6041','3','223','扎西罗布','男','1981-12','比如县','藏族','党员','2000-08','2000-08','0','0','2016-04','0','机关单位','办事员','那曲市教育局','非领导职务','','','','','','中专','2000-08','0','0','','','','0','','','','0','0','0','0','否','','0','2016年4月从比如县商务局（职务正科降职办事员，工资转移证职务为办事员）调至地区教育局，职务为办事员。','',''),('6039','0','223','四朗央宗','女','1983-03','','藏族','党员','2006-07','2006-07','0','0','2014-10','0','机关单位','乡科级正职','地区教体局','非领导职务','','','','','','本科','2006-07','4','0','','','','0','','','','0','0','0','0','否','','0','','',''),('6038','0','223','扎西才多','男','1988-08','西藏昌都','藏族','党员','2006-12','2006-12','0','0','2017-11','0','机关单位','乡科级正职','地区教体局','非领导职务','','','','','','中专','2006-12','0','0','','','','0','','','','0','0','0','0','否','','0','','',''),('6040','49','223','罗布仁青','男','1972-07','','藏族','党员','1994-07','1994-07','0','0','2019-07','0','机关单位','县处级正职','那曲市教育局','领导职务','','','','','','中专','1994-07','0','0','','','','0','','','','0','0','0','0','否','','0','','',''),('6037','0','223','军民','男','1976-07','','藏族','党员','1998-07','1998-07','0','0','2015-09','0','机关单位','乡科级正职','地区教体局','领导职务','','','','','','大专','1998-07','3','0','','','','0','','','','0','0','0','0','否','','0','','',''),('6036','0','223','达瓦玉珍','女','','','藏族','党员','2002-07','2002-07','0','0','2011-08','0','机关单位','乡科级正职','地区教体局','领导职务','','','','','','大专','2002-07','3','0','','','','0','','','','0','2006','2006','0','否','','0','','',''),('6035','0','223','石显卫','男','1980-10','','汉族','党员','2004-07','2004-07','0','0','2017-11','0','机关单位','乡科级正职','地区教体局','领导职务','','','','','','本科','2004-07','4','0','','','','0','','','','0','0','0','0','否','','0','','',''),('6034','0','223','次仁桑珠','男','1982-09','西藏嘉黎','藏族','党员','2005-07','2005-07','0','0','2015-09','0','机关单位','乡科级正职','地区教体局','领导职务','','','','','','中专','2005-07','0','0','','','','0','','','','0','0','0','0','否','','0','','',''),('6030','0','223','边巴卓玛','女','1973-04','西藏拉萨','藏族','党员','1996-07','1996-07','0','0','2013-11','0','机关单位','乡科级正职','地区教体局','非领导职务','','','','','','大专','1996-07','3','0','','','','0','','','','0','0','0','0','否','2017-12','0','','',''),('6031','68','223','次旦旺久','男','1975-02','西藏日喀则','藏族','党员','1998-07','1998-07','0','0','2020-12','0','机关单位','一级主任科员','地区教体局','领导职务','','','','','','大专','1998-07','3','0','教师','2020-03','','0','','','','0','0','0','0','否','','0','','',''),('6032','0','223','琼次仁','男','1979-08','西藏日喀则','藏族','党员','2002-07','2002-07','0','0','2017-11','0','机关单位','乡科级正职','地区教体局','领导职务','','','','','','大专','2002-07','3','0','','','','0','','','','0','0','0','0','否','','0','','',''),('6033','0','223','旦增巴吉','男','1984-01','西藏那曲','藏族','党员','2002-07','2002-07','0','0','2014-10','0','机关单位','乡科级正职','地区教体局','领导职务','','','','','','中专','2002-07','0','0','','','','0','','','','0','0','0','0','否','','0','','',''),('6029','0','223','扎西罗布','男','1978-06','西藏索县','藏族','党员','2000-07','2000-07','0','0','2013-12','0','机关单位','乡科级正职','地区教体局','非领导职务','','','','','','中专','2000-09','0','0','','','','0','','','','0','2006','2006','0','否','','0','','',''),('6602','12','223','嘎玛曲宗','女','1988-10','那曲县','藏族','党员','2009-07','2009-07','0','0','2020-10','0','事业单位','专技十级-中级','地区教体局','','','','','','','大专','2009-07','3','0','教师','2009-07','2018-04','0','','','','0','0','0','0','否','','0','','',''),('6695','0','223','扎西罗布','男','1979-08','','藏族','党员','2000-07','2000-07','0','0','2013-12','0','机关单位','乡科级正职','那曲市教育局','非领导职务','','','','','','中专','2000-07','0','0','','','','0','','','','0','0','0','0','否','','0','','',''),('6077','0','223','阿旺塔青','男','1980-12','','汉族','','1998-10','1998-01','0','0','2020-01','0','机关单位','高级工','地区教体局','','','','','','','高中','','0','0','','','','0','','','','0','0','0','0','否','','0','2007年11月从企业（运输公司）调入机关。','',''),('6074','0','223','才旦多吉','男','1978-02','','藏族','','2004-05','2004-05','0','0','2014-12','0','事业单位','技术工五级-初级工','地区教体局','','','','','','','暂时没有','2004-05','0','0','','','','0','','','','0','0','0','0','否','','0','2007年4月从地区客运中心调至体管中心。','',''),('6075','13','223','大次仁德吉','男','1971-05','','藏族','','1992-12','1992-12','0','0','2014-01','0','事业单位','技术工三级-高级工','地区教体局','','','','','','','暂时没有','','0','0','','','','0','','','','0','0','0','0','否','2019-04','0','','',''),('6027','61','223','朗杰措姆','女','1975-07','西藏山南','藏族','党员','1998-07','1998-07','0','0','2021-06','0','机关单位','四级调研员','地区教体局','领导职务','','','','','','中专','1998-07','0','0','','','','0','','','','0','0','0','0','否','','0','','',''),('6028','0','223','金美','男','1979-11','西藏比如','藏族','党员','2000-07','2000-07','0','0','2018-04','0','事业单位','县处级副职','地区教体局','非领导职务','','','','','','中专','2000-07','0','0','','','','0','','','','0','0','0','0','否','','0','','',''),('6026','0','223','达瓦顿珠','男','1975-08','西藏索县','藏族','党员','1999-07','1999-07','0','0','2015-08','0','机关单位','县处级副职','地区教体局','非领导职务','','','','','','本科','1999-07','4','0','','','','0','','','','0','0','0','0','否','','0','','',''),('6025','65','223','次仁达培','男','1976-03','','汉族','','1998-07','1998-07','0','0','2019-07','0','机关单位','县处级正职','那曲尼玛县政府','领导职务','','','','','','本科','1998-07','4','0','','','','0','','','','0','0','0','0','否','','0','','',''),('6024','0','223','普布顿珠','男','1970-08','西藏比如','藏族','党员','1991-07','1991-07','0','0','2015-03','0','机关单位','县处级正职','地区教体局','领导职务','','','','','','中专','1991-07','0','0','','','','0','','','','0','2006','2006','0','否','','0','','',''),('6073','17','223','拉巴','男','1959-01','','藏族','','1985-11','1985-11','0','0','2014-01','0','机关单位','技师','地区教体局','','','','','','','高中','1985-11','0','0','','','','0','','','','0','0','0','0','否','2018-05','0','','',''),('6072','18','223','陈素琼','女','','','汉族','','1996-12','1996-12','0','0','2008-01','0','机关单位','高级工','地区教体局','','','','','','','高中','1996-12','0','0','','','','0','','','','0','0','0','0','否','2018-05','0','','',''),('6070','0','223','高玉芳','女','1981-11','','汉族','','2006-07','2006-07','0','0','2013-06','0','事业单位','专技十级-中级','地区教体局','','','','','','','大专','2006-07','3','0','教师','2006-07','','0','','','','0','0','0','0','否','','0','','',''),('6071','17','223','大次仁多吉','男','1963-04','','藏族','','1991-12','1991-12','0','0','2011-08','0','事业单位','技术工三级-高级工','地区教体局','','','','','','','初中','1992-12','0','0','','','','0','','','','0','0','0','0','否','2019-04','0','','',''),('6069','0','223','扎西','男','1977-06','西藏山南','藏族','','2002-07','2002-07','0','0','2019-06','0','事业单位','专技七级-副高','那曲市教育局','','','','','','','大专','2002-07','3','0','教师','2002-07','','0','','','','0','0','0','0','否','','0','','',''),('6068','0','223','邓时友','','1978-12','重亲铜梁','汉族','','2002-7','2002-07','0','0','2017-08','0','事业单位','专技七级-副高','地区教体局','','','','','','','大专','2002-07','3','0','教师','2002-07','','0','','','','0','2006','2006','0','否','','0','','',''),('6065','0','223','段宝文','男','1989-12','','汉族','','2010-07','2010-07','0','0','2018-04','0','事业单位','专技十级-中级','地区教育局','','','','','','','大专','2010-07','3','0','教师','2010-07','','0','','','','0','0','0','0','否','','0','','',''),('6066','0','223','多德','男','1979-05','','藏族','','2004-07','2004-07','0','0','2014-12','0','事业单位','专技十级-中级','那曲地区','','','','','','','本科','2004-07','4','0','教师','2004-07','','0','','','','0','2006','2006','0','否','','0','','',''),('6022','66','223','王选忠','男','1963-11','甘肃庆阳','汉族','党员','1980-11','1980-11','0','0','2010-04','0','机关单位','县处级正职','地区教体局','领导职务','','','','','','高中','1980-11','0','0','','','','0','','','','0','0','0','0','否','2019-04','0','','',''),('6023','0','223','吉布','男','1969-07','西藏比如','藏族','党员','1990-07','1990-07','0','0','2011-05','0','机关单位','县处级副职','地区教育局','领导职务','','','','','','中专','1990-07','0','0','','','','0','','','','0','0','0','0','否','','0','','',''),('6067','24','223','贡嘎顿珠','男','1988-04','','藏族','','2009-09','2009-09','0','0','2020-10','0','事业单位','专技十级-中级','地区教体局','','','','','','','大专','2009-07','3','0','教师','2009-07','','0','','','','0','0','0','0','否','','0','','',''),('6063','0','223','次仁班宗','女','1989-05','西藏昌都','藏族','','2012-11','2012-11','0','0','2018-12','0','事业单位','专技十级-中级','地区教育局','','','','','','','本科','2012-11','4','0','教师','2012-11','','0','','','','0','0','0','0','否','','0','','',''),('6062','0','223','西绕次旦','男','1989-09','','藏族','','2010-10','2010-10','0','0','2018-04','0','事业单位','专技十级-中级','地区教育局','','','','','','','大专','2010-10','3','0','教师','2010-10','','0','','','','0','0','0','0','否','','0','','',''),('6061','0','223','巴桑仁增','男','1986-04','','藏族','','2008-11','2008-11','0','0','2015-12','0','事业单位','专技十级-中级','地区教体局','','','','','','','本科','2008-07','4','0','教师','2008-11','','0','','','','0','2008','2008','0','否','','0','','',''),('6060','0','223','武木','男','1970-10','','汉族','党员','1992-07','1992-07','0','0','2017-08','0','事业单位','专技七级-副高','地区教体局','','','','','','','中专','1992-07','0','0','教师','1992-02','','0','','','','0','0','0','0','否','','0','','',''),('6020','0','223','永旦扎巴','男','1962-10','西藏索县','藏族','党员','1978-07','1978-07','0','0','2017-10','0','机关单位','厅局级正职','自治区教育厅','领导职务','','','','','','大专','1978-07','3','0','','','','0','','','','0','0','0','0','否','','0','','',''),('6218','0','223','普布顿珠','男','1970-08','西藏比如','藏族','党员','1991-07','1991-07','0','0','2013-04','0','机关单位','县处级正职','双湖县政府','领导职务','','','','','','中专','1994-07','4','0','','','','0','','','','0','2006','2006','0','否','','0','','',''),('6634','0','223','桑珠','男','1957-03','拉萨曲水','藏族','团员','1994-11','1994-11','0','0','2011-08','0','事业单位','技术工三级-高级工','那曲地区教育局','','','','','','','初中','','0','0','','','','0','','','','0','2006','2006','0','否','','0','','',''),('6684','0','223','苗明','男','1989-06','安徽合肥','汉族','党员','2009-08','2009-08','0','0','2018-02','0','事业单位','专技十级-中级','那曲市教育局','','','','','','','大专','2009-08','3','0','','','','0','','','','0','0','0','0','否','','0','','',''),('6059','0','223','杨庆凤','女','1985-03','','汉族','党员','2007-07','2007-07','0','0','2017-08','0','事业单位','专技十级-中级','地区教体局','','','','','','','大专','2007-07','3','0','教师','2007-07','','0','','','','0','2007','2007','0','否','','0','','',''),('6058','0','223','次仁多吉','男','1973-10','','藏族','党员','1994-07','1994-07','0','0','2017-06','0','事业单位','专技七级-副高','地区教体局','','','','','','','中专','1994-07','0','0','教师','1994-07','','0','','','','0','0','0','0','否','','0','','',''),('6057','0','223','格桑央金','女','1972-07','','藏族','党员','1993-07','1993-07','0','0','2012-12','0','事业单位','专技七级-副高','地区教体局','','','','','','','中专','1993-07','0','0','教师','1993-07','','0','','','','0','0','0','0','否','','0','','',''),('6056','0','223','平措','男','1982-11','','藏族','党员','2007-07','2007-07','0','0','2015-12','0','事业单位','专技十级-中级','地区教体局','','','','','','','本科','2007-07','4','0','教师','2007-07','','0','','','','0','0','0','0','否','','0','','',''),('6055','0','223','伦珠','男','1969-09','新疆','藏族','党员','1993-07','1993-07','0','0','2013-11','0','事业单位','管理七级-正科','地区教体局','','','','','','','中专','1993-07','0','0','教师','1993-07','','0','','','','0','0','0','0','否','','0','','',''),('6053','0','223','达瓦桑珠','男','1980-08','','藏族','党员','2000-07','2000-07','0','0','2017-08','0','事业单位','专技十级-中级','地区教育局','','','','','','','中专','2000-07','0','0','教师','2000-07','','0','','','','0','0','0','0','否','','0','','',''),('6052','0','223','其美加措','男','1982-01','西藏索县','藏族','党员','2002-07','2002-07','0','0','2016-01','0','机关单位','专技七级-副高','地区教体局','','','','','','','大专','2002-07','3','0','教师','2002-07','','0','','','','0','0','0','0','否','','0','','',''),('6051','0','223','加布洛旺','男','1983-12','','藏族','党员','2007-07','2007-07','0','0','2015-12','0','事业单位','专技十级-中级','地区教体局','','','','','','','大专','2007-07','3','0','教师','2007-07','','0','','','','0','0','0','0','否','','0','','',''),('6050','40','223','央金卓玛','女','1982-05','西藏那曲','藏族','党员','2003-07','2003-07','0','0','2020-06','0','事业单位','专技七级-副高','地区教体局','','','','','','','大专','2003-07','3','0','教师','2003-07','','0','','','','0','0','0','0','否','','0','','',''),('6049','0','223','旦增旺扎','男','1988-10','','藏族','党员','2008-08','2008-08','0','0','2018-12','0','事业单位','专技十级-中级','那曲市教育局','','','','','','','大专','2008-08','3','0','教师','2008-08','','0','','','','0','0','0','0','否','','0','','',''),('6048','0','223','边巴','男','1980-07','西藏比如','藏族','党员','2003-07','2003-07','0','0','2017-10','0','事业单位','管理七级-正科','地区教体局','','','','','','','本科','2003-07','4','0','教师','2003-07','','0','','','','0','2006','2006','0','否','','0','','',''),('6047','0','223','尼玛次仁','男','1976-08','西藏那曲','藏族','党员','1998-07','1998-07','0','0','2019-07','0','事业单位','专技七级-副高','那曲地区教育局','','','','','','','大专','1998-07','3','0','教师','1998-07','','0','','','','0','0','0','0','否','','0','','',''),('6682','12','223','伦珠2','男','1969-09','新疆','藏族','党员','1993-07','1993-07','0','0','2019-12','0','事业单位','专技八级','地区教体局','','','','','','','中专','1993-07','0','0','教师','1993-07','','0','','','','0','0','0','0','否','','0','','',''),('6685','0','223','嘎梅','女','1986-04','比如白嘎','藏族','党员','2007-09','2007-09','0','0','2018-06','0','机关单位','专技十级-中级','那曲市教育局','','','','','','','大专','2007-07','3','0','教师','2007-07','','0','','','','0','0','0','0','否','','0','','',''),('6686','7','223','罗布','男','1982-06','比如县','藏族','党员','2002-10','2002-10','0','0','2020-12','0','机关单位','一级主任科员','那曲市教体局','领导职务','','','','','','中专','2002-07','0','0','','','','0','','','','0','0','0','0','否','','0','','',''),('6687','0','223','张毅','男','1984-12','山西吕梁','汉族','党员','2007-07','2007-07','0','0','2014-01','0','事业单位','专技十级-中级','那曲市高级中学','','','','','','','本科','2007-07','4','0','教师','2007-07','2018-01','0','','','','0','2007','2007','0','否','','0','','',''),('6802','0','223','张霆','男','1976-09','贵州毕节','汉族','党员','2000-07','2000-07','0','0','2017-12','0','事业单位','专技七级-副高','那曲市委党校','','','','','','','本科','2000-06','4','0','教师','2000-07','','0','','','','0','0','0','0','否','','0','','',''),('6046','0','223','索朗多吉','男','1969-06','西藏','藏族','','1989-07','1989-07','0','0','2010-08','0','事业单位','专技七级-副高','地区教体局','','','','','','','大专','1989-07','3','0','教师','1989-07','','0','','','','0','2006','2006','0','否','','0','','',''),('6045','0','223','尼吉','男','1979-12','西藏索县','藏族','党员','2004-07','2004-07','0','0','2018-07','0','事业单位','专技七级-副高','拉萨教师培训中心','','','','','','','本科','2004-07','4','0','教师','2004-07','','0','','','','0','0','0','0','否','','0','','',''),('7566','1','223','多吉玉珍','女','1992-05','西藏那曲嘉黎县','藏族','党员','2015-12','2015-12','0','0','2020-12','0','机关单位','科员','那曲市教体局','非领导职务','','','','','','本科','2014-07','4','4','','','','0','','','','0','0','0','0','否','','0','','',''),('6054','0','223','周刚','男','1979-09','重庆铜梁','汉族','党员','2001-07','2001-07','0','0','2017-06','0','机关单位','县处级副职','地区教体局','领导职务','','','','','','大专','2001-07','3','0','教师','2001-07','2017-06','0','','','','0','0','0','0','否','','0','','','');|INSERT INTO `tx_jobinfo` (`id`, `personid`, `sort`, `oldposttime`, `oldpostkind`, `oldpostname`, `oldarea`, `oldunitkind`, `oldunitname`, `oldisleader`, `height`)  VALUES ('51248','6686','0','2015-09','公务员','乡科级正职','三类区','机关单位','比如县香曲乡','领导职务','0'),('54605','7640','','2021-06','事业单位专业技术人员','专技十级-中级','四类区','机关单位','那曲市教体局','','0'),('54606','7640','','2010-09','事业单位专业技术人员','专技七级-副高','四类区','机关单位','那曲市教体局','','0'),('38494','6929','0','2007-11','公务员','乡科级副职','三类区','机关单位','比如县白嘎乡','领导职务','0'),('38496','6929','0','2015-09','公务员','县处级副职','三类区','机关单位','比如县政协','领导职务','0'),('50932','6602','0','2009-07','事业单位专业技术人员','专技十三级-员级','四类区','事业单位','那曲县完小','','0'),('44816','6063','0','2012-11','事业单位专业技术人员','专技十二级-助理','四类区','事业单位','地区教体局','','0'),('50854','6031','0','1998-07','公务员','科员','四类区','机关单位','地区教体局','非领导职务','0'),('44909','6047','0','2019-07','事业单位专业技术人员','专技七级-副高','四类区','事业单位','那曲地区教育局','','0'),('44915','6069','0','2019-06','事业单位专业技术人员','专技七级-副高','四类区','事业单位','那曲市教育局','','0'),('44898','6049','0','2018-12','事业单位专业技术人员','专技十级-中级','四类区','事业单位','那曲市教育局','','0'),('43227','6685','0','2007-09','事业单位专业技术人员','专技十三级-员级','三类区','事业单位','比如县羊秀乡中心小学','','0'),('51244','6686','0','2005-09','公务员','乡科级副职','三类区','机关单位','比如县组织部','领导职务','0'),('43228','6685','0','2012-03','事业单位专业技术人员','专技十二级-助理','三类区','事业单位','比如县夏曲镇中心小学','','0'),('36033','6687','0','2009-05','事业单位专业技术人员','专技十二级-助理','四类区','事业单位','那曲市高级中学','','0'),('36032','6687','0','2007-07','事业单位专业技术人员','专技十三级-员级','四类区','事业单位','那曲市高级中学','','0'),('51243','6686','0','2002-10','公务员','办事员','三类区','机关单位','比如县组织部','非领导职务','0'),('43753','6695','0','2000-07','公务员','办事员','三类区','事业单位','比如县扶贫办','非领导职务','0'),('37119','6802','0','2007-02','事业单位专业技术人员','专技十一级','二类区','事业单位','山南市第二高级中学','','0'),('37120','6802','0','2016-12','事业单位专业技术人员','专技七级-副高','二类区','机关单位','山南市实验学校','','0'),('43754','6695','0','2002-08','公务员','乡科级副职','三类区','机关单位','比如县香曲乡','领导职务','0'),('37121','6802','0','2017-12','事业单位专业技术人员','专技七级-副高','四类区','事业单位','那曲市委党校','','0'),('36446','6045','0','2018-07','事业单位专业技术人员','专技七级-副高','二类区','事业单位','拉萨教师培训中心','','0'),('46218','6077','0','2009-08','机关工人','中级工','四类区','机关单位','地区教体局','','0'),('29581','6070','0','2006-07','事业单位专业技术人员','专技十三级-员级','四类区','事业单位','聂荣县完小','','0'),('44235','6041','0','2000-08','事业单位专业技术人员','专技十三级-员级','三类区','事业单位','比如县中学','','0'),('37117','6802','0','2000-07','事业单位专业技术人员','专技十三级-员级','二类区','事业单位','山南市洛扎县中学','','0'),('42166','6025','0','2005-05','事业单位专业技术人员','专技十级-中级','四类区','事业单位','地区中学','','0'),('42147','6040','0','2005-07','公务员','乡科级正职','三类区','机关单位','索县教体局','非领导职务','0'),('42145','6040','0','1994-07','事业单位专业技术人员','专技十三级-员级','三类区','事业单位','索县','','0'),('44817','6063','0','2018-12','事业单位专业技术人员','专技十级-中级','四类区','事业单位','地区教育局','','0'),('42146','6040','0','1997-01','事业单位管理人员','管理八级-副科','三类区','事业单位','索县','','0'),('54602','7640','','1983-07','事业单位专业技术人员','专技十三级-员级','四类区','事业单位','教体局','','0'),('46203','6071','0','1991-12','事业单位工人','技术工五级-初级工','四类区','事业单位','那曲地区教体局','','0'),('41747','6072','0','2005-12','机关工人','中级工','四类区','机关单位','地区教体局','','0'),('42842','7176','0','1997-05','公务员','乡科级正职','四类区','机关单位','那曲地区纪检委','领导职务','0'),('42843','7176','0','2000-04','公务员','县处级副职','四类区','机关单位','那曲地区纪检委','领导职务','0'),('42844','7176','0','2013-04','公务员','县处级正职','四类区','机关单位','那曲地区纪检委','非领导职务','0'),('29582','6070','0','2010-07','事业单位专业技术人员','专技十二级-助理','四类区','事业单位','聂荣县完小','','0'),('51249','6686','0','2017-01','公务员','乡科级正职','三类区','机关单位','比如县统战部','领导职务','0'),('51247','6686','0','2014-02','公务员','乡科级正职','三类区','机关单位','比如县白嘎乡','领导职务','0'),('44878','6043','0','2016-12','事业单位专业技术人员','专技十二级-助理','四类区','事业单位','那曲地区教育局','','0'),('33969','6042','0','2003-07','公务员','乡科级副职','四类区','机关单位','嘉黎县','领导职务','0'),('37118','6802','0','2002-01','事业单位专业技术人员','专技十二级-助理','二类区','事业单位','山南市洛扎县中学','','0'),('51245','6686','0','2010-04','公务员','乡科级正职','三类区','机关单位','比如县政府办','非领导职务','0'),('51246','6686','0','2011-04','公务员','乡科级正职','三类区','机关单位','比如县团委书记','领导职务','0'),('43229','6685','0','2016-07','事业单位专业技术人员','专技十二级-助理','四类区','事业单位','那曲市一小','','0'),('32055','6038','0','2017-11','公务员','乡科级正职','四类区','机关单位','地区教体局','非领导职务','0'),('51008','6682','0','1997-11','事业单位专业技术人员','专技十三级-员级','四类区','事业单位','地中','','0'),('44796','6684','0','2013-01','事业单位专业技术人员','专技十二级-助理','四类区','事业单位','巴青县本塔乡小学','','0'),('51007','6682','0','1993-07','事业单位专业技术人员','专技十三级-员级','三类区','事业单位','索县','','0'),('30629','6218','0','2013-04','公务员','县处级正职','四类区','机关单位','双湖县政府','领导职务','0'),('54615','6027','','2021-06','综合管理公务员','四级调研员','四类区','机关单位','地区教体局','领导职务','0'),('54603','7640','','1993-11','事业单位专业技术人员','专技十二级-助理','四类区','事业单位','那曲市教体局','','0'),('44795','6684','0','2009-08','事业单位专业技术人员','专技十三级-员级','四类区','事业单位','巴青县本塔乡小学','','0'),('51009','6682','0','1998-08','事业单位专业技术人员','专技十二级-助理','四类区','事业单位','地中','','0'),('43755','6695','0','2005-07','公务员','乡科级副职','三类区','机关单位','比如县编译室','领导职务','0'),('33968','6042','0','1995-07','公务员','科员','四类区','机关单位','嘉黎县','非领导职务','0'),('44797','6684','0','2015-02','事业单位专业技术人员','专技十二级-助理','三类区','事业单位','巴青县教育局','','0'),('44895','6049','0','2008-08','事业单位专业技术人员','专技十三级-员级','四类区','事业单位','罗马镇中心小学','','0'),('43737','6035','0','2004-07','公务员','科员','四类区','机关单位','地区教体局','非领导职务','0'),('30628','6218','0','2007-09','公务员','县处级副职','四类区','机关单位','双湖县政府','领导职务','0'),('44236','6041','0','2005-07','公务员','乡科级副职','三类区','机关单位','比如县教育局','领导职务','0'),('29565','6068','0','2017-08','事业单位专业技术人员','专技七级-副高','四类区','事业单位','地区教体局','','0'),('30627','6218','0','2004-03','公务员','乡科级正职','四类区','机关单位','那曲地区团委','领导职务','0'),('54613','6027','','2013-11','公务员','乡科级正职','四类区','机关单位','地区教体局','领导职务','0'),('43721','6034','0','2005-07','事业单位专业技术人员','专技十三级-员级','四类区','机关单位','嘉黎县','','0'),('30626','6218','0','2001-03','公务员','乡科级副职','四类区','机关单位','尼玛县中仓乡','领导职务','0'),('44237','6041','0','2008-03','公务员','乡科级正职','三类区','机关单位','比如县教育局','领导职务','0'),('54614','6027','','2020-12','综合管理公务员','一级主任科员','四类区','机关单位','地区教体局','领导职务','0'),('29246','6026','0','2011-08','公务员','乡科级正职','四类区','机关单位','地区教体局','领导职务','0'),('29245','6026','0','2009-07','事业单位专业技术人员','专技十级-中级','二类区','事业单位','拉萨那曲高级中学','','0'),('42869','6028','0','2000-07','公务员','办事员','三类区','机关单位','比如县','非领导职务','0'),('44798','6684','0','2017-07','事业单位专业技术人员','专技十级-中级','三类区','事业单位','巴青县教育局','','0'),('29945','6020','0','1995-05','公务员','县处级副职','四类区','机关单位','聂荣县政府','领导职务','0'),('36034','6687','0','2014-01','事业单位专业技术人员','专技十级-中级','四类区','事业单位','那曲市高级中学','','0'),('29947','6020','0','2002-01','公务员','县处级正职','四类区','机关单位','那曲地区教体局','领导职务','0'),('29244','6026','0','2000-07','事业单位专业技术人员','专技十二级-助理','二类区','事业单位','拉萨那曲高级中学','','0'),('42168','6025','0','2011-09','事业单位专业技术人员','专技七级-副高','四类区','事业单位','地区中学','','0'),('43623','6022','0','2010-04','公务员','县处级正职','四类区','机关单位','地区教体局','领导职务','0'),('29946','6020','0','1997-09','公务员','县处级正职','三类区','机关单位','比如县政府','领导职务','0'),('54612','6027','','2011-08','公务员','乡科级正职','四类区','机关单位','地区教体局','非领导职务','0'),('42871','6028','0','2008-11','公务员','乡科级副职','四类区','机关单位','地区教体局','领导职务','0'),('29247','6026','0','2015-08','公务员','县处级副职','四类区','机关单位','地区教体局','非领导职务','0'),('42870','6028','0','2003-09','公务员','科员','四类区','机关单位','地区教体局','非领导职务','0'),('50856','6031','0','2014-10','公务员','乡科级正职','四类区','机关单位','地区教体局','领导职务','0'),('50855','6031','0','2011-08','公务员','乡科级副职','四类区','机关单位','地区教体局','领导职务','0'),('32048','6032','0','2011-08','公务员','乡科级副职','四类区','机关单位','地区教体局','领导职务','0'),('29257','6029','0','2000-09','公务员','办事员','三类区','机关单位','比如县扶贫办','非领导职务','0'),('50857','6031','0','2020-12','综合管理公务员','一级主任科员','四类区','机关单位','地区教体局','领导职务','0'),('32054','6038','0','2013-11','公务员','乡科级副职','四类区','机关单位','地区教体局','领导职务','0'),('33974','6030','0','1996-07','公务员','科员','四类区','机关单位','地区教体局','非领导职务','0'),('43725','6034','0','2015-09','公务员','乡科级正职','四类区','机关单位','地区教体局','领导职务','0'),('43739','6035','0','2013-11','公务员','乡科级正职','四类区','机关单位','地区教体局','领导职务','0'),('33970','6042','0','2006-07','公务员','乡科级正职','四类区','机关单位','嘉黎县','非领导职务','0'),('33975','6030','0','2008-10','公务员','乡科级副职','四类区','机关单位','地区教体局','非领导职务','0'),('33976','6030','0','2013-11','公务员','乡科级正职','四类区','机关单位','地区教体局','非领导职务','0'),('33972','6042','0','2015-01','公务员','乡科级正职','四类区','机关单位','地区教体局','领导职务','0'),('33971','6042','0','2010-10','公务员','乡科级正职','四类区','机关单位','嘉黎县','领导职务','0'),('32047','6032','0','2002-07','公务员','科员','四类区','机关单位','地区教体局','非领导职务','0'),('44879','6043','0','2017-08','事业单位专业技术人员','专技十级-中级','四类区','事业单位','那曲地区教育局','','0'),('29258','6029','0','2002-08','公务员','乡科级副职','三类区','机关单位','比如县香曲乡','领导职务','0'),('36006','6033','0','2008-10','公务员','乡科级副职','四类区','机关单位','地区教体局','非领导职务','0'),('29259','6029','0','2010-05','公务员','乡科级正职','三类区','机关单位','比如县达塘乡','领导职务','0'),('36005','6033','0','2003-07','公务员','科员','二类区','机关单位','林芝工布江达县','非领导职务','0'),('38497','6929','0','2019-04','公务员','县处级副职','四类区','机关单位','那曲地区教育局','领导职务','0'),('29260','6029','0','2013-12','公务员','乡科级正职','四类区','机关单位','地区教体局','非领导职务','0'),('29948','6020','0','2010-01','公务员','厅局级副职','四类区','机关单位','那曲地区教体局','领导职务','0'),('29949','6020','0','2016-11','公务员','厅局级副职','二类区','机关单位','自治区教育厅','领导职务','0'),('36008','6033','0','2013-11','公务员','乡科级正职','四类区','机关单位','地区教体局','非领导职务','0'),('36004','6033','0','2002-07','公务员','办事员','二类区','机关单位','林芝工布江达县','非领导职务','0'),('29950','6020','0','2017-10','公务员','厅局级正职','二类区','机关单位','自治区教育厅','领导职务','0'),('32049','6032','0','2014-10','公务员','乡科级正职','四类区','机关单位','地区教体局','非领导职务','0'),('32050','6032','0','2017-11','公务员','乡科级正职','四类区','机关单位','地区教体局','领导职务','0'),('29918','6053','0','2017-08','事业单位专业技术人员','专技十级-中级','四类区','事业单位','地区教育局','','0'),('44877','6043','0','2009-05','事业单位管理人员','管理九级-科员','四类区','事业单位','那曲地区教育局','','0'),('36007','6033','0','2008-11','公务员','乡科级副职','四类区','机关单位','地区教体局','领导职务','0'),('44876','6043','0','2006-07','事业单位专业技术人员','专技十三级-员级','四类区','事业单位','那曲地区教育局','','0'),('36009','6033','0','2014-10','公务员','乡科级正职','四类区','机关单位','地区教体局','领导职务','0'),('43723','6034','0','2012-12','公务员','乡科级正职','三类区','机关单位','嘉黎县忠玉乡','领导职务','0'),('43722','6034','0','2009-10','公务员','乡科级副职','四类区','机关单位','嘉黎县林提乡人民政府','领导职务','0'),('43724','6034','0','2014-05','公务员','乡科级正职','四类区','机关单位','地区教体局','非领导职务','0'),('29375','6044','0','1999-07','事业单位专业技术人员','专技十三级-员级','四类区','事业单位','地区教体局','','0'),('29376','6044','0','2004-01','事业单位专业技术人员','专技十二级-助理','四类区','事业单位','地区教体局','','0'),('29377','6044','0','2007-08','事业单位专业技术人员','专技十级-中级','四类区','事业单位','地区教体局','','0'),('36443','6045','0','2005-07','事业单位专业技术人员','专技十二级-助理','四类区','事业单位','地区教体局','','0'),('29390','6046','0','2000-11','事业单位专业技术人员','专技十级-中级','四类区','事业单位','地区教体局','','0'),('36444','6045','0','2012-05','事业单位专业技术人员','专技十级-中级','四类区','事业单位','地区教体局','','0'),('44907','6047','0','2004-12','事业单位专业技术人员','专技十二级-助理','四类区','事业单位','地区教体局','','0'),('44908','6047','0','2012-04','事业单位专业技术人员','专技十级-中级','四类区','事业单位','地区教体局','','0'),('29400','6048','0','2010-07','事业单位专业技术人员','专技十级-中级','四类区','事业单位','地区教体局','','0'),('29392','6046','0','1995-07','事业单位专业技术人员','专技十二级-助理','四类区','事业单位','地区教体局','','0'),('29391','6046','0','2010-08','事业单位专业技术人员','专技七级-副高','四类区','事业单位','地区教体局','','0'),('29399','6048','0','2004-07','事业单位专业技术人员','专技十二级-助理','四类区','事业单位','地区教体局','','0'),('44906','6047','0','1998-07','事业单位专业技术人员','专技十三级-员级','四类区','事业单位','地区教体局','','0'),('29401','6048','0','2011-08','事业单位管理人员','管理八级-副科','四类区','事业单位','地区教体局','','0'),('29402','6048','0','2017-10','事业单位管理人员','管理七级-正科','四类区','事业单位','地区教体局','','0'),('44896','6049','0','2012-01','事业单位专业技术人员','专技十二级-助理','四类区','事业单位','香茂乡','','0'),('50939','6050','0','2003-07','事业单位专业技术人员','专技十三级-员级','四类区','事业单位','地区教体局','','0'),('44897','6049','0','2017-11','事业单位管理人员','管理八级-副科','四类区','事业单位','那曲地区教育局','','0'),('50941','6050','0','2011-11','事业单位专业技术人员','专技十级-中级','四类区','事业单位','地区教体局','','0'),('50940','6050','0','2010-04','事业单位专业技术人员','专技十二级-助理','四类区','事业单位','地区教体局','','0'),('44887','6051','0','2013-12','事业单位专业技术人员','专技十二级-助理','四类区','事业单位','地区教体局','','0'),('44886','6051','0','2010-01','事业单位专业技术人员','专技十三级-员级','四类区','事业单位','地区教体局','','0'),('44885','6051','0','2007-07','事业单位专业技术人员','专技十三级-员级','三类区','事业单位','亚拉镇初小','','0'),('44888','6051','0','2015-12','事业单位专业技术人员','专技十级-中级','四类区','事业单位','地区教体局','','0'),('29920','6052','0','2007-05','事业单位专业技术人员','专技十二级-助理','三类区','事业单位','索县教体局','','0'),('29919','6052','0','2002-07','事业单位专业技术人员','专技十三级-员级','三类区','事业单位','索县完小','','0'),('29921','6052','0','2009-08','事业单位专业技术人员','专技十级-中级','三类区','事业单位','索县教体局','','0'),('29915','6053','0','2000-07','事业单位专业技术人员','专技十三级-员级','四类区','事业单位','安多县教体局','','0'),('29922','6052','0','2013-02','事业单位专业技术人员','专技十级-中级','四类区','事业单位','地区教体局','','0'),('29916','6053','0','2005-12','事业单位专业技术人员','专技十二级-助理','四类区','事业单位','安多县教体局','','0'),('29923','6052','0','2016-01','事业单位专业技术人员','专技七级-副高','四类区','机关单位','地区教体局','','0'),('29917','6053','0','2013-05','事业单位管理人员','管理八级-副科','四类区','事业单位','地区教体局','','0'),('35949','6055','0','1998-07','事业单位专业技术人员','专技十二级-助理','四类区','事业单位','地区教体局','','0'),('29488','6054','0','2017-06','公务员','县处级副职','四类区','机关单位','地区教体局','领导职务','0'),('29485','6054','0','2001-07','事业单位专业技术人员','专技十三级-员级','三类区','事业单位','索县中学','','0'),('29487','6054','0','2011-09','事业单位管理人员','管理七级-正科','四类区','事业单位','地区教体局','','0'),('35951','6055','0','2011-09','事业单位管理人员','管理八级-副科','四类区','事业单位','地区教体局','','0'),('35950','6055','0','2009-04','事业单位管理人员','管理九级-科员','四类区','事业单位','地区教体局','','0'),('35948','6055','0','1993-07','事业单位专业技术人员','专技十三级-员级','三类区','事业单位','索县完小','','0'),('29486','6054','0','2006-10','事业单位管理人员','管理八级-副科','四类区','事业单位','地区教体局','','0'),('44395','6056','0','2011-01','事业单位专业技术人员','专技十二级-助理','四类区','事业单位','地区教体局','','0'),('44394','6056','0','2007-07','事业单位专业技术人员','专技十二级-助理','三类区','事业单位','索县中学','','0'),('35952','6055','0','2013-11','事业单位管理人员','管理七级-正科','四类区','事业单位','地区教体局','','0'),('44880','6057','0','1993-07','事业单位专业技术人员','专技十三级-员级','四类区','事业单位','申扎县','','0'),('44396','6056','0','2015-12','事业单位专业技术人员','专技十级-中级','四类区','事业单位','地区教体局','','0'),('44881','6057','0','1998-07','事业单位专业技术人员','专技十二级-助理','四类区','事业单位','申扎县','','0'),('44882','6057','0','2006-09','事业单位专业技术人员','专技十级-中级','四类区','事业单位','地区教体局','','0'),('29521','6058','0','1998-07','事业单位专业技术人员','专技十二级-助理','四类区','事业单位','地区教体局','','0'),('44883','6057','0','2012-12','事业单位专业技术人员','专技七级-副高','四类区','事业单位','地区教体局','','0'),('29520','6058','0','1994-07','事业单位专业技术人员','专技十三级-员级','四类区','事业单位','地区教体局','','0'),('29522','6058','0','2009-10','事业单位专业技术人员','专技十级-中级','四类区','事业单位','地区教体局','','0'),('29524','6059','0','2007-07','事业单位专业技术人员','专技十三级-员级','四类区','事业单位','地区教体局','','0'),('29523','6058','0','2017-06','事业单位专业技术人员','专技七级-副高','四类区','事业单位','地区教体局','','0'),('29526','6059','0','2017-08','事业单位专业技术人员','专技十级-中级','四类区','事业单位','地区教体局','','0'),('29525','6059','0','2011-05','事业单位专业技术人员','专技十二级-助理','四类区','事业单位','地区教体局','','0'),('29533','6060','0','2003-06','事业单位管理人员','管理七级-正科','四类区','事业单位','申扎县','','0'),('29531','6060','0','1992-07','事业单位专业技术人员','专技十三级-员级','四类区','事业单位','地区二中','','0'),('29532','6060','0','1998-08','事业单位专业技术人员','专技十二级-助理','四类区','事业单位','地区二中','','0'),('29534','6060','0','2017-08','事业单位专业技术人员','专技七级-副高','四类区','事业单位','地区教体局','','0'),('33931','6062','0','2013-12','事业单位专业技术人员','专技十二级-助理','三类区','事业单位','索县荣布镇完小','','0'),('33930','6062','0','2010-10','事业单位专业技术人员','专技十三级-员级','三类区','事业单位','索县荣布镇完小','','0'),('29536','6061','0','2015-12','事业单位专业技术人员','专技十级-中级','四类区','事业单位','地区教体局','','0'),('33932','6062','0','2016-12','事业单位专业技术人员','专技十二级-助理','四类区','事业单位','地区教体局','','0'),('29535','6061','0','2008-11','事业单位专业技术人员','专技十二级-助理','四类区','事业单位','那曲县中学','','0'),('33936','6065','0','2017-01','事业单位专业技术人员','专技十二级-助理','四类区','事业单位','地区教体局','','0'),('33935','6065','0','2013-12','事业单位专业技术人员','专技十二级-助理','三类区','事业单位','巴青县雅安完小','','0'),('29556','6066','0','2005-07','事业单位专业技术人员','专技十二级-助理','三类区','事业单位','比如县','','0'),('29557','6066','0','2012-09','事业单位专业技术人员','专技十二级-助理','四类区','事业单位','那曲地区','','0'),('50936','6067','0','2009-07','事业单位专业技术人员','专技十三级-员级','四类区','事业单位','地区教体局','','0'),('29558','6066','0','2014-12','事业单位专业技术人员','专技十级-中级','四类区','事业单位','那曲地区','','0'),('29561','6068','0','2002-07','事业单位专业技术人员','专技十三级-员级','三类区','事业单位','比如县','','0'),('29562','6068','0','2003-10','事业单位专业技术人员','专技十三级-员级','四类区','事业单位','地区教体局','','0'),('29563','6068','0','2007-05','事业单位专业技术人员','专技十二级-助理','四类区','事业单位','地区教体局','','0'),('50937','6067','0','2012-12','事业单位专业技术人员','专技十二级-助理','四类区','事业单位','地区教体局','','0'),('51063','7525','0','2001-04','公务员','科员','四类区','机关单位','那曲嘉黎县计委','非领导职务','0'),('51064','7525','0','2002-09','公务员','乡科级副职','三类区','机关单位','那曲嘉黎县忠玉乡','领导职务','0'),('46204','6071','0','2011-08','事业单位工人','技术工三级-高级工','四类区','事业单位','地区教体局','','0'),('51065','7525','0','2005-06','公务员','乡科级副职','四类区','机关单位','那曲嘉黎县阿扎镇','领导职务','0'),('51066','7525','0','2008-09','公务员','乡科级正职','四类区','机关单位','那曲嘉黎县藏比乡','领导职务','0'),('51069','7525','0','2016-09','公务员','县处级正职','四类区','机关单位','那曲尼玛县人大','领导职务','0'),('51067','7525','0','2012-12','公务员','乡科级正职','四类区','机关单位','那曲嘉黎县组织部','领导职务','0'),('51068','7525','0','2013-04','公务员','县处级副职','四类区','机关单位','那曲嘉黎县人民政府','领导职务','0'),('46217','6077','0','2007-11','机关工人','初级工','四类区','机关单位','地区教体局','','0'),('44912','6069','0','2002-07','事业单位专业技术人员','专技十三级-员级','四类区','事业单位','班戈县','','0'),('44913','6069','0','2008-05','事业单位专业技术人员','专技十二级-助理','四类区','事业单位','班戈县','','0'),('29564','6068','0','2011-11','事业单位专业技术人员','专技十级-中级','四类区','事业单位','地区教体局','','0'),('41746','6072','0','2002-01','机关工人','初级工','四类区','机关单位','地区教体局','','0'),('44914','6069','0','2011-11','事业单位专业技术人员','专技十级-中级','四类区','事业单位','班戈县','','0'),('29583','6070','0','2013-06','事业单位专业技术人员','专技十级-中级','四类区','事业单位','地区教体局','','0'),('29314','6037','0','2008-11','公务员','乡科级副职','四类区','机关单位','地区教体局','非领导职务','0'),('44799','6684','0','2018-02','事业单位专业技术人员','专技十级-中级','四类区','事业单位','那曲市教育局','','0'),('41750','6073','0','2014-01','机关工人','技师','四类区','机关单位','地区教体局','','0'),('41748','6072','0','2008-01','机关工人','高级工','四类区','机关单位','地区教体局','','0'),('29313','6037','0','1998-07','公务员','科员','四类区','机关单位','地区教体局','非领导职务','0'),('41749','6073','0','2004-01','机关工人','高级工','四类区','机关单位','地区教体局','','0'),('45172','6074','0','2014-12','事业单位工人','技术工五级-初级工','四类区','事业单位','地区教体局','','0'),('46224','6075','0','2001-01','事业单位工人','技术工四级-中级工','四类区','事业单位','地区教体局','','0'),('45171','6074','0','2006-07','事业单位工人','普通-普通工','四类区','事业单位','地区文化局','','0'),('29636','6076','0','2014-05','事业单位工人','技术工四级-中级工','四类区','事业单位','地区教体局','','0'),('46219','6077','0','2020-01','机关工人','高级工','四类区','机关单位','地区教体局','','0'),('43231','6685','0','2018-06','事业单位专业技术人员','专技十级-中级','四类区','机关单位','那曲市教育局','','0'),('34756','6634','0','1994-11','事业单位工人','普通-普通工','四类区','事业单位','那曲地区教育局','','0'),('46225','6075','0','2014-01','事业单位工人','技术工三级-高级工','四类区','事业单位','地区教体局','','0'),('29635','6076','0','1994-12','事业单位工人','普通-普通工','四类区','事业单位','地区教体局','','0'),('50933','6602','0','2012-12','事业单位专业技术人员','专技十二级-助理','四类区','事业单位','那曲县完小','','0'),('50934','6602','0','2018-04','事业单位专业技术人员','专技十二级-助理','四类区','事业单位','那曲地区教育局','','0'),('36445','6045','0','2018-04','事业单位专业技术人员','专技十级-中级','二类区','事业单位','拉萨教师培训中心','','0'),('34757','6634','0','2011-08','事业单位工人','技术工三级-高级工','四类区','事业单位','那曲地区教育局','','0'),('33937','6065','0','2018-04','事业单位专业技术人员','专技十级-中级','四类区','事业单位','地区教育局','','0'),('51070','7525','0','2019-06','公务员','县处级正职','四类区','机关单位','那曲市教育局','领导职务','0'),('33933','6062','0','2018-04','事业单位专业技术人员','专技十级-中级','四类区','事业单位','地区教育局','','0'),('43230','6685','0','2018-05','事业单位专业技术人员','专技十级-中级','四类区','事业单位','那曲市一小','','0'),('33973','6042','0','2017-12','公务员','县处级副职','四类区','机关单位','地区教育局','非领导职务','0'),('42872','6028','0','2013-11','公务员','乡科级正职','四类区','机关单位','地区教体局','领导职务','0'),('29226','6024','0','2013-05','公务员','县处级正职','四类区','机关单位','尼玛县','领导职务','0'),('29315','6037','0','2013-11','公务员','乡科级正职','四类区','机关单位','地区教体局','非领导职务','0'),('51011','6682','0','2019-12','事业单位专业技术人员','专技八级','四类区','事业单位','地区教体局','','0'),('32051','6038','0','2006-12','机关工人','普通工','二类区','机关单位','山南边防支队','','0'),('50935','6602','0','2020-10','事业单位专业技术人员','专技十级-中级','四类区','事业单位','地区教体局','','0'),('29316','6037','0','2015-09','公务员','乡科级正职','四类区','机关单位','地区教体局','领导职务','0'),('32053','6038','0','2012-09','公务员','科员','四类区','机关单位','地区教体局','非领导职务','0'),('29219','6023','0','1995-08','公务员','乡科级副职','四类区','机关单位','申扎县','领导职务','0'),('32052','6038','0','2011-12','公务员','科员','三类区','机关单位','索县公安局','非领导职务','0'),('54611','6027','','2004-05','公务员','乡科级副职','四类区','机关单位','嘉黎县组织部','非领导职务','0'),('43621','6022','0','2001-05','公务员','乡科级正职','四类区','机关单位','尼玛县委','领导职务','0'),('51250','6686','0','2018-01','公务员','乡科级正职','四类区','机关单位','那曲市教育局','领导职务','0'),('43622','6022','0','2004-08','公务员','县处级副职','四类区','机关单位','地委行署','领导职务','0'),('50942','6050','0','2020-06','事业单位专业技术人员','专技七级-副高','四类区','事业单位','地区教体局','','0'),('43756','6695','0','2006-08','公务员','乡科级副职','三类区','机关单位','比如县财政局','领导职务','0'),('29220','6023','0','2002-04','公务员','乡科级正职','四类区','机关单位','申扎县教育局','领导职务','0'),('29221','6023','0','2011-05','公务员','县处级副职','四类区','机关单位','地区教育局','领导职务','0'),('29223','6024','0','2001-03','公务员','乡科级副职','四类区','机关单位','尼玛县','领导职务','0'),('29227','6024','0','2015-03','公务员','县处级正职','四类区','机关单位','地区教体局','领导职务','0'),('29222','6024','0','1991-07','事业单位专业技术人员','专技十三级-员级','四类区','事业单位','尼玛县','','0'),('29224','6024','0','2004-07','公务员','乡科级正职','四类区','机关单位','地区团委','领导职务','0'),('50938','6067','0','2020-10','事业单位专业技术人员','专技十级-中级','四类区','事业单位','地区教体局','','0'),('51251','6686','0','2020-12','综合管理公务员','一级主任科员','四类区','机关单位','那曲市教体局','领导职务','0'),('51341','7566','0','2020-12','公务员','科员','四类区','机关单位','那曲市教体局','非领导职务','0'),('42170','6025','0','2019-07','公务员','县处级正职','四类区','机关单位','那曲尼玛县政府','领导职务','0'),('42169','6025','0','2014-01','公务员','县处级副职','四类区','机关单位','地区教体局','领导职务','0'),('29302','6036','0','2002-07','公务员','科员','四类区','机关单位','地区教体局','非领导职务','0'),('51340','7566','0','2015-12','公务员','科员','三类区','机关单位','那曲索县扶贫办','非领导职务','0'),('51071','7525','0','2019-12','综合管理公务员','一级调研员','四类区','机关单位','地区教体局','领导职务','0'),('29225','6024','0','2007-09','公务员','县处级副职','四类区','机关单位','尼玛县','领导职务','0'),('51010','6682','0','2014-01','事业单位专业技术人员','专技十级-中级','四类区','事业单位','地中','','0'),('42167','6025','0','2007-11','事业单位管理人员','管理七级-正科','四类区','事业单位','地区中学','','0'),('43740','6035','0','2017-11','公务员','乡科级正职','四类区','机关单位','地区教体局','领导职务','0'),('29303','6036','0','2006-09','公务员','乡科级副职','四类区','机关单位','地区教体局','领导职务','0'),('43738','6035','0','2011-08','公务员','乡科级副职','四类区','机关单位','地区教体局','领导职务','0'),('29332','6039','0','2006-07','公务员','科员','四类区','机关单位','地区教体局','非领导职务','0'),('29304','6036','0','2011-08','公务员','乡科级正职','四类区','机关单位','地区教体局','领导职务','0'),('29333','6039','0','2011-08','公务员','乡科级副职','四类区','机关单位','地区教体局','非领导职务','0'),('29334','6039','0','2014-10','公务员','乡科级正职','四类区','机关单位','地区教体局','非领导职务','0'),('44238','6041','0','2015-06','公务员','办事员','三类区','机关单位','比如县教育局','非领导职务','0'),('42148','6040','0','2009-07','公务员','乡科级正职','三类区','机关单位','索县教育局','领导职务','0'),('44239','6041','0','2016-04','公务员','办事员','四类区','机关单位','那曲市教育局','非领导职务','0'),('42149','6040','0','2013-04','公务员','县处级副职','四类区','机关单位','聂荣县政府','领导职务','0'),('54604','7640','','2003-10','事业单位专业技术人员','专技十级-中级','四类区','事业单位','教体局','','0'),('38493','6929','0','2002-09','事业单位专业技术人员','专技十三级-员级','三类区','事业单位','比如县香曲乡','','0'),('33934','6065','0','2010-07','事业单位专业技术人员','专技十三级-员级','三类区','事业单位','巴青县雅安完小','','0'),('42873','6028','0','2018-04','公务员','县处级副职','四类区','事业单位','地区教体局','非领导职务','0'),('51062','7525','0','1998-07','公务员','科员','三类区','机关单位','那曲嘉黎县忠玉乡','非领导职务','0'),('43757','6695','0','2010-05','公务员','乡科级正职','三类区','机关单位','比如县达塘乡','领导职务','0'),('43758','6695','0','2013-12','公务员','乡科级正职','四类区','机关单位','那曲市教育局','非领导职务','0'),('38495','6929','0','2012-05','公务员','乡科级正职','三类区','机关单位','比如县羊秀乡','领导职务','0'),('42150','6040','0','2019-07','公务员','县处级正职','四类区','机关单位','那曲市教育局','领导职务','0');|INSERT INTO `tx_studyinfo` (`id`, `personid`, `level`, `gettime`, `school`)  VALUES ('5450','6929','大专','2008-05','西藏大学  汉语文'),('6675','6027','本科','2009-03','中国政法大学'),('5762','6695','中专','2000-07',''),('3770','6066','硕士','2011-06','青海民族大学'),('3765','6037','本科','2005-07','西藏大学'),('5758','6022','大专','1994-07',''),('4453','6038','大专','2011-07','西藏大学藏医学院'),('5811','6071','中专','2013-07',''),('6674','6027','大专','2004-09','中央党校那曲分校'),('5180','6033','本科','2007-12','中央党校函授学院'),('5179','6033','大专','2003-07','丹东纺织高等专科学校'),('6172','6682','大专','2009-06','中国人民大学'),('5759','6022','本科','2009-03','中国政法大学'),('5749','6685','本科','2015-07','西藏大学小学教育');|INSERT INTO `tx_checkinfo` (`id`, `personid`, `gettime`, `check`)  VALUES ('4395','6041','2015','不合格'),('4493','6077','2007','不通过'),('4651','7566','2016','不通过'),('4417','6047','2006','不定等次'),('4451','6074','2006','不定等次'),('4452','6074','2007','不定等次'),('4488','6071','2011','不定等次'),('4415','6684','2019','不定等次'),('4650','7566','2015','不通过');|INSERT INTO `tx_heightinfo` (`id`, `personid`, `area`, `city`, `county`, `height`, `acc`, `iscity`, `heightid`, `gettime`)  VALUES ('27447','7525','那曲地区','嘉黎县','忠玉乡','3450','6-5-8','是','0','1998-07'),('24015','6056','那曲市','市','否','4527','区','否','0','2018-07'),('23640','6034','那曲地区','嘉黎县','林提乡','4823','乡','是','0','2009-10'),('22907','6025','那曲地区','市','否','4527','区','否','0','1998-07'),('23244','7176','拉萨','市','否','3650','区','否','0','1982-10'),('16995','6036','那曲地区','市','否','4527','区','否','0','2002-07'),('23639','6034','那曲地区','嘉黎县','否','4540','县','否','0','2005-07'),('20271','6045','那曲地区','市','否','4527','区','否','0','2004-07'),('18874','6062','那曲地区','市','否','4527','区','否','0','2016-12'),('16998','6037','那曲地区','市','否','4527','区','否','0','1998-07'),('18125','6038','那曲地区','那曲县','那曲镇','4527','区','否','0','2009-08'),('23248','7176','那曲地区','市','否','4517','县','否','0','2006-09'),('17318','6020','那曲地区','索县','否','4095','县','否','0','1978-07'),('20628','6802','山南市','洛扎县中学','否','3940','县','否','0','2000-07'),('23247','7176','那曲地区','巴青县','否','4160','县','否','0','2000-04'),('23245','7176','那曲地区','嘉黎县','否','4540','县','否','0','1985-10'),('23246','7176','那曲地区','市','否','4517','县','否','0','1992-10'),('20629','6802','山南市','山南市','否','3550','市','否','0','2004-10'),('23585','6022','那曲地区','尼玛县','否','4597','县','否','0','1980-11'),('23586','6022','那曲地区','市','否','4527','区','否','0','2004-01'),('16953','6024','那曲地区','县','是','4828','乡','是','0','2001-03'),('16954','6024','那曲地区','市','否','4527','区','否','0','2004-03'),('20630','6802','那曲市','那曲市','否','4527','市','否','0','2017-12'),('16952','6024','那曲地区','县','否','4915','县','否','0','1991-07'),('16951','6023','那曲地区','市','否','4527','区','否','0','2011-06'),('16950','6023','那曲地区','申扎县','否','4750','县','否','0','1990-07'),('16956','6024','那曲地区','市','否','4527','区','否','0','2015-03'),('16955','6024','那曲地区','县','否','4597','县','否','0','2007-09'),('22908','6025','那曲地区','尼玛县','尼玛县','4598','6-11-1','否','0','2019-07'),('16964','6026','拉萨市','县','乃琼镇','3729','乡','是','0','2004-07'),('16965','6026','那曲地区','市','否','4527','区','否','0','2011-09'),('18124','6038','山南市','错那县','麻玛门巴民族乡','3125','乡','是','0','2006-12'),('22899','6040','那曲地区','市','否','4527','区','否','0','2016-12'),('22898','6040','那曲地区','聂荣县','否','4732','县','否','0','2013-01'),('18126','6038','那曲地区','索县','否','4095','县','否','0','2011-12'),('18127','6038','那曲地区','市','否','4527','区','否','0','2012-09'),('17012','6039','那曲地区','市','否','4527','区','否','0','2006-07'),('22897','6040','那曲地区','索县','否','4095','县','否','0','1994-07'),('24302','6043','那曲地区','市','否','4527','否','否','0','2006-07'),('18890','6042','那曲地区','嘉黎县','否','4540','县','否','0','1995-07'),('23927','6041','那曲地区','比如县','否','4130','县','否','0','2000-08'),('16975','6029','那曲地区','比如县','香曲乡','4160','乡','是','0','2002-08'),('23928','6041','那曲地区','市','否','4527','区','否','0','2016-04'),('17035','6044','那曲地区','市','否','4527','区','否','0','1999-07'),('16963','6026','拉萨市','县','乃琼镇','3650','乡','否','0','1999-07'),('16974','6029','那曲地区','比如县','否','4130','县','否','0','2000-09'),('23260','6028','那曲地区','比如县','否','4130','县','否','0','2000-07'),('23261','6028','那曲地区','市','否','4527','区','否','0','2001-07'),('29233','6027','那曲地区','那曲地区','否','4527','区','否','','2009-09'),('17322','6020','西藏自治区教育厅','自治区教育厅','否','3650','否','否','0','2017-10'),('17321','6020','那曲地区','那曲地区','否','4527','区','否','0','2002-01'),('29231','6027','那曲地区','嘉黎县','多拉乡','4882','乡','是','','1998-07'),('29232','6027','那曲地区','嘉黎县','否','4540','县','否','','2000-09'),('17320','6020','那曲地区','比如县','否','4130','县','否','0','1997-08'),('17319','6020','那曲地区','聂荣县','否','4732','县','否','0','1995-05'),('18123','6032','那曲地区','市','否','4527','区','否','0','2002-07'),('16976','6029','那曲地区','比如县','否','4130','县','否','0','2005-07'),('27333','6031','那曲地区','那曲地区','那曲地区','4527','6-1-1','否','393473','1998-07'),('18891','6030','那曲地区','市','否','4527','区','否','0','1996-07'),('16977','6029','那曲地区','比如县','达塘乡','4305','乡','是','0','2010-05'),('16978','6029','那曲地区','市','否','4527','区','否','0','2013-12'),('20009','6033','林芝市','工布江达县','','3360','县','否','0','2002-07'),('24323','6047','那曲地区','市','否','4527','区','否','0','1998-07'),('20010','6033','那曲地区','市','否','4527','区','否','0','2003-12'),('23641','6034','那曲地区','嘉黎县','忠玉乡','3450','乡','是','0','2013-01'),('17045','6048','那曲地区','市','否','4527','区','否','0','2003-07'),('23642','6034','那曲地区','市','否','4527','区','否','0','2014-05'),('17042','6046','那曲地区','市','否','4527','区','否','0','1989-07'),('23649','6035','那曲地区','市','否','4527','区','否','0','2004-07'),('24312','6049','那曲地区','县','罗马镇','4698','区','是','0','2008-08'),('24314','6049','那曲地区','市','否','4527','区','否','0','2015-02'),('24313','6049','那曲地区','县','香茂乡','4735','乡','是','0','2011-11'),('27379','6050','那曲地区','市','否','4527','区','否','0','2003-07'),('24307','6051','那曲地区','县','亚拉镇','4095','县','否','0','2007-07'),('24308','6051','那曲地区','市','否','4527','区','否','0','2010-01'),('17302','6052','那曲地区','索县','否','4095','县','否','0','2002-07'),('17303','6052','那曲地区','市','否','4527','区','否','0','2013-01'),('17300','6053','那曲地区','安多县','雁石坪镇','4815','乡','是','0','2013-05'),('17301','6053','那曲地区','地区','否','4527','区','否','0','2015-11'),('17085','6054','那曲地区','索县','否','4095','县','否','0','2001-07'),('27448','7525','那曲地区','嘉黎县','嘉黎县','4540','6-5-1','否','0','2000-09'),('27449','7525','那曲地区','嘉黎县','忠玉乡','3450','6-5-8','是','0','2002-05'),('27450','7525','那曲地区','嘉黎县','阿扎镇','4540','6-5-2','是','0','2005-08'),('27451','7525','那曲地区','嘉黎县','藏比乡','4700','6-5-9','是','0','2008-09'),('27452','7525','那曲地区','嘉黎县','嘉黎县','4540','6-5-1','否','0','2013-01'),('27453','7525','那曲地区','尼玛县','尼玛县','4598','6-11-1','否','0','2016-05'),('19981','6055','那曲地区','索县','否','4095','县','否','0','1993-07'),('17086','6054','那曲地区','市','否','4527','区','否','0','2003-09'),('19982','6055','那曲地区','市','否','4527','区','否','0','1997-10'),('24013','6056','那曲地区','索县','否','4029','县','否','0','2007-07'),('24014','6056','那曲地区','市','否','4572','区','否','0','2011-01'),('24303','6057','那曲地区','县','否','4750','县','否','0','1993-07'),('17104','6060','那曲地区','市','否','4527','区','否','0','1992-07'),('17100','6059','那曲地区','市','否','4527','区','否','0','2007-07'),('17099','6058','那曲地区','市','否','4527','区','否','0','1994-07'),('17106','6060','那曲地区','市','否','4527','区','否','0','2004-03'),('24304','6057','那曲地区','市','否','4527','区','否','0','2015-02'),('17105','6060','那曲地区','申扎县','塔尔玛乡','4853','乡','是','0','2001-03'),('17107','6061','那曲地区','县','否','4527','县','否','0','2008-11'),('17108','6061','那曲地区','市','否','4527','区','否','0','2017-01'),('18873','6062','那曲地区','县','荣布镇','4025','乡','是','0','2010-10'),('24253','6063','地区教体局','市','否','4527','','否','0','2012-11'),('17121','6066','那曲地区','比如县','否','4130','县','否','0','2004-07'),('18876','6065','那曲地区','市','否','4527','区','否','0','2017-01'),('18875','6065','那曲地区','县','乡','4230','乡','是','0','2010-07'),('27378','6067','那曲地区','市','否','4527','区','否','0','2009-07'),('17122','6066','那曲地区','市','否','4527','区 ','否','0','2012-08'),('17125','6068','那曲地区','市','否','4527','区','否','0','2003-07'),('17124','6068','那曲地区','县','否','4130','县','否','0','2002-07'),('24325','6069','那曲地区','县','否','4887','县','否','0','2002-07'),('24326','6069','那曲地区','市','否','4527','区','否','0','2017-01'),('17135','6070','那曲地区','聂荣县','否','4732','县','否','0','2006-07'),('24976','6071','那曲地区','市','否','4527','区','否','0','1991-12'),('22755','6072','那曲地区','市','否','4527','区','否','0','1996-12'),('22756','6073','那曲地区','市','否','4527','区','否','0','1985-11'),('24502','6074','那曲地区','市','否','4527','区','否','0','2004-05'),('24985','6075','那曲地区','市','否','4527','区','否','0','1991-12'),('24982','6077','那曲地区','市','否','4527','区','否','0','1998-01'),('17159','6076','那曲地区','市','否','4527','区','否','0','1994-12'),('17645','6218','那曲地区','那曲地区','否','4527','区','否','0','1994-11'),('17646','6218','那曲地区','尼玛县','是','4825','乡','是','0','2001-03'),('17647','6218','那曲地区','那曲地区','否','4527','区','否','0','2004-03'),('17644','6218','那曲地区','双湖县','否','4915','县','否','0','1991-07'),('17648','6218','那曲地区','双湖县','否','4915','县','是','0','2007-09'),('17649','6218','那曲地区','那曲地区','否','4527','区','否','0','2013-04'),('23658','6695','那曲市','比如县','比如镇','4130','县','否','0','2000-07'),('27377','6602','那曲地区','那曲县','否','4527','县','否','0','2009-07'),('24242','6684','那曲地区','巴青县','是','4419','县','是','0','2009-08'),('17136','6070','那曲地区','市','否','4527','区','否','0','2013-12'),('27419','6682','那曲地区','索县','否','4096','县','否','0','1993-07'),('24243','6684','那曲地区','巴青县','否','4160','县','否','0','2014-05'),('23407','6685','那曲地区','比如县','羊秀乡','4348','乡','是','0','2007-09'),('23408','6685','那曲地区','比如县','夏曲镇','4448','乡','是','0','2013-03'),('27511','6686','那曲地区','比如县','是','4345','乡','是','0','2012-04'),('27510','6686','那曲地区','比如县','否','4130','县','否','0','2002-10'),('23409','6685','那曲地区','市','否','4527','区','否','0','2016-07'),('27512','6686','那曲地区','比如县','是','4230','乡','是','0','2014-02'),('27513','6686','那曲地区','比如县','是','4160','乡','是','0','2015-09'),('27514','6686','那曲地区','比如县','否','4130','县','否','0','2017-04'),('23659','6695','那曲市','比如县','香曲乡','4160','乡','是','0','2002-08'),('19216','6634','那曲地区教育局','否','否','4650','地区','否','0','1994-11'),('27515','6686','那曲地区','那曲地区','那曲地区','4527','','否','0','2018-01'),('20027','6687','那曲市','市','否','4527','区','否','0','2007-07'),('20272','6045','拉萨市','市','否','3650','区','否','0','2018-04'),('24244','6684','那曲地区','','否','4527','区','否','0','2018-02'),('27420','6682','那曲地区','市','否','4527','市','否','0','1997-11'),('27565','7566','那曲地区','索县','索县','4096','县','否','0','2015-12'),('27454','7525','那曲地区','那曲地区','那曲地区','4527','6-1-1','否','0','2019-09'),('21277','6929','那曲地区','那曲地区','那曲地区','4527','6-1-1','否','393473','2019-04'),('21275','6929','那曲地区','比如县','羊秀乡','4348','6-4-5','是','394245','2012-05'),('21276','6929','那曲地区','比如县','比如县','4130','6-4-1','否','394241','2015-09'),('21274','6929','那曲地区','比如县','白嘎乡','4230','6-4-4','是','394244','2007-11'),('23661','6695','那曲市','比如县','达塘乡','4305','乡','是','0','2010-05'),('23660','6695','那曲市','比如县','否','4130','县','否','0','2005-06'),('21273','6929','那曲地区','比如县','香曲乡','4160','6-4-6','是','394246','2002-09'),('17299','6053','那曲地区','安多县','否','4787','县','否','0','2000-07'),('23410','6685','那曲地区','市','否','4527','区','否','0','2018-11'),('29228','7640','那曲地区','安多县','否','4788','县','否','0','1983-07'),('23662','6695','那曲市','市','否','4527','区','否','0','2013-12');|