INSERT INTO `tx_personinfo` (`id`, `sort`, `userid`, `name`, `sex`, `birthday`, `origin`, `nation`, `partymember`, `worktime`, `intime`, `inadj`, `inyear`, `posttime`, `postadj`, `unitkind`, `postname`, `unitname`, `isleader`, `lastposttime`, `lastunitkind`, `lastpostname`, `lastunitname`, `area`, `education`, `educationtime`, `schooltime`, `educationadj`, `teacherinfo`, `teacherbegin`, `teacherend`, `teacheradj`, `oneinfo`, `onebegin`, `oneend`, `oneadj`, `check2`, `check5`, `coveradj`, `cadre`, `retiretime`, `height`, `note`, `addon`,`ywcadre`) VALUES ('5819','','221','桑嘎扎西','男','1974-09','西藏当雄','藏族','党员','1995-07','1995-07','0','','2013-04','0','机关单位','县处级副职','那曲地区审计局','领导职务','','','','','','中专','1995-07','0','0','','','','0','','','','0','0','0','0','否','','','','',''),('5816','','221','次仁罗布','男','1974-08','西藏那曲县','藏族','党员','1995-07','1995-07','0','','2011-08','0','机关单位','县处级副职','审计局','领导职务','','','','','','中专','1995-07','0','0','','','','0','','','','0','0','0','0','否','','','','',''),('5815','','221','嘎多罗布','男','1974-04','西藏山南','藏族','党员','1996-07','1996-07','0','','2016-06','0','机关单位','县处级正职','机关单位','领导职务','','','','','','中专','1996-07','0','0','','','','0','','','','0','0','0','0','否','','','','',''),('5814','','221','索朗央金','女','1968-01','比如','藏族','党员','1990-07','1990-07','0','','2010-04','0','机关单位','县处级正职','机关单位','领导职务','','','','','','大专','1990-07','3','0','','','','0','','','','0','0','0','0','否','','','','',''),('5812','0','221','格桑顿珠','男','1987-05','','藏族','党员','2011-08','2011-08','0','','2019-06','0','机关单位','乡科级正职','市审计局','非领导职务','','','','','','本科','2011-07','4','0','','','','0','','','','0','0','0','0','否','','','','',''),('6436','','221','白玛欧珠','男','1974-01','西藏山南','藏族','党员','1996-07','1996-07','0','','2016-06','0','机关单位','县处级副职','那曲地区审计局','领导职务','','','','','','中专','1996-01','0','0','','','','0','','','','0','2006','2006','0','否','','','','',''),('6472','','221','达娃央金','女','1985-08','西藏山南','藏族','党员','2009-02','2009-02','0','','2017-02','0','机关单位','科员','那曲地区审计局','非领导职务','','','','','','大专','2008-07','0','0','','','','0','','','','0','0','0','0','否','','','','',''),('6468','0','221','巴桑次仁','男','1979-01','西藏林芝','藏族','党员','2003-03','2003-03','0','','2013-08','0','机关单位','管理八级-副科','','','','','','','','大专','2003-03','0','0','','','','0','','','','0','0','0','0','否','','','','',''),('6467','','221','德吉','女','1987-09','西藏巴青','藏族','党员','2008-08','2008-08','0','','2015-09','0','机关单位','管理八级-副科','那曲地区审计局','','','','','','','大专','2008-07','0','0','','','','0','','','','0','2008','2008','0','否','','','','',''),('6466','','221','多杰次仁','男','1985-01','四川','藏族','党员','2008-11','2008-11','0','','2013-08','0','机关单位','管理八级-副科','那曲地区审计局','','','','','','','大专','2008-11','0','0','','','','0','','','','0','2008','2008','0','否','','','','',''),('6455','','221','贡达瓦觉','男','1992-04','西藏曲水','藏族','党员','2017-01','2017-01','0','','2017-01','0','机关单位','科员','那曲地区审计局','非领导职务','','','','','','本科','2016-04','0','0','','','','0','','','','0','2017','2017','0','否','','','','',''),('6454','','221','次仁措','女','1991-07','西藏聂荣','藏族','团员','2017-01','2017-01','0','','2017-01','0','机关单位','科员','那曲地区审计局','非领导职务','','','','','','本科','2016-01','0','0','','','','0','','','','0','2017','2017','0','否','','','','',''),('6453','1','221','才旦卓嘎','女','1988-11','四川阿坝','藏族','党员','2013-08','2013-08','0','','2019-06','0','机关单位','乡科级副职','那曲市审计局','非领导职务','','','','','','大专','2009-06','0','0','','','','0','','','','0','0','0','0','否','','','','',''),('6452','','221','巴桑旦增','男','1984-11','西藏山南','藏族','党员','2011-12','2011-12','0','','2015-09','0','机关单位','乡科级副职','那曲地区审计局','领导职务','','','','','','大专','2011-07','0','0','','','','0','','','','0','2011','2011','0','否','','','','',''),('6451','','221','熊志健','女','1984-01','湖北','汉族','党员','2006-09','2006-09','0','','2014-09','0','机关单位','乡科级副职','那曲地区审计局','领导职务','','','','','','本科','2006-09','0','0','','','','0','','','','0','2006','2006','0','否','','','','',''),('6446','0','221','顿珠卓玛','男','1986-03','西藏拉萨','藏族','团员','2007-11','2007-11','0','','2019-06','0','机关单位','乡科级正职','','非领导职务','','','','','','大专','2006-12','0','0','','','','0','','','','0','0','0','0','否','','','','',''),('6445','','221','洛桑','男','1978-06','西藏拉萨','藏族','党员','2000-07','2000-07','0','','2014-09','0','机关单位','乡科级正职','那曲地区审计局','非领导职务','','','','','','中专','2000-07','0','0','','','','0','','','','0','0','0','0','否','','','','',''),('6444','2','221','扎西','男','1982-01','西藏山南','藏族','党员','2005-05','2005-05','0','','2019-06','0','机关单位','乡科级正职','那曲地区审计局','领导职务','','','','','','大专','2000-05','0','0','','','','0','','','','0','0','0','0','否','','','','',''),('6443','','221','米玛次仁','男','1983-12','那曲县','藏族','党员','2005-07','2005-07','0','','2015-09','0','机关单位','乡科级正职','那曲地区审计局','领导职务','','','','','','大专','2005-07','0','0','','','','0','','','','0','2006','2006','0','否','','','','',''),('6442','','221','德庆扎西','男','1985-05','当雄县','藏族','党员','2009-08','2009-08','0','','2015-09','0','机关单位','乡科级正职','那曲地区审计局','领导职务','','','','','','本科','2009-07','0','0','','','','0','','','','0','0','0','0','否','','','','',''),('6441','','221','白玛卓玛','女','1983-04','拉萨当雄','藏族','党员','2005-08','2005-08','0','','2014-04','0','机关单位','乡科级正职','班戈县','领导职务','','','','','','大专','2005-09','0','0','','','','0','','','','0','2006','2006','0','否','','','','',''),('6440','4','221','达娃','女','1978-06','日喀则','藏族','党员','1998-07','1998-07','0','','2013-01','0','机关单位','乡科级正职','那曲地区审计局','领导职务','','','','','','中专','1998-07','3','0','','','','0','','','','0','0','0','0','否','','','','',''),('6439','','221','尼玛德吉','女','1978-05','那曲县','藏族','党员','1999-07','1999-07','0','','2009-09','0','机关单位','乡科级正职','那曲地区审计局','领导职务','','','','','','大专','1999-07','3','0','','','','0','','','','0','2006','2006','0','否','','','','',''),('6438','','221','桑珠','男','1974-06','日喀则','藏族','党员','1996-07','1996-07','0','','2005-07','0','机关单位','乡科级正职','双湖县财政局','领导职务','','','','','','中专','1996-07','0','0','','','','0','','','','0','2006','2006','0','否','','','','',''),('6437','','221','达尔陪','男','1963-08','西藏嘉黎县','藏族','党员','1983-07','1985-01','0','','1997-10','0','机关单位','县处级副职','那曲地区审计局','非领导职务','','','','','','大专','1985-01','0','0','','','','0','','','','0','2006','2006','0','否','','','','',''),('6435','','221','方燕青','男','1979-08','山西','汉族','党员','2001-07','2001-07','0','','2015-08','0','机关单位','县处级副职','那曲地区审计局','领导职务','','','','','','中专','2003-07','3','0','','','','0','','','','0','2006','2006','0','否','','','','',''),('6449','','221','高雅','女','1988-01','西藏拉萨','藏族','党员','2009-07','2009-07','0','','2014-09','0','机关单位','乡科级副职','那曲地区审计局','领导职务','','','','','','本科','2009-07','0','0','','','','0','','','','0','2009','2009','0','否','','','','',''),('6638','','221','边巴','男','1970-11','','藏族','团员','1988-04','1988-04','0','','2018-07','0','机关单位','高级工','那曲地区审计局','','','','','','','暂时没有','','0','0','','','','0','','','','0','0','0','0','否','','','','',''),('6640','','221','卫色','女','1974-12','西藏山南','藏族','党员','1998-06','1998-06','0','','2018-04','0','机关单位','县处级正职','那曲市审计局','领导职务','','','','','','大专','1998-07','0','0','','','','0','','','','0','0','0','0','否','','','','',''),('7234','','221','其加','女','1994-09','','汉族','','2019-08','2019-08','0','','2019-08','0','机关单位','科员','市审计局','非领导职务','','','','','','本科','2019-07','0','0','','','','0','','','','0','2019','2019','0','否','','','','',''),('7235','2','221','曲吉央宗','女','1996-04','西藏曲水','汉族','','2019-08','2019-08','0','','2019-08','0','机关单位','科员','市审计局','非领导职务','','','','','','本科','2019-08','0','0','','','','0','','','','0','0','0','0','否','','','','',''),('7302','28','221','蒋云科','男','1975-03','','汉族','党员','1996-07','1996-07','0','','2019-08','0','机关单位','县处级正职','市审计局党组书记','领导职务','','','','','','中专','1999-07','0','0','','','','0','','','','0','0','0','0','否','','','','','');|INSERT INTO `tx_jobinfo` (`id`, `personid`, `sort`, `oldposttime`, `oldpostkind`, `oldpostname`, `oldarea`, `oldunitkind`, `oldunitname`, `oldisleader`, `height`)  VALUES ('39825','5812','','2019-06','公务员','乡科级正职','四类区','机关单位','市审计局','非领导职务','0'),('40569','6446','','2019-06','公务员','乡科级正职','四类区','机关单位','','非领导职务','0'),('36282','6472','','2017-02','公务员','科员','四类区','机关单位','那曲地区审计局','非领导职务','0'),('36281','6472','','2012-02','公务员','科员','四类区','机关单位','双湖县','非领导职务','0'),('41422','6468','','2013-08','事业单位管理人员','管理八级-副科','四类区','机关单位','','','0'),('41421','6468','','2013-07','事业单位专业技术人员','专技十级-中级','四类区','事业单位','','','0'),('41419','6468','','2003-03','事业单位专业技术人员','专技十三级-员级','四类区','事业单位','那曲地区审计局','','0'),('41420','6468','','2008-11','事业单位专业技术人员','专技十二级-助理','四类区','事业单位','','','0'),('32692','6467','','2015-09','事业单位管理人员','管理八级-副科','四类区','机关单位','那曲地区审计局','','0'),('32691','6467','','2008-08','事业单位专业技术人员','专技十三级-员级','四类区','机关单位','西藏安多','','0'),('32690','6466','','2013-08','事业单位管理人员','管理八级-副科','四类区','机关单位','那曲地区审计局','','0'),('32689','6466','','2012-01','事业单位专业技术人员','专技十二级-助理','四类区','机关单位','嘉黎县','','0'),('32688','6466','','2008-11','事业单位专业技术人员','专技十三级-员级','四类区','机关单位','嘉黎县','','0'),('32663','6455','','2017-01','公务员','科员','四类区','机关单位','那曲地区审计局','非领导职务','0'),('32662','6454','','2017-01','公务员','科员','四类区','机关单位','那曲地区审计局','非领导职务','0'),('41741','6453','','2015-08','公务员','科员','四类区','机关单位','那曲地区审计局','非领导职务','0'),('32659','6452','','2015-09','公务员','乡科级副职','四类区','机关单位','那曲地区审计局','领导职务','0'),('32658','6452','','2012-12','公务员','科员','四类区','机关单位','那曲地区审计局','非领导职务','0'),('32657','6452','','2011-12','公务员','科员','四类区','机关单位','西藏聂荣','非领导职务','0'),('32656','6451','','2014-09','公务员','乡科级副职','四类区','机关单位','那曲地区审计局','领导职务','0'),('32655','6451','','2006-04','公务员','科员','四类区','机关单位','那曲地区审计局','非领导职务','0'),('32645','6449','','2014-09','公务员','乡科级副职','四类区','机关单位','那曲地区审计局','领导职务','0'),('39824','5812','','2014-08','公务员','乡科级副职','四类区','机关单位','地区审计局','领导职务','0'),('40566','6446','','2011-12','公务员','科员','三类区','机关单位','西藏比如','非领导职务','0'),('40567','6446','','2013-01','公务员','科员','四类区','机关单位','那曲地区审计局','非领导职务','0'),('40568','6446','','2015-09','公务员','乡科级副职','四类区','机关单位','那曲地区审计局','非领导职务','0'),('36277','6445','','2014-09','公务员','乡科级正职','四类区','机关单位','那曲地区审计局','非领导职务','0'),('36276','6445','','2005-09','公务员','乡科级副职','四类区','机关单位','双湖县','非领导职务','0'),('36275','6445','','2000-07','公务员','办事员','四类区','机关单位','双湖县','非领导职务','0'),('40576','6444','','2015-12','公务员','乡科级正职','四类区','机关单位','那曲地区审计局','非领导职务','0'),('40575','6444','','2013-01','公务员','乡科级正职','四类区','机关单位','双湖县','领导职务','0'),('40574','6444','','2010-12','公务员','乡科级副职','四类区','机关单位','双湖县','领导职务','0'),('32627','6443','','2015-09','公务员','乡科级正职','四类区','机关单位','那曲地区审计局','领导职务','0'),('32626','6443','','2013-11','公务员','乡科级正职','四类区','机关单位','那曲地区审计局','非领导职务','0'),('32625','6443','','2013-01','公务员','乡科级正职','三类区','机关单位','索县赤多乡','领导职务','0'),('32623','6443','','2005-07','公务员','科员','三类区','机关单位','索县赤多乡','非领导职务','0'),('32624','6443','','2009-05','公务员','乡科级副职','三类区','机关单位','索县赤多乡','领导职务','0'),('35331','6442','','2015-09','公务员','乡科级正职','四类区','机关单位','那曲地区审计局','领导职务','0'),('35330','6442','','2013-01','公务员','乡科级副职','四类区','机关单位','那曲地区审计局','领导职务','0'),('35329','6442','','2009-08','公务员','科员','四类区','机关单位','那曲地区审计局','非领导职务','0'),('32613','6441','','2014-04','公务员','乡科级正职','四类区','机关单位','班戈县','领导职务','0'),('32612','6441','','2010-10','公务员','乡科级副职','四类区','机关单位','班戈县','领导职务','0'),('32611','6441','','2005-09','公务员','科员','四类区','机关单位','班戈县','非领导职务','0'),('41260','6440','','2013-01','公务员','乡科级正职','四类区','机关单位','那曲地区审计局','领导职务','0'),('41259','6440','','2007-09','公务员','乡科级副职','四类区','机关单位','那曲地区审计局','领导职务','0'),('41258','6440','','2001-10','公务员','科员','四类区','机关单位','那曲地区审计局','非领导职务','0'),('32607','6439','','2009-09','公务员','乡科级正职','四类区','机关单位','那曲地区审计局','领导职务','0'),('32606','6439','','2005-10','公务员','乡科级副职','四类区','机关单位','那曲地区审计局','领导职务','0'),('32605','6439','','1999-07','公务员','科员','四类区','机关单位','那曲地区审计局','非领导职务','0'),('32604','6438','','2005-07','公务员','乡科级正职','四类区','机关单位','双湖县财政局','领导职务','0'),('32603','6438','','2001-07','公务员','乡科级副职','四类区','机关单位','双湖县财政局','领导职务','0'),('32602','6438','','1999-07','公务员','科员','四类区','机关单位','双湖县财政局','非领导职务','0'),('32601','6438','','1996-07','公务员','办事员','四类区','机关单位','双湖县财政局','非领导职务','0'),('32592','6435','','2015-08','公务员','县处级副职','四类区','机关单位','那曲地区审计局','领导职务','0'),('32591','6435','','2012-04','公务员','乡科级正职','三类区','机关单位','巴青县财政局','领导职务','0'),('32590','6435','','2010-11','公务员','乡科级正职','三类区','机关单位','巴青县财政局','非领导职务','0'),('32589','6435','','2008-04','公务员','乡科级副职','三类区','机关单位','巴青县财政局','领导职务','0'),('32588','6435','','2005-11','公务员','乡科级副职','三类区','机关单位','巴青县财政局','非领导职务','0'),('40573','6444','','2005-05','公务员','办事员','四类区','机关单位','双湖县','非领导职务','0'),('32644','6449','','2009-07','公务员','科员','四类区','机关单位','那曲地区审计局','非领导职务','0'),('34827','6638','','2004-07','机关工人','中级工','三类区','机关单位','','','0'),('34826','6638','','1999-07','机关工人','初级工','三类区','机关单位','','','0'),('34825','6638','','2018-07','机关工人','高级工','四类区','机关单位','那曲地区审计局','','0'),('34818','6640','','2013-04','公务员','县处级副职','四类区','机关单位','安多县纪委','领导职务','0'),('34819','6640','','2018-04','公务员','县处级正职','四类区','机关单位','那曲市审计局','领导职务','0'),('34816','6640','','2003-05','公务员','乡科级副职','四类区','机关单位','安多县广播影视剧','领导职务','0'),('34817','6640','','2006-05','公务员','乡科级正职','四类区','机关单位','安多县帮爱乡','领导职务','0'),('34824','6638','','2007-07','机关工人','高级工','三类区','机关单位','比如县公安局','','0'),('36369','5819','','1995-07','公务员','科员','四类区','机关单位','那曲地区审计局','非领导职务','0'),('36370','5819','','2001-03','公务员','乡科级副职','四类区','机关单位','那曲地区审计局','领导职务','0'),('36371','5819','','2005-10','公务员','乡科级正职','四类区','机关单位','那曲地区审计局','领导职务','0'),('36372','5819','','2013-04','公务员','县处级副职','四类区','机关单位','那曲地区审计局','领导职务','0'),('36316','5816','','2011-08','公务员','县处级副职','四类区','机关单位','审计局','领导职务','0'),('36315','5816','','2004-06','公务员','乡科级正职','四类区','机关单位','审计局','领导职务','0'),('36314','5816','','2001-05','公务员','乡科级副职','四类区','机关单位','审计局','领导职务','0'),('28112','5815','','2011-07','公务员','县处级副职','四类区','机关单位','机关单位','领导职务','0'),('28113','5815','','2016-06','公务员','县处级正职','四类区','机关单位','机关单位','领导职务','0'),('28111','5815','','2006-08','公务员','乡科级正职','四类区','机关单位','机关单位','领导职务','0'),('28110','5815','','2002-10','公务员','乡科级副职','四类区','机关单位','机关单位','领导职务','0'),('28108','5815','','1996-07','公务员','办事员','四类区','机关单位','机关单位','非领导职务','0'),('28095','5814','','2010-04','公务员','县处级正职','四类区','机关单位','机关单位','领导职务','0'),('28094','5814','','2004-08','公务员','县处级副职','四类区','机关单位','机关单位','领导职务','0'),('28093','5814','','2002-05','公务员','乡科级正职','四类区','机关单位','机关单位','领导职务','0'),('28090','5814','','1990-07','公务员','科员','三类区','机关单位','西藏比如','非领导职务','0'),('28092','5814','','1996-12','公务员','乡科级副职','四类区','机关单位','机关单位','领导职务','0'),('39823','5812','','2011-08','公务员','科员','四类区','机关单位','聂荣县桑荣乡','非领导职务','0'),('28091','5814','','1994-07','公务员','乡科级副职','三类区','机关单位','西藏比如','领导职务','0'),('32600','6437','','1997-10','公务员','县处级副职','四类区','机关单位','那曲地区审计局','非领导职务','0'),('32597','6436','','2005-07','公务员','乡科级正职','四类区','机关单位','嘉黎县财政局','领导职务','0'),('32598','6436','','2016-06','公务员','县处级副职','四类区','机关单位','那曲地区审计局','领导职务','0'),('32594','6436','','1996-07','公务员','办事员','四类区','机关单位','嘉黎县财政局','非领导职务','0'),('32596','6436','','2000-07','公务员','乡科级副职','四类区','机关单位','嘉黎县财政局','领导职务','0'),('32595','6436','','1999-07','公务员','科员','四类区','机关单位','嘉黎县财政局','非领导职务','0'),('28109','5815','','2000-03','公务员','科员','四类区','机关单位','机关单位','非领导职务','0'),('36317','5816','','1995-07','公务员','科员','四类区','机关单位','那曲地区审计局','非领导职务','0'),('40577','6444','','2019-06','公务员','乡科级正职','四类区','机关单位','那曲地区审计局','领导职务','0'),('41740','6453','','2013-08','公务员','科员','二类区','机关单位','昌都察雅县卡贡乡','非领导职务','0'),('41742','6453','','2019-06','公务员','乡科级副职','四类区','机关单位','那曲市审计局','非领导职务','0'),('42364','7234','','2019-08','公务员','科员','四类区','机关单位','市审计局','非领导职务','0'),('42492','7235','','2019-08','公务员','科员','四类区','机关单位','市审计局','非领导职务','0'),('42933','7302','','2019-08','公务员','县处级正职','四类区','机关单位','市审计局党组书记','领导职务','0'),('42932','7302','','2016-05','公务员','县处级副职','四类区','机关单位','嘉里县副县长','领导职务','0'),('42931','7302','','2012-06','公务员','县处级副职','三类区','机关单位','巴青县雅安镇党委书记','领导职务','0'),('42929','7302','','2005-11','公务员','乡科级正职','三类区','机关单位','巴青县财政局局长','领导职务','0'),('42930','7302','','2012-04','公务员','乡科级正职','三类区','机关单位','巴青县雅安镇党委书记','领导职务','0'),('42928','7302','','2002-09','公务员','乡科级副职','三类区','机关单位','巴青县财政局副局长','领导职务','0'),('42927','7302','','1999-07','公务员','科员','三类区','机关单位','巴青县财政局','非领导职务','0');|INSERT INTO `tx_studyinfo` (`id`, `personid`, `level`, `gettime`, `school`)  VALUES ('5130','6640','本科','2010-07',''),('5590','6453','大专','2009-06',''),('5553','6444','中专','2011-07',''),('5568','6440','中专','1998-07',''),('4542','6439','本科','2006-01',''),('4538','6435','大专','2011-07',''),('4541','6438','大专','2011-09',''),('5531','5812','本科','2011-08','浙江大学'),('3501','5814','大专','1990-07','');|INSERT INTO `tx_checkinfo` (`id`, `personid`, `gettime`, `check`)  VALUES ('3732','6435','2001','通过'),('4234','5812','2011','不通过'),('3408','5815','1996','不通过'),('4346','7235','2019','不通过'),('4337','7234','2019','不通过');|INSERT INTO `tx_heightinfo` (`id`, `personid`, `area`, `city`, `county`, `height`, `acc`, `iscity`, `heightid`, `gettime`)  VALUES ('20238','5819','那曲地区','那曲地区','那曲地区','4527','6-1-1','否','','1995-07'),('20239','5819','那曲地区','那曲地区','那曲地区','4527','6-1-1','否','','2001-02'),('20240','5819','那曲地区','班戈县','普保镇','4888','6-6-2','是','','2001-03'),('20241','5819','那曲地区','那曲地区','那曲地区','4527','6-1-1','否','','2004-04'),('20202','5816','那曲地区','那曲地区','那曲地区','4527','6-1-1','否','','1995-07'),('16444','5815','那曲地区','那曲地区','那曲地区','4527','6-1-1','否','393473','1996-07'),('16442','5814','那曲地区','比如县','比如县','4130','6-4-1','否','','1990-07'),('16443','5814','那曲地区','那曲地区','那曲地区','4527','6-1-1','否','','1996-12'),('21785','5812','那曲地区','那曲地区','那曲地区','4527','6-1-1','否','','2013-12'),('18251','6436','那曲地区','嘉黎县','措多乡','4800','6-5-10','是','394506','1996-07'),('18252','6436','那曲地区','嘉黎县','嘉黎县','4540','6-5-1','否','394497','1999-07'),('18253','6436','那曲地区','那曲地区','那曲地区','4527','6-1-1','否','393473','2016-06'),('22111','6446','那曲地区','那曲地区','那曲地区','4527','6-1-1','否','','2008-12'),('22752','6453','昌都市','察雅县','卡贡乡','3380','5-10-9','是','','2013-08'),('21784','5812','那曲地区','聂荣县','桑荣乡','4770','6-10-3','是','','2011-08'),('19260','6638','那曲地区','那曲地区','那曲地区','4527','6-1-1','否','','2018-07'),('19255','6640','那曲地区','那曲地区','那曲地区','4527','6-1-1','否','','2018-04'),('19259','6638','那曲地区','比如县','比如县','4130','6-4-1','否','','1988-04'),('19254','6640','那曲地区','安多县','安多县','4788','6-7-1','否','','2010-04'),('19252','6640','那曲地区','安多县','安多县','4788','6-7-1','否','','1998-07'),('19253','6640','那曲地区','安多县','帮麦乡','4920','6-7-14','是','','2006-04'),('20179','6472','那曲地区','那曲地区','那曲地区','4527','6-1-1','否','393473','2009-02'),('22582','6468','那曲地区','那曲县','香茂乡','4735','6-2-5','是','393733','2003-01'),('22583','6468','那曲地区','那曲地区','那曲地区','4527','6-1-1','否','393473','2008-10'),('18298','6467','那曲地区','那曲地区','那曲地区','4527','6-1-1','否','393473','2013-12'),('18297','6467','那曲地区','安多县','安多县','4788','6-7-1','否','395009','2008-08'),('18296','6466','那曲地区','那曲地区','那曲地区','4527','6-1-1','否','393473','2013-08'),('18295','6466','那曲地区','嘉黎县','绒多乡','4542','6-5-11','是','394507','2008-11'),('18282','6455','那曲地区','那曲地区','那曲地区','4527','6-1-1','否','393473','2017-01'),('18281','6454','那曲地区','那曲地区','那曲地区','4527','6-1-1','否','393473','2017-01'),('22753','6453','那曲地区','那曲地区','那曲地区','4527','6-1-1','否','','2015-08'),('22751','6453','那曲地区','那曲地区','那曲地区','4527','6-1-1','否','','2010-12'),('18278','6452','那曲地区','那曲地区','那曲地区','4527','6-1-1','否','393473','2011-12'),('18277','6451','那曲地区','那曲地区','那曲地区','4527','6-1-1','否','393473','2006-09'),('20174','6445','那曲地区','那曲地区','那曲地区','4527','6-1-1','否','','2000-07'),('22117','6444','那曲地区','尼玛县双湖特别区','多玛乡','4743','6-12-7','是','','2008-05'),('22119','6444','那曲地区','那曲地区','那曲地区','4527','6-1-1','否','','2016-01'),('22118','6444','那曲地区','尼玛县双湖特别区','措折强玛乡','4967','6-12-6','是','','2013-12'),('22115','6444','拉萨市','堆龙德庆县','堆龙德庆县','3679','1-7-1','否','','2003-05'),('22116','6444','那曲地区','尼玛县双湖特别区','措折强玛乡','4967','6-12-6','是','','2005-05'),('18264','6443','那曲地区','那曲地区','那曲地区','4527','6-1-1','否','393473','2013-04'),('19647','6442','那曲地区','那曲地区','那曲地区','4527','6-1-1','否','','2009-07'),('18263','6443','那曲地区','索县','赤多乡','4040','6-8-8','是','395272','2005-07'),('18259','6441','那曲地区','那曲地区','那曲地区','4527','6-1-1','否','393473','2005-08'),('22531','6440','那曲地区','那曲地区','那曲地区','4527','6-1-1','否','','1998-07'),('18257','6439','那曲地区','那曲地区','那曲地区','4527','6-1-1','否','393473','1999-07'),('18248','6435','那曲地区','巴青县','巴青县','4160','6-3-1','否','393985','2003-07'),('18249','6435','那曲地区','那曲地区','那曲地区','4527','6-1-1','否','393473','2015-08'),('18255','6437','那曲地区','那曲地区','那曲地区','4527','6-1-1','否','393473','1985-01'),('18256','6438','那曲地区','那曲地区','那曲地区','4527','6-1-1','否','393473','1996-07'),('18247','6435','那曲地区','那曲地区','那曲地区','4527','6-1-1','否','393473','2001-07'),('18276','6449','那曲地区','那曲地区','那曲地区','4527','6-1-1','否','393473','2009-07'),('23035','7234','那曲地区','那曲地区','那曲地区','4527','6-1-1','否','393473','2019-08'),('23101','7235','那曲地区','那曲地区','那曲地区','4527','6-1-1','否','','2019-08'),('23284','7302','那曲地区','巴青县','巴青县','4160','6-3-1','否','393985','1999-07'),('23283','7302','山南市','错那县','错那县','4380','3-11-1','否','199425','1996-07'),('23285','7302','那曲地区','巴青县','雅安镇','4230','6-3-4','是','393988','2012-04'),('23286','7302','那曲地区','嘉黎县','嘉黎县','4540','6-5-1','否','394497','2016-05'),('23287','7302','那曲地区','那曲地区','那曲地区','4527','6-1-1','否','393473','2019-08');|