INSERT INTO `tx_personinfo` (`id`, `sort`, `userid`, `name`, `sex`, `birthday`, `origin`, `nation`, `partymember`, `worktime`, `intime`, `inadj`, `inyear`, `posttime`, `postadj`, `unitkind`, `postname`, `unitname`, `isleader`, `lastposttime`, `lastunitkind`, `lastpostname`, `lastunitname`, `area`, `education`, `educationtime`, `schooltime`, `educationadj`, `teacherinfo`, `teacherbegin`, `teacherend`, `teacheradj`, `oneinfo`, `onebegin`, `oneend`, `oneadj`, `check2`, `check5`, `coveradj`, `cadre`, `retiretime`, `height`, `note`, `addon`) VALUES ('6338','0','218','次仁达瓦','男','1988-10','山南','藏族','','2011-12','2011-12','0','0','2011-12','0','事业单位','专技十三级-员级','西藏自治区兽医生物药品制造厂','','','','','','','大专','2011-07','3','0','','','','0','','','','0','0','0','0','否','','0','',''),('6340','0','218','罗布次仁','男','1981-07','林周','藏族','党员','2001-07','2001-07','0','0','2017-11','0','事业单位','专技九级','西藏自治区兽医生物药品制造厂','','','','','','','中专','2001-07','3','0','','','','0','','','','0','0','0','0','否','','0','',''),('6342','0','218','顿珠群培','男','1987-01','拉萨','藏族','党员','2010-11','2010-11','0','0','2010-11','0','事业单位','专技十三级-员级','西藏自治区兽医生物药品制造厂','','','','','','','大专','2010-07','3','0','','','','0','','','','0','0','0','0','否','','0','',''),('5672','0','218','王均','男','1982-11','四川 ','汉族','','2008-02','2008-02','0','0','2008-02','0','事业单位','专技十级-中级','西藏自治区兽医生物药品制造厂','','','','','','','中专','2005-07','3','0','','','','0','','','','0','0','0','0','否','','0','',''),('6344','0','218','强巴嘉措','男','1993-07','昌都','藏族','团员','2015-09','2015-09','0','0','2017-12','0','事业单位','专技十二级-助理','西藏自治区兽医生物药品制造厂','','','','','','','大专','2015-06','3','0','','','','0','','','','0','0','0','0','否','','0','',''),('6343','0','218','米玛卓嘎','女','1989-05','青海玉树','藏族','党员','2010-11','2010-11','0','0','2010-07','0','事业单位','专技十三级-员级','西藏自治区兽医生物药品制造厂','','','','','','','大专','2010-07','3','0','','','','0','','','','0','0','0','0','否','','0','',''),('6347','0','218','土登尼玛','男','1993-01','拉萨','藏族','团员','2015-09','2015-09','0','0','2015-09','0','事业单位','专技十三级-员级','西藏自治区兽医生物药品制造厂','','','','','','','大专','2015-06','3','0','','','','0','','','','0','0','0','0','否','','0','',''),('6345','0','218','次仁桑吉','女','1995-10','浙江','藏族','团员','2015-09','2015-09','0','0','2015-09','0','事业单位','专技十三级-员级','西藏自治区兽医生物药品制造厂','','','','','','','大专','2015-06','3','0','','','','0','','','','0','0','0','0','否','','0','',''),('6346','0','218','旦增卓嘎','女','1992-03','芒康','藏族','团员','2015-09','2015-09','0','0','2015-09','0','事业单位','专技十二级-助理','西藏自治区兽医生物药品制造厂','','','','','','','本科','2015-06','4','0','','','','0','','','','0','0','0','0','否','','0','',''),('6348','0','218','普布次仁','男','1993-04','拉萨','藏族','党员','2015-09','2015-09','0','0','2017-12','0','事业单位','专技十二级-助理','西藏自治区兽医生物药品制造厂','','','','','','','大专','2015-06','3','0','','','','0','','','','0','0','0','0','否','','0','',''),('6349','0','218','卓玛普尺','女','1992-12','日喀则','藏族','团员','2013-08','2013-08','0','0','2015-09','0','事业单位','专技十三级-员级','西藏自治区兽医生物药品制造厂','','','','','','','大专','2013-06','3','0','','','','0','','','','0','0','0','0','否','','0','',''),('6350','0','218','旦增其美','女','1993-03','拉萨','藏族','团员','2015-09','2015-09','0','0','2015-09','0','事业单位','专技十二级-助理','西藏自治区兽医生物药品制造厂','','','','','','','本科','2015-06','4','0','','','','0','','','','0','0','0','0','否','','0','',''),('6333','0','218','强巴央宗','女','1987-03','','藏族','团员','2011-12','2011-12','0','0','2016-12','0','事业单位','专技十三级-员级','西藏自治区兽医生物药品制造厂','','','','','','','大专','2011-07','3','0','','','','0','','','','0','0','0','0','否','','0','',''),('6331','0','218','旦巴','男','1973-11','','藏族','','1992-12','1992-12','0','0','2011-08','0','事业单位','管理八级-副科','西藏自治区兽医生物药品制造厂','','','','','','','中专','2006-07','3','0','','','','0','','','','0','0','0','4','否','','0','',''),('6330','0','218','达瓦','男','1975-03','','藏族','党员','1993-12','1993-12','0','0','2008-07','0','事业单位','管理八级-副科','西藏自治区兽医生物药品制造厂','','','','','','','中专','2006-07','3','0','','','','0','','','','0','0','0','0','否','','0','',''),('6332','0','218','索郎扎西','男','1988-03','西藏拉萨','藏族','党员','2011-12','2011-12','0','0','2017-11','0','事业单位','专技十一级','西藏自治区兽医生物药品制造厂','','','','','','','本科','2011-07','4','0','','','','0','','','','0','0','0','0','否','','0','',''),('6404','0','218','德吉卓嘎','女','1994-03','山南','藏族','党员','2017-11','2017-11','0','0','2017-11','0','事业单位','专技十二级-助理','西藏自治区兽医生物药品制造厂','','','','','','','本科','2017-06','4','0','','','','0','','','','0','0','0','0','否','','0','',''),('5842','0','218','王全坤','男','1993-09','四川','汉族','团员','2017-04','2017-04','0','0','2017-08','0','事业单位','专技十二级-助理','西藏自治区兽医生物药品制造厂','','','','','','','大专','2015-07','3','0','','','','0','','','','0','0','0','0','否','','0','',''),('5844','0','218','白玛旺加','男','1989-11','西藏日喀则','藏族','党员','2012-07','2012-07','0','0','2015-11','0','事业单位','专技十二级-助理','西藏自治区兽医生物药品制造厂','非领导职务','','','','','','本科','2012-07','4','0','','','','0','','','','0','0','0','0','否','','0','',''),('5843','0','218','平措塔杰','男','1977-08','西藏','汉族','','2013-05','2013-05','0','0','2017-08','0','事业单位','技术工五级-初级工','西藏自治区兽医生物药品制造厂','','','','','','','高中','1992-07','3','0','','','','0','','','','0','0','0','0','否','','0','',''),('6351','0','218','巴旦伦珠','男','1991-08','西藏南木林','藏族','团员','2015-09','2015-09','0','0','2015-09','0','事业单位','专技十二级-助理','西藏自治区兽医生物药品制造厂','','','','','','','本科','2015-06','4','0','','','','0','','','','0','0','0','0','否','','0','',''),('6353','0','218','冯志强','男','1990-06','山西','汉族','团员','2013-08','2013-08','0','0','2015-08','0','事业单位','专技十二级-助理','西藏自治区兽医生物药品制造厂','','','','','','','本科','2013-07','4','0','','','','0','','','','0','0','0','0','否','','0','',''),('6352','0','218','平措卓玛','女','1990-05','仁布县','藏族','团员','2015-09','2015-09','0','0','2015-06','0','事业单位','专技十二级-助理','西藏自治区兽医生物药品制造厂','','','','','','','本科','2015-06','4','0','','','','0','','','','0','0','0','0','否','','0','',''),('5547','0','218','索朗拉吉','女','1987-07','西藏','藏族','团员','2011-12','2011-12','0','0','2016-12','0','事业单位','管理八级-副科','西藏自治区兽医生物药品制造厂','','','','','','','本科','2011-07','4','0','','','','0','','','','0','0','0','0','否','','0','',''),('5548','0','218','普珍','女','1972-11','西藏','藏族','党员','1992-07','1992-07','0','0','2016-12','0','事业单位','管理八级-副科','西藏自治区兽医生物药品制造厂','','','','','','','中专','1992-07','3','0','','','','0','','','','0','0','0','0','否','','0','',''),('5549','0','218','德央','女','1982-12','西藏','藏族','','2007-07','2007-07','0','0','2017-11','0','事业单位','专技十一级','西藏自治区兽医生物药品制造厂','','','','','','','大专','2007-07','3','0','','','','0','','','','0','0','0','0','否','','0','',''),('5550','0','218','泽仁群西','女','1988-05','西藏','藏族','党员','2012-11','2012-11','0','0','2017-11','0','事业单位','专技十一级','西藏自治区兽医生物药品制造厂','','','','','','','本科','2012-07','3','0','','','','0','','','','0','0','0','0','否','','0','',''),('5465','0','218','王政','男','1987-06','河南','汉族','党员','2008-08','2008-08','0','0','2018-03','0','事业单位','专技十级-中级','西藏自治区兽医生物药品制造厂','','','','','','','大专','2008-07','3','0','','','','0','','','','0','0','0','0','否','','0','',''),('5443','0','218','刘运通','男','1986-02','安徽','汉族','党员','2009-08','2009-08','0','0','2016-12','0','事业单位','管理八级-副科','西藏自治区兽医生物药品制造厂','','','','','','','本科','2009-06','4','0','','','','0','','','','0','0','0','0','否','','0','',''),('5442','0','218','米玛次仁','男','1967-01','西藏','藏族','党员','1988-01','1988-01','0','0','2014-12','0','事业单位','管理五级-正县','西藏自治区兽医生物药品制造厂','','','','','','','中专','1991-07','4','0','','','','0','','','','0','0','0','0','否','','0','',''),('5444','0','218','胡剑武','男','1977-03','四川','汉族','党员','1998-07','1998-07','0','0','2014-11','0','事业单位','专技七级-副高','西藏自治区兽医生物药品制造厂','','','','','','','大专','1998-07','3','0','','','','0','','','','0','0','0','0','否','','0','',''),('5445','0','218','弋甘霖','男','1974-01','四川南充','汉族','党员','1997-07','1997-07','0','0','2017-09','0','事业单位','管理六级-副县','西藏自治区兽医生物药品制造厂','','','','','','','本科','1997-07','4','0','','','','0','','','','0','0','0','0','否','','0','',''),('5446','0','218','巴桑旺堆','男','1980-06','西藏','藏族','党员','1998-12','1998-12','0','0','2015-08','0','事业单位','管理七级-正科','西藏自治区兽医生物药品制造厂','','','','','','','大专','2006-07','3','0','','','','0','','','','0','0','0','0','否','','0','',''),('5448','0','218','次旦卓嘎','女','1962-06','西藏','藏族','党员','1983-01','1983-01','0','0','2015-08','0','事业单位','管理七级-正科','西藏自治区兽医生物药品制造厂','','','','','','','中专','1996-06','3','0','','','','0','','','','0','0','0','0','否','','0','',''),('6354','0','218','郑勇华','男','1967-06','西藏拉萨','藏族','','1983-03','1983-03','0','0','2005-11','0','事业单位','技术工三级-高级工','西藏自治区兽医生物药品制造厂','','','','','','','中专','2006-07','3','0','','','','0','','','','0','0','0','0','否','','0','',''),('6355','0','218','央金','女','1967-05','拉萨','藏族','','1984-01','1984-01','0','0','2005-11','0','事业单位','技术工三级-高级工','西藏自治区兽医生物药品制造厂','','','','','','','中专','2006-07','3','0','','','','0','','','','0','0','0','0','否','','0','',''),('6356','0','218','余红英','女','1967-04','西藏拉萨','藏族','','1984-01','1984-01','0','0','2005-11','0','事业单位','技术工三级-高级工','西藏自治区兽医生物药品制造厂','','','','','','','中专','2006-07','3','0','','','','0','','','','0','0','0','0','否','','0','',''),('6358','0','218','巴桑次仁','男','1974-01','西藏拉萨','藏族','','1992-12','1992-12','0','0','2014-12','0','事业单位','技术工三级-高级工','西藏自治区兽医生物药品制造厂','','','','','','','中专','2006-07','3','0','','','','0','','','','0','0','0','4','否','','0','',''),('6357','0','218','德吉央宗','女','1968-03','亚东','藏族','','1983-01','1983-01','0','0','2005-11','0','事业单位','技术工三级-高级工','西藏自治区兽医生物药品制造厂','','','','','','','中专','2006-07','3','0','','','','0','','','','0','0','0','1','否','','0','',''),('6359','0','218','曲措','女','1972-02','西藏芒康','藏族','','1996-01','1996-01','0','0','2015-11','0','事业单位','技术工三级-高级工','西藏自治区兽医生物药品制造厂','','','','','','','中专','2006-07','3','0','','','','0','','','','0','0','0','4','否','','0','',''),('6361','0','218','次旦罗布','男','1979-01','西藏拉萨','藏族','','1999-12','1999-12','0','0','2013-03','0','事业单位','技术工四级-中级工','西藏自治区兽医生物药品制造厂','','','','','','','中专','2006-07','3','0','','','','0','','','','0','0','0','0','否','','0','',''),('6362','0','218','格桑次仁','男','1981-08','西藏日喀则','藏族','党员','1999-12','1999-12','0','0','2017-11','0','事业单位','管理八级-副科','西藏自治区兽医生物药品制造厂','','','','','','','中专','2006-07','3','0','','','','0','','','','0','0','0','0','否','','0','',''),('6364','0','218','阿桑卓玛','女','1990-12','西藏阿里','藏族','团员','2007-12','2007-12','0','0','2010-11','0','事业单位','技术工五级-初级工','西藏自治区兽医生物药品制造厂','','','','','','','中专','2008-07','3','0','','','','0','','','','0','0','0','0','否','','0','',''),('6363','0','218','巴桑','女','1962-07','西藏泽当','藏族','','2000-06','2000-06','0','0','2014-08','0','事业单位','技术工四级-中级工','西藏自治区兽医生物药品制造厂','','','','','','','暂时没有','','0','0','','','','0','','','','0','0','0','0','否','','0','',''),('6403','0','218','平措多吉','男','1995-07','山南','藏族','团员','2017-11','2017-11','0','0','2017-11','0','事业单位','专技十二级-助理','西藏自治区兽医生物药品制造厂','','','','','','','本科','2017-06','4','0','','','','0','','','','0','0','0','0','否','','0','',''),('6365','0','218','米玛桑珠','男','1988-07','西藏拉萨','藏族','团员','2007-12','2007-12','0','0','2010-11','0','事业单位','技术工五级-初级工','西藏自治区兽医生物药品制造厂','','','','','','','高中','2007-07','3','0','','','','0','','','','0','0','0','0','否','','0','',''),('6367','0','218','米玛顿珠','男','1988-01','西藏拉萨','藏族','团员','2009-12','2009-12','0','0','2012-10','0','事业单位','技术工五级-初级工','西藏自治区兽医生物药品制造厂','','','','','','','高中','2009-07','3','0','','','','0','','','','0','0','0','0','否','','0','',''),('6368','0','218','张海军','','1990-01','河南','汉族','团员','2009-12','2009-12','0','0','2017-11','0','事业单位','专技十三级-员级','西藏自治区兽医生物药品制造厂','','','','','','','高中','2009-07','3','0','','','','0','','','','0','0','0','0','否','','0','',''),('6366','0','218','边巴顿珠','男','1986-04','西藏拉萨','藏族','团员','2008-12','2008-12','0','0','2017-11','0','事业单位','专技十三级-员级','西藏自治区兽医生物药品制造厂','','','','','','','大专','2005-07','3','0','','','','0','','','','0','0','0','0','否','','0','',''),('6369','0','218','崔健','男','1992-06','河南郑州','汉族','团员','2010-12','2010-12','0','0','2013-08','0','事业单位','技术工五级-初级工','西藏自治区兽医生物药品制造厂','','','','','','','高中','2010-07','3','0','','','','0','','','','0','0','0','0','否','','0','',''),('6371','0','218','张超','男','1993-01','河北衡水','汉族','党员','2016-08','2016-08','0','0','2016-09','0','事业单位','专技十二级-助理','西藏自治区兽医生物药品制造厂','','','','','','','本科','2016-07','4','0','','','','0','','','','0','0','0','0','否','','0','',''),('6370','0','218','扎西达瓦','男','1983-06','西藏丁青','藏族','','2006-09','2006-09','0','0','2017-11','0','事业单位','专技十三级-员级','西藏自治区兽医生物药品制造厂','','','','','','','高中','2006-07','3','0','','','','0','','','','0','0','0','0','否','','0','',''),('6372','0','218','巴桑旺堆','男','1994-06','西藏那曲','藏族','团员','2016-08','2016-08','0','0','2016-08','0','事业单位','专技十二级-助理','西藏自治区兽医生物药品制造厂','','','','','','','本科','2016-07','4','0','','','','0','','','','0','0','0','0','否','','0','',''),('6373','0','218','边巴央珍','女','1994-06','河南禹州','藏族','','2016-08','2016-08','0','0','2016-08','0','事业单位','专技十二级-助理','西藏自治区兽医生物药品制造厂','','','','','','','本科','2016-07','4','0','','','','0','','','','0','0','0','0','否','','0','',''),('5918','0','218','刘东洋','男','1986-11','','汉族','党员','2009-07','2009-07','0','0','2009-07','0','事业单位','专技十二级-助理','西藏自治区兽医生物药品制造厂','','','','','','','本科','2009-07','4','0','','','','0','','','','0','0','0','0','否','','0','',''),('6374','0','218','其美央宗','女','1988-03','西藏拉萨','藏族','党员','2010-10','2010-10','0','0','2010-10','0','事业单位','专技十二级-助理','西藏自治区兽医生物药品制造厂','','','','','','','本科','2010-07','4','0','','','','0','','','','0','0','0','0','否','','0','',''),('6334','0','218','旦增扎拉','男','1985-07','','藏族','','2005-07','2005-07','0','0','2016-12','0','事业单位','专技十三级-员级','西藏自治区兽医生物药品制造厂','','','','','','','中专','2005-07','3','0','','','','0','','','','0','0','0','0','否','','0','',''),('6335','0','218','尼玛次仁','男','1961-06','日喀则','藏族','党员','1980-08','1980-08','0','0','2016-12','0','机关单位','管理五级-正县','西藏自治区兽医生物药品制造厂','领导职务','','','','','','大专','1990-07','3','0','','','','0','','','','0','0','0','0','否','','0','',''),('5457','0','218','朗杰顿珠','男','1977-06','西藏','藏族','党员','1996-08','1996-08','0','0','2017-11','0','事业单位','专技八级','西藏自治区兽医生物药品制造厂','','','','','','','中专','1996-08','3','0','','','','0','','','','0','0','0','0','否','','0','',''),('6617','0','218','王永彬','男','','','汉族','','2008-02','2008-02','0','0','2008-02','0','事业单位','专技十级-中级','西藏自治区兽医生物药品制造厂','','','','','','','大专','2007-05','3','0','','','','0','','','','0','2008','2008','0','否','','0','',''),('5449','0','218','曾勇','男','1972-10','四川','汉族','党员','1992-12','1992-12','0','0','2015-08','0','事业单位','管理七级-正科','西藏自治区兽医生物药品制造厂','','','','','','','大专','2006-07','3','0','','','','0','','','','0','0','0','0','否','','0','',''),('5450','0','218','扎西朗杰','男','1978-08','西藏','藏族','党员','1997-12','1997-12','0','0','2015-08','0','事业单位','管理七级-正科','西藏自治区兽医生物药品制造厂','','','','','','','中专','2006-07','3','0','','','','0','','','','0','0','0','2','否','','0','',''),('5447','0','218','穷达','男','1976-05','西藏','藏族','党员','1996-08','1996-08','0','0','2017-11','0','事业单位','专技八级','西藏自治区兽医生物药品制造厂','','','','','','','中专','1996-08','3','0','','','','0','','','','0','0','0','0','否','','0','',''),('5451','0','218','包玉花','女','1968-07','甘肃武威','汉族','党员','1990-07','1990-07','0','0','2017-06','0','事业单位','专技四级-正高','西藏自治区兽医生物药品制造厂','','','','','','','中专','1990-07','3','0','','','','0','','','','0','0','0','0','否','','0','',''),('5452','0','218','彭燕娟','女','1972-12','河南洛阳','汉族','党员','1993-07','1993-07','0','0','2017-06','0','事业单位','专技四级-正高','西藏自治区兽医生物药品制造厂','','','','','','','大专','1993-07','3','0','','','','0','','','','0','0','0','0','否','','0','',''),('5454','0','218','江合适','女','1974-09','河南开封','汉族','党员','1997-07','1997-07','0','0','2017-11','0','事业单位','专技六级','西藏自治区兽医生物药品制造厂','','','','','','','大专','1997-07','3','0','','','','0','','','','0','0','0','0','否','','0','',''),('5453','0','218','马冶欢','男','1974-06','甘肃武威','汉族','党员','1997-07','1997-07','0','0','2017-11','0','事业单位','专技六级','西藏自治区兽医生物药品制造厂','','','','','','','大专','1997-07','3','0','','','','0','','','','0','0','0','0','否','','0','',''),('5456','0','218','德吉','女','1973-07','西藏','藏族','党员','1994-08','1994-08','0','0','2017-05','0','事业单位','专技七级-副高','西藏自治区兽医生物药品制造厂','','','','','','','中专','1994-07','3','0','','','','0','','','','0','0','0','0','否','','0','',''),('5459','0','218','尼玛平措','男','1976-06','西藏','藏族','','1996-08','1996-08','0','0','2015-10','0','事业单位','专技十级-中级','西藏自治区兽医生物药品制造厂','','','','','','','中专','1996-08','3','0','','','','0','','','','0','0','0','0','否','','0','',''),('5455','0','218','朱晓光','男','1971-04','吉林','汉族','党员','1989-12','1989-12','0','0','2007-07','0','事业单位','管理八级-副科','西藏自治区兽医生物药品制造厂','','','','','','','大专','2006-07','3','0','','','','0','','','','0','0','0','4','否','','0','',''),('5460','0','218','耿华伟','男','1971-09','河南','汉族','党员','1991-07','1991-07','0','0','2017-11','0','事业单位','专技八级','西藏自治区兽医生物药品制造厂','','','','','','','中专','1991-07','3','0','','','','0','','','','0','0','0','0','否','','0','',''),('5458','0','218','洛桑次仁','男','1967-02','西藏','藏族','','1982-12','1982-12','0','0','2017-11','0','事业单位','技术工二级-技师','西藏自治区兽医生物药品制造厂','','','','','','','中专','2006-07','3','0','','','','0','','','','0','0','0','2','否','','0','',''),('5461','0','218','西洛','男','1976-06','西藏','汉族','','1996-08','1996-08','0','0','2017-11','0','事业单位','专技八级','西藏自治区兽医生物药品制造厂','','','','','','','中专','1996-08','3','0','','','','0','','','','0','0','0','0','否','','0','',''),('5464','0','218','普布次仁','男','1976-05','西藏','藏族','','1996-08','1996-08','0','0','2015-10','0','事业单位','专技十级-中级','西藏自治区兽医生物药品制造厂','','','','','','','中专','1996-07','3','0','','','','0','','','','0','0','0','0','否','','0','',''),('5462','0','218','李米仓','男','1986-02','甘肃','汉族','','2010-10','2010-10','0','0','2017-11','0','事业单位','专技十一级','西藏自治区兽医生物药品制造厂','','','','','','','大专','2010-07','3','0','','','','0','','','','0','0','0','0','否','','0','',''),('5702','0','218','旦永','男','1990-04','西藏','藏族','团员','2012-11','2012-11','0','0','2017-11','0','事业单位','专技十一级','西藏自治区兽医生物药品制造厂','','','','','','','本科','2011-07','4','0','','','','0','','','','0','0','0','0','否','','0','',''),('5701','0','218','益西措姆','女','1990-05','西藏','藏族','团员','2012-11','2012-11','0','0','2017-11','0','事业单位','专技十一级','西藏自治区兽医生物药品制造厂','','','','','','','本科','2012-07','4','0','','','','0','','','','0','0','0','0','否','','0','',''),('5718','0','218','洛桑江白','男','1982-02','西藏 ','藏族','团员','2012-11','2012-11','0','0','2017-11','0','事业单位','专技十一级','西藏自治区兽医生物药品制造厂','','','','','','','本科','2010-07','4','0','','','','0','','','','0','0','0','0','否','','0','',''),('5717','0','218','吴海彬','男','1991-07','四川','汉族','','2014-07','2014-07','0','0','2016-12','0','事业单位','专技十二级-助理','西藏自治区兽医生物药品制造厂','','','','','','','本科','2014-07','4','0','','','','0','','','','0','0','0','0','否','','0','',''),('5719','0','218','周海娟','女','1990-02','甘肃','汉族','团员','2014-07','2014-07','0','0','2014-07','0','事业单位','专技十二级-助理','西藏自治区兽医生物药品制造厂','','','','','','','本科','2014-07','4','0','','','','0','','','','0','0','0','0','否','','0','',''),('5720','0','218','次仁拉姆','女','1989-02','西藏','藏族','团员','2012-11','2012-11','0','0','2012-11','0','事业单位','专技十三级-员级','西藏自治区兽医生物药品制造厂','','','','','','','大专','2012-07','3','0','','','','0','','','','0','0','0','0','否','','0','',''),('5724','0','218','邓愧','女','1987-04','河南商丘','汉族','党员','2012-11','2012-11','0','0','2015-11','0','事业单位','专技十二级-助理','西藏自治区兽医生物药品制造厂','','','','','','','大专','2012-07','3','0','','','','0','','','','0','0','0','0','否','','0','',''),('5721','0','218','卓玛央宗','女','1989-09','西藏','藏族','团员','2012-11','2012-11','0','0','2012-11','0','事业单位','专技十三级-员级','西藏自治区兽医生物药品制造厂','','','','','','','大专','2012-07','3','0','','','','0','','','','0','0','0','0','否','','0','',''),('5722','0','218','索朗卓嘎','女','1991-06','西藏','藏族','团员','2012-11','2012-11','0','0','2017-01','0','事业单位','专技十二级-助理','西藏自治区兽医生物药品制造厂','','','','','','','大专','2012-07','3','0','','','','0','','','','0','0','0','0','否','','0','',''),('5728','0','218','罗布顿珠','男','1988-01','西藏','藏族','党员','2012-11','2012-11','0','0','2017-12','0','事业单位','专技十二级-助理','西藏自治区兽医生物药品制造厂','','','','','','','大专','2012-07','3','0','','','','0','','','','0','0','0','0','否','','0','',''),('6584','0','218','央珍','女','','','藏族','','1992-07','1992-07','0','0','2016-11','0','事业单位','专技七级-副高','西藏自治区兽医生物药品制造厂','','','','','','','中专','1992-07','3','0','','','','0','','','','0','0','0','0','否','','0','',''),('6523','0','218','李鸿仁','男','','','汉族','','2010-08','2010-08','0','0','2013-01','0','事业单位','专技十级-中级','西藏自治区兽医生物药品制造厂','','','','','','','大专','2009-07','3','0','','','','0','','','','0','0','0','0','否','','0','',''),('6336','0','218','次旦白玛','女','1986-04','山南','藏族','团员','2011-12','2011-12','0','0','2017-11','0','事业单位','专技十一级','西藏自治区兽医生物药品制造厂','','','','','','','本科','2011-07','4','0','','','','0','','','','0','0','0','0','否','','0','',''),('5831','0','218','王晓露','女','1991-11','河南林县','汉族','团员','2015-09','2015-09','0','0','2015-09','0','事业单位','专技十二级-助理','西藏自治区兽医生物药品制造厂','','','','','','','本科','2015-06','4','0','','','','0','','','','0','0','0','0','否','','0','',''),('5817','0','218','次仁群宗','女','1965-07','','藏族','','1982-12','1982-12','0','0','2005-11','0','事业单位','技术工三级-高级工','西藏自治区兽医生物药品制造厂','','','','','','','中专','2006-07','3','0','','','','0','','','','0','0','0','0','否','','0','',''),('5729','0','218','达瓦卓玛','女','1971-08','西藏','藏族','','1990-12','1990-12','0','0','2014-09','0','事业单位','技术工三级-高级工','西藏自治区兽医生物药品制造厂','','','','','','','中专','2006-07','3','0','','','','0','','','','0','0','0','0','否','','0','',''),('6623','0','218','林木','男','1967-11','','汉族','党员','1989-07','1989-07','0','0','2014-12','0','事业单位','管理五级-正县','西藏自治区兽医生物药品制造厂','领导职务','','','','','','大专','1989-07','3','0','','','','0','','','','0','0','0','0','否','','0','',''),('6341','0','218','次央','女','1986-12','拉萨','藏族','','2012-11','2012-11','0','0','2016-05','0','事业单位','专技十二级-助理','西藏自治区兽医生物药品制造厂','','','','','','','大专','2011-07','3','0','','','','0','','','','0','0','0','0','否','','0','',''),('6405','0','218','索朗扎西','男','1977-07','西藏拉萨','藏族','','1997-12','1997-12','0','0','2014-08','0','事业单位','技术工四级-中级工','西藏自治区兽医生物药品制造厂','','','','','','','中专','2006-07','3','0','','','','0','','','','0','0','0','0','否','','0','','');|INSERT INTO `tx_jobinfo` (`id`, `personid`, `sort`, `oldposttime`, `oldpostkind`, `oldpostname`, `oldarea`, `oldunitkind`, `oldunitname`, `oldisleader`, `height`)  VALUES ('34712','6335','0','1985-12','公务员','乡科级副职','二类区','机关单位','西藏自治区兽医生物药品制造厂','领导职务','0'),('34609','5453','0','2017-11','事业单位专业技术人员','专技六级','二类区','事业单位','西藏自治区兽医生物药品制造厂','','0'),('34611','5452','0','1998-06','事业单位专业技术人员','专技十二级-助理','二类区','事业单位','西藏自治区兽医生物药品制造厂','','0'),('34553','5718','0','2012-11','事业单位专业技术人员','专技十三级-员级','二类区','事业单位','西藏自治区兽医生物药品制造厂','','0'),('34665','5443','0','2016-12','事业单位管理人员','管理八级-副科','二类区','事业单位','西藏自治区兽医生物药品制造厂','','0'),('34725','6330','0','1993-12','事业单位工人','技术工五级-初级工','二类区','事业单位','西藏自治区兽医生物药品制造厂','','0'),('34727','6330','0','2008-07','事业单位管理人员','管理八级-副科','二类区','事业单位','西藏自治区兽医生物药品制造厂','','0'),('34709','6336','0','2011-12','事业单位专业技术人员','专技十二级-助理','二类区','事业单位','西藏自治区兽医生物药品制造厂','','0'),('34711','6335','0','1980-08','公务员','科员','二类区','机关单位','西藏自治区','非领导职务','0'),('34737','6340','0','2012-12','事业单位专业技术人员','专技十级-中级','二类区','事业单位','西藏自治区兽医生物药品制造厂','','0'),('34736','6340','0','2001-07','事业单位专业技术人员','专技十三级-员级','二类区','事业单位','西藏自治区兽医生物药品制造厂','','0'),('34669','6370','0','2015-11','事业单位工人','技术工四级-中级工','二类区','事业单位','西藏自治区兽医生物药品制造厂','','0'),('34672','6368','0','2012-10','事业单位工人','技术工五级-初级工','二类区','事业单位','西藏自治区兽医生物药品制造厂','','0'),('34686','6369','0','2013-08','事业单位工人','技术工五级-初级工','二类区','事业单位','西藏自治区兽医生物药品制造厂','','0'),('34673','6368','0','2017-11','事业单位专业技术人员','专技十三级-员级','二类区','事业单位','西藏自治区兽医生物药品制造厂','','0'),('34688','6367','0','2012-10','事业单位工人','技术工五级-初级工','二类区','事业单位','西藏自治区兽医生物药品制造厂','','0'),('34668','6370','0','2006-09','事业单位工人','技术工五级-初级工','二类区','事业单位','西藏自治区兽医生物药品制造厂','','0'),('34675','6366','0','2011-08','事业单位工人','技术工五级-初级工','二类区','事业单位','西藏自治区兽医生物药品制造厂','','0'),('34676','6366','0','2017-11','事业单位专业技术人员','专技十三级-员级','二类区','事业单位','西藏自治区兽医生物药品制造厂','','0'),('34735','6341','0','2016-05','事业单位专业技术人员','专技十二级-助理','二类区','事业单位','西藏自治区兽医生物药品制造厂','','0'),('34733','6342','0','2010-11','事业单位专业技术人员','专技十三级-员级','二类区','事业单位','西藏自治区兽医生物药品制造厂','','0'),('34705','6343','0','2010-07','事业单位专业技术人员','专技十三级-员级','二类区','事业单位','西藏自治区兽医生物药品制造厂','','0'),('34585','5459','0','2011-08','事业单位管理人员','管理八级-副科','二类区','事业单位','西藏自治区兽医生物药品制造厂','','0'),('34538','6344','0','2015-09','事业单位专业技术人员','专技十三级-员级','二类区','事业单位','西藏自治区兽医生物药品制造厂','','0'),('34539','6344','0','2017-12','事业单位专业技术人员','专技十二级-助理','二类区','事业单位','西藏自治区兽医生物药品制造厂','','0'),('34537','6345','0','2015-09','事业单位专业技术人员','专技十三级-员级','二类区','事业单位','西藏自治区兽医生物药品制造厂','','0'),('34536','6347','0','2015-09','事业单位专业技术人员','专技十三级-员级','二类区','事业单位','西藏自治区兽医生物药品制造厂','','0'),('34535','6346','0','2015-09','事业单位专业技术人员','专技十二级-助理','二类区','事业单位','西藏自治区兽医生物药品制造厂','','0'),('33019','6374','0','2010-10','事业单位专业技术人员','专技十二级-助理','二类区','事业单位','西藏自治区兽医生物药品制造厂','','0'),('34540','6349','0','2015-09','事业单位专业技术人员','专技十三级-员级','二类区','事业单位','西藏自治区兽医生物药品制造厂','','0'),('34696','6355','0','2005-11','事业单位工人','技术工三级-高级工','二类区','事业单位','西藏自治区兽医生物药品制造厂','','0'),('34561','5701','0','2012-11','事业单位专业技术人员','专技十三级-员级','二类区','事业单位','西藏自治区兽医生物药品制造厂','','0'),('34530','6351','0','2015-09','事业单位专业技术人员','专技十二级-助理','二类区','事业单位','西藏自治区兽医生物药品制造厂','','0'),('34531','6350','0','2015-09','事业单位专业技术人员','专技十二级-助理','二类区','事业单位','西藏自治区兽医生物药品制造厂','','0'),('34528','6353','0','2015-08','事业单位专业技术人员','专技十二级-助理','二类区','事业单位','西藏自治区兽医生物药品制造厂','','0'),('34690','6359','0','2015-11','事业单位工人','技术工三级-高级工','二类区','事业单位','西藏自治区兽医生物药品制造厂','','0'),('34697','6354','0','1983-03','事业单位工人','普通-普通工','二类区','事业单位','西藏自治区兽医生物药品制造厂','','0'),('34529','6352','0','2015-06','事业单位专业技术人员','专技十二级-助理','二类区','事业单位','西藏自治区兽医生物药品制造厂','','0'),('34698','6354','0','2005-11','事业单位工人','技术工三级-高级工','二类区','事业单位','西藏自治区兽医生物药品制造厂','','0'),('34695','6355','0','1984-01','事业单位工人','普通-普通工','二类区','事业单位','西藏自治区兽医生物药品制造厂','','0'),('34694','6356','0','2005-11','事业单位工人','技术工三级-高级工','二类区','事业单位','西藏自治区兽医生物药品制造厂','','0'),('34693','6356','0','1984-01','事业单位工人','普通-普通工','二类区','事业单位','西藏自治区兽医生物药品制造厂','','0'),('34692','6357','0','2005-11','事业单位工人','技术工三级-高级工','二类区','事业单位','西藏自治区兽医生物药品制造厂','','0'),('34684','6358','0','1992-12','事业单位工人','普通-普通工','二类区','事业单位','西藏自治区兽医生物药品制造厂','','0'),('34685','6358','0','2014-12','事业单位工人','技术工三级-高级工','二类区','事业单位','西藏自治区兽医生物药品制造厂','','0'),('34691','6357','0','1983-01','事业单位工人','普通-普通工','二类区','事业单位','西藏自治区兽医生物药品制造厂','','0'),('34710','6336','0','2017-11','事业单位专业技术人员','专技十一级','二类区','事业单位','西藏自治区兽医生物药品制造厂','','0'),('34724','6331','0','2011-08','事业单位管理人员','管理八级-副科','二类区','事业单位','西藏自治区兽医生物药品制造厂','','0'),('34567','5549','0','2013-11','事业单位专业技术人员','专技十二级-助理','二类区','事业单位','西藏自治区兽医生物药品制造厂','','0'),('34587','5457','0','1996-08','事业单位专业技术人员','专技十三级-员级','二类区','事业单位','西藏自治区兽医生物药品制造厂','','0'),('34601','5454','0','2002-06','事业单位专业技术人员','专技十二级-助理','二类区','事业单位','西藏自治区兽医生物药品制造厂','','0'),('34738','6340','0','2017-11','事业单位专业技术人员','专技九级','二类区','事业单位','西藏自治区兽医生物药品制造厂','','0'),('34605','5453','0','1997-07','事业单位专业技术人员','专技十三级-员级','二类区','事业单位','西藏自治区兽医生物药品制造厂','','0'),('34734','6341','0','2012-11','事业单位专业技术人员','专技十三级-员级','二类区','机关单位','西藏自治区兽医生物药品制造厂','','0'),('34689','6359','0','1996-01','事业单位工人','普通-普通工','二类区','事业单位','西藏自治区兽医生物药品制造厂','','0'),('34520','6403','0','2017-11','事业单位专业技术人员','专技十二级-助理','二类区','事业单位','西藏自治区兽医生物药品制造厂','','0'),('34521','6404','0','2017-11','事业单位专业技术人员','专技十二级-助理','二类区','事业单位','西藏自治区兽医生物药品制造厂','','0'),('35256','6363','0','2000-06','事业单位工人','普通-普通工','二类区','事业单位','西藏自治区兽医生物药品制造厂','','0'),('34612','5452','0','2004-05','事业单位专业技术人员','专技十级-中级','二类区','事业单位','西藏自治区兽医生物药品制造厂','','0'),('34678','6364','0','2010-11','事业单位工人','技术工五级-初级工','二类区','事业单位','西藏自治区兽医生物药品制造厂','','0'),('34682','6361','0','1999-12','事业单位工人','技术工五级-初级工','二类区','事业单位','西藏自治区兽医生物药品制造厂','','0'),('34683','6361','0','2013-03','事业单位工人','技术工四级-中级工','二类区','事业单位','西藏自治区兽医生物药品制造厂','','0'),('34624','5451','0','1990-07','事业单位专业技术人员','专技十三级-员级','二类区','事业单位','西藏自治区兽医生物药品制造厂','','0'),('34625','5451','0','1998-06','事业单位专业技术人员','专技十二级-助理','二类区','事业单位','西藏自治区兽医生物药品制造厂','','0'),('34518','5844','0','2012-07','公务员','科员','三类区','机关单位','西藏自治区兽医生物药品制造厂','非领导职务','0'),('34519','5844','0','2015-11','事业单位专业技术人员','专技十二级-助理','二类区','事业单位','西藏自治区兽医生物药品制造厂','非领导职务','0'),('34581','5461','0','2002-02','事业单位专业技术人员','专技十二级-助理','二类区','事业单位','西藏自治区兽医生物药品制造厂','','0'),('34570','5547','0','2016-12','事业单位管理人员','管理八级-副科','二类区','事业单位','西藏自治区兽医生物药品制造厂','','0'),('34569','5547','0','2011-12','事业单位专业技术人员','专技十二级-助理','二类区','事业单位','西藏自治区兽医生物药品制造厂','','0'),('34610','5452','0','1993-07','事业单位专业技术人员','专技十三级-员级','二类区','事业单位','西藏自治区兽医生物药品制造厂','','0'),('33001','5672','0','2008-02','事业单位专业技术人员','专技十级-中级','二类区','事业单位','西藏自治区兽医生物药品制造厂','','0'),('35257','6363','0','2014-08','事业单位工人','技术工四级-中级工','二类区','事业单位','西藏自治区兽医生物药品制造厂','','0'),('34680','6362','0','2014-08','事业单位工人','技术工四级-中级工','二类区','事业单位','西藏自治区兽医生物药品制造厂','','0'),('34679','6362','0','1999-12','事业单位工人','技术工五级-初级工','二类区','事业单位','西藏自治区兽医生物药品制造厂','','0'),('32439','5460','0','2004-10','事业单位专业技术人员','专技十二级-助理','二类区','事业单位','西藏自治区兽医生物药品制造厂','','0'),('34677','6365','0','2010-11','事业单位工人','技术工五级-初级工','二类区','事业单位','西藏自治区兽医生物药品制造厂','','0'),('34670','6370','0','2017-11','事业单位专业技术人员','专技十三级-员级','二类区','事业单位','西藏自治区兽医生物药品制造厂','','0'),('34523','6371','0','2016-09','事业单位专业技术人员','专技十二级-助理','二类区','事业单位','西藏自治区兽医生物药品制造厂','','0'),('34527','6372','0','2016-08','事业单位专业技术人员','专技十二级-助理','二类区','事业单位','西藏自治区兽医生物药品制造厂','','0'),('32440','5460','0','2009-08','事业单位专业技术人员','专技十级-中级','二类区','事业单位','西藏自治区兽医生物药品制造厂','','0'),('34524','6373','0','2016-08','事业单位专业技术人员','专技十二级-助理','二类区','事业单位','西藏自治区兽医生物药品制造厂','','0'),('31605','5918','0','2009-07','事业单位专业技术人员','专技十二级-助理','二类区','事业单位','西藏自治区兽医生物药品制造厂','','0'),('34575','5464','0','1996-08','事业单位专业技术人员','专技十三级-员级','二类区','事业单位','西藏自治区兽医生物药品制造厂','','0'),('34582','5461','0','2011-04','事业单位专业技术人员','专技十级-中级','二类区','事业单位','西藏自治区兽医生物药品制造厂','','0'),('35247','5458','0','2011-08','事业单位管理人员','管理八级-副科','二类区','事业单位','西藏自治区兽医生物药品制造厂','','0'),('35246','5458','0','2006-06','事业单位工人','技术工三级-高级工','二类区','事业单位','西藏自治区兽医生物药品制造厂','','0'),('34584','5459','0','2002-02','事业单位专业技术人员','专技十二级-助理','二类区','事业单位','西藏自治区兽医生物药品制造厂','','0'),('34544','5728','0','2012-11','事业单位专业技术人员','专技十三级-员级','二类区','事业单位','西藏自治区兽医生物药品制造厂','','0'),('34588','5457','0','2001-02','事业单位专业技术人员','专技十二级-助理','二类区','事业单位','西藏自治区兽医生物药品制造厂','','0'),('28122','5817','0','2005-11','事业单位工人','技术工三级-高级工','二类区','事业单位','西藏自治区兽医生物药品制造厂','','0'),('34324','6623','0','2007-06','公务员','县处级正职','二类区','机关单位','西藏自治区兽医生物药品制造厂','领导职务','0'),('28121','5817','0','1982-12','事业单位工人','技术工五级-初级工','二类区','事业单位','西藏自治区兽医生物药品制造厂','','0'),('34543','5831','0','2015-09','事业单位专业技术人员','专技十二级-助理','二类区','事业单位','西藏自治区兽医生物药品制造厂','','0'),('34718','6334','0','2016-12','事业单位专业技术人员','专技十三级-员级','二类区','事业单位','西藏自治区兽医生物药品制造厂','','0'),('34723','6331','0','1992-12','事业单位工人','普通-普通工','二类区','事业单位','西藏自治区兽医生物药品制造厂','','0'),('34726','6330','0','2006-07','事业单位管理人员','管理九级-科员','二类区','事业单位','西藏自治区兽医生物药品制造厂','','0'),('34721','6332','0','2011-12','事业单位专业技术人员','专技十二级-助理','二类区','事业单位','西藏自治区兽医生物药品制造厂','','0'),('28183','5843','0','2017-08','事业单位工人','技术工五级-初级工','二类区','事业单位','西藏自治区兽医生物药品制造厂','','0'),('28182','5842','0','2017-08','事业单位专业技术人员','专技十二级-助理','二类区','事业单位','西藏自治区兽医生物药品制造厂','','0'),('34719','6333','0','2011-12','事业单位专业技术人员','专技十三级-员级','四类区','事业单位','西藏自治区兽医生物药品制造厂','','0'),('34714','6335','0','1996-12','公务员','县处级副职','二类区','机关单位','西藏自治区兽医生物药品制造厂','领导职务','0'),('34715','6335','0','2004-09','事业单位管理人员','管理五级-正县','二类区','事业单位','西藏自治区兽医生物药品制造厂','领导职务','0'),('34716','6335','0','2016-12','事业单位管理人员','管理五级-正县','二类区','机关单位','西藏自治区兽医生物药品制造厂','领导职务','0'),('34548','5722','0','2012-11','事业单位专业技术人员','专技十三级-员级','二类区','事业单位','西藏自治区兽医生物药品制造厂','','0'),('34549','5722','0','2017-01','事业单位专业技术人员','专技十二级-助理','二类区','事业单位','西藏自治区兽医生物药品制造厂','','0'),('34713','6335','0','1991-12','公务员','乡科级正职','二类区','机关单位','西藏自治区兽医生物药品制造厂','领导职务','0'),('34648','5445','0','2000-02','事业单位专业技术人员','专技十二级-助理','二类区','事业单位','西藏自治区兽医生物药品制造厂','','0'),('34702','6405','0','2014-08','事业单位工人','技术工四级-中级工','二类区','事业单位','西藏自治区兽医生物药品制造厂','','0'),('34534','6348','0','2017-12','事业单位专业技术人员','专技十二级-助理','二类区','事业单位','西藏自治区兽医生物药品制造厂','','0'),('33018','6523','0','2013-01','事业单位专业技术人员','专技十级-中级','二类区','事业单位','西藏自治区兽医生物药品制造厂','','0'),('34583','5461','0','2017-11','事业单位专业技术人员','专技八级','二类区','事业单位','西藏自治区兽医生物药品制造厂','','0'),('34640','5447','0','2002-01','事业单位专业技术人员','专技十二级-助理','二类区','事业单位','西藏自治区兽医生物药品制造厂','','0'),('34722','6332','0','2017-11','事业单位专业技术人员','专技十一级','二类区','事业单位','西藏自治区兽医生物药品制造厂','','0'),('34554','5718','0','2013-11','事业单位专业技术人员','专技十二级-助理','二类区','事业单位','西藏自治区兽医生物药品制造厂','','0'),('34558','5702','0','2012-11','事业单位专业技术人员','专技十三级-员级','二类区','事业单位','西藏自治区兽医生物药品制造厂','','0'),('34533','6348','0','2015-09','事业单位专业技术人员','专技十三级-员级','二类区','事业单位','西藏自治区兽医生物药品制造厂','','0'),('34574','5465','0','2018-03','事业单位专业技术人员','专技十级-中级','二类区','事业单位','西藏自治区兽医生物药品制造厂','','0'),('34564','5550','0','2012-11','事业单位专业技术人员','专技十二级-助理','二类区','事业单位','西藏自治区兽医生物药品制造厂','','0'),('34566','5549','0','2007-07','事业单位专业技术人员','专技十三级-员级','二类区','事业单位','西藏自治区兽医生物药品制造厂','','0'),('34578','5462','0','2010-10','事业单位专业技术人员','专技十三级-员级','二类区','事业单位','西藏自治区兽医生物药品制造厂','','0'),('34571','5465','0','2008-08','事业单位专业技术人员','专技十三级-员级','二类区','事业单位','西藏自治区兽医生物药品制造厂','','0'),('33017','6523','0','2010-08','事业单位专业技术人员','专技十三级-员级','二类区','事业单位','西藏自治区兽医生物药品制造厂','','0'),('34704','6584','0','2016-11','事业单位专业技术人员','专技七级-副高','二类区','事业单位','西藏自治区兽医生物药品制造厂','','0'),('34323','6623','0','1989-07','公务员','办事员','二类区','机关单位','西藏自治区兽医生物药品制造厂','非领导职务','0'),('34744','5548','0','2016-12','事业单位管理人员','管理八级-副科','二类区','事业单位','西藏自治区兽医生物药品制造厂','','0'),('34147','6617','0','2008-02','事业单位专业技术人员','专技十级-中级','二类区','事业单位','西藏自治区兽医生物药品制造厂','','0'),('34681','6362','0','2017-11','事业单位管理人员','管理八级-副科','二类区','事业单位','西藏自治区兽医生物药品制造厂','','0'),('34703','6584','0','1992-07','事业单位专业技术人员','专技十三级-员级','二类区','事业单位','西藏自治区兽医生物药品制造厂','','0'),('34325','6623','0','2014-12','事业单位管理人员','管理五级-正县','二类区','事业单位','西藏自治区兽医生物药品制造厂','领导职务','0'),('35248','5458','0','2017-11','事业单位工人','技术工二级-技师','二类区','事业单位','西藏自治区兽医生物药品制造厂','','0'),('34556','5717','0','2014-07','事业单位专业技术人员','专技十二级-助理','二类区','事业单位','西藏自治区兽医生物药品制造厂','','0'),('34555','5718','0','2017-11','事业单位专业技术人员','专技十一级','二类区','事业单位','西藏自治区兽医生物药品制造厂','','0'),('34573','5465','0','2016-12','事业单位管理人员','管理八级-副科','二类区','事业单位','西藏自治区兽医生物药品制造厂','','0'),('34572','5465','0','2013-09','事业单位专业技术人员','专技十二级-助理','二类区','事业单位','西藏自治区兽医生物药品制造厂','','0'),('34576','5464','0','2002-02','事业单位专业技术人员','专技十二级-助理','二类区','事业单位','西藏自治区兽医生物药品制造厂','','0'),('34591','5457','0','2017-11','事业单位专业技术人员','专技八级','二类区','事业单位','西藏自治区兽医生物药品制造厂','','0'),('34660','5444','0','2002-02','事业单位专业技术人员','专技十二级-助理','二类区','事业单位','西藏自治区兽医生物药品制造厂','','0'),('34666','5442','0','2005-09','事业单位管理人员','管理六级-副县','二类区','事业单位','西藏自治区兽医生物药品制造厂','','0'),('34577','5464','0','2015-10','事业单位专业技术人员','专技十级-中级','二类区','事业单位','西藏自治区兽医生物药品制造厂','','0'),('34599','5455','0','2007-07','事业单位管理人员','管理八级-副科','二类区','事业单位','西藏自治区兽医生物药品制造厂','','0'),('34667','5442','0','2014-12','事业单位管理人员','管理五级-正县','二类区','事业单位','西藏自治区兽医生物药品制造厂','','0'),('34664','5443','0','2009-08','事业单位专业技术人员','专技十二级-助理','二类区','事业单位','西藏自治区兽医生物药品制造厂','','0'),('34649','5445','0','2001-03','事业单位管理人员','管理八级-副科','二类区','事业单位','西藏自治区兽医生物药品制造厂','','0'),('34650','5445','0','2006-11','事业单位管理人员','管理七级-正科','二类区','事业单位','西藏自治区兽医生物药品制造厂','','0'),('34636','5448','0','1983-01','事业单位管理人员','管理十级-办事员','二类区','事业单位','西藏自治区兽医生物药品制造厂','','0'),('34661','5444','0','2006-11','事业单位管理人员','管理八级-副科','二类区','事业单位','西藏自治区兽医生物药品制造厂','','0'),('34651','5445','0','2017-09','事业单位管理人员','管理六级-副县','二类区','事业单位','西藏自治区兽医生物药品制造厂','','0'),('34630','5450','0','2005-04','事业单位管理人员','管理九级-科员','二类区','事业单位','西藏自治区兽医生物药品制造厂','','0'),('34632','5449','0','1992-12','事业单位工人','普通-普通工','二类区','事业单位','西藏自治区兽医生物药品制造厂','','0'),('34633','5449','0','2006-06','事业单位工人','技术工四级-中级工','二类区','事业单位','西藏自治区兽医生物药品制造厂','','0'),('34613','5452','0','2009-08','事业单位专业技术人员','专技七级-副高','二类区','事业单位','西藏自治区兽医生物药品制造厂','','0'),('34629','5450','0','1997-12','事业单位工人','技术工五级-初级工','二类区','事业单位','西藏自治区兽医生物药品制造厂','','0'),('34631','5450','0','2015-08','事业单位管理人员','管理七级-正科','二类区','事业单位','西藏自治区兽医生物药品制造厂','','0'),('34607','5453','0','2005-08','事业单位专业技术人员','专技十级-中级','二类区','事业单位','西藏自治区兽医生物药品制造厂','','0'),('34614','5452','0','2017-06','事业单位专业技术人员','专技四级-正高','二类区','事业单位','西藏自治区兽医生物药品制造厂','','0'),('34743','5548','0','2006-08','事业单位管理人员','管理九级-科员','二类区','事业单位','西藏自治区兽医生物药品制造厂','','0'),('34742','5548','0','1992-08','事业单位管理人员','管理十级-办事员','二类区','事业单位','西藏自治区兽医生物药品制造厂','','0'),('34645','5446','0','2006-04','事业单位管理人员','管理九级-科员','二类区','事业单位','西藏自治区兽医生物药品制造厂','','0'),('34646','5446','0','2011-08','事业单位管理人员','管理八级-副科','二类区','事业单位','西藏自治区兽医生物药品制造厂','','0'),('34600','5454','0','1997-07','事业单位专业技术人员','专技十三级-员级','二类区','事业单位','西藏自治区兽医生物药品制造厂','','0'),('34608','5453','0','2012-12','事业单位专业技术人员','专技七级-副高','二类区','事业单位','西藏自治区兽医生物药品制造厂','','0'),('34606','5453','0','2002-06','事业单位专业技术人员','专技十二级-助理','二类区','事业单位','西藏自治区兽医生物药品制造厂','','0'),('34598','5455','0','2003-12','事业单位工人','技术工四级-中级工','二类区','事业单位','西藏自治区兽医生物药品制造厂','','0'),('34602','5454','0','2005-08','事业单位专业技术人员','专技十级-中级','二类区','事业单位','西藏自治区兽医生物药品制造厂','','0'),('34597','5455','0','1989-12','事业单位工人','技术工五级-初级工','二类区','事业单位','西藏自治区兽医生物药品制造厂','','0'),('34596','5456','0','2017-05','事业单位专业技术人员','专技七级-副高','二类区','事业单位','西藏自治区兽医生物药品制造厂','','0'),('34560','5702','0','2017-11','事业单位专业技术人员','专技十一级','二类区','事业单位','西藏自治区兽医生物药品制造厂','','0'),('34595','5456','0','2008-12','事业单位专业技术人员','专技十级-中级','二类区','事业单位','西藏自治区兽医生物药品制造厂','','0'),('34594','5456','0','2006-11','事业单位管理人员','管理八级-副科','二类区','事业单位','西藏自治区兽医生物药品制造厂','','0'),('34593','5456','0','1999-01','事业单位专业技术人员','专技十二级-助理','二类区','事业单位','西藏自治区兽医生物药品制造厂','','0'),('34603','5454','0','2011-11','事业单位专业技术人员','专技七级-副高','二类区','事业单位','西藏自治区兽医生物药品制造厂','','0'),('34642','5447','0','2009-08','事业单位专业技术人员','专技十级-中级','二类区','事业单位','西藏自治区兽医生物药品制造厂','','0'),('32438','5460','0','1991-07','事业单位专业技术人员','专技十三级-员级','二类区','事业单位','西藏自治区兽医生物药品制造厂','','0'),('34589','5457','0','2006-11','事业单位管理人员','管理八级-副科','二类区','事业单位','西藏自治区兽医生物药品制造厂','','0'),('34565','5550','0','2017-11','事业单位专业技术人员','专技十一级','二类区','事业单位','西藏自治区兽医生物药品制造厂','','0'),('34590','5457','0','2009-08','事业单位专业技术人员','专技十级-中级','二类区','事业单位','西藏自治区兽医生物药品制造厂','','0'),('34579','5462','0','2013-11','事业单位专业技术人员','专技十二级-助理','二类区','事业单位','西藏自治区兽医生物药品制造厂','','0'),('34568','5549','0','2017-11','事业单位专业技术人员','专技十一级','二类区','事业单位','西藏自治区兽医生物药品制造厂','','0'),('34580','5462','0','2017-11','事业单位专业技术人员','专技十一级','二类区','事业单位','西藏自治区兽医生物药品制造厂','','0'),('34592','5456','0','1994-08','事业单位专业技术人员','专技十三级-员级','二类区','事业单位','西藏自治区兽医生物药品制造厂','','0'),('34586','5459','0','2015-10','事业单位专业技术人员','专技十级-中级','二类区','事业单位','西藏自治区兽医生物药品制造厂','','0'),('34627','5451','0','2009-08','事业单位专业技术人员','专技七级-副高','二类区','事业单位','西藏自治区兽医生物药品制造厂','','0'),('34550','5721','0','2012-11','事业单位专业技术人员','专技十三级-员级','二类区','事业单位','西藏自治区兽医生物药品制造厂','','0'),('34626','5451','0','2004-05','事业单位专业技术人员','专技十级-中级','二类区','事业单位','西藏自治区兽医生物药品制造厂','','0'),('34720','6333','0','2016-12','事业单位专业技术人员','专技十三级-员级','二类区','事业单位','西藏自治区兽医生物药品制造厂','','0'),('34628','5451','0','2017-06','事业单位专业技术人员','专技四级-正高','二类区','事业单位','西藏自治区兽医生物药品制造厂','','0'),('34701','6405','0','1997-12','事业单位工人','技术工五级-初级工','二类区','事业单位','西藏自治区兽医生物药品制造厂','','0'),('34706','6338','0','2011-12','事业单位专业技术人员','专技十三级-员级','二类区','事业单位','西藏自治区兽医生物药品制造厂','','0'),('34545','5728','0','2017-12','事业单位专业技术人员','专技十二级-助理','二类区','事业单位','西藏自治区兽医生物药品制造厂','','0'),('35254','5729','0','2005-11','事业单位工人','技术工四级-中级工','二类区','事业单位','西藏自治区兽医生物药品制造厂','','0'),('34663','5444','0','2014-11','事业单位专业技术人员','专技七级-副高','二类区','事业单位','西藏自治区兽医生物药品制造厂','','0'),('35255','5729','0','2014-09','事业单位工人','技术工三级-高级工','二类区','事业单位','西藏自治区兽医生物药品制造厂','','0'),('34643','5447','0','2017-11','事业单位专业技术人员','专技八级','二类区','事业单位','西藏自治区兽医生物药品制造厂','','0'),('34662','5444','0','2007-09','事业单位专业技术人员','专技十级-中级','二类区','事业单位','西藏自治区兽医生物药品制造厂','','0'),('32441','5460','0','2017-11','事业单位专业技术人员','专技八级','二类区','事业单位','西藏自治区兽医生物药品制造厂','','0'),('34546','5724','0','2012-11','事业单位专业技术人员','专技十三级-员级','二类区','事业单位','西藏自治区兽医生物药品制造厂','','0'),('35253','5729','0','1990-12','事业单位工人','技术工五级-初级工','二类区','事业单位','西藏自治区兽医生物药品制造厂','','0'),('34547','5724','0','2015-11','事业单位专业技术人员','专技十二级-助理','二类区','事业单位','西藏自治区兽医生物药品制造厂','','0'),('34717','6334','0','2005-07','事业单位专业技术人员','专技十三级-员级','三类区','事业单位','西藏自治区兽医生物药品制造厂','','0'),('34604','5454','0','2017-11','事业单位专业技术人员','专技六级','二类区','事业单位','西藏自治区兽医生物药品制造厂','','0'),('34641','5447','0','2006-11','事业单位管理人员','管理八级-副科','二类区','事业单位','西藏自治区兽医生物药品制造厂','','0'),('34637','5448','0','1989-09','事业单位管理人员','管理九级-科员','二类区','事业单位','西藏自治区兽医生物药品制造厂','','0'),('34638','5448','0','2011-08','事业单位管理人员','管理八级-副科','二类区','事业单位','西藏自治区兽医生物药品制造厂','','0'),('34639','5448','0','2015-08','事业单位管理人员','管理七级-正科','二类区','事业单位','西藏自治区兽医生物药品制造厂','','0'),('34644','5446','0','1998-12','事业单位工人','技术工五级-初级工','二类区','事业单位','西藏自治区兽医生物药品制造厂','','0'),('34635','5449','0','2015-08','事业单位管理人员','管理七级-正科','二类区','事业单位','西藏自治区兽医生物药品制造厂','','0'),('34647','5446','0','2015-08','事业单位管理人员','管理七级-正科','二类区','事业单位','西藏自治区兽医生物药品制造厂','','0'),('34634','5449','0','2011-08','事业单位管理人员','管理八级-副科','二类区','事业单位','西藏自治区兽医生物药品制造厂','','0'),('34557','5717','0','2016-12','事业单位专业技术人员','专技十二级-助理','二类区','事业单位','西藏自治区兽医生物药品制造厂','','0'),('34562','5701','0','2013-11','事业单位专业技术人员','专技十二级-助理','二类区','事业单位','西藏自治区兽医生物药品制造厂','','0'),('34559','5702','0','2013-11','事业单位专业技术人员','专技十二级-助理','二类区','事业单位','西藏自治区兽医生物药品制造厂','','0'),('34563','5701','0','2017-11','事业单位专业技术人员','专技十一级','二类区','事业单位','西藏自治区兽医生物药品制造厂','','0'),('34551','5720','0','2012-11','事业单位专业技术人员','专技十三级-员级','二类区','事业单位','西藏自治区兽医生物药品制造厂','','0'),('34745','5719','0','2014-07','事业单位专业技术人员','专技十二级-助理','二类区','事业单位','西藏自治区兽医生物药品制造厂','','0');|INSERT INTO `tx_studyinfo` (`id`, `personid`, `level`, `gettime`, `school`)  VALUES ('5069','6623','研究生','2005-07','西藏大学'),('5128','5548','大专','2006-06',''),('5125','6370','大专','2013-07',''),('5126','6368','大专','2016-07',''),('5117','5457','中专','2017-12',''),('5123','5444','大专','1998-07',''),('5124','5444','研究生','2011-07','');|INSERT INTO `tx_checkinfo` (`id`, `personid`, `gettime`, `check`)  VALUES ('4068','5548','2008','不通过'),('4026','6370','2006','不通过'),('4027','6370','2007','不通过'),('4028','6370','2008','不通过'),('4029','6370','2009','不通过'),('4054','6369','2010','不通过'),('4055','6369','2011','不通过'),('4056','6369','2012','不通过'),('4057','6369','2013','不通过'),('4058','6369','2014','不通过'),('4059','6369','2015','不通过'),('4051','6364','2008','不通过'),('4052','6364','2009','不通过'),('4053','6364','2010','不通过'),('4048','6365','2008','不通过'),('4049','6365','2009','不通过'),('4050','6365','2010','不通过'),('4043','6366','2009','不通过'),('4044','6366','2010','不通过'),('4045','6366','2011','不通过'),('4046','6366','2012','不通过'),('4047','6366','2013','不通过'),('4064','6367','2010','不通过'),('4065','6367','2011','不通过'),('4066','6367','2012','不通过'),('4037','6368','2010','不通过'),('4038','6368','2011','不通过'),('4039','6368','2012','不通过'),('4060','6369','2016','不通过');|INSERT INTO `tx_heightinfo` (`id`, `personid`, `area`, `city`, `county`, `height`, `acc`, `iscity`, `heightid`, `gettime`)  VALUES ('19181','6584','-','-','-','3600','-','否','0','1992-07'),('19099','6404','西藏拉萨','城关区','无','3600','无','否','0','2017-11'),('19157','5444','拉萨市','拉萨市','拉萨市','3650','1-1-1','否','65793','1998-07'),('19118','5728','拉萨市','拉萨市','拉萨市','3650','1-1-1','否','65793','2012-11'),('19151','5446','西藏','西藏','西藏','3600','无','否','0','2003-07'),('19110','6348','拉萨市','拉萨市','拉萨市','3650','1-1-1','否','65793','2015-09'),('19132','5465','-','城关区','-','3600','无','否','0','2008-08'),('18992','6623','-','城关区','-','3600','无','否','0','1989-07'),('19158','5443','拉萨','城关区','无','3600','无','否','0','2009-08'),('19159','5442','西藏','拉萨','是','3600','无','是','0','1988-01'),('19140','5454','西藏','城关区','无','3600','无','否','0','1997-07'),('19202','6340','昌都市','贡觉县','贡觉县','3725','5-3-1','否','328449','2001-07'),('19182','6343','那曲地区','那曲县','那曲镇','4527','6-2-2','是','393730','2010-11'),('18945','6617','-','城关区','-','3600','无','否','0','2008-02'),('19097','5844','拉萨市','拉萨市','拉萨市','3650','1-1-1','否','65793','2015-12'),('19096','5844','日喀则市','定日县','长所乡','4210','2-5-11','是','132363','2012-07'),('19098','6403','拉萨市','拉萨市','拉萨市','3650','1-1-1','否','65793','2017-11'),('19101','6371','拉萨市','拉萨市','拉萨市','3650','1-1-1','否','65793','2016-08'),('19102','6373','拉萨市','拉萨市','拉萨市','3650','1-1-1','否','0','2016-08'),('19104','6372','拉萨市','拉萨市','拉萨市','3650','1-1-1','否','65793','2016-08'),('19105','6353','拉萨市','拉萨市','拉萨市','3650','1-1-1','否','65793','2013-08'),('19106','6352','拉萨市','拉萨市','拉萨市','3650','1-1-1','否','65793','2015-09'),('19107','6351','拉萨市','拉萨市','拉萨市','3650','1-1-1','否','65793','2015-09'),('19108','6350','拉萨市','拉萨市','拉萨市','3650','1-1-1','否','65793','2015-09'),('19115','6349','拉萨市','拉萨市','拉萨市','3650','1-1-1','否','0','2013-08'),('19111','6346','拉萨市','拉萨市','拉萨市','3650','1-1-1','否','65793','2015-09'),('19112','6347','拉萨市','拉萨市','拉萨市','3650','1-1-1','否','65793','2015-09'),('19113','6345','拉萨市','拉萨市','拉萨市','3650','1-1-1','否','65793','2015-09'),('19117','5831','拉萨市','拉萨市','拉萨市','3650','1-1-1','否','65793','2015-09'),('19114','6344','拉萨市','拉萨市','拉萨市','3650','1-1-1','否','65793','2015-09'),('19119','5724','拉萨市','拉萨市','拉萨市','3650','1-1-1','否','65793','2012-11'),('19120','5722','拉萨市','拉萨市','拉萨市','3650','1-1-1','否','65793','2012-11'),('19122','5720','拉萨市','拉萨市','拉萨市','3650','1-1-1','否','65793','2012-11'),('19121','5721','拉萨市','拉萨市','拉萨市','3650','1-1-1','否','65793','2012-11'),('19207','5719','拉萨市','拉萨市','拉萨市','3650','1-1-1','否','0','2014-07'),('19125','5717','拉萨市','拉萨市','拉萨市','3650','1-1-1','否','65793','2014-07'),('19131','5547','拉萨市','拉萨市','拉萨市','3650','1-1-1','否','65793','2011-12'),('19133','5464','拉萨市','拉萨市','拉萨市','3650','1-1-1','否','65793','1996-08'),('19136','5459','拉萨市','拉萨市','拉萨市','3650','1-1-1','否','65793','1996-08'),('19138','5456','拉萨市','拉萨市','拉萨市','3650','1-1-1','否','65793','1994-07'),('19139','5455','拉萨市','拉萨市','拉萨市','3650','1-1-1','否','65793','1989-12'),('19147','5450','拉萨市','拉萨市','拉萨市','3650','1-1-1','否','65793','1997-12'),('19142','5452','拉萨市','城关区','城关区','3650','1-2-1','否','66049','1993-07'),('19146','5451','拉萨市','拉萨市','拉萨市','3650','1-1-1','否','65793','1990-07'),('19148','5449','拉萨市','拉萨市','拉萨市','3650','1-1-1','否','65793','1992-12'),('19149','5448','拉萨市','拉萨市','拉萨市','3650','1-1-1','否','65793','1983-01'),('19174','6359','拉萨市','拉萨市','拉萨市','3650','1-1-1','否','65793','1996-01'),('19171','6369','拉萨市','拉萨市','拉萨市','3650','1-1-1','否','0','2012-12'),('19173','6367','拉萨市','拉萨市','拉萨市','3650','1-1-1','否','0','2012-12'),('19167','6364','拉萨市','拉萨市','拉萨市','3650','1-1-1','否','65793','2007-12'),('19166','6365','拉萨市','拉萨市','拉萨市','3650','1-1-1','否','65793','2007-12'),('19169','6361','拉萨市','拉萨市','拉萨市','3650','1-1-1','否','65793','1999-12'),('19170','6358','拉萨市','拉萨市','拉萨市','3650','1-1-1','否','65793','1992-12'),('19176','6356','拉萨市','拉萨市','拉萨市','3650','1-1-1','否','65793','1984-01'),('19175','6357','拉萨市','拉萨市','拉萨市','3650','1-1-1','否','65793','1983-01'),('19177','6355','拉萨市','拉萨市','拉萨市','3650','1-1-1','否','65793','1984-01'),('19596','6363','拉萨市','拉萨市','拉萨市','3650','1-1-1','否','0','2000-06'),('19178','6354','拉萨市','拉萨市','拉萨市','3650','1-1-1','否','65793','1983-03'),('19183','6343','拉萨市','拉萨市','拉萨市','3650','1-1-1','否','65793','2015-11'),('19184','6338','拉萨市','拉萨市','拉萨市','3650','1-1-1','否','65793','2011-12'),('19188','6334','日喀则市','聂拉木县','亚来乡','4420','2-17-4','是','135428','2005-07'),('19189','6334','拉萨市','拉萨市','拉萨市','3650','1-1-1','否','65793','2017-01'),('19190','6333','那曲地区','班戈县','班戈县','4888','6-6-1','否','394753','2011-12'),('19191','6333','拉萨市','拉萨市','拉萨市','3650','1-1-1','否','65793','2017-01'),('19193','6331','拉萨市','拉萨市','拉萨市','3650','1-1-1','否','65793','1992-12'),('19201','6341','拉萨市','拉萨市','拉萨市','3650','1-1-1','否','0','2015-12'),('19200','6341','昌都市','八宿县','八宿县','3663','5-12-1','否','0','2012-11'),('19595','5729','拉萨市','拉萨市','拉萨市','3650','1-1-1','否','0','1990-12'),('19194','6330','拉萨市','拉萨市','拉萨市','3650','1-1-1','否','65793','1993-12'),('18484','5672','拉萨','-','-','3600','无','否','0','2008-02'),('18492','6523','拉萨','-','-','3600','无','否','0','2010-08'),('18493','6374','拉萨','-','-','3600','无','否','0','2010-10'),('19198','6342','那曲地区','安多县','多玛乡','4750','6-7-9','是','395017','2010-11'),('19135','5461','拉萨','城关区','-','3600','无','否','0','1996-08'),('19150','5447','拉萨','城关区','-','3600','无','否','0','1996-08'),('19192','6332','拉萨','城关区','-','3600','无','否','0','2011-12'),('19124','5718','拉萨市','拉萨市','拉萨市','3650','1-1-1','否','65793','2012-11'),('19126','5702','拉萨市','拉萨市','拉萨市','3650','1-1-1','否','65793','2012-11'),('19127','5701','拉萨','城关区','-','3600','无','否','0','2012-11'),('19128','5550','拉萨','城关区','-','3600','无','否','0','2012-11'),('19129','5549','山南','山南','山南','3600','山南','是','0','2007-07'),('19130','5549','拉萨','城关区','-','3600','无','否','0','2013-01'),('19134','5462','拉萨','城关区','-','3600','-','否','0','2010-10'),('19168','6362','-','-','-','3600','-','否','0','1999-12'),('19161','6370','拉萨','城关区','-','3600','-','否','0','2006-09'),('19163','6368','拉萨','城关区','-','3600','-','否','0','2012-11'),('19199','6342','拉萨市','拉萨市','拉萨市','3650','1-1-1','否','65793','2015-12'),('19203','6340','拉萨市','拉萨市','拉萨市','3650','1-1-1','否','65793','2016-01'),('19205','5548','林芝市','林芝市','林芝市','3095','4-1-1','否','262401','1992-07'),('19206','5548','拉萨市','拉萨市','拉萨市','3650','1-1-1','否','65793','2000-06'),('19160','5442','西藏','拉萨','是','3600','无','是','0','2001-06'),('19152','5445','西藏','西藏','西藏','3600','西藏','否','0','1997-07'),('19593','5458','拉萨市','拉萨市','拉萨市','3650','无','否','0','1982-12'),('19180','6405','拉萨市','拉萨市','拉萨市','3650','1-1-1','否','0','1997-12'),('19187','6335','拉萨市','拉萨市','拉萨市','3650','1-1-1','否','65793','1980-08'),('19186','6336','西藏','城关区','无','3600','无','否','0','2011-12'),('19137','5457','西藏','城关区','无','3600','无','否','0','1996-08'),('18192','5460','西藏','城关区','无','3600','无','否','0','1991-07'),('19141','5453','西藏','城关区','无','3600','无','否','0','1997-07'),('19165','6366','-','-','-','3600','-','否','0','2008-12');|