INSERT INTO `tx_personinfo` (`id`, `sort`, `userid`, `name`, `sex`, `birthday`, `origin`, `nation`, `partymember`, `worktime`, `intime`, `inadj`, `inyear`, `posttime`, `postadj`, `unitkind`, `postname`, `unitname`, `isleader`, `lastposttime`, `lastunitkind`, `lastpostname`, `lastunitname`, `area`, `education`, `educationtime`, `schooltime`, `educationadj`, `teacherinfo`, `teacherbegin`, `teacherend`, `teacheradj`, `oneinfo`, `onebegin`, `oneend`, `oneadj`, `check2`, `check5`, `coveradj`, `cadre`, `retiretime`, `height`, `note`, `addon`,`ywcadre`,`yjbegin`,`yjend`,`bjcadre`,`bjbegin`,`bjend`) VALUES ('5420','1','215','彭珍','女','1981-09','西藏林芝','藏族','党员','2004-07','2004-07','0','0','2016-06','0','机关单位','县处级副职','地委统战部','领导职务','','','','','','本科','2004-07','4','0','','','','0','','','','0','0','0','0','否','','0','','','','','','','',''),('5419','1','215','多吉平措','男','1982-04','西藏丁靑','藏族','党员','2004-09','2004-09','0','0','2014-11','0','机关单位','管理八级-副科','地委统战部','','','','','','','大专','2004-09','3','0','教师','2004-09','2013-04','0','','','','0','0','0','0','否','','0','','','','','','','',''),('6518','1','215','达瓦桑布','男','1991-06','索县','藏族','党员','2014-07','2014-07','0','0','2020-12','0','机关单位','管理八级-副科','那曲市委统战部','','','','','','','大专','2014-07','3','0','','','','0','','','','0','0','0','0','否','','0','','','','','','','',''),('5428','4','215','多吉群培','男','1985-03','西藏边坝','藏族','党员','2009-10','2009-10','0','0','2020-12','0','机关单位','管理七级-正科','市委统战部','','','','','','','大专','2009-10','3','0','','','','0','','','','0','0','0','0','否','','0','','','','','','','',''),('5403','1','215','拉茸吹批','男','1983-12','云南省香格里拉','藏族','党员','2008-08','2008-08','0','0','2021-10','0','机关单位','一级主任科员','市委统战部','领导职务','','','','','','本科','2008-08','4','0','','','','0','','','','0','0','0','0','否','','0','','','','','','','',''),('6633','0','215','洛桑旦增','男','1952-06','','藏族','','2011-01','2011-01','0','0','2016-06','0','机关单位','县处级正职','西藏那曲','领导职务','','','','','','暂时没有','','0','0','','','','0','','','','0','2011','2011','0','否','','0','','','','','','','',''),('7569','432','215','郝润格','男','1979-07','河南西平','汉族','党员','1999-07','1999-07','0','0','2020-06','0','机关单位','二级调研员','那曲市委统战部','领导职务','','','','','','中专','1999-07','4','0','','','','0','','','','0','0','0','0','','','0','','','','','','','',''),('5410','1','215','何飞凤','女','1987-06','四川射洪','汉族','党员','2010-08','2010-08','0','0','2018-08','0','机关单位','乡科级副职','地委统战部','领导职务','','','','','','本科','2010-08','4','0','','','','0','','','','0','0','0','0','否','','0','','','','','','','',''),('5794','1','215','尼玛扎西','男','1976-12','河南','藏族','党员','1997-08','1997-08','0','0','2017-07','0','机关单位','县处级正职','地委统战部','非领导职务','','','','','','大专','1997-08','3','0','','','','0','','','','0','0','0','0','否','','0','','','','','','','',''),('7702','83','215','多吉顿珠','男','1975-08','西藏错那','藏族','党员','1996-07','1996-07','0','','2021-04','0','机关单位','一级调研员','市委统战部','领导职务','','','','','','中专','1996-07','4','0','','','','0','','','','0','0','0','0','','','','','','','','','','',''),('7742','666','215','白玛卓嘎','女','1987-08','西藏乃东','藏族','党员','2012-12','2012-12','0','','2022-01','0','机关单位','管理九级-科员','市委统战部','','','','','','','大专','2012-12','3','0','','','','0','','','','0','0','0','0','','','','','','','','','','',''),('7308','1','215','次珍','女','1989-02','.拉萨','藏族','党员','2012-12','2012-12','0','0','2021-10','0','机关单位','乡科级副职','那曲市委统战部','领导职务','','','','','','本科','2012-12','4','0','','','','0','','','','0','0','0','0','否','','0','','','','','','','',''),('5415','4','215','聂扎边巴','男','1988-04','西藏拉萨','藏族','党员','2011-11','2011-11','0','0','2018-07','0','机关单位','乡科级副职','市委统战部','领导职务','','','','','','本科','2011-11','4','0','','','','0','','','','0','0','0','0','否','','0','','','','','','','',''),('7354','1','215','阿旺','男','1970-11','西藏日喀则','藏族','党员','1994-07','1994-07','0','0','2020-04','0','机关单位','县处级正职','市委统战部','领导职务','','','','','','本科','1994-07','4','0','','','','0','','','','0','0','0','0','否','','0','','','','','','','',''),('5509','1','215','尼吉','女','1984-01','班戈','藏族','团员','2013-12','2013-12','0','0','2016-06','0','机关单位','管理九级-科员','那曲地委统战部','','','','','','','大专','2013-12','3','0','','','','0','','','','0','0','0','0','否','','0','','','','','','','',''),('5422','1','215','次仁曲宗','女','1983-12','','藏族','','2003-01','2003-01','0','0','2017-03','0','机关单位','中级工','统战部','','','','','','','大专','2015-01','3','0','','','','0','','','','0','0','0','0','否','','0','','','','','','','',''),('7567','999','215','张鹏宇','男','1981-03','','汉族','党员','2003-07','2003-07','0','0','2020-11','0','机关单位','四级调研员','西藏那曲佛协','领导职务','','','','','','大专','2005-07','3','0','','','','0','','','','0','0','0','0','','','0','','','','','','','',''),('5508','3','215','索朗卓嘎','女','1988-03','拉萨','藏族','','2011-08','2011-08','0','0','2021-10','0','机关单位','乡科级正职','统战部','领导职务','','','','','','本科','2011-08','4','0','','','','0','','','','0','0','0','0','否','','0','','','','','','','',''),('5401','1','215','次仁江措','男','1977-12','西藏班戈','藏族','党员','2000-07','2000-07','0','0','2020-12','0','机关单位','一级主任科员','地委统战部','领导职务','','','','','','中专','2000-07','3','0','','','','0','','','','0','0','0','0','否','','0','','','','','','','',''),('7306','1','215','杨淑钦','女','1988-12','比如县','汉族','党员','2011-12','2011-12','0','0','2020-12','0','机关单位','三级主任科员','那曲市统战部','非领导职务','','','','','','本科','2011-12','4','0','','','','0','','','','0','0','0','0','否','','0','','','','','','','',''),('5413','1','215','巴桑','男','1987-07','西藏嘉黎','藏族','党员','2010-11','2010-11','0','0','2021-10','0','机关单位','乡科级正职','市委统战部','领导职务','','','','','','本科','2010-11','4','0','','','','0','','','','0','0','0','0','否','','0','','','','','','','',''),('7315','0','215','洛桑旦增','男','1952-06','索县','藏族','','2011-01','2011-01','0','0','2016-06','0','机关单位','县处级正职','西藏那曲','领导职务','','','','','','暂时没有','','0','0','','','','0','','','','0','2011','2011','0','否','','0','','','','','','','',''),('5416','1','215','索朗普赤','女','1984-01','西藏日喀则','藏族','党员','2006-07','2006-07','0','0','2021-10','0','机关单位','一级主任科员','市委统战部','领导职务','','','','','','中专','2006-07','3','0','','','','0','','','','0','0','0','0','否','','0','','','','','','','',''),('5434','1','215','田国庆','男','1971-10','青海','藏族','党员','1993-05','1993-05','0','0','2014-06','0','机关单位','技师','地委统战部','','','','','','','中专','2013-07','3','0','','','','0','','','','0','0','0','0','否','','0','','','','','','','',''),('5432','1','215','格桑玉珍','女','1975-12','西藏比如','藏族','','1991-01','1991-01','0','0','2011-07','0','机关单位','高级工','地委统战部','','','','','','','大专','2010-07','3','0','','','','0','','','','0','0','0','0','否','','0','','','','','','','',''),('7568','323','215','扎西措姆','女','1994-08','西藏堆龙','藏族','团员','2017-12','2017-12','0','0','2021-10','0','机关单位','四级主任科员','市委统战部','非领导职务','','','','','','本科','2017-12','4','0','','','','0','','','','0','0','0','0','','','0','','','','','','','',''),('7620','4','215','扎珠','男','1964-10','','藏族','','1988-01','1988-01','0','0','2016-05','0','机关单位','高级工','市委统战部','','','','','','','暂时没有','','0','0','','','','0','','','','0','0','0','0','','','0','','','','','','','',''),('7316','1','215','达布郎杰旺久','男','1957-06','','藏族','','2011-05','2011-05','0','0','2016-05','0','机关单位','县处级正职','西藏那曲','领导职务','','','','','','大专','2003-07','3','0','','','','0','','','','0','0','0','0','否','','0','','','','','','','',''),('5425','1','215','洛桑扎西','男','1968-08','西藏乃东','藏族','党员','1994-07','1994-07','0','0','2015-01','0','机关单位','县处级正职','那曲地委统战部','非领导职务','','','','','','本科','1994-07','4','0','','','','0','','','','0','0','0','0','否','','0','','','','','','','',''),('7741','333','215','丹珍卓玛','女','1988-01','昌都芒康','藏族','党员','2011-12','2011-12','0','','2022-01','0','机关单位','管理八级-副科','市委统战部','','','','','','','本科','2011-12','4','0','','','','0','','','','0','0','0','0','','','','','','','','','','',''),('7317','564','215','加色贡桑旦增','男','1943-02','','藏族','','1971-04','1971-04','0','0','1985-12','0','机关单位','厅局级副职','自治区佛协','领导职务','','','','','','暂时没有','','0','0','','','','0','','','','0','0','0','0','否','','0','','','','','','','',''),('6519','1','215','张洪伟','男','1987-09','陕西','汉族','党员','2011-12','2011-12','0','0','2021-10','0','机关单位','乡科级正职','市委统战部','领导职务','','','','','','本科','2013-12','4','0','','','','0','','','','0','0','0','0','否','','0','','','','','','','',''),('7434','1','215','朱君浩','男','1988-08','','汉族','党员','2011-08','2011-08','0','0','2021-10','0','机关单位','三级主任科员','市委统战部','领导职务','','','','','','本科','2011-06','4','0','','','','0','','','','0','0','0','0','','','0','','','','','','','',''),('7747','877','215','111111','男','','','汉族','','2014-09','2014-09','0','','2020-04','0','机关单位','乡科级副职','巴青县统战部','领导职务','','','','','','本科','2014-09','4','0','','','','0','','','','0','0','0','0','','','','','','','','','','',''),('7746','789','215','格桑次仁','男','1990-02','西藏达孜','藏族','党员','2012-11','2012-11','0','','2022-01','0','机关单位','管理八级-副科','市委统战部','','','','','','','大专','2012-11','3','0','','','','0','','','','0','0','0','0','','','','','','','','','','',''),('7744','369','215','丹珍卓玛','女','1988-01','西藏芒康','藏族','党员','2011-12','2011-12','0','','2022-01','0','机关单位','管理八级-副科','市委统战部','','','','','','','本科','2011-12','4','0','','','','0','','','','0','0','0','0','','','','','','','','','','',''),('7745','88','215','尼玛曲珍','女','1990-02','西藏扎囊','藏族','党员','2014-07','2014-07','0','','2022-01','0','机关单位','管理九级-科员','市委统战部','','','','','','','本科','2014-07','4','0','','','','0','','','','0','0','0','0','','','','','','','','','','',''),('7743','125','215','强巴次仁','男','1992-08','西藏林周','藏族','党员','2015-09','2015-09','0','','2022-01','0','机关单位','管理九级-科员','市委统战部','','','','','','','大专','2015-09','3','0','','','','0','','','','0','0','0','0','','','','','','','','','','',''),('7740','110','215','仁青旺秋','女','1989-08','西藏比如','藏族','党员','2010-08','2010-08','0','','2018-06','0','机关单位','乡科级副职','色尼区色雄乡','领导职务','','','','','','大专','2010-08','3','0','','','','0','','','','0','0','0','0','','','','','','','','','','',''),('7738','255','215','白央','女','1993-10','西藏拉萨','藏族','党员','2014-07','2014-07','0','','2022-01','0','机关单位','管理九级-科员','市委统战部','','','','','','','本科','2014-07','4','0','','','','0','','','','0','0','0','0','','','','','','','','','','',''),('7739','0','215','卓嘎','女','1992-06','四川白玉','藏族','党员','2018-07','2018-07','0','','2022-01','0','机关单位','管理九级-科员','市委统战部','','','','','','','本科','2018-07','4','0','','','','0','农业','2018-07','2021-12','0','2018','2018','0','','','','','','','','','','',''),('7730','555','215','洛旦','男','1979-09','西藏尼木','藏族','党员','2001-07','2001-07','0','','2020-11','0','机关单位','二级调研员','西藏那曲','领导职务','','','','','','中专','2001-07','4','0','','','','0','','','','0','0','0','0','','','','','','','','','','',''),('5511','1','215','崔海强','男','1977-05','陕西富平','汉族','党员','2002-07','2002-07','0','0','2021-05','0','机关单位','县处级副职','地委统战部','领导职务','','','','','','大专','2002-07','3','0','','','','0','','','','0','0','0','0','否','','0','','','','','','','',''),('7312','1','215','郭太正','男','1983-01','贵州','汉族','党员','2006-07','2006-07','0','0','2021-10','0','机关单位','一级主任科员','市委统战部','领导职务','','','','','','大专','2008-07','3','0','','','','0','','','','0','0','0','0','否','','0','','','','','','','',''),('7353','1','215','米玛','男','1979-09','西藏山南','藏族','党员','2001-07','2001-07','0','0','2019-10','0','机关单位','县处级副职','西藏那曲','领导职务','','','','','','大专','2001-07','3','0','','','','0','','','','0','0','0','0','否','','0','','','','','','','',''),('7314','1','215','吉仲洛桑旦增','男','1953-12','比如县','藏族','','1973-02','1973-02','0','0','2010-07','0','机关单位','县处级正职','西藏那曲','领导职务','','','','','','暂时没有','','0','0','','','','0','','','','0','0','0','0','否','','0','','','','','','','',''),('7721','987','215','赤美贡旦','男','1978-06','青海湟中','藏族','党员','1999-07','1999-07','0','','2020-11','0','机关单位','三级调研员','市委统战部','领导职务','','','','','','中专','1999-07','4','0','','','','0','','','','0','0','0','0','','','','','','','','','','','');|INSERT INTO `tx_jobinfo` (`id`, `personid`, `sort`, `oldposttime`, `oldpostkind`, `oldpostname`, `oldarea`, `oldunitkind`, `oldunitname`, `oldisleader`, `height`)  VALUES ('57235','7742','','2012-12','事业单位专业技术人员','专技十三级-员级','三类区','事业单位','索县若达乡人民政府','','0'),('56693','5416','','2021-10','综合管理公务员','一级主任科员','四类区','机关单位','市委统战部','领导职务','0'),('56575','7568','','2019-07','综合管理公务员','一级科员','四类区','机关单位','西藏那曲色尼区洛麦乡','非领导职务','0'),('56767','5434','','2009-09','机关工人','高级工','四类区','机关单位','地委统战部','','0'),('56768','5434','','2014-06','机关工人','技师','四类区','机关单位','地委统战部','','0'),('53328','7620','0','1988-01','机关工人','初级工','三类区','机关单位','索县','','0'),('57077','7747','','2020-04','公务员','乡科级副职','四类区','机关单位','巴青县统战部','领导职务','0'),('56602','7353','','2019-10','公务员','县处级副职','四类区','机关单位','西藏那曲','领导职务','0'),('56766','5434','','2004-01','机关工人','中级工','四类区','机关单位','地委统战部','','0'),('56563','7567','','2020-11','综合管理公务员','四级调研员','四类区','机关单位','西藏那曲佛协','领导职务','0'),('56576','7568','','2020-12','综合管理公务员','一级科员','四类区','机关单位','地委统战部','非领导职务','0'),('56577','7568','','2021-10','综合管理公务员','四级主任科员','四类区','机关单位','市委统战部','非领导职务','0'),('57449','7317','','1985-12','公务员','厅局级副职','四类区','机关单位','自治区佛协','领导职务','0'),('56601','7353','','2018-07','公务员','乡科级正职','四类区','机关单位','西藏那曲','领导职务','0'),('56692','5416','','2019-10','公务员','乡科级正职','四类区','机关单位','市委统战部','领导职务','0'),('56728','5401','','2020-12','综合管理公务员','一级主任科员','四类区','机关单位','地委统战部','领导职务','0'),('51435','5422','0','2003-01','机关工人','普通工','四类区','机关单位','聂荣','','0'),('56806','6518','','2020-12','事业单位管理人员','管理八级-副科','四类区','机关单位','那曲市委统战部','','0'),('56837','5428','','2020-12','事业单位管理人员','管理七级-正科','四类区','机关单位','市委统战部','','0'),('51682','7569','0','2020-05','综合管理公务员','三级调研员','四类区','机关单位','那曲市委统战部','领导职务','0'),('51613','7354','0','2011-06','公务员','县处级副职','四类区','机关单位','尼玛县','领导职务','0'),('51610','7354','0','1994-07','事业单位专业技术人员','专技十二级-助理','四类区','事业单位','那曲地委党校教师','','0'),('56722','5403','','2021-10','综合管理公务员','一级主任科员','四类区','机关单位','市委统战部','领导职务','0'),('57076','7747','','2018-06','公务员','科员','四类区','机关单位','巴青县统战部','非领导职务','0'),('57075','7747','','2014-09','事业单位专业技术人员','专技十三级-员级','四类区','事业单位','巴青县统战部','','0'),('57302','7746','','2022-01','事业单位管理人员','管理八级-副科','四类区','机关单位','市委统战部','','0'),('57301','7746','','2018-04','事业单位管理人员','管理八级-副科','四类区','事业单位','申扎县塔尔玛乡后勤服务中心','','0'),('57058','7745','','2014-07','事业单位管理人员','管理九级-科员','三类区','事业单位','比如县香曲乡后勤服务中心','','0'),('57059','7745','','2022-01','事业单位管理人员','管理九级-科员','四类区','机关单位','市委统战部','','0'),('57107','7744','','2022-01','事业单位管理人员','管理八级-副科','四类区','机关单位','市委统战部','','0'),('57105','7744','','2011-12','事业单位专业技术人员','专技十二级-助理','四类区','事业单位','申扎镇人民政府文化服务中心','','0'),('57106','7744','','2020-05','事业单位管理人员','管理八级-副科','四类区','事业单位','申扎镇人民政府文化服务中心','','0'),('57052','7743','','2015-09','事业单位专业技术人员','专技十三级-员级','三类区','事业单位','比如县扎拉乡文化服务中心','','0'),('57053','7743','','2022-01','事业单位管理人员','管理九级-科员','四类区','机关单位','市委统战部','','0'),('57237','7742','','2022-01','事业单位管理人员','管理九级-科员','四类区','机关单位','市委统战部','','0'),('57300','7746','','2012-11','事业单位专业技术人员','专技十三级-员级','四类区','机关单位','申扎县委统战部','','0'),('56600','7353','','2015-04','事业单位管理人员','管理七级-正科','四类区','机关单位','西藏那曲','','0'),('56742','7308','','2021-10','公务员','乡科级副职','四类区','机关单位','那曲市委统战部','领导职务','0'),('56691','5416','','2017-11','公务员','乡科级正职','四类区','机关单位','地委统战部','非领导职务','0'),('57236','7742','','2020-08','事业单位管理人员','管理九级-科员','三类区','事业单位','索县应急管理局执法大队','','0'),('56985','7741','','2022-01','事业单位管理人员','管理八级-副科','四类区','机关单位','市委统战部','','0'),('56517','7730','','2001-07','事业单位专业技术人员','专技十三级-员级','四类区','事业单位','西藏尼玛','','0'),('56663','5794','','2017-07','公务员','县处级正职','四类区','机关单位','地委统战部','非领导职务','0'),('51683','7569','0','2020-06','综合管理公务员','二级调研员','四类区','机关单位','那曲市委统战部','领导职务','0'),('51611','7354','0','2001-03','公务员','乡科级副职','四类区','机关单位','那曲申扎县','领导职务','0'),('51612','7354','0','2003-04','公务员','乡科级正职','四类区','机关单位','申扎县下果乡','领导职务','0'),('56715','5410','','2014-11','公务员','乡科级副职','四类区','机关单位','地委统战部','非领导职务','0'),('52077','5415','0','2017-01','公务员','乡科级副职','四类区','机关单位','地委统战部','非领导职务','0'),('57117','6519','','2021-10','公务员','乡科级正职','四类区','机关单位','市委统战部','领导职务','0'),('56598','7353','','2010-07','事业单位管理人员','管理九级-科员','四类区','机关单位','西藏那曲','','0'),('56984','7741','','2020-08','事业单位管理人员','管理八级-副科','四类区','事业单位','申扎县申扎镇人民政府','','0'),('56599','7353','','2013-01','事业单位管理人员','管理八级-副科','四类区','机关单位','西藏那曲','','0'),('56586','7434','','2020-03','公务员','乡科级副职','四类区','机关单位','那曲市委统战部','领导职务','0'),('50798','5432','0','2005-12','机关工人','中级工','四类区','机关单位','地委统战部','','0'),('56765','5434','','1998-12','机关工人','初级工','四类区','机关单位','地委统战部','','0'),('56836','5428','','2016-04','事业单位管理人员','管理八级-副科','四类区','机关单位','地委统战部','','0'),('56690','5416','','2014-11','公务员','乡科级副职','四类区','机关单位','地委统战部','领导职务','0'),('50797','5432','0','1998-12','机关工人','初级工','四类区','机关单位','地委统战部','','0'),('56727','5401','','2014-02','公务员','乡科级正职','四类区','机关单位','地委统战部','领导职务','0'),('50799','5432','0','2011-07','机关工人','高级工','四类区','机关单位','地委统战部','','0'),('56721','5403','','2018-07','公务员','乡科级正职','四类区','机关单位','市委统战部','领导职务','0'),('56739','7308','','2016-03','事业单位管理人员','管理九级-科员','四类区','事业单位','那曲市民宗局','','0'),('56716','5410','','2018-08','公务员','乡科级副职','四类区','机关单位','地委统战部','领导职务','0'),('56624','7316','','2016-05','公务员','县处级正职','四类区','机关单位','西藏那曲','领导职务','0'),('56719','5403','','2013-03','公务员','乡科级副职','四类区','机关单位','地委统战部','领导职务','0'),('56662','5794','','2015-01','公务员','县处级副职','四类区','机关单位','那曲县','领导职务','0'),('56674','5425','','2013-04','公务员','县处级正职','三类区','机关单位','比如县','领导职务','0'),('56679','5420','','2016-06','公务员','县处级副职','四类区','机关单位','地委统战部','领导职务','0'),('56675','5425','','2015-01','公务员','县处级正职','四类区','机关单位','那曲地委统战部','非领导职务','0'),('56661','5794','','2011-11','公务员','县处级副职','四类区','机关单位','比如县','领导职务','0'),('57116','6519','','2019-11','公务员','乡科级副职','四类区','机关单位','那曲市委统战部','领导职务','0'),('56673','5425','','2007-05','公务员','县处级副职','四类区','机关单位','安多县','领导职务','0'),('56672','5425','','2001-05','公务员','乡科级正职','四类区','机关单位','那曲地区民宗局','领导职务','0'),('57274','7740','','2018-06','公务员','乡科级副职','四类区','机关单位','色尼区色雄乡','领导职务','0'),('52167','5419','0','2013-04','事业单位管理人员','管理九级-科员','四类区','机关单位','地委统战部','','0'),('56741','7308','','2019-10','综合管理公务员','四级主任科员','四类区','机关单位','那曲市委统战部','非领导职务','0'),('56740','7308','','2018-07','公务员','科员','四类区','机关单位','那曲市民宗局','非领导职务','0'),('52168','5419','0','2014-11','事业单位管理人员','管理八级-副科','四类区','机关单位','地委统战部','','0'),('56725','5401','','2012-01','公务员','乡科级副职','四类区','机关单位','地委统战部','非领导职务','0'),('56908','7738','','2014-07','事业单位专业技术人员','专技十三级-员级','四类区','事业单位','班戈县尼玛乡文化服务中心','','0'),('56983','7741','','2011-12','事业单位专业技术人员','专技十二级-助理','四类区','事业单位','申扎县申扎镇人民政府','','0'),('56910','7738','','2022-01','事业单位管理人员','管理九级-科员','四类区','机关单位','市委统战部','','0'),('57272','7740','','2010-08','公务员','科员','四类区','机关单位','那曲县政法委','非领导职务','0'),('56700','5413','','2021-10','公务员','乡科级正职','四类区','机关单位','市委统战部','领导职务','0'),('56562','7567','','2019-12','综合管理公务员','一级主任科员','四类区','机关单位','西藏那曲宗教局','领导职务','0'),('56678','5420','','2013-01','公务员','乡科级正职','四类区','机关单位','地委统战部','领导职务','0'),('56726','5401','','2013-01','公务员','乡科级正职','四类区','机关单位','地委统战部','非领导职务','0'),('56671','5425','','1999-01','公务员','乡科级副职','四类区','机关单位','那曲地区民宗局','领导职务','0'),('56660','5794','','2002-03','公务员','乡科级正职','三类区','机关单位','比如县 ','领导职务','0'),('56596','7721','','2020-11','综合管理公务员','三级调研员','四类区','机关单位','市委统战部','领导职务','0'),('56522','7730','','2020-11','综合管理公务员','二级调研员','四类区','机关单位','西藏那曲','领导职务','0'),('56520','7730','','2015-01','公务员','县处级副职','四类区','机关单位','西藏聂荣','领导职务','0'),('52166','5419','0','2007-09','事业单位专业技术人员','专技十二级-助理','二类区','机关单位','昌都丁靑县','','0'),('43710','7315','0','2011-01','公务员','县处级副职','三类区','机关单位','西藏比如','领导职务','0'),('56698','5413','','2017-06','公务员','乡科级副职','四类区','机关单位','地委统战部','领导职务','0'),('52165','5419','0','2004-09','事业单位专业技术人员','专技十三级-员级','二类区','机关单位','昌都丁靑县','','0'),('56670','5425','','1994-07','公务员','科员','四类区','机关单位','那曲地区民宗局','非领导职务','0'),('56699','5413','','2018-07','公务员','乡科级正职','四类区','机关单位','市委统战部','非领导职务','0'),('56835','5428','','2013-12','事业单位管理人员','管理九级-科员','四类区','机关单位','地委统战部','','0'),('51678','7569','0','2010-11','公务员','乡科级正职','四类区','机关单位','那曲市水利局','非领导职务','0'),('56697','5413','','2014-11','公务员','乡科级副职','四类区','机关单位','地委统战部','非领导职务','0'),('57115','6519','','2018-07','公务员','乡科级副职','四类区','机关单位','那曲市委统战部','非领导职务','0'),('51680','7569','0','2015-08','公务员','县处级副职','四类区','机关单位','那曲市人大','非领导职务','0'),('51681','7569','0','2017-06','公务员','县处级副职','四类区','机关单位','那曲市政府','领导职务','0'),('51436','5422','0','2011-07','机关工人','初级工','四类区','机关单位','聂荣','','0'),('56724','5401','','2004-06','公务员','乡科级副职','四类区','机关单位','那曲县','领导职务','0'),('51437','5422','0','2017-03','机关工人','中级工','四类区','机关单位','统战部','','0'),('56518','7730','','2003-09','公务员','乡科级副职','四类区','机关单位','西藏尼玛','领导职务','0'),('56561','7567','','2014-06','公务员','乡科级正职','四类区','机关单位','西藏那曲民宗局','领导职务','0'),('56676','5420','','2004-07','公务员','科员','四类区','机关单位','地委统战部','非领导职务','0'),('56696','5413','','2013-12','公务员','科员','四类区','机关单位','宗教办','非领导职务','0'),('51677','7569','0','2003-03','公务员','乡科级副职','四类区','机关单位','那曲市水利局','领导职务','0'),('56834','5428','','2009-10','事业单位管理人员','管理九级-科员','四类区','机关单位','阿里地区扫黄办','','0'),('52075','5415','0','2011-11','公务员','科员','四类区','机关单位','聂荣县','非领导职务','0'),('56805','6518','','2018-01','事业单位管理人员','管理九级-科员','四类区','机关单位','那曲地委统战部','','0'),('56597','7353','','2001-07','事业单位专业技术人员','专技十三级-员级','四类区','事业单位','西藏那曲','','0'),('56677','5420','','2009-09','公务员','乡科级副职','四类区','机关单位','地委统战部','领导职务','0'),('56695','5413','','2011-08','公务员','科员','四类区','机关单位','嘉黎县措拉乡','非领导职务','0'),('56931','7739','','2018-07','事业单位专业技术人员','专技十三级-员级','四类区','事业单位','巴青县巴青乡农牧综合服务中心','','0'),('56738','7308','','2012-12','事业单位专业技术人员','专技十三级-员级','四类区','事业单位','申扎县申扎镇人民政府','','0'),('56933','7739','','2022-01','事业单位管理人员','管理九级-科员','四类区','机关单位','市委统战部','','0'),('51679','7569','0','2014-02','公务员','乡科级正职','四类区','机关单位','那曲市水利局','领导职务','0'),('56876','7306','','2020-12','综合管理公务员','三级主任科员','四类区','机关单位','那曲市统战部','非领导职务','0'),('56875','7306','','2016-08','公务员','乡科级副职','四类区','机关单位','那曲市外侨办','非领导职务','0'),('56874','7306','','2013-12','公务员','科员','四类区','机关单位','那曲市外侨办','非领导职务','0'),('56689','5416','','2013-01','公务员','乡科级副职','四类区','机关单位','地委统战部','非领导职务','0'),('56932','7739','','2020-10','事业单位专业技术人员','专技十二级-助理','四类区','事业单位','巴青县巴青乡农牧综合服务中心','','0'),('56694','5413','','2010-11','公务员','科员','四类区','机关单位','嘉黎县','非领导职务','0'),('56669','5508','','2021-10','公务员','乡科级正职','四类区','机关单位','统战部','领导职务','0'),('56668','5508','','2020-12','综合管理公务员','三级主任科员','四类区','机关单位','统战部','领导职务','0'),('57114','6519','','2017-12','公务员','科员','四类区','机关单位','那曲地委统战部','非领导职务','0'),('56720','5403','','2015-09','公务员','乡科级正职','四类区','机关单位','地委统战部','非领导职务','0'),('56757','5509','','2013-12','事业单位管理人员','管理十级-办事员','三类区','事业单位','昌都贡觉县','','0'),('56595','7721','','2019-12','公务员','县处级副职','四类区','机关单位','市委统战部','领导职务','0'),('56594','7721','','2013-08','公务员','县处级副职','三类区','机关单位','索县江达乡','领导职务','0'),('56593','7721','','2010-10','公务员','乡科级正职','三类区','机关单位','索县江达乡','领导职务','0'),('56592','7721','','2007-10','公务员','乡科级副职','三类区','机关单位','索县加勤乡','领导职务','0'),('56588','7721','','1999-07','事业单位专业技术人员','专技十三级-员级','三类区','事业单位','索县加勤乡','','0'),('56591','7721','','2005-06','公务员','科员','三类区','机关单位','索县国土资源局','非领导职务','0'),('56590','7721','','2002-08','事业单位专业技术人员','专技十二级-助理','三类区','事业单位','索县加勤乡','','0'),('56589','7721','','2000-08','事业单位专业技术人员','专技十二级-助理','三类区','事业单位','索县亚安乡','','0'),('56909','7738','','2019-10','事业单位专业技术人员','专技十二级-助理','四类区','事业单位','班戈县尼玛乡文化服务中心','','0'),('56667','5508','','2019-10','公务员','乡科级副职','四类区','机关单位','统战部','领导职务','0'),('52076','5415','0','2015-08','公务员','科员','四类区','机关单位','地委统战部','非领导职务','0'),('56666','5508','','2017-11','公务员','乡科级副职','四类区','机关单位','统战部','非领导职务','0'),('53329','7620','0','1993-07','机关工人','中级工','三类区','机关单位','索县','','0'),('56646','7312','','2017-04','公务员','乡科级正职','四类区','机关单位','那曲市宗教','领导职务','0'),('53331','7620','0','2016-05','机关工人','高级工','四类区','机关单位','市委统战部','','0'),('51676','7569','0','1999-07','公务员','科员','四类区','机关单位','那曲市农牧局','非领导职务','0'),('56717','5403','','2008-08','公务员','科员','四类区','机关单位','尼玛县','非领导职务','0'),('56647','7312','','2021-10','综合管理公务员','一级主任科员','四类区','机关单位','市委统战部','领导职务','0'),('56718','5403','','2011-11','公务员','乡科级副职','四类区','机关单位','尼玛县','领导职务','0'),('56873','7306','','2011-12','公务员','科员','三类区','机关单位','比如县','非领导职务','0'),('56664','5508','','2011-08','公务员','科员','四类区','机关单位','那曲镇','非领导职务','0'),('56804','6518','','2014-07','事业单位管理人员','管理十级-办事员','四类区','机关单位','班戈县保吉乡','','0'),('56521','7730','','2020-04','综合管理公务员','三级调研员','四类区','机关单位','西藏那曲','领导职务','0'),('56519','7730','','2006-05','公务员','乡科级正职','四类区','机关单位','西藏尼玛','领导职务','0'),('56364','7702','','2021-04','综合管理公务员','一级调研员','四类区','机关单位','市委统战部','领导职务','0'),('56363','7702','','2017-06','公务员','县处级正职','三类区','机关单位','西藏索县赞丹寺','领导职务','0'),('56362','7702','','2013-04','公务员','县处级副职','三类区','机关单位','西藏索县琼科寺','领导职务','0'),('56361','7702','','2002-12','公务员','乡科级正职','三类区','机关单位','西藏索县','领导职务','0'),('56360','7702','','2000-09','公务员','乡科级副职','三类区','机关单位','西藏索县','领导职务','0'),('56359','7702','','1999-07','公务员','科员','三类区','机关单位','西藏索县财政局','非领导职务','0'),('56358','7702','','1996-07','公务员','办事员','三类区','机关单位','西藏索县财政局','非领导职务','0'),('56665','5508','','2015-11','公务员','科员','四类区','机关单位','那曲地委统战部','非领导职务','0'),('57273','7740','','2016-06','公务员','乡科级副职','四类区','机关单位','那曲县政法委','非领导职务','0'),('56604','7314','','2010-07','公务员','县处级正职','四类区','机关单位','西藏那曲','领导职务','0'),('56623','7316','','2011-05','公务员','县处级副职','三类区','机关单位','西藏索县','领导职务','0'),('56688','5416','','2011-03','公务员','科员','四类区','机关单位','地委统战部','非领导职务','0'),('55514','5511','','2021-05','领导职务公务员','县处级副职','四类区','机关单位','地委统战部','领导职务','0'),('50796','5432','0','1991-01','机关工人','普通工','四类区','机关单位','地委统战部','','0'),('55513','5511','','2020-12','综合管理公务员','一级主任科员','四类区','机关单位','地委统战部','领导职务','0'),('56758','5509','','2016-06','事业单位管理人员','管理九级-科员','四类区','机关单位','那曲地委统战部','','0'),('56585','7434','','2015-10','公务员','乡科级副职','四类区','机关单位','尼玛县人大办','领导职务','0'),('56687','5416','','2006-07','公务员','办事员','四类区','机关单位','比如县','非领导职务','0'),('56587','7434','','2021-10','综合管理公务员','三级主任科员','四类区','机关单位','市委统战部','领导职务','0'),('55512','5511','','2016-11','公务员','乡科级正职','四类区','机关单位','地委统战部','领导职务','0'),('56764','5434','','1993-05','机关工人','普通工','四类区','机关单位','地委统战部','','0'),('34755','6633','0','2016-06','公务员','县处级正职','四类区','机关单位','西藏那曲','领导职务','0'),('56644','7312','','2013-05','公务员','乡科级副职','四类区','机关单位','西藏那曲聂荣统战部','领导职务','0'),('56645','7312','','2015-10','公务员','乡科级副职','四类区','机关单位','西藏那曲市宗教局','领导职务','0'),('56560','7567','','2013-06','公务员','乡科级正职','四类区','机关单位','西藏那曲民宗局','非领导职务','0'),('55511','5511','','2016-04','公务员','乡科级正职','三类区','机关单位','索县','领导职务','0'),('56584','7434','','2013-09','公务员','科员','四类区','机关单位','尼玛县人大办','非领导职务','0'),('55510','5511','','2015-08','公务员','乡科级正职','三类区','机关单位','索县','非领导职务','0'),('56583','7434','','2011-08','公务员','科员','四类区','机关单位','那曲尼玛县尼玛镇','非领导职务','0'),('55509','5511','','2013-01','公务员','乡科级副职','三类区','机关单位','索县','领导职务','0'),('56713','5410','','2010-08','公务员','科员','四类区','机关单位','那曲县','非领导职务','0'),('56714','5410','','2013-08','公务员','科员','四类区','机关单位','地委统战部','非领导职务','0'),('56574','7568','','2017-12','公务员','科员','四类区','机关单位','西藏那曲色尼区洛麦乡','非领导职务','0'),('53330','7620','0','2004-05','机关工人','高级工','三类区','机关单位','索县','','0'),('43711','7315','0','2016-06','公务员','县处级正职','四类区','机关单位','西藏那曲','领导职务','0'),('52078','5415','0','2018-07','公务员','乡科级副职','四类区','机关单位','市委统战部','领导职务','0'),('56643','7312','','2008-07','公务员','科员','四类区','机关单位','聂荣县政府','非领导职务','0'),('56658','5794','','1997-08','公务员','科员','三类区','机关单位','比如县','非领导职务','0'),('56659','5794','','1999-03','公务员','乡科级副职','三类区','机关单位','比如县','领导职务','0'),('34754','6633','0','2011-01','公务员','县处级副职','三类区','机关单位','那曲索县','领导职务','0'),('55507','5511','','2002-07','公务员','科员','三类区','机关单位','索县','非领导职务','0'),('55508','5511','','2011-11','公务员','乡科级副职','三类区','机关单位','索县','非领导职务','0'),('56558','7567','','2005-07','公务员','科员','四类区','机关单位','西藏那曲双湖县委','非领导职务','0'),('51614','7354','0','2020-04','公务员','县处级正职','四类区','机关单位','市委统战部','领导职务','0'),('56559','7567','','2008-03','公务员','乡科级副职','四类区','机关单位','西藏那曲双湖县委组织部','领导职务','0'),('57113','6519','','2013-12','公务员','科员','三类区','机关单位','巴青县统战部','非领导职务','0'),('56603','7314','','1995-09','公务员','县处级副职','四类区','机关单位','西藏那曲','领导职务','0'),('56723','5401','','2000-07','公务员','办事员','四类区','机关单位','那曲县','非领导职务','0');|INSERT INTO `tx_studyinfo` (`id`, `personid`, `level`, `gettime`, `school`)  VALUES ('6878','7702','本科','2009-12','党校'),('6947','5428','大专','2009-01','北京交通大学远程与继续教育学院'),('6913','7721','大专','2001-07','拉萨师范学校'),('6877','7702','大专','2005-06','党校'),('6198','5419','本科','2014-03','西藏大学（2011年三月入学）'),('6915','5425','本科','2014-03','西藏大学'),('6918','5416','大专','2007-01',''),('6919','5416','本科','2015-07',''),('7008','7740','本科','2015-03','西藏大学法学院'),('7005','7742','本科','2017-03','西藏大学法学专业');|INSERT INTO `tx_checkinfo` (`id`, `personid`, `gettime`, `check`)  VALUES ('5684','5410','2010','不记等次'),('4749','5415','2012','不记等次'),('5673','7312','2008','不记等次'),('5672','7312','2007','不记等次'),('5671','7312','2006','不记等次'),('5640','7567','2005','不定等次'),('5676','5420','2004','不定等次'),('5792','6519','2013','不记等次'),('5643','7568','2018','不记等次'),('5649','7434','2011','不记等次'),('5697','5509','2014','不记等次'),('5699','6518','2014','不记等次'),('5678','5416','2006','不记等次'),('5709','7306','2012','不记等次'),('5689','7308','2013','不通过'),('5702','5428','2010','不记等次'),('5679','5413','2011','不记等次'),('4771','5419','2005','不记等次'),('5685','5403','2008','不记等次'),('5791','6519','2012','不记等次'),('5790','6519','2011','不记等次'),('5725','7739','2018','不通过'),('5735','7741','2011','不定等次'),('5820','7742','2012','不计等次'),('5769','7743','2016','不计等次'),('5793','6519','2014','不通过'),('5789','7744','2011','不计等次'),('5768','7743','2015','不计等次'),('5772','7745','2014','不计等次'),('5829','7746','2012','不计等次'),('5778','7747','2015','不通过'),('5777','7747','2014','不通过');|INSERT INTO `tx_heightinfo` (`id`, `personid`, `area`, `city`, `county`, `height`, `acc`, `iscity`, `heightid`, `gettime`)  VALUES ('30202','5794','那曲地区','那曲县','那曲镇','4527','那曲镇','否','','2015-01'),('30203','5794','那曲地区','那曲地区','那曲地区','4527','6-1-1','否','','2017-07'),('30201','5794','那曲地区','比如县','比如镇','4130','比如镇','否','','2008-09'),('30166','7314','那曲地区','那曲地区','那曲地区','4527','6-1-1','否','','2003-08'),('27727','7354','那曲地区','申扎县','申扎镇','4750','6-9-2','是','0','2001-03'),('28625','7620','那曲地区','索县','索县','4096','6-8-1','否','0','1988-01'),('28087','5419','那曲地区','那曲地区','那曲地区','4527','6-1-1','否','0','2013-04'),('30463','6519','那曲地区','那曲地区','那曲地区','4527','6-1-1','否','','2017-12'),('30462','6519','那曲地区','巴青县','拉西镇','4400','拉西镇','否','','2011-01'),('27728','7354','那曲地区','申扎县','下过乡','4784','6-9-7','是','0','2003-04'),('30210','5420','那曲地区','那曲地区','那曲地区','4527','6-1-1','否','','2004-01'),('30151','7568','那曲地区','那曲地区','那曲地区','4527','6-1-1','否','','2020-12'),('30209','5425','那曲地区','那曲地区','那曲地区','4527','6-1-1','否','','2015-01'),('28086','5419','昌都地区','丁青县','丁青镇','3983','丁青镇','否','0','2004-09'),('30330','7739','那曲地区','巴青县','巴青乡','4310','6-3-7','是','393991','2018-01'),('30165','7314','那曲地区','比如县','比如县','4130','6-4-1','否','','1973-01'),('30164','7353','那曲地区','那曲地区','那曲地区','4527','6-1-1','否','','2011-07'),('27791','7569','那曲地区','那曲地区','那曲地区','4527','6-1-1','否','0','1999-01'),('30159','7434','那曲地区','那曲地区','那曲地区','4527','6-1-1','否','','2020-03'),('30276','6518','那曲地区','那曲地区','那曲地区','4527','6-1-1','否','','2017-12'),('30598','7740','那曲地区','那曲地区','那曲地区','4527','6-1-1','否','','2022-02'),('28040','5415','那曲地区','聂荣县','聂荣镇','4733','聂荣镇','否','0','2011-10'),('30569','7742','那曲地区','那曲地区','那曲地区','4527','6-1-1','否','','2022-01'),('28041','5415','那曲地区','那曲地区','那曲地区','4527','6-1-1','否','0','2015-08'),('30294','5428','那曲地区','那曲地区','那曲地区','4527','6-1-1','否','','2013-12'),('30214','5416','那曲地区','那曲地区','那曲地区','4527','6-1-1','否','','2011-03'),('30249','5509','那曲地区','那曲地区','那曲地区','4527','6-1-1','否','','2015-10'),('30213','5416','那曲地区','比如县','夏曲镇','4448','夏曲镇','是','','2006-01'),('30251','5434','那曲地区','那曲地区','那曲地区','4527','6-1-1','否','','1993-01'),('30205','5508','那曲地区','那曲地区','那曲地区','4527','6-1-1','否','','2016-11'),('30208','5425','那曲地区','安多县','帕那镇','4788','帕那镇','否','','2008-05'),('30293','5428','阿里地区','噶尔县','狮泉河镇','4297','狮泉河镇','否','','2009-01'),('19215','6633','那曲','那曲县','那曲镇','4619','那曲镇','否','0','2016-06'),('30204','5508','那曲地区','那曲县','那曲镇','4527','那曲镇','是','','2011-01'),('19214','6633','那曲','索县','亚拉','3800','亚拉','否','0','2011-01'),('27593','5422','那曲地区','那曲地区','那曲地区','4527','6-1-1','否','0','2016-03'),('27592','5422','那曲地区','聂荣县','聂荣镇','4600','聂荣镇','否','0','2003-01'),('27311','5432','那曲地区','那曲地区','那曲地区','4527','6-1-1','否','393473','1991-01'),('29621','5511','那曲地区','索县','亚拉镇','4096','亚拉镇','否','','2002-01'),('29622','5511','那曲地区','那曲地区','那曲地区','4527','6-1-1','否','','2016-05'),('30275','6518','那曲地区','班戈县','保吉乡','4600','保吉乡','是','','2014-01'),('30207','5425','那曲地区','安多县','帕那镇','4788','帕那镇','是','','2007-05'),('30217','5413','那曲地区','那曲地区','那曲地区','4527','6-1-1','否','','2013-12'),('30216','5413','那曲地区','嘉黎县','措拉乡','4890','措拉乡','是','','2011-08'),('30568','7742','那曲地区','索县','索县','4096','6-8-1','否','','2019-01'),('30223','5403','那曲地区','那曲地区','那曲地区','4527','6-1-1','否','','2013-03'),('28626','7620','那曲地区','那曲地区','那曲地区','4527','6-1-1','否','0','2016-05'),('30433','7747','那曲地区','那曲地区','那曲地区','4527','6-1-1','否','','2014-01'),('30629','7746','那曲地区','那曲地区','那曲地区','4527','6-1-1','否','','2022-01'),('30628','7746','那曲地区','申扎县','塔尔玛乡','4853','6-9-6','是','','2017-06'),('30627','7746','那曲地区','申扎县','申扎县','4750','6-9-1','否','','2012-01'),('30419','7743','那曲地区','那曲地区','那曲地区','4527','6-1-1','否','','2022-01'),('30424','7745','那曲地区','比如县','香曲乡','4160','6-4-6','是','','2014-01'),('30425','7745','那曲地区','那曲地区','那曲地区','4527','6-1-1','否','','2022-01'),('30418','7743','那曲地区','比如县','扎拉乡','4355','6-4-10','是','','2015-09'),('30460','7744','那曲地区','那曲地区','那曲地区','4527','6-1-1','否','','2022-01'),('30459','7744','那曲地区','申扎县','申扎镇','4750','6-9-2','是','','2011-01'),('30567','7742','那曲地区','索县','若达乡','4015','6-8-4','是','','2012-01'),('30370','7741','那曲地区','那曲地区','那曲地区','4527','6-1-1','否','393473','2022-01'),('30369','7741','那曲地区','申扎县','申扎镇','4750','6-9-2','是','395522','2011-12'),('30597','7740','那曲地区','那曲县','孔玛乡','4560','6-2-8','是','','2021-04'),('30596','7740','那曲地区','那曲县','色雄乡','4423','6-2-11','是','','2018-05'),('30595','7740','那曲地区','那曲县','那曲县','4527','6-2-1','否','','2010-01'),('30331','7739','那曲地区','那曲地区','那曲地区','4527','6-1-1','否','393473','2022-01'),('30320','7738','那曲地区','班戈县','尼玛乡','4718','6-6-10','是','','2014-01'),('30321','7738','那曲地区','那曲地区','那曲地区','4527','6-1-1','否','','2022-01'),('30742','7317','那曲地区','那曲地区','那曲地区','4527','6-1-1','否','','1971-01'),('30145','7567','那曲地区','那曲地区','那曲地区','4527','6-1-1','否','','2008-09'),('30225','5401','那曲地区','那曲地区','那曲地区','4527','6-1-1','否','','2013-01'),('30215','5413','那曲地区','嘉黎县','阿扎镇','4520','阿扎镇','是','','2010-01'),('30221','5410','那曲地区','那曲地区','那曲地区','4527','6-1-1','否','','2013-08'),('30222','5403','那曲地区','尼玛县','来多乡','4898','来多乡','是','','2008-01'),('30144','7567','那曲地区','尼玛县双湖特别区','尼玛县双湖特别区','4915','6-12-1','否','','2003-01'),('27726','7354','那曲地区','那曲地区','那曲地区','4527','6-1-1','否','0','1994-01'),('30194','7312','那曲地区','那曲地区','那曲地区','4527','6-1-1','否','','2015-06'),('30220','5410','那曲地区','那曲县','古露镇','4683','古露镇','是','','2010-01'),('30305','7306','那曲地区','那曲地区','那曲地区','4527','6-1-1','否','','2013-12'),('30200','5794','那曲地区','比如县','达塘乡','4130','达塘乡','是','','1999-02'),('23633','7315','那曲地区','那曲地区','那曲地区','4527','6-1-1','否','393473','2016-06'),('30182','7316','那曲地区','比如县','比如县','4130','6-4-1','否','','2011-01'),('30199','5794','那曲地区','比如县','比如镇','4130','比如镇','否','','1997-01'),('30183','7316','那曲地区','那曲地区','那曲地区','4527','6-1-1','否','','2016-01'),('30224','5401','那曲地区','那曲县','仁毛乡','4527','仁毛乡','是','','2001-01'),('23632','7315','那曲地区','索县','索县','4096','6-8-1','否','395265','2011-01'),('30150','7568','那曲地区','那曲县','劳麦乡','4730','6-2-10','是','','2017-01'),('30127','7730','那曲地区','那曲地区','那曲地区','4527','6-1-1','否','','2021-05'),('30126','7730','那曲地区','聂荣县','聂荣县','4733','6-10-1','否','','2015-01'),('30123','7730','那曲地区','尼玛县','达果乡','4639','6-11-12','是','','2001-07'),('30248','5509','昌都地区','贡觉县','敏都乡','3500','敏都乡','是','','2013-01'),('30162','7353','那曲地区','比如县','比如县','4130','6-4-1','否','','2001-01'),('30163','7353','那曲地区','那曲县','那曲镇','4527','6-2-2','是','','2009-03'),('30158','7434','那曲地区','尼玛县','尼玛县','4598','6-11-1','否','','2013-09'),('30304','7306','那曲市','比如县','比如镇','3900','比如镇','否','','2011-01'),('30125','7730','那曲地区','尼玛县','尼玛县','4598','6-11-1','否','','2012-03'),('30124','7730','那曲地区','尼玛县','文布乡','4530','6-11-3','是','','2006-05'),('30193','7312','那曲地区','聂荣县','聂荣镇','4733','聂荣县','否','','2006-01'),('30157','7434','那曲地区','尼玛县','尼玛镇','4598','6-11-2','是','','2011-01'),('30206','5425','那曲地区','那曲县','那曲镇','4527','那曲镇','否','','1994-01'),('30233','7308','那曲地区','那曲地区','那曲地区','4527','6-1-1','否','','2016-03'),('30232','7308','那曲市','申扎县','申扎镇','4527','申扎镇','是','','2012-01'),('27731','7354','那曲地区','申扎县','申扎县','4750','6-9-1','否','0','2015-02'),('27729','7354','那曲地区','那曲地区','那曲地区','4527','6-1-1','否','0','2004-04'),('27730','7354','那曲地区','尼玛县','尼玛县','4598','6-11-1','否','0','2011-06'),('27732','7354','那曲地区','那曲地区','那曲地区','4527','6-1-1','否','0','2019-06'),('30161','7721','那曲地区','那曲地区','那曲地区','4527','6-1-1','否','','2019-04'),('30160','7721','那曲地区','索县','加勤乡','4340','6-8-10','是','','1999-01'),('30029','7702','那曲地区','那曲地区','那曲地区','4527','6-1-1','否','','2021-04'),('30028','7702','那曲地区','索县','亚拉镇','4096','6-8-2','是','','2015-12'),('30027','7702','那曲地区','索县','加勤乡','4340','6-8-10','是','','2013-04'),('30026','7702','那曲地区','索县','索县','4096','6-8-1','否','','2011-05'),('30025','7702','那曲地区','索县','亚拉镇','4096','6-8-2','是','','2008-04'),('30024','7702','那曲地区','索县','索县','4096','6-8-1','否','','1996-01');|