INSERT INTO `tx_personinfo` (`id`, `sort`, `userid`, `name`, `sex`, `birthday`, `origin`, `nation`, `partymember`, `worktime`, `intime`, `inadj`, `inyear`, `posttime`, `postadj`, `unitkind`, `postname`, `unitname`, `isleader`, `lastposttime`, `lastunitkind`, `lastpostname`, `lastunitname`, `area`, `education`, `educationtime`, `schooltime`, `educationadj`, `teacherinfo`, `teacherbegin`, `teacherend`, `teacheradj`, `oneinfo`, `onebegin`, `oneend`, `oneadj`, `check2`, `check5`, `coveradj`, `cadre`, `retiretime`, `height`, `note`, `addon`,`ywcadre`,`yjbegin`,`yjend`,`bjcadre`,`bjbegin`,`bjend`) VALUES ('5282','','214','王玉柱','男','1989-01','','汉族','党员','2016-08','2016-05','0','','2017-05','0','机关单位','专技十一级','分中心','','','','','','','硕士','2016-06','0','0','','','','0','','','','0','0','0','0','否','','','','','','','','','',''),('5283','','214','达娃央宗','女','1995-03','','藏族','','2016-08','2016-08','0','','2017-05','0','机关单位','专技十二级-助理','分中心','','','','','','','本科','2016-08','0','0','','','','0','','','','0','2016','2016','0','否','','','','','','','','','',''),('5284','','214','格曲','女','1971-10','','藏族','党员','1991-07','1991-07','0','','2016-08','0','机关单位','县处级副职','管局','领导职务','','','','','','中专','1991-07','0','0','','','','0','','','','0','2006','2006','0','否','','','','','','','','','',''),('7831','18','214','尼玛次仁','男','1963-09','','藏族','党员','1983-10','1983-10','0','','2009-08-01','0','机关单位','乡科级正职','山南分行','非领导职务','','','','','','中专','1997-07','2','0','','','','0','','','','0','2006','2006','0','','','','','','','','','否','',''),('7832','21','214','扎西卓玛','女','1959-12','','藏族','党员','1977-11','1977-11','0','','2009-08','0','机关单位','乡科级正职','山南分行','非领导职务','','','','','','大专','2005-02','2','0','','','','0','','','','0','2006','2006','0','','','','','','','','','否','',''),('7833','14','214','张建生','男','1970-01','','汉族','党员','1991-07','1991-07','0','','2015-06-01','0','机关单位','乡科级正职','山南分行','非领导职务','','','','','','中专','1991-07','4','0','','','','0','','','','0','2006','2006','0','','','','','','','','','','',''),('7873','15','214','卓嘎','女','1967-01','','藏族','党员','1990-07','1990-07','0','','2017-01','0','机关单位','乡科级正职','山南分行','非领导职务','','','','','','大专','1990-07','3','0','','','','0','','','','0','2006','2006','0','','','','','','','','','','',''),('7872','13','214','严光平','男','1961-02','','汉族','党员','1980-03','1980-03','0','','2006-08','0','机关单位','乡科级正职','山南分行','非领导职务','','','','','','大专','1990-07','2','0','','','','0','','','','0','2006','2006','0','','','','','','','','','','',''),('7837','20','214','谢宋群','女','1972-04','','汉族','党员','1993-05','1993-05','0','','2015-03-01','0','机关单位','技师','山南分行','','','','','','','大专','2001-12','3','0','','','','0','','','','0','2006','2006','0','','','','','','','','','','',''),('7866','11','214','王学丽','女','1970-06','','汉族','','1988-11','1988-11','0','','2011-04','0','机关单位','乡科级副职','山南分行','非领导职务','','','','','','中专','1997-07','2','0','','','','0','','','','0','2006','2006','0','','','','','','','','','','',''),('7851','1','214','丹增','男','1964-01','','藏族','党员','1981-10','1981-10','0','','2018-08','0','机关单位','乡科级正职','山南分行','非领导职务','','','','','','中专','1997-07','2','0','','','','0','','','','0','2006','2006','0','','','','','','','','','','',''),('7852','2','214','多吉仁增','男','1965-09','','藏族','','1984-11','1984-11','0','','1993-07','0','机关单位','科员','山南分行','非领导职务','','','','','','中专','1997-07','2','0','','','','0','','','','0','2006','2006','0','','','','','','','','','','',''),('7854','3','214','胡生明','男','1965-04','','汉族','党员','1984-08','1984-08','0','','2011-07','0','机关单位','县处级副职','山南分行','领导职务','','','','','','中专','1984-08','3','0','','','','0','','','','0','2006','2006','0','','','','','','','','','','',''),('7868','12','214','吾金次仁','男','1965-04','','藏族','党员','1987-10','1987-10','0','','2020-03','0','机关单位','乡科级正职','山南分行','非领导职务','','','','','','中专','1994-06','4','0','','','','0','','','','0','2006','2006','0','','','','','','','','','','',''),('7856','4','214','加措','男','1963-07','','藏族','党员','1984-08','1984-08','0','','2011-07','0','机关单位','县处级副职','山南分行','非领导职务','','','','','','中专','1984-08','3','0','','','','0','','','','0','2006','2006','0','','','','','','','','','','',''),('7857','5','214','拉巴次仁','男','1969-03','','藏族','党员','1987-11','1987-11','0','','2015-03','0','机关单位','乡科级正职','山南分行','非领导职务','','','','','','中专','1997-07','2','0','','','','0','','','','0','2006','2006','0','','','','','','','','','','',''),('7860','6','214','拉珍','女','1970-04','','藏族','党员','1987-12','1987-12','0','','2015-03','0','机关单位','乡科级正职','山南分行','非领导职务','','','','','','中专','1997-07','2','0','','','','0','','','','0','2006','2006','0','','','','','','','','','','',''),('7861','7','214','罗布','男','1959-05','','藏族','党员','1977-11','1977-11','0','','2014-12-01','0','机关单位','乡科级正职','山南分行','非领导职务','','','','','','大专','2005-02','2','0','','','','0','','','','0','2006','2006','0','','','','','','','','','','',''),('7862','8','214','米玛','男','1966-10','','藏族','党员','1987-01','1987-01','0','','2009-08','0','机关单位','乡科级副职','山南分行','非领导职务','','','','','','中专','1997-07','2','0','','','','0','','','','0','2006','2006','0','','','','','','','','','','',''),('7863','9','214','曲尼','女','1966-05','','藏族','','1987-07','1987-07','0','','2005-10-01','0','事业单位','专技十级-中级','山南分行','','','','','','','中专','1987-07','3','0','','','','0','','','','0','2006','2006','0','','','','','','','','','','',''),('7864','10','214','石博学','男','1971-06','','汉族','党员','1989-09','1993-07','0','','2009-06','0','机关单位','科员','山南分行','非领导职务','','','','','','本科','1993-07','4','0','','','','0','','','','0','2006','2006','0','','','','','','','','','','',''),('7875','17','214','格桑','男','1960-07','','藏族','党员','1977-11','1977-11','0','','2008-02','0','机关单位','乡科级正职','山南分行','非领导职务','','','','','','大专','2005-02','2','0','','','','0','','','','0','2006','2006','0','','','','','','','','','','',''),('7877','19','214','普布次仁','男','1960-03','','藏族','党员','1978-12','1978-12','0','','2011-07','0','机关单位','县处级副职','山南分行','非领导职务','','','','','','中专','1997-07','2','0','','','','0','','','','0','2006','2006','0','','','','','','','','','','',''),('7885','16','214','次珠','男','1966-02','','藏族','','1990-02','1990-02','0','','2014-08','0','机关单位','技师','山南分行','','','','','','','暂时没有','','0','0','','','','0','','','','0','2006','2006','0','','','','','','','','','','','');|INSERT INTO `tx_jobinfo` (`id`, `personid`, `sort`, `oldposttime`, `oldpostkind`, `oldpostname`, `oldarea`, `oldunitkind`, `oldunitname`, `oldisleader`, `height`)  VALUES ('25284','5284','','2016-08','公务员','县处级副职','二类区','机关单位','管局','领导职务','0'),('25283','5284','','2015-01','公务员','县处级副职','二类区','机关单位','管局','非领导职务','0'),('25263','5282','','2017-05','事业单位专业技术人员','专技十一级','二类区','机关单位','分中心','','0'),('25262','5283','','2017-05','事业单位专业技术人员','专技十二级-助理','四类区','机关单位','分中心','','0'),('25282','5284','','2014-04','事业单位管理人员','管理六级-副县','二类区','事业单位','分中心','','0'),('25281','5284','','2012-01','事业单位管理人员','管理七级-正科','二类区','事业单位','分中心','','0'),('25280','5284','','2005-07','事业单位管理人员','管理七级-正科','二类区','事业单位','专用局','','0'),('62800','7831','','2009-08-01','公务员','乡科级正职','二类区','机关单位','山南分行','非领导职务','0'),('62798','7831','','1993-07','公务员','科员','二类区','机关单位','山南分行','非领导职务','0'),('62799','7831','','2000-03','公务员','乡科级副职','二类区','机关单位','山南分行','非领导职务','0'),('62549','7832','','2009-08','公务员','乡科级正职','二类区','机关单位','山南分行','非领导职务','0'),('62548','7832','','1995-07','公务员','乡科级副职','二类区','机关单位','山南分行','领导职务','0'),('62791','7833','','2015-06-01','公务员','乡科级正职','二类区','机关单位','山南分行','非领导职务','0'),('62790','7833','','2015-02-01','公务员','乡科级正职','四类区','机关单位','阿里分行','非领导职务','0'),('62558','7873','','2017-01','公务员','乡科级正职','二类区','机关单位','山南分行','非领导职务','0'),('62556','7873','','2000-03','公务员','乡科级副职','二类区','机关单位','山南分行','非领导职务','0'),('62523','7872','','2006-08','公务员','乡科级正职','二类区','机关单位','山南分行','非领导职务','0'),('62522','7872','','2006-07','公务员','乡科级正职','四类区','机关单位','阿里分行','非领导职务','0'),('62521','7872','','2002-11','公务员','县处级副职','四类区','机关单位','阿里分行','非领导职务','0'),('62518','7872','','1986-02','公务员','乡科级副职','四类区','机关单位','阿里分行','非领导职务','0'),('62520','7872','','1993-01-01','公务员','乡科级正职','四类区','机关单位','阿里分行','领导职务','0'),('62519','7872','','1987-10','公务员','乡科级副职','四类区','机关单位','阿里分行','领导职务','0'),('63135','7837','','2002-10','机关工人','中级工','二类区','机关单位','山南分行','','0'),('63137','7837','','2015-03-01','机关工人','技师','二类区','机关单位','山南分行','','0'),('63136','7837','','2006-04','机关工人','高级工','二类区','机关单位','山南分行','','0'),('63134','7837','','1993-05-01','机关工人','初级工','二类区','机关单位','山南分行','','0'),('62780','7866','','2011-04','公务员','乡科级副职','二类区','机关单位','山南分行','非领导职务','0'),('62180','7851','','1997-03','公务员','乡科级副职','二类区','机关单位','山南分行','领导职务','0'),('62181','7851','','2018-08','公务员','乡科级正职','二类区','机关单位','山南分行','非领导职务','0'),('62670','7852','','1993-07','公务员','科员','二类区','机关单位','山南分行','非领导职务','0'),('62183','7854','','1987-09','公务员','乡科级副职','二类区','机关单位','山南分行','领导职务','0'),('62184','7854','','1994-02','公务员','乡科级正职','二类区','机关单位','山南分行','领导职务','0'),('62185','7854','','2011-07','公务员','县处级副职','二类区','机关单位','山南分行','领导职务','0'),('62788','7868','','2020-03','公务员','乡科级正职','二类区','机关单位','山南分行','非领导职务','0'),('62787','7868','','2011-12','公务员','乡科级正职','二类区','机关单位','山南分行','领导职务','0'),('62786','7868','','1995-07','公务员','乡科级副职','二类区','机关单位','山南分行','领导职务','0'),('62202','7856','','2011-07','公务员','县处级副职','二类区','机关单位','山南分行','非领导职务','0'),('62201','7856','','1997-03','公务员','乡科级正职','二类区','机关单位','山南分行','领导职务','0'),('62200','7856','','1987-09','公务员','乡科级副职','二类区','机关单位','山南分行','领导职务','0'),('62199','7856','','1985-08','公务员','科员','二类区','机关单位','山南分行','非领导职务','0'),('62203','7857','','1995-10','公务员','科员','二类区','机关单位','山南分行','非领导职务','0'),('62204','7857','','2000-03','公务员','乡科级副职','二类区','机关单位','山南分行','非领导职务','0'),('62205','7857','','2015-03','公务员','乡科级正职','二类区','机关单位','山南分行','非领导职务','0'),('62686','7860','','2015-03','公务员','乡科级正职','二类区','机关单位','山南分行','非领导职务','0'),('62685','7860','','2000-03','公务员','乡科级副职','二类区','机关单位','山南分行','非领导职务','0'),('62684','7860','','1995-10','公务员','科员','二类区','机关单位','山南分行','非领导职务','0'),('62533','7861','','2000-03','公务员','乡科级副职','二类区','机关单位','山南分行','非领导职务','0'),('62532','7861','','1985-06','公务员','科员','二类区','机关单位','山南分行','非领导职务','0'),('62649','7862','','2009-08','公务员','乡科级副职','二类区','机关单位','山南分行','非领导职务','0'),('62648','7862','','2006-06-01','机关工人','高级工','二类区','机关单位','山南分行','','0'),('62557','7873','','2004-09','公务员','乡科级副职','二类区','机关单位','山南分行','领导职务','0'),('62779','7866','','2006-09-01','公务员','乡科级副职','四类区','机关单位','阿里分行','非领导职务','0'),('62778','7866','','1993-11','公务员','科员','四类区','机关单位','阿里分行','非领导职务','0'),('62735','7864','','2009-06','公务员','科员','二类区','机关单位','山南分行','非领导职务','0'),('62732','7864','','2001-06','公务员','乡科级副职','二类区','机关单位','山南分行','领导职务','0'),('62733','7864','','2004-03-01','公务员','乡科级副职','二类区','机关单位','山南分行','非领导职务','0'),('62734','7864','','2008-11','公务员','乡科级副职','二类区','机关单位','山南分行','领导职务','0'),('62294','7875','','1985-06','公务员','科员','二类区','机关单位','山南分行','非领导职务','0'),('62295','7875','','1994-02','公务员','乡科级副职','二类区','机关单位','山南分行','非领导职务','0'),('62296','7875','','1995-07','公务员','乡科级副职','二类区','机关单位','山南分行','领导职务','0'),('62297','7875','','2000-08','公务员','乡科级正职','二类区','机关单位','山南分行','领导职务','0'),('62298','7875','','2008-02','公务员','乡科级正职','二类区','机关单位','山南分行','非领导职务','0'),('62579','7877','','2011-07','公务员','县处级副职','二类区','机关单位','山南分行','非领导职务','0'),('62578','7877','','1994-02','公务员','乡科级正职','二类区','机关单位','山南分行','领导职务','0'),('62577','7877','','1989-06','公务员','乡科级副职','二类区','机关单位','山南分行','领导职务','0'),('62555','7885','','2014-08','机关工人','技师','二类区','机关单位','山南分行','','0'),('62554','7885','','2006-06','机关工人','高级工','二类区','机关单位','山南分行','','0'),('62553','7885','','1997-06','机关工人','中级工','二类区','机关单位','山南分行','','0'),('62700','7863','','2005-10-01','事业单位专业技术人员','专技十级-中级','二类区','事业单位','山南分行','','0'),('62699','7863','','1987-07','事业单位专业技术人员','专技十三级-员级','二类区','事业单位','山南分行','','0'),('62789','7833','','2005-12','公务员','乡科级副职','四类区','机关单位','阿里分行','领导职务','0'),('62524','7872','','1996-03-01','公务员','科员','四类区','机关单位','阿里分行','非领导职务','0'),('62525','7872','','1999-03-01','公务员','乡科级副职','四类区','机关单位','阿里分行','领导职务','0'),('62526','7872','','2000-05-01','公务员','乡科级正职','四类区','机关单位','阿里分行','领导职务','0'),('62534','7861','','2014-12-01','公务员','乡科级正职','二类区','机关单位','山南分行','非领导职务','0'),('62650','7862','','2001-12-01','机关工人','中级工','二类区','机关单位','山南分行','非领导职务','0');|INSERT INTO `tx_studyinfo` (`id`, `personid`, `level`, `gettime`, `school`)  VALUES ('2720','5284','研究生','2016-08',''),('2719','5284','本科','2008-12',''),('2718','5284','大专','2017-05',''),('2717','5284','中专','1991-07',''),('2715','5283','本科','2017-05',''),('2716','5282','硕士','2016-06',''),('7574','7854','大专','2003-06',''),('7575','7854','本科','2005-09',''),('7580','7856','本科','2005-12',''),('7579','7856','大专','2001-06',''),('7657','7868','大专','1998-06',''),('7630','7860','大专','2005-02',''),('7656','7866','大专','2006-01',''),('7636','7863','大专','2005-02',''),('7631','7860','本科','2011-01',''),('7658','7868','本科','2007-12',''),('7659','7833','大专','2002-07',''),('7660','7833','本科','2007-03',''),('7702','7837','本科','2004-07','');|INSERT INTO `tx_heightinfo` (`id`, `personid`, `area`, `city`, `county`, `height`, `acc`, `iscity`, `heightid`, `gettime`)  VALUES ('33331','7852','山南市','错那县','错那县','4380','3-11-1','否','','1984-11'),('33349','7863','山南市','山南市','山南市','3550','3-1-1','否','','1987-07'),('33316','7885','山南市','山南市','山南市','3550','3-1-1','否','','1990-02'),('33321','7877','山南市','山南市','山南市','3550','3-1-1','否','199433','1987-01'),('33322','7877','山南市','错那县','浪坡乡','3990','3-11-9','是','','1978-12'),('33270','7875','山南市','山南市','山南市','3550','3-1-1','否','196865','1980-05'),('33269','7875','山南市','洛扎县','洛扎县','3940','3-9-1','否','198913','1977-11'),('33318','7873','山南市','山南市','山南市','3550','3-1-1','否','','1995-07'),('33317','7873','山南市','桑日县','桑日县','3560','3-7-1','否','','1990-07'),('33307','7872','山南市','山南市','山南市','3550','3-1-1','否','','2006-08'),('33306','7872','阿里地区','阿里地区','阿里地区','4297','7-1-1','否','','1987-08'),('33305','7872','阿里地区','普兰县','普兰县','3980','7-3-1','否','','1984-07'),('33304','7872','阿里地区','措勤县','措勤县','4685','7-8-1','否','','1981-03'),('33303','7872','阿里地区','阿里地区','阿里地区','4297','7-1-1','否','','1980-03'),('33387','7868','山南市','山南市','山南市','3550','3-1-1','否','','1991-08'),('33386','7868','山南市','桑日县','桑日县','3560','3-7-1','否','','1991-01'),('33360','7864','山南市','山南市','山南市','3550','3-1-1','否','','1995-09'),('33359','7864','拉萨市','拉萨市','拉萨市','3650','1-1-1','否','','1993-07'),('33381','7866','山南市','山南市','山南市','3550','3-1-1','否','','2011-04'),('33380','7866','阿里地区','阿里地区','阿里地区','4297','7-1-1','否','','1995-07'),('33328','7862','山南市','山南市','山南市','3550','3-1-1','否','','1987-01'),('33309','7861','山南市','山南市','山南市','3550','3-1-1','否','','1977-11'),('33343','7860','山南市','山南市','山南市','3550','3-1-1','否','','1994-08'),('33342','7860','山南市','贡嘎县','贡嘎县','3763','3-5-1','否','','1990-07'),('33341','7860','山南市','曲松县','曲松县','3905','3-6-1','否','','1987-12'),('33237','7857','山南市','山南市','山南市','3550','3-1-1','否','196865','1990-12'),('33236','7857','拉萨市','拉萨市','拉萨市','3650','1-1-1','否','65793','1987-11'),('33235','7856','山南市','山南市','山南市','3550','3-1-1','否','196865','1995-01'),('33234','7856','山南市','贡嘎县','贡嘎县','3763','3-5-1','否','197889','1991-09'),('33233','7856','山南市','浪卡子县','浪卡子县','4460','3-12-1','否','199681','1984-08'),('33230','7854','山南市','山南市','山南市','3550','3-1-1','否','196865','1995-07'),('33229','7854','山南市','加查县','加查县','3860','3-13-1','否','199937','1984-08'),('33385','7868','山南市','浪卡子县','浪卡子县','4460','3-12-1','否','','1987-10'),('33330','7852','山南市','山南市','山南市','3550','3-1-1','否','199425','1988-05'),('33226','7851','山南市','山南市','山南市','3550','3-1-1','否','196865','1987-01'),('33225','7851','山南市','错那县','麻玛门巴民族乡','3125','3-11-6','是','199430','1981-10'),('33379','7866','阿里地区','日土县','日土县','4304','7-6-1','否','','1988-11'),('33481','7837','山南市','山南市','山南市','3550','3-1-1','否','','1993-05'),('33390','7833','山南市','山南市','山南市','3550','3-1-1','否','','2015-06'),('33389','7833','阿里地区','噶尔县','狮泉河镇','4297','7-2-2','是','','1994-12'),('33388','7833','阿里地区','革吉县','革吉县','4695','7-5-1','否','','1991-07'),('33312','7832','山南市','加查县','加查县','3860','3-13-1','否','','1977-11'),('33313','7832','山南市','山南市','山南市','3550','3-1-1','否','','1982-01'),('33392','7831','山南市','山南市','山南市','3550','3-1-1','否','','1988-05'),('33391','7831','山南市','错那县','勒门巴民族乡','2625','3-11-3','是','','1983-10'),('15009','5284','阿里地区','阿里地区','阿里地区','4297','7-1-1','否','459009','1991-07'),('15010','5284','拉萨市','拉萨市','拉萨市','3650','1-1-1','否','65793','1998-07'),('15004','5283','那曲地区','那曲地区','那曲地区','4527','6-1-1','否','393473','2017-05'),('15005','5282','拉萨市','城关区','城关区','3650','1-2-1','否','','2017-05');|