INSERT INTO `tx_personinfo` (`id`, `sort`, `userid`, `name`, `sex`, `birthday`, `origin`, `nation`, `partymember`, `worktime`, `intime`, `inadj`, `inyear`, `posttime`, `postadj`, `unitkind`, `postname`, `unitname`, `isleader`, `lastposttime`, `lastunitkind`, `lastpostname`, `lastunitname`, `area`, `education`, `educationtime`, `schooltime`, `educationadj`, `teacherinfo`, `teacherbegin`, `teacherend`, `teacheradj`, `oneinfo`, `onebegin`, `oneend`, `oneadj`, `check2`, `check5`, `coveradj`, `cadre`, `retiretime`, `height`, `note`, `addon`) VALUES ('5315','0','213','登真翁姆','女','1990-08','','藏族','党员','2016-08','2016-08','0','0','2016-08','0','事业单位','专技十二级-助理','西藏自治区教材编译中心','','','','','','','硕士','2016-07','0','0','','','','0','','','','0','0','0','0','否','','0','',''),('5319','0','213','旦正多杰','男','1980-01','','藏族','党员','2003-07','2003-07','0','0','2016-11','0','事业单位','专技十级-中级','西藏自治区教材编译中心','','','','','','','大专','2003-07','0','0','','','','0','','','','0','0','0','0','否','','0','',''),('5317','0','213','德吉旺姆','女','1987-07','','藏族','','2016-08','2016-08','0','0','2018-12','0','机关单位','专技十级-中级','西藏自治区教材编译中心','','','','','','','硕士','2016-08','0','0','','','','0','','','','0','0','0','0','否','','0','',''),('5300','0','213','次仁德吉','女','1980-09','','藏族','党员','2005-07','2005-07','0','0','2014-12','0','事业单位','专技九级','','','','','','','','本科','2005-07','4','0','','','','0','','','','0','2006','2006','0','否','','0','',''),('5261','0','213','陈林','男','1968-01','四川','汉族','','1987-07','1987-07','0','0','2005-06','0','事业单位','管理七级-正科','区教材编译中心','','','','','','','中专','1987-07','0','0','','','','0','','','','0','0','0','0','否','','0','',''),('5248','0','213','晋美扎西','男','1985-08','拉萨','藏族','','2009-07','2009-07','0','0','2017-04','0','事业单位','专技十一级','区教材编译中心','','','','','','','本科','2009-07','4','0','','','','0','','','','0','0','0','0','否','','0','',''),('5301','0','213','白桑','男','1967-04','','藏族','党员','1990-07','1990-07','0','0','2014-12','0','事业单位','专技八级','','','','','','','','大专','1990-07','3','0','','','','0','','','','0','2006','2006','0','否','','0','',''),('5298','0','213','多吉次仁','男','1973-08','','藏族','','1997-12','1997-12','0','0','2006-12','0','事业单位','技术工四级-中级工','','','','','','','','大专','2004-08','0','0','','','','0','','','','0','2006','2006','0','否','','0','',''),('5303','0','213','罗追','男','1970-06','','藏族','党员','1994-07','1994-07','0','0','2014-12','0','事业单位','专技八级','','','','','','','','本科','1994-07','4','0','','','','0','','','','0','0','0','0','否','','0','',''),('5309','0','213','格桑多吉','男','1974-06','','藏族','党员','1993-12','1996-12','0','0','2016-07','0','事业单位','管理八级-副科','','','','','','','','大专','2001-07','0','0','','','','0','','','','0','0','0','0','否','','0','',''),('5308','0','213','拉巴平措','男','1974-01','','藏族','','1996-07','1996-07','0','0','2012-11','0','事业单位','专技十一级','','','','','','','','中专','1996-07','0','0','','','','0','','','','0','2006','2006','0','否','','0','',''),('5306','0','213','杨庆方','男','1977-09','','汉族','党员','1998-07','1998-07','0','0','2018-10','0','事业单位','专技八级','','','','','','','','中专','1998-07','0','0','','','','0','','','','0','0','0','0','否','','0','',''),('5304','0','213','张莉','女','1976-07','','汉族','党员','1994-06','1994-07','0','0','2014-11','0','事业单位','专技八级','','','','','','','','中专','1994-06','0','0','','','','0','','','','0','2006','2006','0','否','','0','',''),('5234','0','213','李尔洪','男','1968-12','四川自贡','汉族','党员','1994-07','1994-07','0','0','2017-04','0','事业单位','专技五级','教材编译中心','','','','','','','本科','1994-07','4','0','','','','0','','','','0','0','0','0','否','','0','',''),('5236','0','213','顿珠','男','1963-06','日喀则','藏族','党员','1987-07','1987-07','0','0','2013-01','0','事业单位','专技三级','教材编译中心','','','','','','','本科','1987-07','4','0','','','','0','','','','0','0','0','0','否','','0','',''),('5245','0','213','边索','男','1982-07','日喀则','藏族','党员','2004-09','2004-09','0','0','2017-04','0','机关单位','专技九级','区教材编译中心','','','','','','','本科','2004-07','4','0','','','','0','','','','0','0','0','0','否','','0','',''),('5320','0','213','旦增旺久','男','1993-04','','藏族','团员','2015-08','2015-08','0','0','2015-08','0','事业单位','专技十二级-助理','西藏自治区教材编译中心','','','','','','','本科','2015-07','4','0','','','','0','','','','0','0','0','0','否','','0','',''),('5321','0','213','战鹏','男','1994-08','','汉族','团员','2015-08','2015-08','0','0','2018-10','0','事业单位','专技十一级','','','','','','','','本科','2015-08','4','0','','','','0','','','','0','0','0','0','否','','0','',''),('5271','0','213','格桑','女','1971-05','云南','藏族','党员','1994-07','1994-07','0','0','2018-12','0','机关单位','专技十级-中级','西藏自治区教材编译中心','','','','','','','大专','1994-07','3','0','','','','0','','','','0','0','0','0','否','','0','',''),('5324','0','213','扎西桑姆','女','1990-03','','藏族','党员','2015-08','2015-08','0','0','2018-12','0','机关单位','专技十级-中级','西藏自治区教材编译中心','','','','','','','硕士','2015-06','4','0','','','','0','','','','0','0','0','0','否','','0','',''),('5323','0','213','朗加扎西','男','1993-02','','藏族','','2015-08','2015-08','0','0','2015-08','0','事业单位','专技十二级-助理','西藏自治区教材编译中心','','','','','','','本科','2015-07','4','0','','','','0','','','','0','0','0','0','否','','0','',''),('5310','0','213','旦增平措','男','1982-11','','藏族','','2002-12','2002-12','0','0','2013-07','0','事业单位','技术工四级-中级工','','','','','','','','初中','2000-08','0','0','','','','0','','','','0','0','0','0','否','','0','',''),('5302','0','213','多拉','男','1981-05','','藏族','党员','2008-10','2008-10','0','0','2018-08','0','事业单位','专技七级-副高','','','','','','','','硕士','2008-07','6','0','','','','0','','','','0','0','0','0','否','','0','',''),('5311','0','213','阿旺','男','1991-09','','藏族','','2009-12','2012-10','0','0','2014-07','0','事业单位','技术工五级-初级工','西藏自治区教材编译中心','','','','','','','高中','2009-06','0','0','','','','0','','','','0','0','0','0','否','','0','',''),('5260','0','213','尼玛次仁','男','1982-08','日喀则','藏族','党员','2002-07','2002-07','0','0','2017-04','0','事业单位','专技九级','区教材编译中心','','','','','','','大专','2002-07','3','0','','','','0','','','','0','0','0','0','否','','0','',''),('5277','0','213','李才','男','1977-07','青海省','藏族','','2001-09','2001-09','0','0','2012-11','0','事业单位','专技九级','区教材编译中心','','','','','','','本科','2001-07','4','0','','','','0','','','','0','0','0','0','否','','0','',''),('5251','0','213','强巴伦珠','男','1965-01','拉萨市尼木','藏族','','1988-07','1988-07','0','0','2017-04','0','事业单位','专技六级','区教材编译中心','','','','','','','本科','1988-07','4','0','','','','0','','','','0','0','0','0','否','','0','',''),('6177','0','213','才藏吉','女','1990-01','青海','藏族','','2017-11','2017-11','0','0','2017-11','0','事业单位','专技十二级-助理','区教材编译中心','','','','','','','硕士','2017-08','0','0','','','','0','','','','0','0','0','0','否','','0','',''),('5256','0','213','拉杰','男','1966-12','日喀则','藏族','','1988-07','1988-07','0','0','2018-05','0','事业单位','专技四级-正高','','','','','','','','本科','1988-06','4','0','','','','0','','','','0','0','0','0','否','','0','',''),('5250','0','213','王锐','男','1990-04','','汉族','','2013-08','2013-08','0','0','2017-04','0','事业单位','专技十一级','区教材编译中心','','','','','','','本科','2013-07','4','0','','','','0','','','','0','0','0','0','否','','0','',''),('5314','0','213','多吉卓么','女','1989-11','','藏族','党员','2016-08','2016-08','0','0','2016-08','0','事业单位','专技十二级-助理','西藏自治区教材编译中心','','','','','','','硕士','2016-07','0','0','','','','0','','','','0','0','0','0','否','','0','',''),('5316','0','213','赵雪','女','1988-11','','汉族','党员','2016-08','2016-08','0','0','2016-08','0','事业单位','专技十二级-助理','西藏自治区教材编译中心','','','','','','','硕士','2016-07','0','0','','','','0','','','','0','0','0','0','否','','0','',''),('5313','0','213','何明贵','男','1986-01','','汉族','党员','2016-08','2016-08','0','0','2016-08','0','事业单位','专技十二级-助理','西藏自治区教材编译中心','','','','','','','硕士','2016-07','0','0','','','','0','','','','0','2016','2016','0','否','','0','',''),('5318','0','213','卓玛加','男','1990-12','','藏族','','2016-08','2016-08','0','0','2018-12','0','机关单位','专技十级-中级','西藏自治区教材编译中心','','','','','','','硕士','2016-08','0','0','','','','0','','','','0','0','0','0','否','','0','',''),('5259','0','213','边巴顿珠','男','1973-11','尼木县','藏族','','1994-08','1994-08','0','0','2018-08','0','机关单位','专技七级-副高','区教材编译中心','','','','','','','中专','1994-08','0','0','','','','0','','','','0','0','0','0','否','','0','',''),('5253','0','213','索朗次塔','女','1972-06','那曲','藏族','','1992-11','1992-11','0','0','2017-04','0','事业单位','专技八级','区教材编译中心','','','','','','','大专','2002-06','0','0','','','','0','','','','0','0','0','0','否','','0','',''),('5252','0','213','顿珠','男','1968-11','','藏族','党员','1990-07','1990-07','0','0','2017-04','0','事业单位','专技六级','区教材编译中心','','','','','','','本科','1990-07','4','0','','','','0','','','','0','0','0','0','否','','0','',''),('5254','0','213','达琼','男','1977-12','日喀则','藏族','党员','1998-07','1998-07','0','0','2018-03','0','事业单位','专技七级-副高','','','','','','','','本科','1998-07','4','0','','','','0','','','','0','0','0','0','否','','0','',''),('6326','0','213','满拉才让','男','1989-03','青海','藏族','党员','2017-11','2017-11','0','0','2017-11','0','事业单位','专技十二级-助理','区教材编译中心','','','','','','','硕士','2017-08','2','0','','','','0','','','','0','0','0','0','否','','0','',''),('5299','0','213','洛旦','男','1966-08','','藏族','','1990-07','1990-08','0','0','2014-12','0','事业单位','专技八级','','','','','','','','大专','1990-07','3','0','','','','0','','','','0','2006','2006','0','否','','0','',''),('5305','0','213','索太加','男','1968-07','','藏族','','1991-07','1991-07','0','0','2011-12','0','事业单位','专技四级-正高','','','','','','','','本科','1991-07','3','0','','','','0','','','','0','0','0','0','否','','0','',''),('5307','0','213','符红英','女','1973-02','','汉族','党员','1991-12','1991-12','0','0','2012-08','0','事业单位','技术工三级-高级工','','','','','','','','大专','2004-07','0','0','','','','0','','','','0','2006','2006','0','否','','0','',''),('5255','0','213','索朗拉姆','女','1964-10','拉萨市','藏族','','1984-07','1984-07','0','0','2017-04','0','事业单位','专技五级','区教材编译中心','','','','','','','本科','1984-07','4','0','','','','0','','','','0','0','0','0','否','','0','',''),('6479','0','213','殷俊强','男','1990-09','四川成都','汉族','','2017-12','2017-12','0','0','2017-12','0','事业单位','专技十二级-助理','区教材编译中心','','','','','','','本科','2017-12','4','0','','','','0','','','','0','0','0','0','否','','0','',''),('6478','0','213','王超莲','女','1990-10','四川绵阳','汉族','党员','2017-12','2017-12','0','0','2017-12','0','事业单位','专技十二级-助理','区教材编译中心','','','','','','','硕士','2017-06','3','0','','','','0','','','','0','0','0','0','否','','0','',''),('6480','0','213','兰雪梅','女','1994-12','四川','汉族','团员','2017-12','2017-12','0','0','2017-12','0','事业单位','专技十二级-助理','区教材编译中心','','','','','','','本科','2017-06','4','0','','','','0','','','','0','0','0','0','否','','0','',''),('5237','0','213','达娃次仁','男','1964-12','拉萨市','藏族','党员','1986-07','1986-07','0','0','2014-11','0','事业单位','专技五级','教材编译中心','','','','','','','本科','1986-07','4','0','','','','0','','','','0','0','0','0','否','','0','',''),('5322','0','213','丁宏','男','1992-05','','汉族','团员','2015-08','2015-08','0','0','2018-10','0','事业单位','专技十一级','','','','','','','','本科','2015-07','4','0','','','','0','','','','0','0','0','0','否','','0','',''),('5247','0','213','格桑','男','1977-06','','藏族','','2003-07','2003-07','0','0','2018-05','0','事业单位','专技七级-副高','','','','','','','','本科','2003-07','4','0','','','','0','','','','0','0','0','0','否','','0','',''),('5272','0','213','卫艳铃','女','1983-01','陕西','汉族','党员','2011-12','2011-12','0','0','2018-10','0','事业单位','专技十一级','','','','','','','','大专','2011-07','0','0','','','','0','','','','0','0','0','0','否','','0','',''),('5279','0','213','边巴次仁','男','1964-10','日喀则','藏族','','1985-07','1988-07','0','0','2014-12','0','事业单位','专技六级','区教材编译中心','','','','','','','本科','1985-07','4','0','','','','0','','','','0','0','0','0','否','','0','',''),('5278','0','213','华措吉','女','1975-01','青海','藏族','','2000-07','2000-07','0','0','2018-10','0','事业单位','专技八级','','','','','','','','本科','2000-07','4','0','','','','0','','','','0','0','0','0','否','','0','',''),('5244','0','213','旺珍','女','1970-07','青海玉树','藏族','党员','1990-07','1990-07','0','0','2016-05','0','事业单位','管理六级-副县','区教材编译中心','','','','','','','中专','1990-07','0','0','','','','0','','','','0','0','0','0','否','','0','',''),('5297','0','213','迎春','男','1970-01','','藏族','党员','1993-07','1993-07','0','0','2014-12','0','事业单位','专技八级','','','','','','','','本科','1993-07','4','0','','','','0','','','','0','0','0','0','否','','0','',''),('6691','','213','尼琼','男','1966-07','山南','藏族','党员','1990-07','1970-07','0','','2018-10','0','事业单位','专技六级','','','','','','','','本科','1990-06','4','0','','','','0','','','','0','0','0','0','否','','','','');|INSERT INTO `tx_jobinfo` (`id`, `personid`, `sort`, `oldposttime`, `oldpostkind`, `oldpostname`, `oldarea`, `oldunitkind`, `oldunitname`, `oldisleader`, `height`)  VALUES ('25244','5279','0','1987-05','事业单位专业技术人员','专技十二级-助理','二类区','事业单位','区教材编译中心','','0'),('25599','5320','0','2015-08','事业单位专业技术人员','专技十二级-助理','二类区','事业单位','西藏自治区教材编译中心','','0'),('36990','5260','','2017-04','事业单位专业技术人员','专技九级','二类区','事业单位','区教材编译中心','','0'),('35547','5259','0','1994-08','事业单位专业技术人员','专技十三级-员级','二类区','事业单位','区教材编译中心','','0'),('25606','5323','0','2015-08','事业单位专业技术人员','专技十二级-助理','二类区','事业单位','西藏自治区教材编译中心','','0'),('35548','5259','0','2000-04','事业单位专业技术人员','专技十二级-助理','二类区','事业单位','区教材编译中心','','0'),('25177','5261','0','2000-06','事业单位管理人员','管理八级-副科','二类区','事业单位','区教材编译中心','','0'),('36988','5260','','2008-12','事业单位专业技术人员','专技十二级-助理','二类区','事业单位','日喀则','','0'),('25524','5301','0','2014-12','事业单位专业技术人员','专技八级','二类区','事业单位','','','0'),('36989','5260','','2014-10','事业单位专业技术人员','专技十级-中级','二类区','事业单位','日喀则','','0'),('36637','5278','','2014-12','事业单位专业技术人员','专技九级','二类区','事业单位','区教材编译中心','','0'),('25589','5315','0','2016-08','事业单位专业技术人员','专技十二级-助理','二类区','事业单位','西藏自治区教材编译中心','','0'),('25592','5316','0','2016-08','事业单位专业技术人员','专技十二级-助理','二类区','事业单位','西藏自治区教材编译中心','','0'),('36200','5319','','2016-11','事业单位专业技术人员','专技十级-中级','二类区','事业单位','西藏自治区教材编译中心','','0'),('25640','5297','0','2012-11','事业单位专业技术人员','专技九级','二类区','事业单位','','','0'),('36199','5319','','2010-04','事业单位专业技术人员','专技十二级-助理','二类区','事业单位','','','0'),('37030','5250','','2017-04','事业单位专业技术人员','专技十一级','二类区','事业单位','区教材编译中心','','0'),('36998','5272','','2018-10','事业单位专业技术人员','专技十一级','二类区','事业单位','','','0'),('25641','5297','0','2014-12','事业单位专业技术人员','专技八级','二类区','事业单位','','','0'),('24964','5251','0','1996-12','事业单位专业技术人员','专技十级-中级','二类区','事业单位','区教材编译中心','','0'),('36643','5321','','2015-08','事业单位专业技术人员','专技十二级-助理','二类区','事业单位','西藏自治区教材编译中心','','0'),('36633','5306','','2015-02','事业单位专业技术人员','专技九级','二类区','事业单位','','','0'),('24814','5234','0','2016-05','事业单位管理人员','管理五级-正县','二类区','事业单位','教材编译中心','','0'),('25523','5301','0','2012-11','事业单位专业技术人员','专技九级','二类区','事业单位','','','0'),('35969','5311','','2012-10','事业单位工人','普通-普通工','二类区','事业单位','西藏自治区教材编译中心','','0'),('37033','5305','','2011-12','事业单位专业技术人员','专技四级-正高','二类区','事业单位','','','0'),('35970','5311','','2014-07','事业单位工人','技术工五级-初级工','二类区','事业单位','西藏自治区教材编译中心','','0'),('25562','5309','0','2014-04','事业单位工人','技术工三级-高级工','二类区','事业单位','','','0'),('25552','5307','0','2006-12','事业单位工人','技术工四级-中级工','二类区','事业单位','','','0'),('36205','5247','','2018-05','事业单位专业技术人员','专技七级-副高','二类区','事业单位','','','0'),('35555','5302','0','2012-11','事业单位专业技术人员','专技九级','二类区','事业单位','','','0'),('25501','5253','0','2006-12','事业单位专业技术人员','专技十级-中级','二类区','事业单位','区教材编译中心','','0'),('25245','5279','0','1993-04','事业单位专业技术人员','专技十级-中级','二类区','事业单位','区教材编译中心','','0'),('36221','5255','','2017-04','事业单位专业技术人员','专技五级','二类区','事业单位','区教材编译中心','','0'),('25522','5301','0','2001-07','事业单位专业技术人员','专技十级-中级','二类区','事业单位','','','0'),('25518','5300','0','2005-10','事业单位专业技术人员','专技十二级-助理','二类区','事业单位','区教材编译中心','','0'),('37029','5250','','2013-07','事业单位专业技术人员','专技十二级-助理','二类区','事业单位','区教材编译中心','','0'),('36197','5277','','2012-11','事业单位专业技术人员','专技九级','二类区','事业单位','区教材编译中心','','0'),('25500','5253','0','2002-11','事业单位专业技术人员','专技十二级-助理','二类区','事业单位','那曲地区教体局','','0'),('24965','5251','0','2011-08','事业单位专业技术人员','专技七级-副高','二类区','事业单位','区教材编译中心','','0'),('34133','5254','0','2011-12','事业单位专业技术人员','专技十级-中级','二类区','事业单位','墨竹工卡','','0'),('25553','5307','0','2012-08','事业单位工人','技术工三级-高级工','二类区','事业单位','','','0'),('25503','5253','0','2017-04','事业单位专业技术人员','专技八级','二类区','事业单位','区教材编译中心','','0'),('24862','5237','0','2014-11','事业单位专业技术人员','专技五级','二类区','事业单位','教材编译中心','','0'),('34132','5254','0','2005-12','事业单位专业技术人员','专技十二级-助理','二类区','事业单位','墨竹工卡','','0'),('25502','5253','0','2012-11','事业单位专业技术人员','专技九级','二类区','事业单位','区教材编译中心','','0'),('34137','5256','0','1993-09','事业单位专业技术人员','专技十二级-助理','二类区','事业单位','区教材编译中心','','0'),('36219','5255','','2007-06','事业单位专业技术人员','专技七级-副高','二类区','事业单位','区教材编译中心','','0'),('34135','5254','0','2017-04','事业单位专业技术人员','专技八级','二类区','事业单位','区教材编译中心','','0'),('34134','5254','0','2012-11','事业单位专业技术人员','专技九级','二类区','事业单位','区教材编译中心','','0'),('24827','5236','0','2013-01','事业单位专业技术人员','专技三级','二类区','事业单位','教材编译中心','','0'),('36220','5255','','2012-12','事业单位专业技术人员','专技六级','二类区','事业单位','区教材编译中心','','0'),('34139','5256','0','2009-06','事业单位专业技术人员','专技七级-副高','二类区','事业单位','区教材编译中心','','0'),('34138','5256','0','1999-09','事业单位专业技术人员','专技十级-中级','二类区','事业单位','区教材编译中心','','0'),('25049','5252','0','2007-06','事业单位专业技术人员','专技七级-副高','二类区','事业单位','区教材编译中心','','0'),('24858','5237','0','1988-04','事业单位专业技术人员','专技十二级-助理','二类区','事业单位','教材编译中心','','0'),('36196','5277','','2007-12','事业单位专业技术人员','专技十级-中级','二类区','事业单位','区教材编译中心','','0'),('25246','5279','0','2008-07','事业单位专业技术人员','专技七级-副高','二类区','事业单位','区教材编译中心','','0'),('25534','5303','0','2005-06','事业单位管理人员','管理八级-副科','二类区','事业单位','区教材编译中心','','0'),('25512','5298','0','1998-12','事业单位工人','技术工五级-初级工','二类区','事业单位','区教材编译中心','','0'),('36885','5271','','2011-11','事业单位专业技术人员','专技十二级-助理','二类区','事业单位','区教材编译中学','','0'),('35554','5302','0','2010-12','事业单位专业技术人员','专技十级-中级','二类区','事业单位','','','0'),('32774','6478','0','2017-12','事业单位专业技术人员','专技十二级-助理','二类区','事业单位','区教材编译中心','','0'),('32777','6480','0','2017-12','事业单位专业技术人员','专技十二级-助理','二类区','事业单位','区教材编译中心','','0'),('25539','5304','0','2003-01','事业单位专业技术人员','专技十级-中级','二类区','事业单位','','','0'),('34136','5254','0','2018-03','事业单位专业技术人员','专技七级-副高','二类区','事业单位','','','0'),('34141','5256','0','2018-05','事业单位专业技术人员','专技四级-正高','二类区','事业单位','','','0'),('25538','5304','0','1999-10','事业单位专业技术人员','专技十二级-助理','二类区','事业单位','西藏自治区教材编译中心','','0'),('35549','5259','0','2012-01','事业单位专业技术人员','专技十级-中级','二类区','事业单位','区教材编译中心','','0'),('25535','5303','0','2006-11','事业单位专业技术人员','专技十级-中级','二类区','事业单位','','','0'),('24860','5237','0','2010-06','事业单位专业技术人员','专技七级-副高','二类区','事业单位','教材编译中心','','0'),('25050','5252','0','2017-04','事业单位专业技术人员','专技六级','二类区','事业单位','区教材编译中心','','0'),('25540','5304','0','2012-12','事业单位专业技术人员','专技九级','二类区','事业单位','','','0'),('36632','5306','','2013-01','事业单位专业技术人员','专技十级-中级','二类区','事业单位','','','0'),('25515','5299','0','2004-01','事业单位专业技术人员','专技十级-中级','二类区','事业单位','','','0'),('25514','5299','0','1993-12','事业单位专业技术人员','专技十二级-助理','二类区','事业单位','区教材编译中心','','0'),('36631','5306','','2004-01','事业单位专业技术人员','专技十二级-助理','二类区','事业单位','区教材编译中心','','0'),('25554','5308','0','2002-12','事业单位专业技术人员','专技十二级-助理','二类区','事业单位','西藏自治区教材编译中心','','0'),('24859','5237','0','1993-09','事业单位专业技术人员','专技十级-中级','二类区','事业单位','教材编译中心','','0'),('36204','5247','','2017-04','事业单位专业技术人员','专技八级','二类区','事业单位','区教材编译中心','','0'),('25517','5299','0','2014-12','事业单位专业技术人员','专技八级','二类区','事业单位','','','0'),('24861','5237','0','2012-11','事业单位专业技术人员','专技六级','二类区','事业单位','教材编译中心','','0'),('25541','5304','0','2014-11','事业单位专业技术人员','专技八级','二类区','事业单位','','','0'),('35550','5259','0','2014-11','事业单位专业技术人员','专技九级','二类区','事业单位','区教材编译中心','','0'),('35552','5259','0','2018-08','事业单位专业技术人员','专技七级-副高','二类区','机关单位','区教材编译中心','','0'),('25590','5314','0','2016-08','事业单位专业技术人员','专技十二级-助理','二类区','事业单位','西藏自治区教材编译中心','','0'),('36644','5321','','2018-10','事业单位专业技术人员','专技十一级','二类区','事业单位','','','0'),('36642','5322','','2018-10','事业单位专业技术人员','专技十一级','二类区','事业单位','','','0'),('36634','5306','','2018-10','事业单位专业技术人员','专技八级','二类区','事业单位','','','0'),('36638','5278','','2018-10','事业单位专业技术人员','专技八级','二类区','事业单位','','','0'),('25585','5313','0','2016-08','事业单位专业技术人员','专技十二级-助理','二类区','事业单位','西藏自治区教材编译中心','','0'),('25519','5300','0','2011-11','事业单位专业技术人员','专技十级-中级','二类区','事业单位','','','0'),('35556','5302','0','2018-08','事业单位专业技术人员','专技七级-副高','二类区','事业单位','','','0'),('36997','5272','','2016-07','事业单位专业技术人员','专技十二级-助理','二类区','事业单位','区教材编译中心','','0'),('35553','5302','0','2008-11','事业单位专业技术人员','专技十二级-助理','二类区','事业单位','区教材编译中心','','0'),('37032','5305','','2002-11','事业单位专业技术人员','专技七级-副高','二类区','事业单位','','','0'),('37031','5305','','1999-06','事业单位专业技术人员','专技十级-中级','二类区','事业单位','西藏自治区教材编译中心','','0'),('36198','5319','','2003-08','事业单位专业技术人员','专技十三级-员级','二类区','事业单位','西藏自治区教材编译中心','','0'),('36883','5317','','2018-12','事业单位专业技术人员','专技十级-中级','二类区','机关单位','西藏自治区教材编译中心','','0'),('36902','5245','','2017-04','事业单位专业技术人员','专技九级','二类区','机关单位','区教材编译中心','','0'),('36888','5324','','2015-08','事业单位专业技术人员','专技十二级-助理','二类区','事业单位','西藏自治区教材编译中心','','0'),('24966','5251','0','2017-04','事业单位专业技术人员','专技六级','二类区','事业单位','区教材编译中心','','0'),('24963','5251','0','1989-07','事业单位专业技术人员','专技十二级-助理','二类区','事业单位','区教材编译中心','','0'),('24813','5234','0','2012-04','事业单位管理人员','管理六级-副县','二类区','事业单位','教材编译中心','','0'),('36890','5324','','2018-12','事业单位专业技术人员','专技十级-中级','二类区','机关单位','西藏自治区教材编译中心','','0'),('24952','5248','0','2017-04','事业单位专业技术人员','专技十一级','二类区','事业单位','区教材编译中心','','0'),('25521','5301','0','1993-10','事业单位专业技术人员','专技十二级-助理','二类区','事业单位','区教材编译中心','','0'),('25684','5244','0','1995-06','事业单位专业技术人员','专技十二级-助理','二类区','事业单位','区教材编译中心','','0'),('36901','5245','','2014-05','事业单位专业技术人员','专技十级-中级','二类区','事业单位','区教材编译中心','','0'),('24825','5236','0','2002-06','事业单位专业技术人员','专技七级-副高','二类区','事业单位','教材编译中心','','0'),('25560','5309','0','1997-06','事业单位工人','技术工五级-初级工','二类区','事业单位','西藏自治区教材编译中心','','0'),('36203','5247','','2014-12','事业单位专业技术人员','专技九级','二类区','事业单位','区教材编译中心','','0'),('24812','5234','0','2007-08','事业单位专业技术人员','专技七级-副高','二类区','事业单位','考试院','','0'),('25639','5297','0','2008-12','事业单位专业技术人员','专技十级-中级','二类区','事业单位','','','0'),('36900','5245','','2007-04','事业单位专业技术人员','专技十二级-助理','二类区','事业单位','拉萨二中','','0'),('25516','5299','0','2012-11','事业单位专业技术人员','专技九级','二类区','事业单位','','','0'),('36218','5255','','1992-01','事业单位专业技术人员','专技十级-中级','二类区','事业单位','区教材编译中心','','0'),('25536','5303','0','2012-11','事业单位专业技术人员','专技九级','二类区','事业单位','','','0'),('25688','5244','0','2016-05','事业单位管理人员','管理六级-副县','二类区','事业单位','区教材编译中心','','0'),('24826','5236','0','2011-08','事业单位专业技术人员','专技四级-正高','二类区','事业单位','教材编译中心','','0'),('25687','5244','0','2014-10','事业单位专业技术人员','专技八级','二类区','事业单位','区教材编译中心','','0'),('24951','5248','0','2009-07','事业单位专业技术人员','专技十二级-助理','二类区','事业单位','那曲巴青县','','0'),('25247','5279','0','2014-12','事业单位专业技术人员','专技六级','二类区','事业单位','区教材编译中心','','0'),('25537','5303','0','2014-12','事业单位专业技术人员','专技八级','二类区','事业单位','','','0'),('25686','5244','0','2011-11','事业单位专业技术人员','专技九级','二类区','事业单位','区教材编译中心','','0'),('36886','5271','','2017-04','事业单位专业技术人员','专技十一级','二类区','事业单位','区教材编译中学','','0'),('24815','5234','0','2017-04','事业单位专业技术人员','专技五级','二类区','事业单位','教材编译中心','','0'),('36899','5245','','2004-09','事业单位专业技术人员','专技十三级-员级','二类区','事业单位','拉萨二中','','0'),('36996','5272','','2013-05','事业单位管理人员','管理九级-科员','二类区','事业单位','区教材编译中心','','0'),('36636','5278','','2010-10','事业单位专业技术人员','专技十级-中级','二类区','事业单位','区教材编译中心','','0'),('36635','5278','','2002-12','事业单位专业技术人员','专技十二级-助理','二类区','事业单位','区教材编译中心','','0'),('24810','5234','0','2000-12','事业单位专业技术人员','专技十级-中级','二类区','事业单位','考试院','','0'),('36195','5277','','2003-12','事业单位专业技术人员','专技十二级-助理','二类区','事业单位','青海','','0'),('36887','5271','','2018-12','事业单位专业技术人员','专技十级-中级','二类区','机关单位','西藏自治区教材编译中心','','0'),('35930','6177','0','2017-11','事业单位专业技术人员','专技十二级-助理','二类区','事业单位','区教材编译中心','','0'),('25178','5261','0','2005-06','事业单位管理人员','管理七级-正科','二类区','事业单位','区教材编译中心','','0'),('24811','5234','0','2007-07','事业单位管理人员','管理七级-正科','二类区','事业单位','考试院','','0'),('25685','5244','0','2008-12','事业单位专业技术人员','专技十级-中级','二类区','事业单位','区教材编译中心','','0'),('25047','5252','0','1992-08','事业单位专业技术人员','专技十二级-助理','二类区','事业单位','区教材编译中心','','0'),('31723','5310','0','2013-07','事业单位工人','技术工四级-中级工','二类区','事业单位','','','0'),('36987','5260','','2002-08','事业单位专业技术人员','专技十三级-员级','二类区','事业单位','日喀则','','0'),('31722','5310','0','2006-12','事业单位工人','技术工五级-初级工','二类区','事业单位','西藏自治区教材编译中心','','0'),('35551','5259','0','2017-04','事业单位专业技术人员','专技八级','二类区','事业单位','区教材编译中心','','0'),('36202','5247','','2011-12','事业单位专业技术人员','专技十级-中级','二类区','事业单位','日喀则','','0'),('25638','5297','0','1997-05','事业单位专业技术人员','专技十二级-助理','二类区','事业单位','区教材编译中心','','0'),('35928','6326','0','2017-11','事业单位专业技术人员','专技十二级-助理','二类区','事业单位','区教材编译中心','','0'),('32775','6479','0','2017-12','事业单位专业技术人员','专技十二级-助理','二类区','事业单位','区教材编译中心','','0'),('25520','5300','0','2014-12','事业单位专业技术人员','专技九级','二类区','事业单位','','','0'),('36881','5318','','2018-12','事业单位专业技术人员','专技十级-中级','二类区','机关单位','西藏自治区教材编译中心','','0'),('25513','5298','0','2006-12','事业单位工人','技术工四级-中级工','二类区','事业单位','','','0'),('36201','5247','','2004-06','事业单位专业技术人员','专技十二级-助理','二类区','事业单位','日喀则','','0'),('34140','5256','0','2017-04','事业单位专业技术人员','专技六级','二类区','事业单位','区教材编译中心','','0'),('25551','5307','0','1991-12','事业单位工人','普通-普通工','二类区','事业单位','西藏自治区教材编译中心','','0'),('25555','5308','0','2012-11','事业单位专业技术人员','专技十一级','二类区','事业单位','','','0'),('25563','5309','0','2016-07','事业单位管理人员','管理八级-副科','二类区','事业单位','','','0'),('25561','5309','0','2004-01','事业单位工人','技术工四级-中级工','二类区','事业单位','','','0'),('25048','5252','0','2001-07','事业单位专业技术人员','专技十级-中级','二类区','事业单位','区教材编译中心','','0'),('36641','5322','','2015-08','事业单位专业技术人员','专技十二级-助理','二类区','事业单位','西藏自治区教材编译中心','','0'),('36648','6691','','2013-01','事业单位专业技术人员','专技七级-副高','二类区','事业单位','西藏自治区教材编译中心','','0'),('36647','6691','','2012-11','事业单位专业技术人员','专技八级','二类区','事业单位','西藏自治区教材编译中心','','0'),('36646','6691','','2002-01','事业单位专业技术人员','专技十级-中级','二类区','事业单位','西藏自治区教材编译中心','','0'),('36645','6691','','1993-11','事业单位专业技术人员','专技十二级-助理','二类区','事业单位','西藏自治区教材编译中心','','0'),('36649','6691','','2018-10','事业单位专业技术人员','专技六级','二类区','事业单位','','','0'),('36995','5272','','2011-12','事业单位管理人员','管理十级-办事员','二类区','事业单位','青藏公路局','','0'),('36882','5317','','2016-08','事业单位专业技术人员','专技十二级-助理','二类区','事业单位','西藏自治区教材编译中心','','0'),('36880','5318','','2016-08','事业单位专业技术人员','专技十二级-助理','二类区','事业单位','西藏自治区教材编译中心','','0'),('36884','5271','','1996-06','事业单位专业技术人员','专技十三级-员级','二类区','事业单位','北京中学','','0'),('36889','5324','','2018-10','事业单位专业技术人员','专技十一级','二类区','事业单位','西藏自治区教材编译中心','','0');|INSERT INTO `tx_studyinfo` (`id`, `personid`, `level`, `gettime`, `school`)  VALUES ('5164','6326','硕士','2017-07','西藏大学'),('4560','6478','硕士','2017-06','西华师范大学'),('4561','6479','本科','2014-07',''),('4563','6480','本科','2018-01','西南交通大学'),('5166','6177','硕士','2017-07','西藏大学'),('4362','5310','中专','2009-07','');|INSERT INTO `tx_checkinfo` (`id`, `personid`, `gettime`, `check`)  VALUES ('4146','5245','2012','不通过'),('4145','5245','2011','不通过'),('4144','5245','2010','不通过'),('4095','5311','2012','不通过');|INSERT INTO `tx_heightinfo` (`id`, `personid`, `area`, `city`, `county`, `height`, `acc`, `iscity`, `heightid`, `gettime`)  VALUES ('14830','5234','拉萨市','拉萨市','拉萨市','3650','1-1-1','否','0','1994-07'),('14840','5237','拉萨市','拉萨市','拉萨市','3650','1-1-1','否','65793','1986-07'),('15181','5244','拉萨市','拉萨市','拉萨市','3650','1-1-1','否','0','1990-07'),('20465','5245','拉萨市','拉萨市','拉萨市','3650','1-1-1','否','','2004-09'),('14996','5279','拉萨市','拉萨市','拉萨市','3650','1-1-1','否','0','1990-07'),('20125','5247','拉萨市','拉萨市','拉萨市','3650','1-1-1','否','','2003-07'),('20357','5278','拉萨市','拉萨市','拉萨市','3650','1-1-1','否','','2001-07'),('20123','5277','拉萨市','拉萨市','拉萨市','3650','1-1-1','否','','2012-03'),('20567','5272','拉萨市','拉萨市','拉萨市','3650','1-1-1','否','','2011-12'),('20456','5271','拉萨市','拉萨市','拉萨市','3650','1-1-1','否','','1994-07'),('18343','6478','拉萨市','拉萨市','拉萨市','3650','1-1-1','否','0','2017-12'),('18346','6480','拉萨市','拉萨市','拉萨市','3650','1-1-1','否','0','2017-12'),('14868','5248','那曲地区','巴青县','巴青县','4160','6-3-1','否','0','2009-07'),('14869','5248','拉萨市','拉萨市','拉萨市','3650','1-1-1','否','0','2015-07'),('18344','6479','拉萨市','拉萨市','拉萨市','3650','1-1-1','否','0','2017-12'),('19995','5311','拉萨市','拉萨市','拉萨市','3650','1-1-1','否','','2011-07'),('18078','5310','拉萨市','拉萨市','拉萨市','3650','1-1-1','否','0','2004-12'),('18077','5310','山南市','浪卡子县','阿扎乡','4517','3-12-7','是','0','2002-12'),('15109','5308','拉萨市','拉萨市','拉萨市','3650','1-1-1','否','65793','1996-07'),('15111','5309','拉萨市','拉萨市','拉萨市','3650','1-1-1','否','0','1996-12'),('15108','5307','拉萨市','拉萨市','拉萨市','3650','1-1-1','否','65793','1991-12'),('20356','5306','拉萨市','拉萨市','拉萨市','3650','1-1-1','否','','1998-07'),('15159','5297','拉萨市','拉萨市','拉萨市','3650','1-1-1','否','0','1995-04'),('20361','6691','拉萨市','拉萨市','拉萨市','3650','1-1-1','否','','1990-07'),('15103','5303','拉萨市','拉萨市','拉萨市','3650','1-1-1','否','65793','1994-07'),('15096','5298','拉萨市','拉萨市','拉萨市','3650','1-1-1','否','65793','1997-07'),('15097','5299','拉萨市','拉萨市','拉萨市','3650','1-1-1','否','65793','1990-07'),('15098','5300','拉萨市','拉萨市','拉萨市','3650','1-1-1','否','65793','2005-07'),('20565','5260','拉萨市','拉萨市','拉萨市','3650','1-1-1','否','','2017-04'),('20564','5260','日喀则市','定结县','定结县','4205','2-13-1','否','','2003-07'),('15127','5313','拉萨市','拉萨市','拉萨市','3650','1-1-1','否','65793','2016-08'),('15132','5314','拉萨市','拉萨市','拉萨市','3650','1-1-1','否','0','2016-08'),('20563','5260','日喀则市','定结县','确布乡','4353','2-13-5','是','','2002-07'),('15134','5316','拉萨市','拉萨市','拉萨市','3650','1-1-1','否','0','2016-08'),('20455','5317','拉萨市','拉萨市','拉萨市','3650','1-1-1','否','','2016-08'),('15131','5315','拉萨市','拉萨市','拉萨市','3650','1-1-1','否','0','2016-08'),('20454','5318','拉萨市','拉萨市','拉萨市','3650','1-1-1','否','','2016-08'),('20124','5319','拉萨市','拉萨市','拉萨市','3650','1-1-1','否','','2015-10'),('20360','5321','拉萨市','拉萨市','拉萨市','3650','1-1-1','否','','2015-08'),('15139','5320','拉萨市','拉萨市','拉萨市','3650','1-1-1','否','0','2015-08'),('20359','5322','拉萨市','拉萨市','拉萨市','3650','1-1-1','否','','2015-08'),('20457','5324','拉萨市','拉萨市','拉萨市','3650','1-1-1','否','','2015-08'),('15145','5323','拉萨市','拉萨市','拉萨市','3650','1-1-1','否','0','2015-08'),('15099','5301','拉萨市','拉萨市','拉萨市','3650','1-1-1','否','65793','1990-07'),('14960','5261','拉萨市','拉萨市','拉萨市','3650','1-1-1','否','0','1987-07'),('20582','5250','拉萨市','拉萨市','拉萨市','3650','1-1-1','否','','2013-07'),('15092','5253','那曲地区','那曲地区','那曲地区','4527','6-1-1','否','0','1992-11'),('19763','5259','拉萨市','拉萨市','拉萨市','3650','1-1-1','否','0','1994-08'),('18943','5256','拉萨市','拉萨市','拉萨市','3650','1-1-1','否','0','1988-07'),('15104','5304','拉萨市','拉萨市','拉萨市','3650','1-1-1','否','65793','1994-06'),('20136','5255','拉萨市','拉萨市','拉萨市','3650','1-1-1','否','','1984-07'),('18942','5254','拉萨市','拉萨市','拉萨市','3650','1-1-1','否','0','1998-07'),('14914','5252','拉萨市','拉萨市','拉萨市','3650','1-1-1','否','0','1990-07'),('14834','5236','拉萨市','拉萨市','拉萨市','3650','1-1-1','否','0','1987-07'),('14875','5251','拉萨市','拉萨市','拉萨市','3650','1-1-1','否','65793','1988-07'),('19764','5302','拉萨市','拉萨市','拉萨市','3650','1-1-1','否','0','2008-10'),('20583','5305','拉萨市','拉萨市','拉萨市','3650','1-1-1','否','','2006-07'),('15093','5253','拉萨市','拉萨市','拉萨市','3650','1-1-1','否','0','1999-11'),('19970','6177','拉萨市','拉萨市','拉萨市','3650','1-1-1','否','0','2017-11'),('19968','6326','拉萨市','拉萨市','拉萨市','3650','1-1-1','否','0','2017-11');|