INSERT INTO `tx_personinfo` (`id`, `sort`, `userid`, `name`, `sex`, `birthday`, `origin`, `nation`, `partymember`, `worktime`, `intime`, `inadj`, `inyear`, `posttime`, `postadj`, `unitkind`, `postname`, `unitname`, `isleader`, `lastposttime`, `lastunitkind`, `lastpostname`, `lastunitname`, `area`, `education`, `educationtime`, `schooltime`, `educationadj`, `teacherinfo`, `teacherbegin`, `teacherend`, `teacheradj`, `oneinfo`, `onebegin`, `oneend`, `oneadj`, `check2`, `check5`, `coveradj`, `cadre`, `retiretime`, `height`, `note`, `addon`,`ywcadre`) VALUES ('7163','200','212','樊俊','女','1971-11','','汉族','党员','1988-12','1988-12','0','','2000-01','0','机关单位','管理七级-正科','拉萨市职工学校','','','','','','','大专','1988-12','0','0','','','','0','','','','0','0','0','0','否','','','','',''),('6546','1','212','次仁洛追','男','1975-12','拉萨','汉族','党员','1993-12','1997-01','0','','2016-08','0','机关单位','乡科级正职','拉萨市道路运输管理局','领导职务','','','','','','大专','2005-06','0','0','','','','0','','','','0','0','0','0','否','','','','',''),('5208','0','212','黄学清','女','1973-02','四川仁寿','汉族','党员','1990-12','1990-12','0','0','2009-01','0','机关单位','高级工','拉萨市道路运输管理局','','','','','','','高中','1998-07','0','0','','','','0','','','','0','2006','2006','0','否','','0','','',''),('5196','0','212','旺堆','男','1975-11','西藏拉萨','藏族','党员','1996-07','1996-07','0','0','2017-07','0','机关单位','乡科级副职','拉萨市道路运输管理局','领导职务','','','','','','中专','1996-07','0','0','','','','0','','','','0','0','0','0','否','','0','','',''),('5207','0','212','拉巴','男','1970-01','西藏拉萨','藏族','党员','1988-12','1988-12','0','0','2009-01','0','机关单位','高级工','拉萨市道路运输管理局','','','','','','','中专','1999-01','0','0','','','','0','','','','0','2006','2006','0','否','','0','','',''),('5204','0','212','拉巴次仁','男','1968-07','西藏拉萨','藏族','党员','1984-11','1984-11','0','0','2004-01','0','机关单位','高级工','拉萨市道路运输管理局','','','','','','','中专','2002-01','0','0','','','','0','','','','0','2006','2006','0','否','','0','','',''),('5192','0','212','加永多吉','男','1961-01','西藏昌都','汉族','党员','1987-07','1987-07','0','0','2017-07','0','机关单位','乡科级正职','拉萨市道路运佃管理局','领导职务','','','','','','中专','1987-07','0','0','','','','0','','','','0','0','0','0','否','','0','','',''),('5206','0','212','邱维荣','女','1971-02','山东临沂','汉族','党员','1987-12','1987-12','0','0','2009-01','0','机关单位','高级工','拉萨市道路运输管理局','','','','','','','大专','2000-07','0','0','','','','0','','','','0','2006','2006','0','否','','0','','',''),('5209','1','212','樊华','男','1979-05','陕西西安','汉族','党员','2000-02','2000-02','0','0','2013-11','0','机关单位','中级工','拉萨市道路运输管理局','','','','','','','中专','1999-06','0','0','','','','0','','','','0','0','0','0','否','','0','','',''),('5197','0','212','扎西旺堆','男','1975-10','西藏拉萨','藏族','党员','1996-07','1996-07','0','0','2001-09','0','机关单位','科员','拉萨市道路运输管理局','非领导职务','','','','','','中专','1996-07','0','0','','','','0','','','','0','0','0','0','否','','0','','',''),('5193','0','212','罗朝华','女','1979-10','河南尉县','汉族','党员','2002-07','2002-07','0','0','2017-07','0','机关单位','乡科级正职','拉萨市道路运输管理局','领导职务','','','','','','大专','2002-07','3','0','','','','0','','','','0','0','0','0','否','','0','','',''),('5201','0','212','琼达','女','1980-05','青海民和','藏族','党员','2001-07','2001-07','0','0','2017-07','0','机关单位','乡科级副职','拉萨市道路运输管理局','领导职务','','','','','','中专','2001-07','0','0','','','','0','','','','0','0','0','0','否','','0','原工资件上注明：档案上的晋升科员时间为2006年8月，因软件原因在2006年6月才能显示正常级别变动，故改为2006年6有晋长科员。','',''),('5210','0','212','尼玛','男','1985-08','西藏拉萨','藏族','','2005-02','2005-02','0','0','2005-02','0','机关单位','初级工','拉萨市道路运输管理局','','','','','','','中专','2006-06','0','0','','','','0','','','','0','2006','2006','0','否','','0','','',''),('5195','0','212','黄平','女','1980-09','江西乐平','汉族','党员','2002-07','2002-07','0','0','2017-07','0','机关单位','乡科级副职','拉萨市道路运输管理局','领导职务','','','','','','本科','2002-07','4','0','','','','0','','','','0','0','0','0','否','','0','','',''),('5194','0','212','盖鹏鹄','男','1972-02','河南兰考','回族','党员','1990-12','1990-12','0','0','2017-07','0','机关单位','乡科级正职','拉萨市道路运输管理局','领导职务','','','','','','中专','1996-07','0','0','','','','0','','','','0','0','0','0','否','','0','','',''),('5199','0','212','白玛嘎达','男','1973-10','西藏那曲','藏族','党员','1996-07','1996-07','0','0','2017-07','0','机关单位','乡科级副职','拉萨市道路运输管理局','非领导职务','','','','','','中专','1996-07','0','0','','','','0','','','','0','0','0','0','否','','0','','',''),('5198','0','212','拉巴旺堆','男','1975-05','西藏拉萨','藏族','党员','1996-07','1996-07','0','0','2017-07','0','机关单位','乡科级副职','拉萨市道路运输管理局','领导职务','','','','','','中专','1996-07','0','0','','','','0','','','','0','0','0','0','否','','0','','',''),('5200','0','212','任丽君','女','1976-10','河北蔚县','汉族','党员','1997-07','1997-07','0','0','2017-07','0','机关单位','乡科级副职','拉萨市道路运输管理局','领导职务','','','','','','大专','1997-07','3','0','','','','0','','','','0','0','0','0','否','','0','','',''),('6206','','212','牛继英','女','1970-06','甘肃','汉族','党员','1990-07','2006-05','0','','1995-09','0','机关单位','科员','拉萨市道路运输管理局','非领导职务','','','','','','大专','1990-07','0','0','','','','0','','','','0','0','0','0','否','','','','',''),('5205','0','212','赵小花','女','1969-01','甘肃天水','汉族','','1987-12','1987-12','0','0','2010-01','0','机关单位','高级工','拉萨市道路运输管理局','','','','','','','大专','2000-07','0','0','','','','0','','','','0','0','0','0','否','','0','','',''),('5202','0','212','杨培','男','1969-11','陕西扶风','藏族','党员','1985-11','1985-11','0','0','2017-11','0','机关单位','技师','拉萨市道路运输管理局','','','','','','','大专','2005-06','0','0','','','','0','','','','0','0','0','0','否','','0','','',''),('6619','40','212','任瑶','女','1992-04','四川射洪','汉族','党员','2017-12','2017-12','0','','2017-12','0','机关单位','科员','拉萨市道路运输管理局','非领导职务','','','','','','本科','2014-07','0','0','','','','0','','','','0','0','0','0','否','','','','',''),('6620','41','212','陈鑫','女','1995-01','河南商水','汉族','党员','2017-12','2017-12','0','','2017-12','0','机关单位','科员','拉萨市道路运输管理局','非领导职务','','','','','','本科','2017-07','0','0','','','','0','','','','0','0','0','0','否','','','','',''),('6621','42','212','德吉卓嘎','女','1994-07','西藏拉萨','藏族','团员','2017-12','2017-12','0','','2017-12','0','机关单位','科员','拉萨市道路运输管理局','非领导职务','','','','','','本科','2017-07','0','0','','','','0','','','','0','0','0','0','否','','','','',''),('6680','','212','其米边巴','男','1973-05','林芝','藏族','党员','1992-07','1992-07','0','','2018-06','0','机关单位','县处级副职','拉萨市道路运输管理局','领导职务','','','','','','中专','1992-07','0','0','','','','0','','','','0','0','0','0','否','','','','',''),('7209','','212','边巴','男','1973-04','西藏当雄','藏族','党员','1992-12','1992-12','0','','2013-01','0','机关单位','乡科级正职','拉萨市交通运输局','领导职务','','','','','','大专','2005-07','0','0','','','','0','','','','0','2006','2006','0','否','','','','',''),('7208','0','212','洛桑旺堆','男','1972-06','西藏拉萨','藏族','党员','1992-12','1992-12','0','','2011-02','0','机关单位','乡科级副职','拉萨市交通运输局','非领导职务','','','','','','中专','2004-12','0','0','','','','0','','','','0','0','0','0','否','','','','',''),('7207','0','212','杨小波','男','1965-08','河南','汉族','党员','1986-08','1986-08','0','','2017-10','0','机关单位','县处级正职','拉萨市交通运输局','领导职务','','','','','','中专','1986-08','4','0','','','','0','','','','0','0','0','0','否','','','','',''),('7187','','212','徐咏梅','女','1967-10','甘肃武威','汉族','党员','1986-07','1986-07','0','','2016-08','0','机关单位','乡科级正职','拉萨市交通运输局','领导职务','','','','','','大专','1999-07','0','0','','','','0','','','','0','2006','2006','0','否','','','','',''),('7188','100','212','次仁琼达','女','1994-02','西藏日喀则','藏族','','2019-08','2019-08','0','','2019-08','0','机关单位','科员','拉萨市道路运输管理局','非领导职务','','','','','','本科','2018-07','0','0','','','','0','','','','0','0','0','0','否','','','','',''),('7190','','212','普布次仁','男','1979-10','西藏拉萨','藏族','党员','2000-07','2000-07','0','','2011-02','0','机关单位','乡科级副职','拉萨市交通运输局','领导职务','','','','','','中专','2000-07','4','0','','','','0','','','','0','2006','2006','0','否','','','','',''),('7192','','212','张颜凯','男','1982-02','河南灵寿','汉族','党员','2005-08','2005-08','0','','2016-08','0','机关单位','乡科级正职','拉萨市交通运输局','领导职务','','','','','','本科','2005-08','4','0','','','','0','','','','0','2006','2006','0','否','','','','',''),('7194','70','212','巴桑','女','1974-11','拉萨','藏族','党员','1994-07','1994-07','0','','2017-12','0','机关单位','县处级副职','拉萨市交通运输局','非领导职务','','','','','','中专','1994-07','4','0','','','','0','','','','0','0','0','0','否','','','','',''),('7196','','212','陈晶华','女','1983-08','山东嘉祥','汉族','党员','2004-07','2004-07','0','','2018-07','0','机关单位','乡科级副职','拉萨市交通运输局','领导职务','','','','','','本科','2004-07','4','0','','','','0','','','','0','2006','2006','0','否','','','','',''),('7197','','212','次登白姆','女','1981-10','西藏昌都','藏族','党员','2004-07','2004-07','0','','2018-07','0','机关单位','乡科级正职','拉萨市交通运输局','领导职务','','','','','','本科','2004-07','4','0','','','','0','','','','0','2006','2006','0','否','','','','',''),('7198','','212','王彬','女','1985-04','河南','汉族','党员','2005-08','2005-08','0','','2018-07','0','机关单位','乡科级副职','拉萨市交通运输局','领导职务','','','','','','大专','2005-08','3','0','','','','0','','','','0','2006','2006','0','否','','','','',''),('7201','','212','次仁罗布','男','1963-07','西藏林周','藏族','党员','1979-12','1979-12','0','','2018-07','0','机关单位','乡科级正职','拉萨市交通运输局','非领导职务','','','','','','中专','1996-06','0','0','','','','0','','','','0','2006','2006','0','否','','','','',''),('7202','','212','扎西白珍','女','1984-08','西藏拉萨','藏族','党员','2006-07','2006-07','0','','2018-07','0','机关单位','乡科级副职','拉萨市交通运输局','非领导职务','','','','','','本科','2006-09','4','0','','','','0','','','','0','2006','2006','0','否','','','','',''),('7203','30','212','索朗','男','1985-01','西藏拉萨','汉族','党员','2013-08','2013-08','0','','2019-09','0','机关单位','科员','拉萨市道路运输管理局','非领导职务','','','','','','本科','2008-07','4','0','','','','0','','','','0','0','0','0','否','','','','',''),('7204','300','212','徐海波','男','1978-05','北京安平','汉族','党员','2001-05','2019-09','0','','2019-09','0','机关单位','县处级副职','拉萨市交通运输局','领导职务','','','','','','本科','2000-07','4','0','','','','0','','','','0','0','0','0','是','','','','',''),('7205','300','212','徐翚','男','1974-10','江苏','汉族','党员','1995-07','2019-07','0','','2019-07','0','机关单位','县处级副职','拉萨市交通运输局','领导职务','','','','','','本科','1995-06','0','0','','','','0','','','','0','0','0','0','是','','','','',''),('7210','','212','次旦顿珠','男','1981-09','西藏拉萨','藏族','党员','1999-12','1999-12','0','','2013-10','0','机关单位','中级工','拉萨市交通运输局','','','','','','','中专','2005-09','0','0','','','','0','','','','0','2006','2006','0','否','','','','',''),('7211','0','212','袁西豪','男','1986-02','四川遂宁','汉族','','2009-11','2009-11','0','','2009-11','0','事业单位','专技十三级-员级','拉萨市交通运输局','','','','','','','大专','2008-06','4','0','','','','0','','','','0','0','0','0','否','','','','',''),('7212','78','212','白玛曲珍','女','1986-07','西藏山南','藏族','党员','2009-11','2009-11','0','','2017-11','0','事业单位','专技十二级-助理','拉萨市交通运输局','','','','','','','本科','2009-11','4','0','','','','0','','','','0','0','0','0','否','','','','',''),('7214','','212','何林燕','女','1978-09','四川巴中','汉族','党员','1998-07','1998-07','0','','2006-01','0','事业单位','专技十二级-助理','拉萨市交通运输局','','','','','','','中专','1998-07','4','0','','','','0','','','','0','2006','2006','0','否','','','','',''),('7215','','212','严胜红','男','1972-12','甘肃青海','藏族','','1994-07','1994-07','0','','2009-06','0','事业单位','专技十级-中级','拉萨市交通运输局','','','','','','','中专','1994-07','4','0','','','','0','','','','0','2006','2006','0','否','','','','',''),('7216','','212','达瓦次珠','男','1976-04','西藏拉萨','藏族','党员','1995-07','1995-07','0','','2013-01','0','机关单位','管理七级-正科','拉萨市交通运输局','','','','','','','中专','1995-07','4','0','','','','0','','','','0','2006','2006','0','否','','','','',''),('7217','0','212','段洪荣','男','1975-10','河南','汉族','','1993-12','1997-01','0','','2014-10','0','机关单位','高级工','拉萨市交通运输局','','','','','','','中专','2002-01','0','0','','','','0','','','','0','0','0','0','否','','','','',''),('7218','','212','龚晨','男','1988-08','四川绵阳','汉族','','2006-12','2006-12','0','','2014-10','0','机关单位','初级工','拉萨市交通运输局','','','','','','','暂时没有','','0','0','','','','0','','','','0','2006','2006','0','否','','','','',''),('7219','','212','白玛多吉','男','1982-07','西藏那曲','藏族','','2000-08','2000-08','0','','2015-10','0','机关单位','高级工','拉萨市交通运输局','','','','','','','大专','2010-07','0','0','','','','0','','','','0','2006','2006','0','否','','','','',''),('7220','','212','德吉央宗','女','1987-09','西藏日喀则','藏族','党员','2010-08','2010-08','0','','2016-08','0','机关单位','乡科级副职','拉萨市交通运输局','领导职务','','','','','','本科','2010-07','4','0','','','','0','','','','0','2010','2010','0','否','','','','',''),('7221','','212','朱海鹏','男','1988-03','河南','汉族','','2012-07','2012-07','0','','2018-09','0','机关单位','乡科级副职','拉萨市交通运输局','非领导职务','','','','','','本科','2012-07','4','0','','','','0','','','','0','2012','2012','0','否','','','','',''),('7222','','212','李崇','男','1989-06','河南','汉族','','2012-07','2012-07','0','','2018-07','0','机关单位','乡科级副职','拉萨市交通运输局','领导职务','','','','','','本科','2012-07','4','0','','','','0','','','','0','2012','2012','0','否','','','','',''),('7223','79','212','王煜','男','1976-06','青海化隆','汉族','党员','2001-10','2001-10','0','','2013-05','0','机关单位','管理八级-副科','拉萨市交通运输局','','','','','','','大专','1998-07','2','0','','','','0','','','','0','0','0','0','否','','','','',''),('7224','','212','杜志强','男','1973-09','贵州省','汉族','党员','1996-07','1996-07','0','','2013-01','0','机关单位','县处级副职','拉萨市交通运输局','领导职务','','','','','','中专','1996-07','4','0','','','','0','','','','0','2006','2006','0','否','','','','',''),('7225','0','212','董绍辉','男','1993-12','山东菜阳','汉族','团员','2016-08','2016-08','0','','2016-08','0','机关单位','科员','拉萨市交通运输局','非领导职务','','','','','','本科','2016-06','4','0','','','','0','','','','0','0','0','0','否','','','','',''),('7226','0','212','侯文峰','男','1976-10','四川达州','汉族','党员','1998-09','1998-09','0','','2016-12','0','机关单位','县处级副职','拉萨市交通运输局','领导职务','','','','','','中专','1998-07','4','0','','','','0','','','','0','0','0','0','否','','','','',''),('7227','76','212','达娃卓玛','女','1978-01','西藏那曲','藏族','党员','1998-08','1998-09','0','','2018-07','0','机关单位','乡科级正职','拉萨市交通运输局','领导职务','','','','','','中专','1998-08','3','0','','','','0','','','','0','0','0','0','否','','','','',''),('7228','78','212','曲珍','女','1983-12','西藏察雅','汉族','党员','2006-07','2006-07','0','','2018-04','0','机关单位','乡科级正职','拉萨市交通运输局','非领导职务','','','','','','本科','2006-07','4','0','','','','0','','','','0','0','0','0','否','','','','',''),('7229','77','212','次仁拉姆','女','1987-07','西藏山南','藏族','党员','2013-08','2013-08','0','','2018-02','0','机关单位','乡科级副职','拉萨市交通运输局','非领导职务','','','','','','本科','2013-06','4','0','','','','0','','','','0','0','0','0','否','','','','',''),('7230','80','212','杜梦萍','女','1990-10','湖南','汉族','','2017-12','2017-12','0','','2017-12','0','机关单位','乡科级副职','拉萨市交通运输局','非领导职务','','','','','','硕士','2016-06','3','0','','','','0','','','','0','0','0','0','否','','','','',''),('7231','0','212','唐谱钦','男','1994-10','重庆','汉族','','2017-12','2017-12','0','','2017-12','0','机关单位','科员','拉萨市交通运输局','非领导职务','','','','','','本科','2017-07','4','0','','','','0','','','','0','0','0','0','否','','','','',''),('7232','0','212','廖寒冰','女','1993-09','四川德阳','汉族','','2017-02','2017-02','0','','2017-12','0','机关单位','科员','拉萨市交通运输局','非领导职务','','','','','','本科','2016-07','4','0','','','','0','','','','0','0','0','0','否','','','','',''),('7233','71','212','季娇','女','1993-09','甘肃武威','汉族','','2016-07','2016-07','0','','2016-07','0','机关单位','科员','拉萨市交通运输局','非领导职务','','','','','','本科','2016-06','4','0','','','','0','','','','0','0','0','0','否','','','','',''),('7236','','212','曹恩宏','男','1973-06','','汉族','党员','1996-08','1996-08','0','','2019-09','0','机关单位','乡科级正职','拉萨市交通运输局','领导职务','','','','','','本科','1996-07','4','0','','','','0','','','','0','2006','2006','0','否','','','','',''),('7237','0','212','侯锐','女','1984-01','山西运城','汉族','党员','2005-09','2005-09','0','','2019-09','0','机关单位','科员','拉萨市交通综合执法支队','非领导职务','','','','','','大专','2005-07','3','0','','','','0','','','','0','0','0','0','否','','','','',''),('7238','201','212','米玛','女','1978-08','西藏拉萨','藏族','','1998-07','1998-07','0','','2011-02','0','机关单位','科员','拉萨市交通综合执法支队','非领导职务','','','','','','中专','1998-05','4','0','','','','0','','','','0','0','0','0','否','','','','',''),('7239','0','212','洛桑江村','男','1971-08','西藏拉萨','藏族','','1994-07','1994-07','0','','2019-09','0','机关单位','科员','拉萨市交通综合执法支队','非领导职务','','','','','','中专','1994-07','4','0','','','','0','','','','0','0','0','0','否','','','','',''),('7240','','212','次仁德吉','女','1974-10','西藏拉萨','藏族','','1994-07','1994-07','0','','2011-03','0','机关单位','科员','拉萨市交通综合执法支队','非领导职务','','','','','','中专','1994-07','4','0','','','','0','','','','0','2006','2006','0','否','','','','',''),('7241','','212','旺学松','男','1972-11','西藏日喀则','藏族','','1993-07','1993-07','0','','2011-03','0','机关单位','科员','拉萨市交通综合执法支队','非领导职务','','','','','','中专','1993-07','4','0','','','','0','','','','0','2006','2006','0','否','','','','',''),('7242','','212','园丹','男','1976-11','西藏阿里','藏族','党员','1996-07','1996-07','0','','2013-12','0','机关单位','乡科级副职','拉萨市交通综合执法支队','领导职务','','','','','','中专','1996-07','4','0','','','','0','','','','0','2006','2006','0','否','','','','',''),('7243','','212','索南德吉','女','1970-09','西藏那曲','藏族','','1993-07','1993-07','0','','2019-09','0','机关单位','科员','拉萨市交通综合执法支队','非领导职务','','','','','','中专','1993-07','4','0','','','','0','','','','0','2006','2006','0','否','','','','',''),('7244','0','212','沈天军','男','1981-10','甘肃武威','汉族','党员','2003-06','2003-06','0','','2019-09','0','机关单位','乡科级副职','拉萨市交通综合执法支队','领导职务','','','','','','大专','2001-07','0','0','','','','0','','','','0','0','0','0','否','','','','',''),('7245','','212','扎建','男','1989-03','西藏江孜','藏族','团员','2013-08','2013-08','0','','2013-08','0','机关单位','科员','拉萨市交通综合执法支队','非领导职务','','','','','','本科','2012-07','4','0','','','','0','','','','0','2013','2013','0','否','','','','',''),('7246','','212','诺央','女','1991-01','河南郑州','汉族','团员','2013-08','2013-08','0','','2013-08','0','机关单位','科员','拉萨市交通综合执法支队','非领导职务','','','','','','本科','2013-07','4','0','','','','0','','','','0','2013','2013','0','否','','','','',''),('7247','','212','俄珠卓玛','女','1995-10','西藏左贡','藏族','团员','2018-07','2018-07','0','','2018-07','0','机关单位','科员','拉萨市交通综合执法支队','非领导职务','','','','','','本科','2018-07','4','0','','','','0','','','','0','2018','2018','0','否','','','','',''),('7248','','212','多吉占堆','男','1995-07','西藏江孜','藏族','团员','2018-07','2018-07','0','','2018-07','0','机关单位','科员','拉萨市交通综合执法支队','非领导职务','','','','','','本科','2017-07','4','0','','','','0','','','','0','2018','2018','0','否','','','','',''),('7249','','212','次仁拉姆','女','1994-02','西藏波密','藏族','团员','2008-07','2018-07','0','','2018-07','0','机关单位','科员','拉萨市交通综合执法支队','非领导职务','','','','','','本科','2017-06','4','0','','','','0','','','','0','2008','2008','0','否','','','','',''),('7250','','212','胡素英','女','1971-01','西藏山南','藏族','','1991-12','1991-12','0','','2012-01','0','机关单位','高级工','拉萨市交通综合执法支队','','','','','','','中专','1998-06','0','0','','','','0','','','','0','2006','2006','0','否','','','','',''),('7251','','212','次旺曲吉','女','1984-08','西藏日喀则','藏族','党员','2002-12','2002-12','0','','2011-04','0','机关单位','中级工','拉萨市交通综合执法支队','','','','','','','大专','2011-09','0','0','','','','0','','','','0','2006','2006','0','否','','','','',''),('7252','','212','尼玛','男','1966-05','山南贡嘎','藏族','党员','1984-11','1984-11','0','','2011-03','0','机关单位','高级工','拉萨市交通综合执法支队','','','','','','','大专','2007-07','0','0','','','','0','','','','0','2006','2006','0','否','','','','',''),('7253','','212','（洛）罗桑','男','1968-12','西藏拉萨','藏族','','1989-12','1989-12','0','','2011-03','0','机关单位','高级工','拉萨市交通综合执法支队','','','','','','','中专','1997-01','0','0','','','','0','','','','0','2006','2006','0','否','','','','',''),('7254','','212','布江措','男','1967-08','青海玉树','藏族','党员','1983-03','1983-03','0','','2013-12','0','机关单位','技师','拉萨市交通综合执法支队','','','','','','','中专','2001-12','0','0','','','','0','','','','0','2006','2006','0','否','','','','',''),('7255','0','212','巴桑次仁','男','1972-07','西藏当雄','藏族','党员','1990-03','1990-03','0','','2011-04','0','机关单位','高级工','拉萨市交通综合执法支队','','','','','','','大专','2011-07','0','0','','','','0','','','','0','0','0','0','否','','','','',''),('7256','','212','加洋尼玛','男','1971-01','西藏拉萨','藏族','','1990-12','1990-12','0','','2011-03','0','机关单位','高级工','拉萨市交通综合执法支队','','','','','','','中专','1997-01','0','0','','','','0','','','','0','2006','2006','0','否','','','','',''),('7257','','212','王顺山','男','1972-04','甘肃武威','汉族','党员','1988-12','1988-12','0','','2011-03','0','机关单位','高级工','拉萨市交通综合执法支队','','','','','','','中专','1997-01','0','0','','','','0','','','','0','2006','2006','0','否','','','','',''),('7258','0','212','巴桑','女','1971-12','西藏日喀则','藏族','党员','1990-03','1990-03','0','','2011-03','0','机关单位','高级工','拉萨市交通综合执法支队','','','','','','','大专','2007-01','0','0','','','','0','','','','0','0','0','0','否','','','','',''),('7259','0','212','卓文全','男','1970-09','重庆','汉族','','1988-12','1988-12','0','','2011-04','0','机关单位','高级工','拉萨市交通综合执法支队','','','','','','','中专','1997-01','0','0','','','','0','','','','0','0','0','0','否','','','','',''),('7260','','212','益西晋美','男','1969-04','西藏拉萨','藏族','','1987-11','1987-11','0','','2013-07','0','机关单位','高级工','拉萨市交通综合执法支队','','','','','','','大专','2005-06','0','0','','','','0','','','','0','2006','2006','0','否','','','','',''),('7261','','212','（洛）罗桑次仁','男','1974-05','青海玉树','汉族','','1991-12','1991-12','0','','2011-04','0','机关单位','高级工','拉萨市交通综合执法支队','','','','','','','大专','2005-07','0','0','','','','0','','','','0','2006','2006','0','否','','','','',''),('7262','','212','巴桑次旦','男','1971-09','四川巴塘','藏族','','1991-12','1991-12','0','','2018-01','0','机关单位','高级工','拉萨市交通综合执法支队','','','','','','','中专','1996-12','0','0','','','','0','','','','0','2006','2006','0','否','','','','',''),('7263','','212','丹增拉姆','女','1977-08','西藏安多','藏族','','1998-07','1998-07','0','','2012-01','0','机关单位','中级工','拉萨市交通综合执法支队','','','','','','','中专','2005-10','0','0','','','','0','','','','0','2006','2006','0','否','','','','',''),('7264','','212','永革','男','1967-03','西藏亚东','藏族','党员','1984-04','1984-04','0','','2013-12','0','机关单位','技师','拉萨市交通综合执法支队','','','','','','','大专','2008-07','0','0','','','','0','','','','0','2006','2006','0','否','','','','',''),('7265','','212','翁扎','男','1969-07','西藏昌都','藏族','党员','1988-12','1988-12','0','','2011-04','0','机关单位','高级工','拉萨市交通综合执法支队','','','','','','','中专','1997-01','0','0','','','','0','','','','0','2006','2006','0','否','','','','',''),('7266','0','212','欧珠','男','1979-03','西藏拉萨','藏族','','1998-12','1998-12','0','','2012-01','0','机关单位','中级工','拉萨市交通综合执法支队','','','','','','','大专','2009-01','0','0','','','','0','','','','0','0','0','0','否','','','','',''),('7267','','212','尼玛次仁','男','1966-01','西藏拉萨','藏族','','1982-12','1982-12','0','','2013-12','0','机关单位','技师','拉萨市交通综合执法支队','','','','','','','大专','2009-01','0','0','','','','0','','','','0','2006','2006','0','否','','','','',''),('7268','','212','日桑','男','1967-08','西藏日喀则','藏族','','1988-12','1988-12','0','','2012-01','0','机关单位','高级工','拉萨市交通综合执法支队','','','','','','','大专','2008-01','0','0','','','','0','','','','0','2006','2006','0','否','','','','',''),('7269','','212','拉巴桑珠','男','1982-12','西藏曲水','藏族','党员','2001-08','2001-08','0','','2018-01','0','机关单位','中级工','拉萨市交通综合执法支队','','','','','','','中专','2004-11','0','0','','','','0','','','','0','2006','2006','0','否','','','','',''),('7270','','212','杨辉荣','男','1971-03','重庆江津','汉族','党员','1989-12','1989-12','0','','2012-01','0','机关单位','高级工','拉萨市交通综合执法支队','','','','','','','大专','2006-07','0','0','','','','0','','','','0','2006','2006','0','否','','','','',''),('7271','0','212','（大）巴桑次仁','男','1965-09','西藏扎裹','藏族','党员','1989-03','1989-03','0','','2012-01','0','机关单位','中级工','拉萨市交通综合执法支队','','','','','','','大专','2010-01','0','0','','','','0','','','','0','0','0','0','否','','','','',''),('7272','','212','张立冬','男','1968-01','河南','汉族','党员','1991-12','1991-12','0','','2013-07','0','机关单位','高级工','拉萨市交通综合执法支队','','','','','','','大专','2006-07','0','0','','','','0','','','','0','2006','2006','0','否','','','','',''),('7273','','212','金龙','男','1968-01','重庆大足','汉族','','1989-12','1989-12','0','','2011-08','0','机关单位','高级工','拉萨市交通综合执法支队','','','','','','','大专','2009-01','0','0','','','','0','','','','0','2006','2006','0','否','','','','',''),('7274','','212','杨发东','男','1966-07','青海大通','汉族','党员','1982-01','1982-01','0','','2013-12','0','机关单位','技师','拉萨市交通综合执法支队','','','','','','','大专','2010-01','0','0','','','','0','','','','0','2006','2006','0','否','','','','',''),('7275','','212','拉巴平措','男','1973-01','西藏江孜','藏族','党员','1990-01','1990-01','0','','2012-01','0','机关单位','高级工','拉萨市交通综合执法支队','','','','','','','大专','2010-01','0','0','','','','0','','','','0','2006','2006','0','否','','','','',''),('7276','','212','布珠','男','1971-05','西藏察雅','藏族','党员','1991-12','1991-12','0','','2013-12','0','机关单位','技师','拉萨市交通综合执法支队','','','','','','','大专','2010-09','0','0','','','','0','','','','0','2006','2006','0','否','','','','',''),('7277','0','212','扎西','男','1971-07','西藏昌都','藏族','党员','1988-12','1988-12','0','','2014-09','0','机关单位','技师','拉萨市交通综合执法支队','','','','','','','大专','2009-01','0','0','','','','0','','','','0','0','0','0','否','','','','',''),('7278','','212','达瓦次仁','男','1968-06','西藏昌都','藏族','党员','1984-11','1984-11','0','','2012-01','0','机关单位','高级工','拉萨市交通综合执法支队','','','','','','','大专','2010-01','0','0','','','','0','','','','0','2006','2006','0','否','','','','',''),('7279','','212','强巴登增','男','1973-01','西藏墨竹','藏族','党员','1991-12','1991-12','0','','2012-01','0','机关单位','高级工','拉萨市交通综合执法支队','','','','','','','中专','2001-01','0','0','','','','0','','','','0','2006','2006','0','否','','','','',''),('7280','','212','嘎松次仁','男','1968-05','西藏昌都','藏族','党员','1988-12','1988-12','0','','2012-01','0','机关单位','高级工','拉萨市交通综合执法支队','','','','','','','大专','2011-01','0','0','','','','0','','','','0','2006','2006','0','否','','','','',''),('7281','','212','（小）达瓦次仁','男','1973-01','西藏那曲','藏族','','1990-12','1990-12','0','','2011-05','0','机关单位','高级工','拉萨市交通综合执法支队','','','','','','','中专','2005-09','0','0','','','','0','','','','0','2006','2006','0','否','','','','',''),('7282','0','212','范校文','女','1973-06','甘肃武威','汉族','','1991-12','1991-12','0','','2012-10','0','机关单位','高级工','西藏自治区公路管理分局','','','','','','','大专','2007-01','0','0','','','','0','','','','0','0','0','0','否','','','','',''),('7283','','212','格桑次仁','男','1975-12','西藏那曲','藏族','','1995-12','1995-12','0','','2012-01','0','机关单位','高级工','拉萨市交通综合执法支队','','','','','','','大专','2002-07','0','0','','','','0','','','','0','2006','2006','0','否','','','','',''),('7284','0','212','高平','男','1971-01','西藏那曲','藏族','','1988-12','1988-12','0','','2012-01','0','机关单位','高级工','拉萨市交通综合执法支队','','','','','','','大专','2009-01','0','0','','','','0','','','','0','0','0','0','否','','','','',''),('7285','','212','永红','女','1968-01','西藏安全','藏族','','1988-12','1988-12','0','','2012-01','0','机关单位','高级工','拉萨市交通综合执法支队','','','','','','','中专','1999-07','0','0','','','','0','','','','0','2006','2006','0','否','','','','',''),('7286','0','212','董茹','女','1971-06','甘肃武威','汉族','党员','1991-12','1991-12','0','','2012-01','0','机关单位','高级工','拉萨市交通综合执法支队','','','','','','','大专','2004-06','0','0','','','','0','','','','0','0','0','0','否','','','','','');|INSERT INTO `tx_jobinfo` (`id`, `personid`, `sort`, `oldposttime`, `oldpostkind`, `oldpostname`, `oldarea`, `oldunitkind`, `oldunitname`, `oldisleader`, `height`)  VALUES ('30264','5201','','2001-07','公务员','办事员','二类区','机关单位','拉萨市道路运输管理局','非领导职务','0'),('30255','5198','','2001-09','公务员','科员','二类区','机关单位','拉萨市道路运输管理局','非领导职务','0'),('30269','5199','','2009-12','公务员','科员','二类区','机关单位','拉萨市道路运输管理局','非领导职务','0'),('30265','5201','','2006-06','公务员','科员','二类区','机关单位','拉萨市道路运输管理局','非领导职务','0'),('30252','5193','','2005-04','公务员','乡科级副职','二类区','机关单位','拉萨市道路运输管理局','非领导职务','0'),('33284','5202','','2017-11','机关工人','技师','二类区','机关单位','拉萨市道路运输管理局','','0'),('30259','5196','','2017-07','公务员','乡科级副职','二类区','机关单位','拉萨市道路运输管理局','领导职务','0'),('42193','7163','','1988-07','事业单位管理人员','管理九级-科员','二类区','机关单位','拉萨市职工学校','','0'),('42308','7210','','2013-10','机关工人','中级工','二类区','机关单位','拉萨市交通运输局','','0'),('42307','7210','','1999-12','机关工人','初级工','二类区','机关单位','拉萨市交通运输局','','0'),('42306','7209','','2013-01','公务员','乡科级正职','二类区','机关单位','拉萨市交通运输局','领导职务','0'),('42305','7209','','2008-12','公务员','乡科级副职','二类区','机关单位','拉萨市交通运输局','领导职务','0'),('30270','5199','','2017-07','公务员','乡科级副职','二类区','机关单位','拉萨市道路运输管理局','非领导职务','0'),('30266','5201','','2017-07','公务员','乡科级副职','二类区','机关单位','拉萨市道路运输管理局','领导职务','0'),('30263','5200','','2017-07','公务员','乡科级副职','二类区','机关单位','拉萨市道路运输管理局','领导职务','0'),('30261','5195','','2017-07','公务员','乡科级副职','二类区','机关单位','拉萨市道路运输管理局','领导职务','0'),('30256','5198','','2017-07','公务员','乡科级副职','二类区','机关单位','拉萨市道路运输管理局','领导职务','0'),('30253','5193','','2017-07','公务员','乡科级正职','二类区','机关单位','拉萨市道路运输管理局','领导职务','0'),('35652','5192','','2017-07','公务员','乡科级正职','二类区','机关单位','拉萨市道路运佃管理局','领导职务','0'),('30250','5194','','2017-07','公务员','乡科级正职','二类区','机关单位','拉萨市道路运输管理局','领导职务','0'),('42201','6546','','2005-12','公务员','科员','二类区','机关单位','拉萨市交通运输局','非领导职务','0'),('42202','6546','','2012-04','公务员','乡科级副职','二类区','机关单位','拉萨市交通运输局','非领导职务','0'),('33283','5202','','2004-01','机关工人','高级工','二类区','机关单位','拉萨市道路运输管理局','','0'),('35939','6680','','1995-04','公务员','科员','二类区','机关单位','拉萨市交通运输局','非领导职务','0'),('35942','6680','','2018-06','公务员','县处级副职','二类区','机关单位','拉萨市道路运输管理局','领导职务','0'),('30254','5198','','1996-07','公务员','办事员','二类区','机关单位','拉萨市道路运输管理局','非领导职务','0'),('30251','5193','','2002-07','公务员','科员','四类区','机关单位','拉萨市道路运输管理局','非领导职务','0'),('24608','5210','0','2005-02','机关工人','初级工','二类区','机关单位','拉萨市道路运输管理局','','0'),('30258','5196','','2001-09','公务员','科员','二类区','机关单位','拉萨市道路运输管理局','非领导职务','0'),('30257','5196','','1996-07','公务员','办事员','二类区','机关单位','拉萨市道路运输管理局','非领导职务','0'),('30260','5195','','2002-07','公务员','科员','二类区','机关单位','拉萨市道路运输管理局','非领导职务','0'),('30249','5194','','2001-01','公务员','乡科级副职','二类区','机关单位','拉萨市道路运输管理局','非领导职务','0'),('30262','5200','','1997-07','公务员','科员','二类区','机关单位','拉萨市道路运输管理局','非领导职务','0'),('42586','7233','','2016-07','公务员','科员','二类区','机关单位','拉萨市交通运输局','非领导职务','0'),('42766','6621','','2017-12','公务员','科员','二类区','机关单位','拉萨市道路运输管理局','非领导职务','0'),('42765','6620','','2017-12','公务员','科员','二类区','机关单位','拉萨市道路运输管理局','非领导职务','0'),('42764','6619','','2017-12','公务员','科员','二类区','机关单位','拉萨市道路运输管理局','非领导职务','0'),('42194','7163','','2000-01','事业单位管理人员','管理七级-正科','二类区','机关单位','拉萨市职工学校','','0'),('24583','5204','0','2004-01','机关工人','高级工','二类区','机关单位','拉萨市道路运输管理局','','0'),('35651','5192','','2004-07','公务员','乡科级副职','二类区','机关单位','拉萨市道路运输管理局','非领导职务','0'),('39831','5209','','2013-11','机关工人','中级工','二类区','机关单位','拉萨市道路运输管理局','','0'),('39830','5209','','2000-02','机关工人','初级工','二类区','机关单位','拉萨市道路运输管理局','','0'),('35650','5192','','1996-12','公务员','科员','二类区','机关单位','拉萨市道路运输管理局','非领导职务','0'),('24595','5207','0','1998-12','机关工人','中级工','二类区','机关单位','拉萨市道路运输管理局','','0'),('34350','5197','','2001-09','公务员','科员','二类区','机关单位','拉萨市道路运输管理局','非领导职务','0'),('24752','5205','0','1997-12','机关工人','中级工','二类区','机关单位','拉萨市道路运输管理局','','0'),('24604','5208','0','2000-12','机关工人','中级工','二类区','机关单位','拉萨市道路运输管理局','','0'),('24596','5207','0','2009-01','机关工人','高级工','二类区','机关单位','拉萨市道路运输管理局','','0'),('24591','5206','0','2009-01','机关工人','高级工','二类区','机关单位','拉萨市道路运输管理局','','0'),('24605','5208','0','2009-01','机关工人','高级工','二类区','机关单位','拉萨市道路运输管理局','','0'),('24590','5206','0','1997-12','机关工人','中级工','二类区','机关单位','拉萨市道路运输管理局','','0'),('30267','5199','','1996-07','公务员','办事员','四类区','机关单位','拉萨市道路运输管理局','非领导职务','0'),('24753','5205','0','2010-01','机关工人','高级工','二类区','机关单位','拉萨市道路运输管理局','','0'),('30268','5199','','2001-09','公务员','科员','四类区','机关单位','拉萨市道路运输管理局','非领导职务','0'),('34349','5197','','1996-07','公务员','办事员','二类区','机关单位','拉萨市道路运输管理局','非领导职务','0'),('30498','6206','','1995-09','公务员','科员','二类区','机关单位','拉萨市道路运输管理局','非领导职务','0'),('30497','6206','','1990-07','公务员','办事员','二类区','机关单位','拉萨市道路运输管理局','非领导职务','0'),('35941','6680','','2008-12','公务员','乡科级正职','二类区','机关单位','拉萨市交通运输局','领导职务','0'),('35940','6680','','2005-05','公务员','乡科级副职','二类区','机关单位','拉萨市交通运输局','领导职务','0'),('42613','7208','','2011-02','公务员','乡科级副职','二类区','机关单位','拉萨市交通运输局','非领导职务','0'),('42304','7209','','2005-06','公务员','科员','二类区','机关单位','拉萨市交通运输局','非领导职务','0'),('42612','7208','','2005-12','公务员','科员','二类区','机关单位','拉萨市交通运输局','非领导职务','0'),('42628','7207','','2017-10','公务员','县处级正职','二类区','机关单位','拉萨市交通运输局','领导职务','0'),('42627','7207','','2016-06','事业单位管理人员','管理五级-正县','二类区','事业单位','交通厅','','0'),('42626','7207','','2005-06','事业单位专业技术人员','专技七级-副高','二类区','事业单位','交通厅','','0'),('42624','7207','','1986-08','事业单位专业技术人员','专技十二级-助理','二类区','事业单位','交通厅公路勘察设计院','','0'),('42625','7207','','1997-05','事业单位专业技术人员','专技十级-中级','二类区','事业单位','交通厅公路勘察设计院','','0'),('42760','7223','','2013-05','事业单位管理人员','管理八级-副科','二类区','机关单位','拉萨市交通运输局','','0'),('42623','7212','','2017-11','事业单位专业技术人员','专技十二级-助理','二类区','事业单位','拉萨市交通运输局','','0'),('42606','7227','','2018-07','公务员','乡科级正职','二类区','机关单位','拉萨市交通运输局','领导职务','0'),('42585','7194','','2017-12','公务员','县处级副职','二类区','机关单位','拉萨市交通运输局','非领导职务','0'),('42197','7190','','2011-02','公务员','乡科级副职','二类区','机关单位','拉萨市交通运输局','领导职务','0'),('42196','7190','','2005-08','公务员','科员','二类区','机关单位','拉萨市交通运输局','非领导职务','0'),('42195','7190','','2000-07','公务员','办事员','二类区','机关单位','拉萨市交通运输局','非领导职务','0'),('42238','7198','','2005-08','公务员','科员','二类区','机关单位','拉萨市交通运输局','非领导职务','0'),('42171','7187','','1994-09','公务员','科员','二类区','机关单位','拉萨市交通运输局','非领导职务','0'),('42172','7187','','2011-02','公务员','乡科级副职','二类区','机关单位','拉萨市交通运输局','领导职务','0'),('42173','7187','','2016-08','公务员','乡科级正职','二类区','机关单位','拉萨市交通运输局','领导职务','0'),('42322','7188','','2019-08','公务员','科员','二类区','机关单位','拉萨市道路运输管理局','非领导职务','0'),('42203','6546','','2016-08','公务员','乡科级正职','二类区','机关单位','拉萨市道路运输管理局','领导职务','0'),('42208','7192','','2005-07','公务员','科员','二类区','机关单位','拉萨市交通运输局','非领导职务','0'),('42209','7192','','2011-02','公务员','乡科级副职','二类区','机关单位','拉萨市交通运输局','领导职务','0'),('42210','7192','','2016-08','公务员','乡科级正职','二类区','机关单位','拉萨市交通运输局','领导职务','0'),('42584','7194','','2011-02','公务员','乡科级正职','二类区','机关单位','拉萨市交通运输局','领导职务','0'),('42583','7194','','2005-05','公务员','乡科级副职','二类区','机关单位','拉萨市交通运输局','领导职务','0'),('42582','7194','','1997-07','公务员','科员','二类区','机关单位','拉萨市交通运输局','非领导职务','0'),('42220','7196','','2004-07','公务员','科员','二类区','机关单位','拉萨市交通运输局','非领导职务','0'),('42221','7196','','2011-12','公务员','乡科级副职','二类区','机关单位','拉萨市交通运输局','领导职务','0'),('42222','7196','','2018-07','公务员','乡科级副职','二类区','机关单位','拉萨市交通运输局','领导职务','0'),('42230','7197','','2004-07','公务员','科员','二类区','机关单位','拉萨市交通运输局','非领导职务','0'),('42231','7197','','2012-03','公务员','乡科级副职','二类区','机关单位','拉萨市交通运输局','非领导职务','0'),('42232','7197','','2018-07','公务员','乡科级正职','二类区','机关单位','拉萨市交通运输局','领导职务','0'),('42239','7198','','2018-07','公务员','乡科级副职','二类区','机关单位','拉萨市交通运输局','领导职务','0'),('42252','7201','','2006-09','公务员','科员','二类区','机关单位','拉萨市交通运输局','非领导职务','0'),('42253','7201','','2011-02','公务员','乡科级副职','二类区','机关单位','拉萨市交通运输局','非领导职务','0'),('42254','7201','','2018-07','公务员','乡科级正职','二类区','机关单位','拉萨市交通运输局','非领导职务','0'),('42255','7202','','2006-09','公务员','科员','二类区','机关单位','拉萨市交通运输局','非领导职务','0'),('42256','7202','','2018-07','公务员','乡科级副职','二类区','机关单位','拉萨市交通运输局','非领导职务','0'),('42645','7203','','2013-08','公务员','科员','二类区','机关单位','西藏昌都类乌齐县甲桑卡村','非领导职务','0'),('42646','7203','','2016-12','公务员','科员','二类区','机关单位','林芝地区工布江达县扶贫办','非领导职务','0'),('42647','7203','','2019-09','公务员','科员','二类区','机关单位','拉萨市道路运输管理局','非领导职务','0'),('42271','7204','','2018-12','公务员','县处级副职','普通区','机关单位','北京','领导职务','0'),('42272','7204','','2019-09','公务员','县处级副职','二类区','机关单位','拉萨市交通运输局','领导职务','0'),('42296','7205','','2019-07','公务员','县处级副职','二类区','机关单位','拉萨市交通运输局','领导职务','0'),('42658','7211','','2009-11','事业单位专业技术人员','专技十三级-员级','二类区','事业单位','拉萨市交通运输局','','0'),('42622','7212','','2009-11','事业单位专业技术人员','专技十三级-员级','二类区','事业单位','项目管理中心','','0'),('42313','7214','','1998-07','事业单位专业技术人员','专技十三级-员级','二类区','事业单位','拉萨市交通运输局','','0'),('42314','7214','','2006-01','事业单位专业技术人员','专技十二级-助理','二类区','事业单位','拉萨市交通运输局','','0'),('42315','7215','','2009-06','事业单位专业技术人员','专技十级-中级','二类区','事业单位','拉萨市交通运输局','','0'),('42316','7216','','2004-11','事业单位管理人员','管理九级-科员','二类区','事业单位','曲水段','','0'),('42317','7216','','2006-04','事业单位管理人员','管理八级-副科','二类区','事业单位','西藏自治区日喀则公路分局','','0'),('42318','7216','','2013-01','事业单位管理人员','管理七级-正科','二类区','机关单位','拉萨市交通运输局','','0'),('42661','7217','','2014-10','机关工人','高级工','二类区','机关单位','拉萨市交通运输局','','0'),('42660','7217','','2006-06','机关工人','中级工','二类区','机关单位','拉萨市交通运输局','','0'),('42659','7217','','2002-12','机关工人','初级工','二类区','机关单位','拉萨市交通运输局','','0'),('42326','7218','','2006-12','机关工人','普通工','二类区','机关单位','拉萨市交通运输局','','0'),('42327','7218','','2014-10','机关工人','初级工','二类区','机关单位','拉萨市交通运输局','','0'),('42328','7219','','2000-08','机关工人','初级工','二类区','机关单位','拉萨市交通运输局','','0'),('42329','7219','','2006-07','机关工人','中级工','二类区','机关单位','拉萨市交通运输局','','0'),('42330','7219','','2015-10','机关工人','高级工','二类区','机关单位','拉萨市交通运输局','','0'),('42331','7220','','2010-08','公务员','科员','三类区','机关单位','日喀则南木林县达那乡','非领导职务','0'),('42332','7220','','2012-11','公务员','科员','二类区','机关单位','拉萨市交通运输局','非领导职务','0'),('42333','7220','','2016-08','公务员','乡科级副职','二类区','机关单位','拉萨市交通运输局','领导职务','0'),('42334','7221','','2012-07','公务员','科员','二类区','机关单位','拉萨市交通运输局','非领导职务','0'),('42335','7221','','2018-09','公务员','乡科级副职','二类区','机关单位','拉萨市交通运输局','非领导职务','0'),('42336','7222','','2012-07','公务员','科员','二类区','机关单位','拉萨市交通运输局','非领导职务','0'),('42337','7222','','2018-07','公务员','乡科级副职','二类区','机关单位','拉萨市交通运输局','领导职务','0'),('42758','7223','','2001-10','事业单位管理人员','管理十级-办事员','二类区','事业单位','青海省高速公路管理局','','0'),('42759','7223','','2006-06','事业单位管理人员','管理八级-副科','二类区','事业单位','青海省高速公路管理局','','0'),('42341','7224','','2012-09','事业单位管理人员','管理六级-副县','二类区','事业单位','拉萨市师范学校','','0'),('42342','7224','','2013-01','公务员','县处级副职','二类区','机关单位','拉萨市交通运输局','领导职务','0'),('42611','7225','','2016-08','公务员','科员','二类区','机关单位','拉萨市交通运输局','非领导职务','0'),('42572','7226','','2002-06','公务员','办事员','二类区','机关单位','墨竹工卡县计划经济委员会','非领导职务','0'),('42571','7226','','1998-09','事业单位专业技术人员','专技十三级-员级','二类区','事业单位','墨竹工卡县教育局','','0'),('42603','7227','','2008-11','公务员','乡科级副职','二类区','机关单位','墨竹工卡县政府人民法院','非领导职务','0'),('42605','7227','','2011-12','公务员','乡科级正职','二类区','机关单位','墨竹工卡县扎西岗乡人','领导职务','0'),('42604','7227','','2011-04','公务员','乡科级副职','二类区','机关单位','墨竹工卡县人民政府','领导职务','0'),('42650','7228','','2015-06','公务员','乡科级正职','三类区','机关单位','日喀则仁布县帕当乡','非领导职务','0'),('42651','7228','','2018-04','公务员','乡科级正职','二类区','机关单位','拉萨市交通运输局','非领导职务','0'),('42649','7228','','2011-05','公务员','乡科级副职','三类区','机关单位','日喀则仁布县帕当乡','领导职务','0'),('42648','7228','','2006-07','公务员','科员','三类区','机关单位','日喀则仁布县帕当乡','非领导职务','0'),('42618','7229','','2017-07','公务员','乡科级副职','四类区','机关单位','阿里地区噶尔县左左乡','领导职务','0'),('42619','7229','','2018-02','公务员','乡科级副职','二类区','机关单位','拉萨市交通运输局','非领导职务','0'),('42767','7230','','2017-12','公务员','乡科级副职','二类区','机关单位','拉萨市交通运输局','非领导职务','0'),('42762','7231','','2017-12','公务员','科员','二类区','机关单位','拉萨市交通运输局','非领导职务','0'),('42763','7232','','2017-12','公务员','科员','二类区','机关单位','拉萨市交通运输局','非领导职务','0'),('42367','7236','','2019-09','公务员','乡科级正职','二类区','机关单位','拉萨市交通运输局','领导职务','0'),('42391','7237','','2019-09','公务员','科员','二类区','机关单位','拉萨市交通综合执法支队','非领导职务','0'),('42390','7237','','2018-03','公务员','科员','二类区','机关单位','西藏自治区交通厅公路规费征稽局拉萨征稽处','非领导职务','0'),('42389','7237','','2005-09','公务员','科员','二类区','机关单位','西藏自治区昌都地区建设局住房资金管理中心','非领导职务','0'),('42617','7229','','2013-08','公务员','科员','四类区','机关单位','阿里地区噶尔县左左乡','非领导职务','0'),('42399','7238','','2011-02','公务员','科员','二类区','机关单位','拉萨市交通综合执法支队','非领导职务','0'),('42397','7238','','1999-09','公务员','办事员','二类区','机关单位','交通厅公路规费征稽局拉萨片稽所','非领导职务','0'),('42398','7238','','2002-02','公务员','科员','二类区','机关单位','交通厅公路规费征稽局拉萨征稽所','非领导职务','0'),('42396','7238','','1998-07','公务员','办事员','二类区','机关单位','交通厅公路规费征稽局山南征稽所','非领导职务','0'),('42402','7239','','2019-09','公务员','科员','二类区','机关单位','拉萨市交通综合执法支队','非领导职务','0'),('42401','7239','','2002-09','公务员','科员','二类区','机关单位','西藏自治区公路规费征稽局拉萨征稽所','非领导职务','0'),('42400','7239','','1998-06','公务员','办事员','二类区','机关单位','西藏自治区公路规费征稽局拉萨征稽所','非领导职务','0'),('42403','7240','','1994-07','公务员','办事员','二类区','机关单位','交通厅征稽局拉萨征稽所','非领导职务','0'),('42404','7240','','2002-02','公务员','科员','二类区','机关单位','交通厅征稽局拉萨征稽所','非领导职务','0'),('42405','7240','','2011-03','公务员','科员','二类区','机关单位','拉萨市交通综合执法支队','非领导职务','0'),('42406','7241','','1993-07','公务员','办事员','二类区','机关单位','交通厅征稽局林芝征稽所','非领导职务','0'),('42407','7241','','2002-02','公务员','科员','二类区','机关单位','交通厅征稽局拉萨征稽所','非领导职务','0'),('42408','7241','','2011-03','公务员','科员','二类区','机关单位','拉萨市交通综合执法支队','非领导职务','0'),('42409','7242','','1996-07','事业单位管理人员','管理十级-办事员','二类区','事业单位','拉萨娘热乡小学','','0'),('42410','7242','','1997-01','公务员','办事员','二类区','机关单位','交通厅征稽局拉萨征稽所','非领导职务','0'),('42411','7242','','2002-02','公务员','科员','二类区','机关单位','交通厅征稽局拉萨征稽所','非领导职务','0'),('42412','7242','','2013-12','公务员','乡科级副职','二类区','机关单位','拉萨市交通综合执法支队','领导职务','0'),('42413','7243','','1993-07','事业单位管理人员','管理九级-科员','四类区','机关单位','阿里地区完小','','0'),('42414','7243','','2006-04','公务员','科员','二类区','机关单位','交通厅征稽局拉萨征稽所','非领导职务','0'),('42415','7243','','2019-09','公务员','科员','二类区','机关单位','拉萨市交通综合执法支队','非领导职务','0'),('42443','7244','','2019-09','公务员','乡科级副职','二类区','机关单位','拉萨市交通综合执法支队','领导职务','0'),('42442','7244','','2011-11','公务员','科员','二类区','机关单位','拉萨市交通综合执法支队','非领导职务','0'),('42441','7244','','2007-09','事业单位管理人员','管理九级-科员','二类区','事业单位','西藏自治区青管局拉萨西郊监控中心','非领导职务','0'),('42440','7244','','2005-03','公务员','科员','二类区','机关单位','西藏日喀则地区公安处','非领导职务','0'),('42439','7244','','2003-06','公务员','办事员','二类区','机关单位','西藏日喀则地区岗巴县公安局','非领导职务','0'),('42421','7245','','2013-08','公务员','科员','二类区','机关单位','拉萨市交通综合执法支队','非领导职务','0'),('42422','7246','','2013-08','公务员','科员','二类区','机关单位','拉萨市交通综合执法支队','非领导职务','0'),('42423','7247','','2018-07','公务员','科员','二类区','机关单位','拉萨市交通综合执法支队','非领导职务','0'),('42424','7248','','2018-07','公务员','科员','二类区','机关单位','拉萨市交通综合执法支队','非领导职务','0'),('42425','7249','','2018-07','公务员','科员','二类区','机关单位','拉萨市交通综合执法支队','非领导职务','0'),('42426','7250','','2004-12','事业单位工人','技术工四级-中级工','二类区','事业单位','西藏当雄公路段','','0'),('42427','7250','','2011-05','事业单位工人','技术工三级-高级工','二类区','事业单位','西藏当雄公路段','','0'),('42428','7250','','2012-01','机关工人','高级工','二类区','机关单位','拉萨市交通综合执法支队','','0'),('42429','7251','','2007-11','机关工人','初级工','二类区','机关单位','西藏自治区公路规费征稽局拉萨征稽所','','0'),('42430','7251','','2010-07','机关工人','中级工','二类区','机关单位','西藏自治区公路规费征稽局拉萨征稽所','','0'),('42431','7251','','2011-04','机关工人','中级工','二类区','机关单位','拉萨市交通综合执法支队','','0'),('42432','7252','','2007-03','机关工人','高级工','二类区','机关单位','西藏自治区公路规费征稽局','','0'),('42433','7252','','2011-03','机关工人','高级工','二类区','机关单位','拉萨市交通综合执法支队','','0'),('42434','7253','','1999-12','机关工人','中级工','二类区','机关单位','交通厅公路规费征稽局日喀则征稽所','','0'),('42435','7253','','2010-01','机关工人','高级工','二类区','机关单位','西藏自治区公路规费征稽局拉萨征稽所','','0'),('42436','7253','','2011-03','机关工人','高级工','二类区','机关单位','拉萨市交通综合执法支队','','0'),('42437','7254','','2007-03','机关工人','高级工','二类区','机关单位','西藏自治区公路规费征稽局拉萨征稽所','','0'),('42438','7254','','2013-12','机关工人','技师','二类区','机关单位','拉萨市交通综合执法支队','','0'),('42463','7255','','2011-04','机关工人','高级工','二类区','机关单位','拉萨市交通综合执法支队','','0'),('42462','7255','','2010-07','机关工人','高级工','二类区','机关单位','西藏自治区公路规费征稽局拉萨征稽所','','0'),('42461','7255','','2000-03','机关工人','中级工','二类区','机关单位','西藏自治区公路规费征稽局拉萨征稽所','','0'),('42447','7256','','2000-12','机关工人','中级工','二类区','机关单位','西藏自治区公路规费征稽局拉萨征稽所','','0'),('42448','7256','','2010-07','机关工人','高级工','二类区','机关单位','西藏自治区公路规费征稽局拉萨征稽所','','0'),('42449','7256','','2011-03','机关工人','高级工','二类区','机关单位','拉萨市交通综合执法支队','','0'),('42450','7257','','1998-12','机关工人','中级工','二类区','机关单位','西藏自治区公路规费征稽局拉萨征稽所','','0'),('42451','7257','','2009-01','机关工人','高级工','二类区','机关单位','西藏自治区公路规费征稽局拉萨征稽所','','0'),('42452','7257','','2011-03','机关工人','高级工','二类区','机关单位','拉萨市交通综合执法支队','','0'),('42474','7258','','2011-03','机关工人','高级工','二类区','机关单位','拉萨市交通综合执法支队','','0'),('42473','7258','','2010-07','机关工人','高级工','二类区','机关单位','西藏自治区公路规费征稽局拉萨征稽所','','0'),('42472','7258','','2000-03','机关工人','中级工','二类区','机关单位','西藏自治区公路规费征稽局拉萨征稽所','','0'),('42456','7259','','1998-12','机关工人','中级工','二类区','机关单位','西藏自治区公路规费征稽局拉萨征稽所','','0'),('42457','7259','','2009-01','机关工人','高级工','二类区','机关单位','西藏自治区公路规费征稽局拉萨征稽所','','0'),('42458','7259','','2011-04','机关工人','高级工','二类区','机关单位','拉萨市交通综合执法支队','','0'),('42459','7260','','1997-11','机关工人','中级工','二类区','机关单位','西藏自治区公路规费征稽局拉萨征稽所','','0'),('42460','7260','','2013-07','机关工人','高级工','二类区','机关单位','拉萨市交通综合执法支队','','0'),('42464','7261','','2001-12','机关工人','中级工','二类区','机关单位','西藏自治区公路规费征稽局拉萨征稽所','','0'),('42465','7261','','2010-07','机关工人','高级工','二类区','机关单位','西藏自治区公路规费征稽局拉萨征稽所','','0'),('42466','7261','','2011-04','机关工人','高级工','二类区','机关单位','拉萨市交通综合执法支队','','0'),('42467','7262','','2001-12','机关工人','中级工','二类区','机关单位','西藏自治区日喀则公路分局','','0'),('42468','7262','','2018-01','机关工人','高级工','二类区','机关单位','拉萨市交通综合执法支队','','0'),('42469','7263','','2003-12','机关工人','中级工','二类区','机关单位','工布江达公路段','','0'),('42470','7263','','2012-01','机关工人','中级工','二类区','机关单位','拉萨市交通综合执法支队','','0'),('42471','7264','','2013-12','机关工人','技师','二类区','机关单位','拉萨市交通综合执法支队','','0'),('42475','7265','','1998-12','机关工人','中级工','四类区','机关单位','西藏自治区公路规费征稽局阿里征稽所','','0'),('42476','7265','','2010-09','机关工人','高级工','四类区','机关单位','西藏自治区公路规费征稽局阿里征稽所','','0'),('42477','7265','','2011-04','机关工人','高级工','二类区','机关单位','拉萨市交通综合执法支队','','0'),('42481','7266','','2010-12','事业单位工人','技术工四级-中级工','二类区','机关单位','西藏曲水公路段','','0'),('42480','7266','','2001-09','事业单位工人','技术工五级-初级工','二类区','机关单位','西藏曲水公路段','','0'),('42482','7266','','2012-01','机关工人','中级工','二类区','机关单位','拉萨市交通综合执法支队','','0'),('42483','7267','','1988-12','事业单位工人','技术工五级-初级工','二类区','事业单位','西藏自治区日喀则公路分局','','0'),('42484','7267','','2007-03','事业单位工人','技术工三级-高级工','二类区','机关单位','西藏自治区日喀则公路分局','','0'),('42485','7267','','2012-01','机关工人','高级工','二类区','机关单位','拉萨市交通综合执法支队','','0'),('42486','7267','','2013-12','机关工人','技师','二类区','机关单位','拉萨市交通综合执法支队','','0'),('42487','7268','','1988-12','事业单位工人','技术工五级-初级工','二类区','事业单位','西藏自治区日喀则公路分局','','0'),('42488','7268','','2005-07','事业单位工人','技术工四级-中级工','二类区','事业单位','西藏自治区日喀则公路分局','','0'),('42489','7268','','2010-09','事业单位工人','技术工三级-高级工','二类区','事业单位','西藏自治区日喀则公路分局','','0'),('42490','7268','','2012-01','机关工人','高级工','二类区','机关单位','拉萨市交通综合执法支队','','0'),('42493','7269','','2006-12','事业单位工人','技术工五级-初级工','二类区','事业单位','拉萨工程队','','0'),('42494','7269','','2012-12','机关工人','初级工','二类区','机关单位','拉萨市交通综合执法支队','','0'),('42495','7269','','2018-01','机关工人','中级工','二类区','机关单位','拉萨市交通综合执法支队','','0'),('42496','7270','','1989-12','事业单位工人','技术工五级-初级工','二类区','事业单位','日喀则公路分局曲水公路段','','0'),('42497','7270','','2005-07','事业单位工人','技术工四级-中级工','二类区','事业单位','日喀则公路分局曲水公路段','','0'),('42498','7270','','2010-09','事业单位工人','技术工三级-高级工','二类区','事业单位','日喀则公路分局曲水公路段','','0'),('42499','7270','','2012-01','机关工人','高级工','二类区','机关单位','拉萨市交通综合执法支队','','0'),('42506','7271','','2012-01','机关工人','中级工','二类区','机关单位','拉萨市交通综合执法支队','','0'),('42505','7271','','1989-03','事业单位工人','技术工五级-初级工','二类区','事业单位','曲水公路段','','0'),('42502','7272','','2001-12','事业单位工人','技术工四级-中级工','二类区','事业单位','曲水公路段','','0'),('42503','7272','','2012-01','机关工人','中级工','二类区','机关单位','拉萨市交通综合执法支队','','0'),('42504','7272','','2013-07','机关工人','高级工','二类区','机关单位','拉萨市交通综合执法支队','','0'),('42507','7271','','2003-07','机关工人','高级工','二类区','机关单位','拉萨市交通综合执法支队','','0'),('42508','7273','','1989-12','事业单位工人','技术工五级-初级工','二类区','事业单位','西藏自治区日喀则公路分局','','0'),('42509','7273','','2005-07','事业单位工人','技术工四级-中级工','二类区','事业单位','西藏自治区日喀则公路分局','','0'),('42510','7273','','2010-09','事业单位工人','技术工三级-高级工','二类区','事业单位','西藏自治区日喀则公路分局','','0'),('42511','7273','','2011-08','机关工人','高级工','二类区','机关单位','拉萨市交通综合执法支队','','0'),('42512','7274','','1999-12','事业单位工人','技术工五级-初级工','二类区','事业单位','西藏公路局林芝总段','','0'),('42513','7274','','2008-07','事业单位工人','技术工三级-高级工','二类区','事业单位','西藏公路局林芝总段','','0'),('42514','7274','','2012-01','机关工人','高级工','二类区','机关单位','拉萨市交通综合执法支队','','0'),('42515','7274','','2013-12','机关工人','技师','二类区','机关单位','拉萨市交通综合执法支队','','0'),('42516','7275','','2003-12','事业单位工人','技术工四级-中级工','二类区','事业单位','西藏墨竹工卡公路段','','0'),('42517','7275','','2008-07','事业单位工人','技术工三级-高级工','二类区','事业单位','西藏墨竹工卡公路段','','0'),('42518','7275','','2012-01','机关工人','高级工','二类区','机关单位','拉萨市交通综合执法支队','','0'),('42519','7276','','2008-07','事业单位工人','技术工三级-高级工','二类区','事业单位','墨竹工卡路段','','0'),('42520','7276','','2012-01','机关工人','高级工','二类区','机关单位','拉萨市交通综合执法支队','','0'),('42521','7276','','2013-12','机关工人','技师','二类区','机关单位','拉萨市交通综合执法支队','','0'),('42530','7277','','2012-01','机关工人','高级工','二类区','机关单位','拉萨市交通综合执法支队','','0'),('42529','7277','','2008-07','事业单位工人','技术工三级-高级工','二类区','事业单位','西藏自治区林芝公路分局','','0'),('42528','7277','','2003-12','事业单位工人','技术工四级-中级工','二类区','事业单位','西藏自治区林芝公路分局','','0'),('42527','7277','','1988-12','事业单位工人','技术工五级-初级工','二类区','事业单位','西藏自治区昌都公路分局','','0'),('42531','7277','','2014-09','机关工人','技师','二类区','机关单位','拉萨市交通综合执法支队','','0'),('42532','7278','','2003-02','事业单位工人','技术工四级-中级工','二类区','事业单位','西藏墨竹工卡公路段','','0'),('42533','7278','','2008-07','事业单位工人','技术工三级-高级工','二类区','事业单位','西藏墨竹工卡公路段','','0'),('42534','7278','','2012-01','机关工人','高级工','二类区','机关单位','拉萨市交通综合执法支队','','0'),('42535','7279','','1991-12','事业单位工人','技术工五级-初级工','二类区','事业单位','西藏墨竹工卡公路段','','0'),('42536','7279','','2004-06','事业单位工人','技术工四级-中级工','二类区','事业单位','西藏墨竹工卡公路段','','0'),('42537','7279','','2012-01','机关工人','高级工','二类区','机关单位','拉萨市交通综合执法支队','','0'),('42538','7280','','1988-12','事业单位工人','技术工五级-初级工','二类区','事业单位','西藏公路林芝总段','','0'),('42539','7280','','2003-12','事业单位工人','技术工四级-中级工','二类区','事业单位','西藏公路林芝总段墨竹工卡段','','0'),('42540','7280','','2008-07','事业单位工人','技术工三级-高级工','二类区','事业单位','西藏公路林芝总段墨竹工卡段','','0'),('42541','7280','','2012-01','机关工人','高级工','二类区','机关单位','拉萨市交通综合执法支队','','0'),('42542','7281','','1990-12','事业单位工人','技术工五级-初级工','二类区','事业单位','安多公路段','','0'),('42543','7281','','2004-12','事业单位工人','技术工四级-中级工','二类区','事业单位','安多公路段','','0'),('42544','7281','','2011-05','机关工人','高级工','二类区','机关单位','拉萨市交通综合执法支队','','0'),('42570','7282','','2012-10','机关工人','高级工','二类区','机关单位','西藏自治区公路管理分局','','0'),('42569','7282','','2010-12','事业单位工人','技术工三级-高级工','二类区','事业单位','拉萨市交通综合执法支队','','0'),('42568','7282','','2005-01','事业单位工人','技术工四级-中级工','二类区','事业单位','西藏自治区公路管理分局','','0'),('42548','7283','','2004-12','事业单位工人','技术工四级-中级工','二类区','事业单位','西藏那曲公路段','','0'),('42549','7283','','2008-12','事业单位工人','技术工三级-高级工','二类区','事业单位','西藏那曲公路段','','0'),('42550','7283','','2012-01','机关工人','高级工','二类区','机关单位','拉萨市交通综合执法支队','','0'),('42556','7284','','2012-01','机关工人','高级工','二类区','机关单位','拉萨市交通综合执法支队','','0'),('42555','7284','','2009-05','事业单位工人','技术工三级-高级工','二类区','事业单位','西藏当雄公路段','','0'),('42554','7284','','2006-12','事业单位工人','技术工四级-中级工','二类区','事业单位','西藏当雄公路段','','0'),('42557','7285','','1998-12','事业单位工人','技术工四级-中级工','二类区','事业单位','西藏安全公路段','','0'),('42558','7285','','2010-12','事业单位工人','技术工三级-高级工','二类区','事业单位','西藏安全公路段','','0'),('42559','7285','','2012-01','机关工人','高级工','二类区','机关单位','拉萨市交通综合执法支队','','0'),('42566','7286','','2010-12','事业单位工人','技术工三级-高级工','二类区','事业单位','拉萨西郊监控站','','0'),('42565','7286','','2004-12','事业单位工人','技术工四级-中级工','二类区','事业单位','青藏公路局纳赤台段','','0'),('42564','7286','','1991-12','事业单位工人','技术工五级-初级工','二类区','事业单位','青藏公路五道梁段','','0'),('42567','7286','','2012-01','机关工人','高级工','二类区','机关单位','拉萨市交通综合执法支队','','0'),('42573','7226','','2004-05','公务员','乡科级副职','二类区','机关单位','墨竹共开展新','领导职务','0'),('42574','7226','','2008-08','公务员','乡科级正职','二类区','机关单位','墨竹农开办','领导职务','0'),('42575','7226','','2012-04','公务员','县处级副职','二类区','机关单位','墨竹工卡','领导职务','0'),('42576','7226','','2016-12','公务员','县处级副职','二类区','机关单位','拉萨市交通运输局','领导职务','0');|INSERT INTO `tx_studyinfo` (`id`, `personid`, `level`, `gettime`, `school`)  VALUES ('5537','5209','本科','2009-07','西藏大学'),('3943','5201','大专','2005-06','长安大学西藏函授站'),('2644','5210','中专','2006-06','福州交通学校'),('3940','5196','大专','2005-06','长安大学西藏函授站'),('5161','5192','中专','2005-06','长安大学西藏函授站'),('2640','5207','大专','2006-01','北方交通大学'),('5075','5197','大专','2005-07','长安大学西藏函授站'),('2641','5208','大专','1998-07','中央党函授学院西藏分院'),('5536','5209','大专','2004-07','西南民族大学'),('3938','5193','大专','2002-07','西藏大学'),('2639','5206','大专','2000-07','中央党函授学院西藏分院'),('3937','5194','大专','2003-07','中国政法大学'),('3942','5200','本科','2004-07','西南政法大学'),('4825','5202','大专','2005-06','长安大学西藏函授站'),('3939','5198','大专','2005-06','长安大学西藏函授站'),('2663','5205','大专','2000-07','中央党函授学院西藏分院'),('3944','5199','中专','1996-07','济南交通学校'),('3941','5195','本科','2002-07','西藏大学'),('2637','5204','中专','2002-01','交通职工学校'),('5696','7286','大专','2004-06','武汉交通管理干部学院'),('5695','7285','大专','2009-01','北京交通大学远程与继续教育学院'),('5694','7285','中专','1999-07','交通部电视中等专业学校'),('5693','7284','大专','2009-01','广东商学院'),('5691','7283','大专','2002-07','北京交通干部管理学院'),('5697','7282','大专','2007-01','长安大学'),('5689','7281','中专','2005-09','西藏自治区综合中等专业学校与会计专业'),('5688','7280','大专','2011-01','北京交通大学远程与继续教育学院'),('5687','7279','大专','2009-01','北京交通大学远程与继续教育学院'),('5686','7278','大专','2010-01','北京交通大学远程与继续教育学院'),('5685','7277','大专','2009-01','北京交通大学远程与继续教育学院'),('5684','7276','大专','2010-01','北京交通大学远程与继续教育学院'),('5683','7275','大专','2010-01','北京交通大学远程与继续教育学院'),('5682','7274','大专','2010-01','北京交通大学远程与继续教育学院'),('5681','7273','大专','2009-01','北京交通大学远程与继续教育学院'),('5679','7272','大专','2006-07','北京交通大学远程与继续教育学院'),('5680','7271','大专','2010-01','西藏大学'),('5677','7270','大专','2006-07','北京交通大学远程与继续教育学院'),('5676','7268','大专','2008-01','长安大学'),('5675','7266','中专','2009-01','北京交通大学远程与继续教育学院'),('5674','7265','大专','2008-01','北京电子科技学院'),('5673','7265','中专','1997-01','交通部电视中等专业学校'),('5671','7264','大专','2008-07','北京交通大学远程与继续教育学院'),('5670','7263','大专','2019-09','重庆科技学院'),('5669','7262','中专','1996-12','交通部电视中等专业学校'),('5668','7261','大专','2005-07','长安大学'),('5666','7260','中专','2005-06','长安大学'),('5665','7259','中专','1997-01','交通部电视中等专业学校'),('5663','7257','大专','2005-06','长安大学'),('5672','7258','大专','2007-01','四川经济管理学院'),('5662','7257','中专','1979-01','交通部电视中等专业学校'),('5661','7256','大专','2008-07','北京交通大学远程与继续教育学院'),('5660','7256','中专','1997-01','交通部电视中等专业学校'),('5667','7255','大专','2011-07','中央广播电视大学'),('5657','7254','大专','2005-06','长安大学'),('5656','7254','中专','2001-12','交通部电视中等专业学校'),('5655','7253','中专','1997-01','交通部电视中等专业学校'),('5654','7252','中专','2007-07','北京交通大学远程与继续教育学院'),('5653','7251','大专','2011-09','中国人民大学继续教育学院'),('5652','7250','大专','2008-01','长安大学'),('5651','7250','中专','1998-06','四川慧明中等专业学校'),('5650','7249','本科','2017-06','浙江财经大学'),('5649','7248','本科','2017-07','西藏大学'),('5648','7247','本科','2008-07','吉林大学'),('5658','7244','大专','2009-01','西藏大学'),('5646','7243','大专','2007-12','西藏大学函授学院'),('5645','7242','大专','2006-06','中央党校函授学院'),('5644','7241','大专','2002-06','中央党校函授学院'),('5643','7240','大专','2007-01','四川经济管理学院'),('5642','7239','大专','2005-06','中央党校函授学院'),('5641','7239','中专','1994-07','内蒙交校'),('5640','7238','大专','2005-06','长安大学'),('5639','7238','中专','1998-05','内蒙交校'),('5701','7233','本科','2016-06','中国农业大学'),('5724','7232','本科','2016-07','重庆工商大学'),('5723','7231','本科','2017-07','昆明理工大学津桥学院'),('5726','7230','硕士','2016-06','三峡大学'),('5725','7230','本科','2013-06','中国地质大学'),('5705','7229','本科','2013-06','西藏大学农牧学院'),('5698','7226','本科','2007-06','中央党校函授学院'),('5623','7219','大专','2010-07','长安大学'),('5711','7217','中专','2002-01','北京交通大学远程与继续教育学院'),('5619','7214','本科','2009-01','西藏民族学院汉语文专业'),('5618','7214','大专','2003-07','西藏大学计算机教育'),('5710','7203','本科','2008-07','西藏中学'),('5609','7197','硕士','2010-07','天津大学'),('5608','7196','硕士','2009-06','天津大学'),('5700','7194','研究生','2012-07','四川大学工商管理专业'),('5699','7194','本科','2003-09','重庆交通学院成人继续教育学院'),('5621','7188','本科','2018-07','厦门大学'),('4010','6206','大专','1990-07','长安大学西藏函授站'),('5602','6546','大专','2005-06',''),('5706','7207','大专','2004-08','重庆交通学院成人继续教育学院'),('5617','7210','中专','2005-09','长安大学'),('5168','6680','中专','1992-07','西藏农牧学院'),('5169','6680','本科','2002-07','');|INSERT INTO `tx_checkinfo` (`id`, `personid`, `gettime`, `check`)  VALUES ('4084','5192','2015','不通过'),('2991','5205','2011','不通过'),('2992','5205','2012','不通过'),('2993','5205','2013','不通过'),('2994','5205','2014','不通过'),('2995','5205','2015','不通过'),('2996','5205','2016','不通过'),('4363','6621','2018','不通过'),('4362','6620','2018','不通过'),('4344','7251','2007','不通过'),('4343','7246','2013','不通过'),('4342','7245','2019','不通过'),('4347','7233','2016','不通过'),('4361','6619','2018','不通过'),('4359','7231','2018','不通过'),('4364','7230','2018','不通过'),('4360','7232','2018','不通过'),('4350','7229','2013','不通过'),('4355','7228','2006','不通过'),('4348','7225','2016','不通过'),('4328','7222','2012','不通过'),('4327','7221','2012','不通过'),('4326','7215','2017','不通过'),('4354','7212','2010','不通过'),('4353','7212','2009','不通过'),('4357','7211','2010','不通过'),('4356','7211','2009','不通过'),('4321','7202','2006','不通过'),('4320','7201','2006','不通过'),('4010','5197','2017','不通过');|INSERT INTO `tx_heightinfo` (`id`, `personid`, `area`, `city`, `county`, `height`, `acc`, `iscity`, `heightid`, `gettime`)  VALUES ('22995','7214','拉萨市','尼木县','尼木县','3836','1-5-1','否','0','1998-07'),('19977','6680','林芝市','林芝市','林芝市','3095','林芝市','否','','1992-07'),('22998','7216','拉萨市','曲水县','曲水县','3685','1-6-1','否','0','1995-07'),('22997','7215','拉萨市','拉萨市','拉萨市','3650','1-1-1','否','0','1994-07'),('22996','7214','拉萨市','拉萨市','拉萨市','3650','1-1-1','否','0','2010-08'),('17581','6206','拉萨市','拉萨市','拉萨市','3650','5-1-1','是','','2006-09'),('14798','5205','拉萨市','拉萨市','拉萨市','3650','1-1-1','否','0','1987-12'),('19978','6680','拉萨市','拉萨市','拉萨市','3650','拉萨市','否','','1997-10'),('23216','6621','拉萨市','拉萨市','拉萨市','3650','5-1-1','否','','2017-12'),('23215','6620','拉萨市','拉萨市','拉萨市','3650','5-1-1','否','','2017-12'),('23214','6619','拉萨市','拉萨市','拉萨市','3650','5-1-1','否','','2017-12'),('17424','5196','拉萨市','拉萨市','拉萨市','3650','1-1-1','否','','2002-02'),('21792','5209','拉萨市','拉萨','拉萨','3650','拉萨 ','否','','2004-03'),('21790','5209','拉萨市','拉萨市','拉萨市','3650','1-1-1','否','','2000-02'),('23166','7212','拉萨市','拉萨市','拉萨市','3650','1-1-1','否','','2009-11'),('23186','7211','拉萨市','拉萨市','拉萨市','3650','1-1-1','否','','2009-11'),('22992','7210','拉萨市','拉萨市','拉萨市','3650','1-1-1','否','0','1999-12'),('22991','7209','拉萨市','拉萨市','拉萨市','3650','1-1-1','否','0','1996-12'),('23159','7208','昌都市','昌都市','昌都市','3560','5-1-1','否','','1992-12'),('22990','7209','林芝市','米林县','米林县','2938','4-4-1','否','0','1992-12'),('23167','7207','拉萨市','拉萨市','拉萨市','3650','1-1-1','否','','1986-09'),('23160','7208','拉萨市','拉萨市','拉萨市','3650','1-1-1','否','','1996-12'),('22931','6546','拉萨市','拉萨市','拉萨市','3560','5-1-1','否','','1997-01'),('23181','7203','西藏自治治区','拉萨市','拉萨市','3650','1-1-1','否','','2019-09'),('23154','7227','拉萨市','拉萨市','拉萨市','3650','1-1-1','否','','2018-08'),('14799','5205','拉萨市','拉萨市','拉萨市','3650','1-1-1','否','0','1996-04'),('14693','5204','拉萨市','拉萨市','拉萨市','3650','1-1-1','否','65793','1989-06'),('14702','5207','拉萨市','拉萨市','拉萨市','3650','1-1-1','否','65793','1993-03'),('14698','5206','拉萨市','拉萨市','拉萨市','3650','1-1-1','否','65793','1987-12'),('18626','5202','拉萨市','拉萨市','拉萨市','3650','1-1-1','否','','1993-03'),('17427','5195','拉萨市','拉萨市','拉萨市','3650','1-1-1','否','','2005-09'),('18625','5202','拉萨市','拉萨市','拉萨市','3650','1-1-1','否','','1991-06'),('17435','5199','拉萨市','拉萨市','拉萨市','3650','1-1-1','否','','2009-11'),('17433','5201','拉萨市','拉萨市','拉萨市','3650','1-1-1','否','','2004-03'),('17417','5194','昌都市','类乌齐县','类乌齐县','3870','5-11-1','否','','1999-10'),('17425','5195','林芝市','米林县','米林县','2938','4-4-1','否','','2002-07'),('17418','5194','拉萨市','拉萨市','拉萨市','3650','1-1-1','否','','2005-04'),('17426','5195','林芝市','林芝市','林芝市','3095','4-1-1','否','','2004-08'),('17429','5200','林芝市','工布江达县','工布江达县','3360','4-3-1','否','','1999-04'),('19815','5192','拉萨市','拉萨市','拉萨市','3650','1-1-1','否','','2017-03'),('17420','5193','拉萨市','拉萨市','拉萨市','3650','1-1-1','否','','2005-04'),('17416','5194','昌都市','类乌齐县','类乌齐县','3870','5-11-1','否','','1996-07'),('17415','5194','','','','3650','','','','1993-09'),('17414','5194','日喀则市','萨嘎县','萨嘎县','4731','2-18-1','否','','1990-12'),('17430','5200','拉萨市','拉萨市','拉萨市','3650','1-1-1','否','','2005-04'),('19813','5192','昌都市','昌都市','昌都市','3560','5-1-1','否','','1992-02'),('19814','5192','昌都市','昌都市','昌都市','3560','5-1-1','否','','1996-12'),('17428','5200','昌都市','昌都市','昌都市','3560','5-1-1','否','','1997-07'),('17419','5193','阿里地区','日土县','日土县','4304','7-6-1','否','','2002-07'),('19812','5192','昌都市','昌都市','昌都市','3560','5-1-1','否','','1989-10'),('19004','5197','拉萨市','拉萨市','拉萨市','3650','1-1-1','否','','2002-02'),('17434','5199','那曲地区','那曲地区','那曲地区','4527','6-1-1','否','','1996-07'),('19811','5192','昌都市','昌都市','昌都市','3560','5-1-1','否','','1987-07'),('19003','5197','那曲地区','那曲地区','那曲地区','4527','6-1-1','否','','1996-07'),('17422','5198','拉萨市','拉萨市','拉萨市','3650','1-1-1','否','','2004-03'),('14699','5206','拉萨市','拉萨市','拉萨市','3650','1-1-1','否','65793','1993-03'),('17421','5198','山南市','山南市','山南市','3550','3-1-1','否','','1996-07'),('17431','5201','拉萨市','拉萨市','拉萨市','3650','1-1-1','否','','2001-07'),('17432','5201','日喀则市','日喀则市','日喀则市','3835','2-1-1','否','','2002-09'),('14701','5207','拉萨市','拉萨市','拉萨市','3650','1-1-1','否','65793','1988-12'),('18624','5202','拉萨市','拉萨市','拉萨市','3650','1-1-1','否','','1989-04'),('14692','5204','拉萨市','拉萨市','拉萨市','3650','1-1-1','否','65793','1984-11'),('14706','5208','日喀则市','日喀则市','日喀则市','3835','2-1-1','否','131329','1996-08'),('14705','5208','拉萨市','拉萨市','拉萨市','3650','1-1-1','否','65793','1990-12'),('14707','5208','拉萨市','拉萨市','拉萨市','3650','1-1-1','否','65793','1997-10'),('21791','5209','成都','成都','成都','1000','成都 ','否','','2000-08'),('17423','5196','日喀则市','日喀则市','日喀则市','3835','2-1-1','否','','1996-07'),('14709','5210','拉萨市','拉萨市','拉萨市','3650','1-1-1','否','65793','2005-02'),('14710','5210','拉萨市','拉萨市','拉萨市','3650','1-1-1','否','65793','2007-05'),('18623','5202','山南市','山南市','山南市','3550','3-1-1','否','','1985-11'),('22909','7187','拉萨市','拉萨市','拉萨市','3650','1-1-1','否','0','1986-07'),('23002','7188','西藏自治治区','拉萨市','拉萨市','3650','拉萨市','否','','2019-08'),('22929','7190','拉萨市','拉萨市','拉萨市','3650','1-1-1','否','0','2000-07'),('22934','7192','拉萨市','拉萨市','拉萨市','3650','1-1-1','否','0','2005-08'),('23137','7194','拉萨市','拉萨市','拉萨市','3650','1-1-1','否','','1994-07'),('22941','7196','拉萨市','拉萨市','拉萨市','3650','1-1-1','否','0','2004-07'),('22945','7197','拉萨市','拉萨市','拉萨市','3650','1-1-1','否','0','2004-07'),('22952','7198','拉萨市','拉萨市','拉萨市','3650','1-1-1','否','0','2005-08'),('22960','7201','拉萨市','林周县','林周县','3950','1-3-1','否','0','1979-12'),('22961','7201','拉萨市','拉萨市','拉萨市','3650','1-1-1','否','0','1993-04'),('22962','7202','拉萨市','拉萨市','拉萨市','3650','1-1-1','否','0','2006-09'),('23180','7203','西藏自治治区','林芝市','林芝市','3360','工布江达','否','','2016-12'),('23179','7203','西藏自治治区','昌都市','类乌齐','3870','类乌齐','否','','2012-07'),('22968','7204','拉萨市','拉萨市','拉萨市','3650','1-1-1','否','','2019-09'),('22986','7205','拉萨市','拉萨市','拉萨市','3650','拉萨市','1-1-1','','2019-07'),('22999','7216','','','','0','','','0','2019-09'),('23187','7217','拉萨市','拉萨市','拉萨市','3650','1-1-1','否','','1997-01'),('23004','7218','日喀则市','日喀则市','日喀则市','3835','2-1-1','否','0','2006-12'),('23005','7218','拉萨市','拉萨市','拉萨市','3650','1-1-1','否','0','2009-09'),('23006','7219','那曲地区','那曲地区','那曲地区','4527','6-1-1','否','0','2000-08'),('23007','7219','拉萨市','林周县','林周县','3950','1-3-1','否','0','2004-11'),('23008','7219','拉萨市','尼木县','尼木县','3836','1-5-1','否','0','2005-11'),('23009','7219','拉萨市','拉萨市','拉萨市','3650','1-1-1','否','0','2019-09'),('23010','7220','日喀则市','南木林县','达那乡','4236','2-3-14','是','0','2010-08'),('23011','7220','拉萨市','拉萨市','拉萨市','3650','1-1-1','否','0','2012-12'),('23012','7221','拉萨市','拉萨市','拉萨市','3650','1-1-1','否','0','2012-07'),('23013','7222','拉萨市','拉萨市','拉萨市','3650','1-1-1','否','0','2012-07'),('23210','7223','拉萨市','拉萨市','拉萨市','3650','1-1-1','否','','2013-05'),('23015','7224','拉萨市','拉萨市','拉萨市','3650','1-1-1','否','0','1996-07'),('23016','7224','那曲地区','那曲地区','那曲地区','4527','6-1-1','否','0','2011-04'),('23017','7224','拉萨市','拉萨市','拉萨市','3650','1-1-1','否','0','2012-08'),('23158','7225','拉萨市','拉萨市','拉萨市','3650','1-1-1','否','','2016-08'),('23135','7226','拉萨市','拉萨市','拉萨市','3650','1-1-1','否','','1998-09'),('23152','7227','拉萨市','墨竹工卡县','扎西岗乡','4045','1-9-5','是','','2011-04'),('23153','7227','拉萨市','墨竹工卡县','黑竹工卡县','3858','1-9-1','否','','2015-10'),('23151','7227','拉萨市','墨竹工卡县','墨竹工卡县','3858','1-9-1','否','','1998-09'),('23182','7228','日喀则市','仁布县','帕当乡','4050','2-11-3','是','','2006-07'),('23183','7228','拉萨市','拉萨市','拉萨市','3650','1-1-1','否','','2018-03'),('23164','7229','拉萨市','拉萨市','拉萨市','3650','1-1-1','否','','2018-02'),('23163','7229','阿里地区','噶尔县','左左乡','4568','7-2-4','是','','2013-08'),('23217','7230','拉萨市','拉萨市','拉萨市','3650','1-1-1','否','','2017-12'),('23212','7231','拉萨市','拉萨市','拉萨市','3650','1-1-1','否','','2018-03'),('23213','7232','拉萨市','拉萨市','拉萨市','3605','1-1-1','否','','2017-12'),('23138','7233','拉萨市','拉萨市','拉萨市','3650','1-1-1','否','','2016-07'),('23038','7236','拉萨市','尼木县','尼木县','3836','1-5-1','否','0','1996-08'),('23039','7236','拉萨市','拉萨市','拉萨市','3650','1-1-1','否','0','1997-10'),('23051','7237','拉萨市','拉萨市','拉萨市','3650','1-1-1','否','','2008-03'),('23050','7237','昌都市','昌都市','昌都市','3560','5-1-1','否','','2005-09'),('23054','7238','山南市','山南市','山南','3550','3-1-1','否','','1998-07'),('23056','7239','拉萨市','拉萨市','拉萨市','3650','1-1-1','否','','1994-07'),('23055','7238','拉萨市','拉萨市','拉萨市','3650','1-1-1','否','','1999-09'),('23057','7240','拉萨市','拉萨市','拉萨市','3650','1-1-1','否','0','1994-07'),('23058','7241','林芝市','林芝市','林芝市','3095','4-1-1','否','0','1993-07'),('23059','7241','拉萨市','拉萨市','拉萨市','3650','1-1-1','否','0','1995-01'),('23060','7242','拉萨市','拉萨市','拉萨市','3650','1-1-1','否','0','1996-07'),('23061','7243','阿里地区','阿里地区','阿里地区','4297','7-1-1','否','0','1993-07'),('23062','7243','拉萨市','拉萨市','拉萨市','3650','1-1-1','否','0','2006-04'),('23078','7244','拉萨市','拉萨市','拉萨市','3650','1-1-1','否','','2007-09'),('23077','7244','日喀则市','岗巴县','岗巴县','4590','2-19-1','否','','2003-06'),('23065','7245','拉萨市','拉萨市','拉萨市','3650','1-1-1','否','0','2013-08'),('23066','7246','拉萨市','拉萨市','拉萨市','3650','1-1-1','否','0','2013-08'),('23067','7247','拉萨市','拉萨市','拉萨市','3650','1-1-1','否','0','2018-07'),('23068','7248','拉萨市','拉萨市','拉萨市','3650','1-1-1','否','0','2018-07'),('23069','7249','拉萨市','拉萨市','拉萨市','3650','1-1-1','否','0','2018-07'),('23070','7250','拉萨市','当雄县','当雄县','4269','1-4-1','否','0','1991-12'),('23071','7250','拉萨市','拉萨市','拉萨市','3650','1-1-1','否','0','2012-01'),('23072','7251','拉萨市','拉萨市','拉萨市','3650','1-1-1','否','0','2002-12'),('23073','7252','拉萨市','拉萨市','拉萨市','3650','1-1-1','否','0','1984-11'),('23074','7253','日喀则市','日喀则市','日喀则市','3835','2-1-1','否','0','1989-12'),('23075','7253','拉萨市','拉萨市','拉萨市','3650','1-1-1','否','0','2002-01'),('23076','7254','拉萨市','拉萨市','拉萨市','3650','1-1-1','否','0','1983-01'),('23088','7255','拉萨市','拉萨市','拉萨市','3650','1-1-1','否','','2019-09'),('23087','7255','日喀则市','吉隆县','吉隆县','4275','2-16-1','否','','1990-03'),('23081','7256','拉萨市','拉萨市','拉萨市','3650','1-1-1','否','0','1990-12'),('23082','7257','那曲地区','那曲地区','那曲地区','4527','6-1-1','否','0','1988-12'),('23083','7257','拉萨市','拉萨市','拉萨市','3650','1-1-1','否','0','2019-09'),('23084','7259','那曲地区','那曲地区','那曲地区','4527','6-1-1','否','0','1988-12'),('23085','7259','拉萨市','拉萨市','拉萨市','3650','1-1-1','否','0','1997-01'),('23086','7260','拉萨市','拉萨市','拉萨市','3650','1-1-1','否','0','1987-11'),('23089','7261','拉萨市','拉萨市','拉萨市','3650','1-1-1','否','0','1991-12'),('23090','7262','拉萨市','拉萨市','拉萨市','3650','1-1-1','否','0','1991-12'),('23091','7263','林芝市','工布江达县','工布江达县','3360','4-3-1','否','0','2003-12'),('23092','7263','拉萨市','拉萨市','拉萨市','3650','1-1-1','否','0','2005-10'),('23093','7264','拉萨市','拉萨市','拉萨市','3650','1-1-1','否','0','1984-04'),('23094','7265','拉萨市','拉萨市','拉萨市','3650','1-1-1','否','0','1988-12'),('23095','7266','拉萨市','拉萨市','拉萨市','3650','1-1-1','否','0','1998-12'),('23096','7267','拉萨市','曲水县','曲水县','3685','1-6-1','否','0','1982-12'),('23097','7267','拉萨市','拉萨市','拉萨市','3650','1-1-1','否','0','2012-01'),('23098','7268','拉萨市','曲水县','曲水县','3685','1-6-1','否','0','1988-12'),('23099','7268','拉萨市','拉萨市','拉萨市','3650','1-1-1','否','0','2012-01'),('23102','7269','拉萨市','拉萨市','拉萨市','3650','1-1-1','否','0','2001-08'),('23103','7270','拉萨市','拉萨市','拉萨市','3650','1-1-1','否','0','1989-12'),('23106','7271','拉萨市','拉萨市','拉萨市','3650','1-1-1','否','','1989-03'),('23105','7272','拉萨市','拉萨市','拉萨市','3650','1-1-1','否','0','1991-12'),('23107','7273','日喀则市','日喀则市','日喀则市','3835','2-1-1','否','0','1989-12'),('23108','7273','拉萨市','拉萨市','拉萨市','3650','1-1-1','否','0','2019-09'),('23109','7274','拉萨市','墨竹工卡县','墨竹工卡县','3858','1-9-1','否','0','1982-01'),('23110','7274','拉萨市','拉萨市','拉萨市','3650','1-1-1','否','0','2019-09'),('23111','7276','拉萨市','拉萨市','拉萨市','3650','1-1-1','否','0','1991-12'),('23113','7277','拉萨市','拉萨市','拉萨市','3650','1-1-1','否','','1988-12'),('23114','7278','拉萨市','拉萨市','拉萨市','3650','1-1-1','否','0','1984-11'),('23115','7279','拉萨市','墨竹工卡县','墨竹工卡县','3858','1-9-1','否','0','1991-12'),('23116','7279','拉萨市','拉萨市','拉萨市','3650','1-1-1','否','0','2012-01'),('23117','7280','拉萨市','拉萨市','拉萨市','3650','1-1-1','否','0','1988-12'),('23118','7281','那曲地区','安全县','安多县','4788','6-7-1','否','0','1990-12'),('23119','7281','拉萨市','拉萨市','拉萨市','3650','1-1-1','否','0','2012-01'),('23134','7282','拉萨市','拉萨市','拉萨市','3650','1-1-1','否','','2012-01'),('23133','7282','格尔木','五道梁','五道梁','4636','五道梁','否','','1990-12'),('23122','7283','那曲地区','那曲地区','那曲地区','4521','6-1-1','否','0','1995-12'),('23123','7283','拉萨市','拉萨市','拉萨市','3650','1-1-1','否','0','2012-01'),('23127','7284','拉萨市','拉萨市','拉萨市','3650','1-1-1','否','','2012-01'),('23126','7284','拉萨市','当雄县','当雄县','4269','1-4-1','否','','1998-12'),('23128','7285','那曲地区','安全县','安全县','4788','6-7-1','否','0','1998-12'),('23129','7285','拉萨市','拉萨市','拉萨市','3650','1-1-1','否','0','2012-02'),('23130','7286','格尔木','五道梁','五道梁','4636','五道梁','否','0','1991-12'),('23131','7286','格尔木','纳赤台','纳赤台','3540','纳赤台','否','0','2003-06'),('23132','7286','拉萨市','拉萨市','拉萨市','3650','拉萨市','否','0','2012-01');|