INSERT INTO `tx_personinfo` (`id`, `sort`, `userid`, `name`, `sex`, `birthday`, `origin`, `nation`, `partymember`, `worktime`, `intime`, `inadj`, `inyear`, `posttime`, `postadj`, `unitkind`, `postname`, `unitname`, `isleader`, `lastposttime`, `lastunitkind`, `lastpostname`, `lastunitname`, `area`, `education`, `educationtime`, `schooltime`, `educationadj`, `teacherinfo`, `teacherbegin`, `teacherend`, `teacheradj`, `oneinfo`, `onebegin`, `oneend`, `oneadj`, `check2`, `check5`, `coveradj`, `cadre`, `retiretime`, `height`, `note`, `addon`) VALUES ('4816','0','205','罗宝林','男','1974-12','西藏山南','藏族','党员','1994-07','1994-07','0','0','2009-06','0','事业单位','管理八级-副科','西藏自治区新华书店','','','','','','','中专','1994-07','3','0','','','','0','','','','0','2006','2006','0','否','','0','','a:1:{i:0;a:1:{s:18:"工改保留工资";s:3:"295";}}'),('4813','0','205','格旺','男','1973-09','西藏拉萨','藏族','党员','1991-07','1991-07','0','0','2013-03','0','事业单位','管理七级-正科','西藏自治区新华书店','','','','','','','中专','1991-07','3','0','','','','0','','','','0','2006','2006','0','否','','0','','a:1:{i:0;a:1:{s:18:"工改保留工资";s:3:"329";}}'),('4815','0','205','吴秀明','女','1973-10','四川永川','汉族','党员','1996-07','1996-07','0','0','1996-07','0','事业单位','专技十三级-员级','西藏自治区新华书店','','','','','','','大专','1996-07','3','0','','','','0','','','','0','2006','2006','0','否','','0','','a:1:{i:0;a:1:{s:18:"工改保留工资";s:3:"295";}}'),('4817','0','205','索朗多清','男','1973-10','西藏拉萨','藏族','','1990-12','1990-12','0','0','2017-01','0','事业单位','技术工四级-中级工','西藏自治区新华书店','','','','','','','本科','2010-07','5','0','','','','0','','','','0','2006','2006','0','否','','0','','a:1:{i:0;a:1:{s:18:"工改保留工资";s:3:"226";}}'),('4818','0','205','格桑德吉','女','1969-08','四川阿坝','藏族','党员','1989-08','1989-08','0','0','2009-05','0','事业单位','管理七级-正科','西藏自治区新华书店','','','','','','','中专','1989-08','3','0','','','','0','','','','0','2006','2006','0','否','','0','','a:1:{i:0;a:1:{s:18:"工改保留工资";s:3:"422";}}'),('4801','0','205','戎海玲','女','1993-02','甘肃民乐','汉族','党员','2015-09','2015-09','0','0','2015-09','0','事业单位','专技十二级-助理','西藏自治区新华书店','','','','','','','本科','2015-01','4','0','','','','0','','','','0','0','0','0','否','','0','',''),('4814','0','205','陈芳','女','1971-05','四川中江','汉族','党员','1993-07','1993-07','0','0','2001-12','0','事业单位','管理八级-副科','西藏自治区新华书店','','','','','','','大专','1993-07','3','0','','','','0','','','','0','2006','2006','0','否','','0','','a:1:{i:0;a:1:{s:18:"工改保留工资";s:3:"372";}}'),('4880','0','205','张鹏','男','1987-07','西藏拉萨','藏族','团员','2006-12','2009-07','0','0','2009-07','0','事业单位','技术工五级-初级工','西藏自治区新华书店','','','','','','','高中','2007-07','3','0','','','','0','','','','0','2006','2006','0','否','','0','',''),('4879','0','205','陈松林','男','1987-08','四川大英','汉族','党员','2005-12','2008-07','0','0','2008-07','0','事业单位','技术工五级-初级工','西藏自治区新华书店','','','','','','','高中','2005-07','3','0','','','','0','','','','0','2006','2006','0','否','','0','',''),('5129','','205','央金','女','1979-07','西藏昌都','藏族','','1998-01','1998-01','0','','2011-11','0','事业单位','技术工五级-初级工','西藏自治区新华书店','','','','','','','高中','1997-07','3','0','','','','0','','','','0','2006','2006','0','否','','','',''),('4877','0','205','普布次仁','男','1983-08','西藏昌都','藏族','党员','2001-12','2001-12','0','0','2001-12','0','事业单位','技术工五级-初级工','西藏自治区新华书店','','','','','','','中专','2003-07','2','0','','','','0','','','','0','2006','2006','0','否','','0','','a:1:{i:0;a:1:{s:18:"工改保留工资";s:3:"226";}}'),('4876','0','205','白玛玉珍','女','1970-09','四川邛崃','藏族','党员','1988-12','1988-12','0','0','2006-06','0','事业单位','技术工四级-中级工','西藏自治区新华书店','','','','','','','暂时没有','','0','0','','','','0','','','','0','2006','2006','0','否','','0','',''),('4875','0','205','郭小芳','女','1972-10','四川郫县','汉族','党员','1990-12','1990-12','0','0','2006-06','0','事业单位','技术工四级-中级工','西藏自治区新华书店','','','','','','','大专','2009-08','3','0','','','','0','','','','0','2006','2006','0','否','','0','','a:1:{i:0;a:1:{s:18:"工改保留工资";s:3:"245";}}'),('4874','0','205','胡锐','男','1971-11','四川达州','汉族','党员','1991-12','1991-12','0','0','2006-06','0','事业单位','技术工四级-中级工','西藏自治区新华书店','','','','','','','高中','1991-06','3','0','','','','0','','','','0','2006','2006','0','否','','0','','a:1:{i:0;a:1:{s:18:"工改保留工资";s:3:"254";}}'),('4873','0','205','单增洛桑','男','1983-06','西藏拉萨','藏族','党员','2002-07','2002-07','0','0','2002-07','0','事业单位','专技十三级-员级','西藏自治区新华书店','','','','','','','中专','2002-07','3','0','','','','0','','','','0','2006','2006','0','否','','0','',''),('4872','0','205','白玛次仁','男','1972-10','西藏山南','藏族','党员','1996-07','1996-07','0','0','1996-07','0','事业单位','专技十三级-员级','西藏自治区新华书店','','','','','','','大专','1996-07','3','0','','','','0','','','','0','2006','2006','0','否','','0','','a:1:{i:0;a:1:{s:18:"工改保留工资";s:3:"295";}}'),('4870','0','205','刘畅','男','1991-12','四川成都','汉族','团员','2016-08','2016-08','0','0','2016-08','0','事业单位','专技十二级-助理','西藏自治区新华书店','','','','','','','本科','2014-12','4','0','','','','0','','','','0','2016','2016','0','否','','0','',''),('4869','0','205','罗布','男','1994-02','西藏萨迦','藏族','团员','2016-08','2016-08','0','0','2016-08','0','事业单位','专技十二级-助理','西藏自治区新华书店','','','','','','','本科','2016-06','4','0','','','','0','','','','0','2016','2016','0','否','','0','',''),('4839','0','205','益西坚村','男','1966-01','西藏山南','藏族','党员','1984-07','1984-07','0','0','2012-05','0','事业单位','管理五级-正县','西藏自治区新华书店','','','','','','','中专','1984-07','3','0','','','','0','','','','0','2006','2006','0','否','','0','','a:1:{i:0;a:1:{s:18:"工改保留工资";s:3:"487";}}'),('4867','0','205','王珺','女','1993-09','陕西西安','汉族','党员','2016-08','2016-08','0','0','2016-08','0','事业单位','专技十二级-助理','西藏自治区新华书店','','','','','','','本科','2015-07','4','0','','','','0','','','','0','2016','2016','0','否','','0','',''),('4847','0','205','尼玛','男','1966-07','西藏林芝','藏族','党员','1984-04','1984-04','0','0','2012-05','0','事业单位','管理六级-副县','西藏自治区新华书店','','','','','','','初中','1984-01','2','0','','','','0','','','','0','2006','2006','0','否','','0','',''),('4866','0','205','普华东智','男','1988-08','青海海东','藏族','团员','2016-08','2016-08','0','0','2016-08','0','事业单位','专技十二级-助理','西藏自治区新华书店','','','','','','','硕士','2016-06','7','0','','','','0','','','','0','2016','2016','0','否','','0','',''),('4865','0','205','胡艳丽','女','1988-07','甘肃平凉','汉族','团员','2016-08','2016-08','0','0','2016-08','0','事业单位','专技十二级-助理','西藏自治区新华书店','','','','','','','硕士','2015-06','6','0','','','','0','','','','0','2016','2016','0','否','','0','',''),('4850','0','205','次仁罗吉','女','1962-11','西藏山南','藏族','党员','1987-12','1987-12','0','0','2002-12','0','事业单位','管理七级-正科','西藏自治区新华书店','','','','','','','暂时没有','','0','0','','','','0','','','','0','2006','2006','0','否','','0','','a:1:{i:0;a:1:{s:18:"工改保留工资";s:3:"401";}}'),('4864','0','205','德吉央宗','女','1991-05','西藏日喀则','藏族','团员','2015-09','2015-09','0','0','2015-09','0','事业单位','专技十二级-助理','西藏自治区新华书店','','','','','','','本科','2013-07','4','0','','','','0','','','','0','2015','2015','0','否','','0','',''),('4853','0','205','吴进龙','男','1982-06','青海湟源','藏族','党员','2005-11','2005-11','0','0','2013-03','0','事业单位','管理八级-副科','西藏自治区新华书店','','','','','','','本科','2005-07','4','0','','','','0','','','','0','2006','2006','0','否','','0','','a:1:{i:0;a:1:{s:18:"工改保留工资";s:3:"233";}}'),('4855','0','205','普布央金','女','1974-09','西藏拉萨','藏族','党员','1999-08','1998-08','0','0','2011-01','0','事业单位','管理八级-副科','西藏自治区新华书店','','','','','','','本科','1998-07','4','0','','','','0','','','','0','2006','2006','0','否','','0','',''),('4859','0','205','刘涛','男','1967-09','山东兖州','汉族','党员','1989-12','1989-12','0','0','2001-10','0','事业单位','专技十二级-助理','西藏自治区新华书店','','','','','','','大专','1999-07','3','0','','','','0','','','','0','2006','2006','0','否','','0','','a:1:{i:0;a:1:{s:18:"工改保留工资";s:3:"274";}}'),('4860','0','205','次吉措姆','女','1982-01','西藏林周','藏族','党员','2006-07','2006-07','0','0','2012-12','0','事业单位','专技十二级-助理','西藏自治区新华书店','','','','','','','本科','2006-07','4','0','','','','0','','','','0','2006','2006','0','否','','0','',''),('4861','0','205','洛桑边旦','男','1988-08','西藏林芝','藏族','党员','2015-09','2015-09','0','0','2015-09','0','事业单位','专技十二级-助理','西藏自治区新华书店','','','','','','','硕士','2015-07','7','0','','','','0','','','','0','2015','2015','0','否','','0','',''),('4862','0','205','李光昌','男','1978-12','四川南充','汉族','党员','1995-12','1999-04','0','0','2013-03','0','事业单位','管理七级-正科','西藏自治区新华书店','','','','','','','大专','2007-01','3','0','','','','0','','','','0','2006','2006','0','否','','0','','a:1:{i:0;a:1:{s:18:"工改保留工资";s:3:"226";}}'),('5107','','205','旦增','男','1991-04','西藏拉萨','藏族','团员','2015-09','2015-09','0','','2015-09','0','事业单位','专技十二级-助理','西藏自治区新华书店','','','','','','','本科','2015-07','4','0','','','','0','','','','0','2015','2015','0','否','','','',''),('5105','','205','琼达','女','1990-08','西藏山南','藏族','','2016-09','2016-09','0','','2016-09','0','事业单位','技术工五级-初级工','西藏自治区新华书店','','','','','','','大专','2016-07','3','0','','','','0','','','','0','2016','2016','0','否','','','',''),('5106','','205','边巴','男','1991-04','西藏墨竹工卡','藏族','','2016-09','2016-09','0','','2016-09','0','事业单位','技术工五级-初级工','西藏自治区新华书店','','','','','','','中专','2016-09','3','0','','','','0','','','','0','2016','2016','0','否','','','','');|INSERT INTO `tx_jobinfo` (`id`, `personid`, `sort`, `oldposttime`, `oldpostkind`, `oldpostname`, `oldarea`, `oldunitkind`, `oldunitname`, `oldisleader`, `height`)  VALUES ('23611','5105','','2016-09','事业单位工人','技术工五级-初级工','二类区','事业单位','西藏自治区新华书店','','0'),('22819','4801','','2015-09','事业单位专业技术人员','专技十二级-助理','二类区','事业单位','西藏自治区新华书店','','0'),('22758','4813','','2013-03','事业单位管理人员','管理七级-正科','二类区','事业单位','西藏自治区新华书店','','0'),('22757','4813','','2009-05','事业单位管理人员','管理八级-副科','二类区','事业单位','西藏自治区新华书店','','0'),('22755','4813','','1991-07','事业单位专业技术人员','专技十三级-员级','二类区','事业单位','西藏自治区艺术学校','','0'),('22756','4813','','2001-07','事业单位管理人员','管理九级-科员','二类区','事业单位','西藏自治区新华书店','','0'),('23747','4814','','2001-12','事业单位管理人员','管理八级-副科','二类区','事业单位','西藏自治区新华书店','','0'),('22520','4815','','1996-07','事业单位专业技术人员','专技十三级-员级','二类区','事业单位','西藏自治区新华书店','','0'),('22521','4816','','1994-07','事业单位专业技术人员','专技十三级-员级','二类区','事业单位','西藏自治区新华书店','','0'),('22522','4816','','2009-06','事业单位管理人员','管理八级-副科','二类区','事业单位','西藏自治区新华书店','','0'),('22523','4817','','1990-12','事业单位工人','技术工五级-初级工','二类区','事业单位','西藏自治区新华书店','','0'),('22524','4817','','2017-01','事业单位工人','技术工四级-中级工','二类区','事业单位','西藏自治区新华书店','','0'),('22766','4818','','2001-08','事业单位管理人员','管理八级-副科','二类区','事业单位','西藏自治区新华书店','','0'),('22764','4818','','1989-08','事业单位管理人员','管理十级-办事员','二类区','事业单位','西藏林芝地区地委办公室机要局','','0'),('22765','4818','','1997-06','事业单位管理人员','管理八级-副科','二类区','事业单位','西藏林芝地区地委办公室机要局','','0'),('23746','4814','','1993-07','事业单位专业技术人员','专技十三级-员级','二类区','事业单位','西藏自治区新华书店','','0'),('22619','4839','','2012-05','事业单位管理人员','管理五级-正县','二类区','事业单位','西藏自治区新华书店','','0'),('22759','4847','','2012-05','事业单位管理人员','管理六级-副县','二类区','事业单位','西藏自治区新华书店','','0'),('22638','4850','','2002-12','事业单位管理人员','管理七级-正科','二类区','事业单位','西藏自治区新华书店','','0'),('22647','4853','','2005-11','事业单位专业技术人员','专技十三级-员级','二类区','事业单位','西藏自治区新华书店','','0'),('22648','4853','','2012-12','事业单位专业技术人员','专技十二级-助理','二类区','事业单位','西藏自治区新华书店','','0'),('22649','4853','','2013-03','事业单位管理人员','管理八级-副科','二类区','事业单位','西藏自治区新华书店','','0'),('23748','4855','','2003-12','事业单位管理人员','管理九级-科员','二类区','事业单位','中国人民保险公司','','0'),('22665','4859','','1989-12','事业单位工人','技术工五级-初级工','二类区','事业单位','西藏自治区新华书店','','0'),('22666','4859','','2001-10','事业单位专业技术人员','专技十二级-助理','二类区','事业单位','西藏自治区新华书店','','0'),('22670','4860','','2012-12','事业单位专业技术人员','专技十二级-助理','二类区','事业单位','西藏自治区新华书店','','0'),('22669','4860','','2006-07','事业单位专业技术人员','专技十三级-员级','二类区','事业单位','西藏自治区新华书店','','0'),('22818','4861','','2015-09','事业单位专业技术人员','专技十二级-助理','二类区','事业单位','西藏自治区新华书店','','0'),('22688','4864','','2015-09','事业单位专业技术人员','专技十二级-助理','二类区','事业单位','西藏自治区新华书店','','0'),('23613','5107','','2015-09','事业单位专业技术人员','专技十二级-助理','二类区','事业单位','西藏自治区新华书店','','0'),('22686','4862','','2013-03','事业单位管理人员','管理七级-正科','二类区','事业单位','西藏自治区新华书店','','0'),('22685','4862','','2009-05','事业单位管理人员','管理八级-副科','二类区','事业单位','西藏自治区新华书店','','0'),('22689','4865','','2016-08','事业单位专业技术人员','专技十二级-助理','二类区','事业单位','西藏自治区新华书店','','0'),('22690','4866','','2016-08','事业单位专业技术人员','专技十二级-助理','二类区','事业单位','西藏自治区新华书店','','0'),('22692','4867','','2016-08','事业单位专业技术人员','专技十二级-助理','二类区','事业单位','西藏自治区新华书店','','0'),('22696','4869','','2016-08','事业单位专业技术人员','专技十二级-助理','二类区','事业单位','西藏自治区新华书店','','0'),('22697','4870','','2016-08','事业单位专业技术人员','专技十二级-助理','二类区','事业单位','西藏自治区新华书店','','0'),('22701','4872','','1996-07','事业单位专业技术人员','专技十三级-员级','二类区','事业单位','西藏自治区新华书店','','0'),('22702','4873','','2002-07','事业单位专业技术人员','专技十三级-员级','二类区','事业单位','西藏自治区新华书店','','0'),('22705','4874','','2006-06','事业单位工人','技术工四级-中级工','二类区','事业单位','西藏自治区新华书店','','0'),('22822','4875','','2006-06','事业单位工人','技术工四级-中级工','二类区','事业单位','西藏自治区新华书店','','0'),('22821','4875','','1990-12','事业单位工人','技术工五级-初级工','二类区','事业单位','西藏自治区新华书店','','0'),('22708','4876','','1988-12','事业单位工人','技术工五级-初级工','二类区','事业单位','西藏自治区新华印刷厂','','0'),('22709','4876','','2006-06','事业单位工人','技术工四级-中级工','二类区','事业单位','西藏自治区新华书店','','0'),('22710','4877','','2001-12','事业单位工人','技术工五级-初级工','二类区','事业单位','西藏自治区新华书店','','0'),('23824','5129','','1999-11','事业单位工人','技术工五级-初级工','二类区','事业单位','西藏新华印刷厂','','0'),('23822','5129','','2011-11','事业单位工人','技术工五级-初级工','二类区','事业单位','西藏自治区新华书店','','0'),('22716','4879','','2008-07','事业单位工人','技术工五级-初级工','二类区','事业单位','西藏自治区新华书店','','0'),('22831','4880','','2009-07','事业单位工人','技术工五级-初级工','二类区','事业单位','西藏自治区新华书店','','0'),('22767','4818','','2009-05','事业单位管理人员','管理七级-正科','二类区','事业单位','西藏自治区新华书店','','0'),('22830','4880','','2006-12','事业单位工人','普通-普通工','三类区','事业单位','中国人民解放军78525部队','','0'),('23612','5106','','2016-09','事业单位工人','技术工五级-初级工','二类区','事业单位','西藏自治区新华书店','','0'),('23749','4855','','2004-12','事业单位管理人员','管理八级-副科','二类区','事业单位','中国人民保险公司','','0'),('23750','4855','','2011-01','事业单位管理人员','管理八级-副科','二类区','事业单位','西藏自治区新华书店','','0'),('23823','5129','','1998-01','事业单位工人','普通-普通工','二类区','事业单位','西藏新华印刷厂','','0');|INSERT INTO `tx_studyinfo` (`id`, `personid`, `level`, `gettime`, `school`)  VALUES ('2403','4801','本科','2011-09','西藏大学'),('2430','5106','中专','2016-07',''),('2429','5105','大专','2016-07',''),('2344','4815','大专','1996-07',''),('2345','4815','本科','2002-07',''),('2393','4813','大专','2004-07','中央党校西藏分院'),('2392','4813','中专','1991-07','上海戏剧学院'),('2445','4814','本科','2001-12',''),('2346','4816','中专','1994-07',''),('2361','4839','大专','1988-07','四川省经济干部管理学院'),('2360','4839','中专','1984-07','西藏自治区财经学校'),('2394','4847','大专','2016-07','国家开放大学'),('2363','4853','本科','2005-07','中央民族大学'),('2446','4855','本科','1998-07',''),('2369','4859','大专','1999-07','中央党校西藏函授分院'),('2370','4860','本科','2006-07',''),('2402','4861','硕士','2015-07',''),('2378','4862','大专','2007-01',''),('2431','5107','本科','2015-07','西藏大学'),('2380','4864','本科','2013-07',''),('2381','4865','硕士','2015-06',''),('2382','4866','硕士','2016-06',''),('2383','4867','本科','2015-07',''),('2384','4869','本科','2016-06',''),('2385','4870','本科','2014-12',''),('2386','4872','大专','1996-07',''),('2387','4872','本科','2002-07',''),('2388','4873','中专','2002-07',''),('2389','4873','大专','2006-07',''),('2405','4875','大专','2009-08',''),('2391','4877','中专','2003-07',''),('2444','4814','大专','1993-07','');|INSERT INTO `tx_checkinfo` (`id`, `personid`, `gettime`, `check` FROM `tx_checkinfo`)  VALUES ('2780','4880','2008','不通过'),('2773','4801','2015','不定等级'),('2779','4880','2006','不通过'),('2778','4880','2009','不通过'),('2770','4879','2008','不通过'),('2769','4876','2009','不通过');|INSERT INTO `tx_heightinfo` (`id`, `personid`, `area`, `city`, `county`, `height`, `acc`, `iscity`, `heightid`, `gettime`)  VALUES ('13470','4813','西藏自治区','拉萨市','城关区','3650','城关区','否 ','','1991-07'),('13519','4801','西藏自治区','拉萨市','城关区','3650','城关区','否','','2015-09'),('14131','4814','西藏自治区','拉萨市','城关区','3650','城关区','否','','1993-07'),('13345','4815','西藏','拉萨市','城关区','3650','城关区','否','0','1996-07'),('13346','4816','西藏','拉萨市','城关区','3650','城关区','否','0','1994-07'),('13347','4817','西藏','拉萨市','城关区','3650','城关区','否','0','1990-12'),('13393','4839','西藏自治区','拉萨市','城关区','3650','城关区','否','','1984-07'),('13471','4847','西藏自治区','拉萨市','城关区','3650','城关区','否','','1984-04'),('13402','4850','西藏自治区','拉萨市','城关区','3650','城关区','否','0','1987-12'),('13408','4853','西藏自治区','拉萨市','城关区','3650','城关区','否','0','2005-11'),('14132','4855','西藏自治区','拉萨市','城关区','3650','城关区','否','','1999-08'),('13419','4859','西藏自治区','拉萨市','城关区','3650','城关区','否','0','1989-12'),('13421','4860','西藏自治区','拉萨市','城关区','3650','城关区','否','','2006-07'),('13427','4862','西藏自治区','拉萨市','城关区','3650','城关区','否','','1999-04'),('14068','5107','西藏自治区','拉萨市','城关区','3650','城关区','否','0','2015-09'),('13429','4864','西藏自治区','拉萨市','城关区','3650','城关区','否','0','2015-09'),('13430','4865','西藏自治区','拉萨市','城关区','3650','城关区','否','0','2016-08'),('13431','4866','西藏自治区','拉萨市','城关区','3650','城关区','否','0','2016-08'),('13433','4867','西藏自治区','拉萨市','城关区','3650','城关区','否','','2016-08'),('13435','4869','西藏自治区','拉萨市','城关区','3650','城关区','否','0','2016-08'),('13436','4870','西藏自治区','拉萨市','城关区','3650','城关区','否','0','2016-08'),('13440','4872','西藏自治区','拉萨市','城关区','3650','城关区','否','0','1996-07'),('13441','4873','西藏自治区','拉萨市','城关区','3650','城关区','否','0','2002-07'),('13443','4874','西藏自治区','拉萨市','城关区','3650','城关区','否','','1991-12'),('13444','4876','西藏自治区','拉萨市','城关区','3650','城关区','否','0','1988-12'),('13445','4877','西藏自治区','拉萨市','城关区','3650','城关区','否','0','2001-12'),('14166','5129','西藏自治区','拉萨市','城关区','3650','城关区','否','','1998-01'),('13449','4879','西藏自治区','拉萨市','城关区','3650','城关区','否','0','2008-07'),('13529','4880','那曲地区','安多县','安多县','4788','6-7-1','否','','2006-12'),('13475','4818','拉萨市','拉萨市','拉萨市','3650','1-1-1','否','','2000-08'),('13474','4818','林芝市','林芝市','林芝市','3095','4-1-1','否','','1989-08'),('13518','4861','拉萨市','城关区','城关区','3650','1-2-1','否','66049','2015-09'),('13521','4875','拉萨市','城关区','城关区','3650','1-2-1','否','66049','1990-12'),('13530','4880','西藏自治区','拉萨市','城关区','3650','城关区','否','','2009-07');|