INSERT INTO `tx_personinfo` (`id`, `sort`, `userid`, `name`, `sex`, `birthday`, `origin`, `nation`, `partymember`, `worktime`, `intime`, `inadj`, `inyear`, `posttime`, `postadj`, `unitkind`, `postname`, `unitname`, `isleader`, `lastposttime`, `lastunitkind`, `lastpostname`, `lastunitname`, `area`, `education`, `educationtime`, `schooltime`, `educationadj`, `teacherinfo`, `teacherbegin`, `teacherend`, `teacheradj`, `oneinfo`, `onebegin`, `oneend`, `oneadj`, `check2`, `check5`, `coveradj`, `cadre`, `retiretime`, `height`, `note`, `addon`,`ywcadre`) VALUES ('5796','','197','王兆荣','女','1959-12','山东','汉族','','1984-10','1984-10','0','','2006-07','0','机关单位','高级工','泽当服务站','','','','','','','暂时没有','','0','0','','','','0','','','','0','0','0','0','否','','','','',''),('5795','','197','刘青菊','女','1952-07','河南','汉族','','1982-11','1982-11','0','','2006-07','0','机关单位','高级工','泽当服务站','','','','','','','高中','','0','0','','','','0','','','','0','0','0','0','否','','','','',''),('5463','','197','央金','女','1968-12','西藏加查','藏族','党员','1988-01','1988-01','0','','2010-02','0','机关单位','高级工','泽当老干部服务站','','','','','','','大专','2004-07','0','0','','','','0','','','','0','0','0','0','否','','','','',''),('4505','0','197','郭秀琴','女','1978-04','四川广安','汉族','党员','1997-12','1999-12','0','','2019-06','0','机关单位','四级主任科员','山南政府办公室','非领导职务','','','','','','大专','2004-06','0','0','','','','0','','','','0','0','0','0','否','','','','',''),('4276','','197','刘辉青','女','1971-11','甘肃省古浪县','汉族','党员','1993-05','1993-05','0','','2010-02','0','机关单位','高级工','山南市泽当老干部服务站','','','','','','','大专','2004-07','0','0','','','','0','','','','0','0','0','0','否','','','工改保留工资：173','',''),('4331','','197','次仁宗吉','女','1975-10','西藏贡嘎县','藏族','','1994-12','1994-12','0','','2010-02','0','机关单位','高级工','山南市泽当老干部服务站','','','','','','','暂时没有','','0','0','','','','0','','','','0','2006','2006','0','否','','','','',''),('4332','1','197','热杰','男','1976-09','西藏拉萨市','藏族','党员','1997-06','1997-06','0','','2019-12','0','机关单位','四级调研员','山南市泽当老干部服务站','领导职务','','','','','','中专','1997-05','3','0','','','','0','','','','0','0','0','0','否','','','','',''),('4333','10','197','次旺德西','女','1990-09','西藏昌都','藏族','','2013-08','2013-08','0','','2019-12','0','机关单位','四级主任科员','山南市泽当老干部服务站','非领导职务','','','','','','大专','2013-08','3','0','','','','0','','','','0','0','0','0','否','','','','',''),('4334','1','197','普布扎西','男','1990-10','西藏曲松县','藏族','党员','2012-07','2012-07','0','','2019-12','0','机关单位','四级主任科员','山南市泽当老干部服务站','非领导职务','','','','','','本科','2012-07','4','0','','','','0','','','','0','0','0','0','否','','','','',''),('4335','1','197','次仁仓决','女','1987-10','西藏错那','藏族','团员','2011-08','2011-08','0','','2019-12','0','机关单位','四级主任科员','山南市泽当老干部服务站','非领导职务','','','','','','本科','2010-07','4','0','','','','0','','','','0','0','0','0','否','','','','',''),('4336','0','197','黄辉','男','1966-01','四川省都江堰','汉族','党员','1982-10','1982-10','0','','2013-12','0','机关单位','乡科级正职','西藏山南泽当老干部服务站','领导职务','','','','','','大专','1990-06','0','0','','','','0','','','','0','0','0','0','否','','','','',''),('6668','','197','洛桑宗吉','女','1967-05','琼结县','藏族','','1991-12','1991-12','0','','2007-06','0','机关单位','高级工','泽当老干部服务站','','','','','','','高中','1986-07','0','0','','','','0','','','','0','0','0','0','否','','','','',''),('6669','','197','普布卓玛','女','1966-11','乃东县','藏族','党员','1982-11','1982-12','0','','2007-07','0','机关单位','高级工','泽当服务站','','','','','','','大专','2003-07','0','0','','','','0','','','','0','2006','2006','0','否','','','','',''),('6670','','197','索朗曲珍','女','1960-05','琼结县','藏族','','1987-01','1987-01','0','','2006-06','0','机关单位','高级工','泽当服务站','','','','','','','暂时没有','','0','0','','','','0','','','','0','2006','2006','0','否','','','','',''),('6671','','197','谭地英','女','1950-06','重庆','汉族','','1982-02','1982-02','0','','1982-02','0','机关单位','普通工','泽当服务站','','','','','','','暂时没有','','0','0','','','','0','','','','0','2006','2006','0','否','','','','',''),('7352','1','197','陈鹏','男','1992-04','河南焦作','汉族','党员','2014-08','2014-08','0','','2020-05','0','机关单位','四级主任科员','山南市泽当老干部服务站','非领导职务','','','','','','大专','2014-08','3','0','','','','0','','','','0','0','0','0','否','','','','',''),('7522','1','197','王玺','男','1979-08','甘肃会宁','汉族','党员','2005-08','2005-08','0','','2020-05','0','机关单位','乡科级正职','山南市泽当老干部服务站','领导职务','','','','','','本科','2005-08','4','0','','','','0','','','','0','0','0','0','','','','','','');|INSERT INTO `tx_jobinfo` (`id`, `personid`, `sort`, `oldposttime`, `oldpostkind`, `oldpostname`, `oldarea`, `oldunitkind`, `oldunitname`, `oldisleader`, `height`)  VALUES ('35586','6671','','1982-02','机关工人','普通工','二类区','机关单位','泽当服务站','','0'),('35585','6670','','2006-06','机关工人','高级工','二类区','机关单位','泽当服务站','','0'),('35584','6670','','1987-01','机关工人','普通工','二类区','机关单位','泽当服务站','','0'),('35574','6669','','2007-07','机关工人','高级工','二类区','机关单位','泽当服务站','','0'),('35573','6669','','1982-11','机关工人','普通工','二类区','机关单位','泽当服务站','','0'),('35581','5795','','2006-07','机关工人','高级工','二类区','机关单位','泽当服务站','','0'),('35583','5796','','2006-07','机关工人','高级工','二类区','机关单位','泽当服务站','','0'),('35577','6668','','2007-06','机关工人','高级工','二类区','机关单位','泽当老干部服务站','','0'),('35576','6668','','2002-01','机关工人','普通工','二类区','机关单位','泽当老干部服务站','','0'),('35575','6668','','1991-12','事业单位工人','普通-普通工','二类区','事业单位','山南市建筑总公司','','0'),('26561','5463','','2010-02','机关工人','高级工','二类区','机关单位','泽当老干部服务站','','0'),('26560','5463','','2006-06','机关工人','中级工','二类区','机关单位','泽当老干部服务站','','0'),('35582','5796','','1984-10','机关工人','普通工','二类区','机关单位','泽当服务站','','0'),('35580','5795','','1984-10','机关工人','普通工','二类区','机关单位','泽当服务站','','0'),('45380','4505','','2005-12','机关工人','中级工','二类区','机关单位','西藏扎囊县扎其乡人民政府','','0'),('53089','4335','','2016-02','公务员','科员','二类区','机关单位','山南市泽当老干部服务站','非领导职务','0'),('53082','4334','','2012-07','公务员','科员','三类区','机关单位','西藏浪卡子县县委','非领导职务','0'),('45381','4505','','2008-10','公务员','科员','二类区','机关单位','山南市泽当老干部服务站','非领导职务','0'),('53094','4333','','2013-08','公务员','科员','二类区','机关单位','西藏桑日县绒乡人民政府','非领导职务','0'),('53095','4333','','2015-12','公务员','科员','二类区','机关单位','山南市泽当老干部服务站','非领导职务','0'),('53096','4333','','2019-12','综合管理公务员','四级主任科员','二类区','机关单位','山南市泽当老干部服务站','非领导职务','0'),('53090','4335','','2019-12','综合管理公务员','四级主任科员','二类区','机关单位','山南市泽当老干部服务站','非领导职务','0'),('45383','4505','','2019-06','综合管理公务员','四级主任科员','二类区','机关单位','山南政府办公室','非领导职务','0'),('45382','4505','','2013-12','公务员','乡科级副职','二类区','机关单位','山南市泽当老干部服务站','非领导职务','0'),('36223','4276','','2010-02','机关工人','高级工','二类区','机关单位','山南市泽当老干部服务站','','0'),('36222','4276','','2006-06','机关工人','中级工','二类区','机关单位','山南市泽当老干部服务站','','0'),('23731','4331','','2010-02','机关工人','高级工','二类区','机关单位','山南市泽当老干部服务站','','0'),('23730','4331','','2006-06','机关工人','中级工','二类区','机关单位','山南市泽当老干部服务站','','0'),('53088','4335','','2011-08','公务员','科员','四类区','机关单位','西藏那曲县那曲镇人民政府','非领导职务','0'),('45369','4336','','2013-12','公务员','乡科级正职','二类区','机关单位','西藏山南泽当老干部服务站','领导职务','0'),('45368','4336','','2011-12','公务员','乡科级正职','二类区','机关单位','西藏山南泽当老干部服务站','非领导职务','0'),('45367','4336','','2000-01','公务员','乡科级副职','二类区','机关单位','西藏山南地委组织部','领导职务','0'),('45366','4336','','1993-10','公务员','乡科级副职','二类区','机关单位','西藏山南地委','非领导职务','0'),('53083','4334','','2016-01','公务员','科员','二类区','机关单位','山南市泽当老干部服务站','非领导职务','0'),('53084','4334','','2019-12','综合管理公务员','四级主任科员','二类区','机关单位','山南市泽当老干部服务站','非领导职务','0'),('53087','7352','','2020-05','综合管理公务员','四级主任科员','二类区','机关单位','山南市泽当老干部服务站','非领导职务','0'),('53074','7522','','2020-05','公务员','乡科级正职','二类区','机关单位','山南市泽当老干部服务站','领导职务','0'),('53065','7522','','2005-08','公务员','科员','二类区','机关单位','西藏自治区乃东县昌珠镇人民政府','非领导职务','0'),('53066','7522','','2006-09','公务员','科员','二类区','机关单位','山南市乃东县县委办','非领导职务','0'),('53067','7522','','2010-06','公务员','科员','二类区','机关单位','山南市委组织部','非领导职务','0'),('53068','7522','','2011-12','公务员','乡科级副职','二类区','机关单位','山南市委组织部','非领导职务','0'),('53069','7522','','2012-08','公务员','乡科级副职','二类区','机关单位','西藏自治区隆子县隆子镇色吉雪村','非领导职务','0'),('53070','7522','','2015-04','公务员','乡科级副职','二类区','机关单位','西藏自治区隆子县隆子镇色吉雪村','领导职务','0'),('53071','7522','','2015-12','公务员','乡科级副职','二类区','机关单位','山南市委组织部','领导职务','0'),('53072','7522','','2016-09','公务员','乡科级正职','二类区','机关单位','山南市委组织部','非领导职务','0'),('53073','7522','','2019-11','综合管理公务员','二级主任科员','二类区','机关单位','山南市委组织部','非领导职务','0'),('53075','4332','','1997-06','公务员','办事员','二类区','机关单位','西藏隆子县法院','非领导职务','0'),('53076','4332','','2000-09','公务员','科员','二类区','机关单位','西藏隆子县法院','非领导职务','0'),('53077','4332','','2003-11','公务员','乡科级副职','二类区','机关单位','西藏隆子县法院','领导职务','0'),('53078','4332','','2005-08','公务员','乡科级正职','二类区','机关单位','西藏隆子县法院','领导职务','0'),('53079','4332','','2015-09','公务员','乡科级正职','二类区','机关单位','山南市泽当老干部服务站','领导职务','0'),('53080','4332','','2019-11','综合管理公务员','一级主任科员','二类区','机关单位','山南市泽当老干部服务站','领导职务','0'),('53081','4332','','2019-12','综合管理公务员','四级调研员','二类区','机关单位','山南市泽当老干部服务站','领导职务','0'),('53086','7352','','2019-12','公务员','科员','二类区','机关单位','山南市泽当老干部服务站','非领导职务','0'),('53085','7352','','2016-08','公务员','科员','二类区','机关单位','山南市泽当老干部服务站','非领导职务','0');|INSERT INTO `tx_studyinfo` (`id`, `personid`, `level`, `gettime`, `school`)  VALUES ('6353','4332','大专','2000-07','全国法律干部业余法律大学'),('6352','4332','本科','2006-01','北京大学'),('6356','4333','本科','2018-01','四川大学'),('6354','7352','本科','2019-01','郑州大学');|INSERT INTO `tx_checkinfo` (`id`, `personid`, `gettime`, `check`)  VALUES ('4462','4505','2007','不通过'),('4461','4505','2006','不通过'),('4863','4333','2013','不确定等次'),('4862','4335','2011','不确定等次'),('4861','7352','2016','不确定等次');|INSERT INTO `tx_heightinfo` (`id`, `personid`, `area`, `city`, `county`, `height`, `acc`, `iscity`, `heightid`, `gettime`)  VALUES ('19774','5796','山南市','山南市','山南市','3550','3-1-1','否','','1984-10'),('19773','5795','山南市','山南市','山南市','3550','3-1-1','否','','1982-11'),('19770','6669','山南市','山南市','山南市','3550','3-1-1','否','196865','1982-11'),('19775','6670','山南市','山南市','山南市','3550','3-1-1','否','196865','1987-01'),('19776','6671','山南市','山南市','山南市','3550','3-1-1','否','196865','1982-02'),('19771','6668','山南市','山南市','山南市','3550','3-1-1','否','196865','1991-12'),('28487','7522','山南市','山南市','山南市','3550','3-1-1','否','','2015-12'),('28486','7522','山南市','隆子县','隆子镇','3975','3-10-2','是','','2012-08'),('28485','7522','山南市','山南市','山南市','3550','3-1-1','否','','2010-06'),('28484','7522','山南市','乃东区','乃东县','3550','3-2-1','否','','2006-09'),('28483','7522','山南市','乃东区','昌珠镇','3600','3-2-3','是','','2005-08'),('24602','4505','山南市','山南市','山南市','3550','3-1-1','否','','2008-10'),('24601','4505','山南市','扎囊县','扎其乡','3800','3-4-5','是','','2005-12'),('24600','4505','山南市','山南市','山南市','3550','3-1-1','否','','1999-12'),('20137','4276','山南市','山南市','山南市','3550','3-1-1','否','','1993-05'),('14127','4331','山南市','山南市','山南市','3550','3-1-1','否','','1994-12'),('28489','4332','山南市','山南市','山南市','3550','3-1-1','否','','2015-09'),('28488','4332','山南市','隆子县','隆子县','3975','3-10-1','否','','1997-06'),('28498','4333','山南市','山南市','山南市','3550','3-1-1','否','','2015-12'),('28497','4333','山南市','桑日县','绒乡','3835','3-7-5','是','','2013-08'),('28491','4334','山南市','山南市','山南市','3550','3-1-1','否','','2016-01'),('28490','4334','山南市','浪卡子县','浪卡子县','4460','3-12-1','否','','2012-07'),('28494','4335','山南市','山南市','山南市','3550','3-1-1','否','','2016-02'),('28493','4335','那曲地区','那曲县','那曲镇','4527','6-2-2','是','','2011-08'),('24590','4336','山南市','山南市','山南市','3550','3-1-1','否','','1982-10'),('15665','5463','山南市','山南市','山南市','3550','3-1-1','否','196865','1988-01'),('28492','7352','山南市','山南市','山南市','3550','3-1-1','否','','2014-08');|