INSERT INTO `tx_personinfo` (`id`, `sort`, `userid`, `name`, `sex`, `birthday`, `origin`, `nation`, `partymember`, `worktime`, `intime`, `inadj`, `inyear`, `posttime`, `postadj`, `unitkind`, `postname`, `unitname`, `isleader`, `lastposttime`, `lastunitkind`, `lastpostname`, `lastunitname`, `area`, `education`, `educationtime`, `schooltime`, `educationadj`, `teacherinfo`, `teacherbegin`, `teacherend`, `teacheradj`, `oneinfo`, `onebegin`, `oneend`, `oneadj`, `check2`, `check5`, `coveradj`, `cadre`, `retiretime`, `height`, `note`, `addon`) VALUES ('3160','0','152','段健正','男','1978-08-22','四川','汉族','','2000-07','2000-07','0','0','2012-06','0','事业单位','专技十级-中级','城关区纳金中心小学','','','','','','','本科','2001-07','0','0','教师','2000-07','','0','','','','0','2006','2006','0','否','','0','',''),('3322','0','152','巴桑','男','1968-01-12','拉萨','藏族','','1986-07','1986-07','0','0','2007-04','0','事业单位','专技十级-中级','城关区纳金中心小学','','','','','','','初中','1986-07','0','0','教师','1986-07','','0','','','','0','2006','2006','0','否','','0','',''),('3367','0','152','央嘎卓玛','女','1979-09-13','西藏拉萨','藏族','','1998-08','1998-08','0','0','2014-05','0','事业单位','专技十级-中级','城关区纳金中心小学','','','','','','','中专','1998-08','0','0','教师','1998-08','','0','','','','0','2006','2006','0','否','','0','',''),('3151','0','152','格桑次仁','男','1980-10-25','拉萨','藏族','','2000-08','2000-08','0','0','2009-03','0','事业单位','专技十二级-助理','城关区纳金中心小学','','','','','','','中专','2000-08','0','0','教师','2000-08','','0','','','','0','2006','2006','0','否','','0','',''),('3152','0','152','尼玛','女','1977-10-05','拉萨','藏族','','1998-07','1998-07','0','0','2006-12','0','事业单位','专技十二级-助理','城关区纳金中心小学','','','','','','','中专','1998-08','0','0','教师','1998-07','','0','','','','0','2006','2006','0','否','','0','',''),('3154','0','152','扎西美多','女','1977-12-01','拉萨','藏族','','1998-07','1998-07','0','0','2012-06','0','事业单位','专技十级-中级','城关区纳金中心小学','','','','','','','中专','1998-07','0','0','教师','1998-07','','0','','','','0','2006','2006','0','否','','0','',''),('3153','0','152','白玛曲珍','女','1980-01-22','拉萨','藏族','','1999-07','1999-07','0','0','2012-06','0','事业单位','专技十级-中级','城关区纳金中心小学','','','','','','','中专','1999-07','0','0','教师','1999-07','','0','','','','0','2006','2006','0','否','','0','',''),('3150','0','152','普珍','女','1977-01-20','昌都','藏族','','1999-07','1999-07','0','0','2005-12','0','事业单位','专技十二级-助理','城关区纳金中心小学','','','','','','','中专','1999-07','0','0','教师','1999-07','','0','','','','0','2006','2006','0','否','','0','',''),('3148','0','152','普布多吉','男','1979-12-05','','藏族','','2004-08','2004-08','0','0','2012-06','0','事业单位','专技十级-中级','城关区纳金中心小学','','','','','','','大专','2004-08','0','0','教师','2004-08','','0','','','','0','2006','2006','0','否','','0','',''),('3147','0','152','史书言','女','1981-01-06','陕西','汉族','','2004-08','2004-08','0','0','2013-05','0','事业单位','专技十级-中级','城关区纳金中心小学','','','','','','','大专','2004-08','0','0','教师','2004-08','','0','','','','0','2006','2006','0','否','','0','',''),('3146','0','152','德央','女','1982-01-04','阿里','藏族','','2004-08','2004-08','0','0','2013-05','0','事业单位','专技十级-中级','城关区纳金中心小学','','','','','','','大专','2004-08','0','0','教师','2004-08','','0','','','','0','2006','2006','0','否','','0','',''),('3155','0','152','央吉','女','1978-12-10','拉萨','藏族','','1999-07','1999-07','0','0','2011-06','0','事业单位','专技十级-中级','城关区纳金中心小学','','','','','','','中专','1999-07','0','0','教师','1999-07','','0','','','','0','2006','2006','0','否','','0','',''),('3156','0','152','牛群力','女','1983-01-13','陕西','汉族','','2006-07','2006-07','0','0','2013-05','0','事业单位','专技十级-中级','城关区纳金中心小学','','','','','','','大专','2006-07','0','0','教师','2006-07','','0','','','','0','2006','2006','0','否','','0','',''),('3158','0','152','德庆曲珍','女','1984-09-10','昌都','藏族','','2006-08','2006-08','0','0','2016-07','0','事业单位','专技十级-中级','城关区纳金中心小学','','','','','','','大专','2006-07','0','0','教师','2006-08','','0','','','','0','2006','2006','0','否','','0','',''),('3159','0','152','格桑云登','男','1982-10-23','陕西','藏族','','2006-07','2006-07','0','0','2013-05','0','事业单位','专技十级-中级','城关区纳金中心小学','','','','','','','大专','2006-07','0','0','教师','2006-07','','0','','','','0','2006','2006','0','否','','0','',''),('3138','0','152','索朗巴措','女','1981-11-30','那曲','藏族','','2003-08','2003-08','0','0','2012-06','0','事业单位','专技十级-中级','城关区纳金中心小学','','','','','','','大专','2003-07','0','0','教师','2003-08','','0','','','','0','2006','2006','0','否','','0','',''),('3140','0','152','曲蕾','女','1983-08-22','河南','汉族','','2004-08','2004-08','0','0','2013-05','0','事业单位','专技十级-中级','城关区纳金中心小学','','','','','','','大专','2004-08','0','0','教师','2004-08','','0','','','','0','2006','2006','0','否','','0','',''),('3139','0','152','达珍','女','1979-02-01','拉萨','藏族','','2004-08','2004-08','0','0','2006-04','0','事业单位','专技十二级-助理','城关区纳金中心小学','','','','','','','大专','2004-08','0','0','教师','2004-08','','0','','','','0','2006','2006','0','否','','0','',''),('3135','0','152','小边珍','女','1982-08-02','日喀则','藏族','','2006-07','2006-07','0','0','2015-12','0','事业单位','专技十级-中级','城关区纳金中心小学','','','','','','','本科','2006-06','0','0','教师','2006-09','','0','','','','0','2006','2006','0','否','','0','',''),('3136','0','152','达瓦曲珍','女','1971-02-01','拉萨','藏族','','1993-07','1993-07','0','0','2012-06','0','事业单位','专技十级-中级','城关区纳金中心小学','','','','','','','中专','1993-07','0','0','教师','1993-07','','0','','','','0','2006','2006','0','否','','0','',''),('3137','0','152','卓玛拉吉','女','1976-10-15','拉萨','藏族','','1997-07','1997-07','0','0','2013-05','0','事业单位','专技十级-中级','城关区纳金中心小学','','','','','','','中专','1997-07','0','0','教师','1997-07','','0','','','','0','2006','2006','0','否','','0','',''),('3131','0','152','次旺拉姆','女','1986-09-28','日喀则','藏族','','2008-08','2008-08','0','0','2010-05','0','事业单位','专技十二级-助理','城关区纳金中心小学','','','','','','','本科','2008-08','0','0','教师','2008-08','','0','','','','0','2008','2008','0','否','','0','',''),('3133','0','152','央金','女','1972-12-04','拉萨','藏族','','1994-07','1994-07','0','0','2008-05','0','事业单位','专技十级-中级','城关区纳金中心小学','','','','','','','中专','1994-07','0','0','教师','1994-07','','0','','','','0','2006','2006','0','否','','0','',''),('3134','0','152','次仁旺姆','女','1975-07-01','拉萨','藏族','','1996-07','1996-07','0','0','2005-12','0','事业单位','专技十二级-助理','城关区纳金中心小学','','','','','','','中专','1996-07','0','0','教师','1996-07','','0','','','','0','2006','2006','0','否','','0','',''),('3388','0','152','次仁德吉','女','1989-05-20','昌都','藏族','','2011-07','2011-07','0','0','2016-08','0','事业单位','专技十二级-助理','城关区纳金中心小学','','','','','','','大专','2011-04','0','0','教师','2011-07','','0','','','','0','2011','2011','0','否','','0','',''),('3132','0','152','张丹楠','女','1982-10-07','山东','汉族','','2005-07','2005-07','0','0','2008-11','0','事业单位','专技十二级-助理','城关区纳金中心小学','','','','','','','大专','2005-07','0','0','教师','2005-07','','0','','','','0','2006','2006','0','否','','0','',''),('3128','0','152','巴桑卓玛','女','1987-03-19','山南','藏族','','2010-08','2010-08','0','0','2012-06','0','事业单位','专技十二级-助理','城关区纳金中心小学','','','','','','','大专','2010-08','0','0','教师','2010-08','','0','','','','0','2010','2010','0','否','','0','',''),('3130','0','152','其加卓嘎','女','1989-01-12','拉萨','藏族','','2009-08','2009-08','0','0','2011-06','0','事业单位','专技十二级-助理','城关区纳金中心小学','','','','','','','大专','2009-08','0','0','教师','2009-08','','0','','','','0','2009','2009','0','否','','0','',''),('3368','0','152','拉巴次仁','女','1968-09-15','西藏拉萨','藏族','','1986-09','1986-09','0','0','2008-05','0','事业单位','专技十级-中级','城关区纳金中心小学','','','','','','','大专','2008-04','0','0','教师','1986-09','','0','','','','0','2006','2006','0','否','','0','',''),('3370','0','152','达瓦','男','1968-04-15','西藏拉萨','藏族','','1986-07','1986-07','0','0','2009-05','0','事业单位','专技十级-中级','城关区纳金中心小学','','','','','','','中专','1996-07','0','0','教师','1996-07','','0','','','','0','2006','2006','0','否','','0','',''),('3371','0','152','阿旺桑姆','女','1975-01-11','西藏拉萨','藏族','','1995-07','1995-07','0','0','2009-05','0','事业单位','专技十级-中级','城关区纳金中心小学','','','','','','','中专','1995-07','0','0','教师','1995-07','','0','','','','0','2006','2006','0','否','','0','',''),('3373','0','152','土旦贡嘎','男','1971-10-15','西藏拉萨','藏族','','1991-10','1991-10','0','0','2009-01','0','事业单位','专技十级-中级','城关区纳金中心小学','','','','','','','中专','1999-12','0','0','教师','1991-10','','0','','','','0','2006','2006','0','否','','0','',''),('3369','0','152','赵健森','男','1976-11-07','安徽','汉族','','1997-07','1997-07','0','0','2006-01','0','事业单位','专技十二级-助理','城关区纳金中心小学','','','','','','','中专','1997-08','0','0','教师','1997-08','','0','','','','0','2006','2006','0','否','','0','',''),('3127','0','152','王丽','女','1988-10-06','四川','汉族','','2009-08','2009-08','0','0','2016-09','0','事业单位','专技十二级-助理','城关区纳金中心小学','','','','','','','大专','2009-08','0','0','教师','2009-08','','0','','','','0','2009','2009','0','否','','0','',''),('3372','0','152','达瓦卓玛','女','1973-02-12','拉萨','藏族','','1992-09','1992-09','0','0','2009-05','0','事业单位','专技十级-中级','城关区纳金中心小学','','','','','','','中专','1999-12','0','0','教师','1992-09','','0','','','','0','2006','2006','0','否','','0','',''),('3097','0','152','卓玛','女','1976-10-15','拉萨','藏族','','1997-07','1997-07','0','0','2009-05','0','事业单位','专技十级-中级','城关区纳金中心小学','','','','','','','中专','1997-08','0','0','教师','1997-09','','0','','','','0','2006','2006','0','否','','0','',''),('3091','0','152','普布顿珠','男','1967-07-01','拉萨','藏族','','1984-10','1984-10','0','0','2008-05','0','事业单位','专技十级-中级','城关区纳金中心小学','','','','','','','初中','1993-10','0','0','教师','1984-10','','0','','','','0','2006','2006','0','否','','0','',''),('3092','0','152','罗布次仁','男','1981-03-14','拉萨','藏族','','2000-08','2000-08','0','0','2000-08','0','事业单位','专技十三级-员级','城关区纳金中心小学','','','','','','','中专','2000-07','0','0','教师','2000-08','','0','','','','0','2006','2006','0','否','','0','',''),('3375','0','152','卓嘎','女','1974-06-25','西藏拉萨','藏族','','1993-07','1993-07','0','0','2007-04','0','事业单位','专技十级-中级','城关区纳金中心小学','','','','','','','中专','1993-07','0','0','教师','1993-07','','0','','','','0','2006','2006','0','否','','0','',''),('3377','0','152','阿玛努','男','1972-03-15','波密','回族','','1993-07','1993-07','0','0','2007-04','0','事业单位','专技十级-中级','城关区纳金中心小学','','','','','','','大专','1993-07','0','0','教师','1993-07','','0','','','','0','2006','2006','0','否','','0','',''),('3376','0','152','小巴桑卓玛','女','1976-11-16','拉萨','藏族','','1996-06','1996-06','0','0','2013-05','0','事业单位','专技十级-中级','城关区纳金中心小学','','','','','','','中专','1996-06','0','0','教师','1996-06','','0','','','','0','2006','2006','0','否','','0','',''),('3381','0','152','次仁央拉','女','1985-01-16','日喀则','藏族','','2004-07','2004-07','0','0','2013-03','0','事业单位','专技十二级-助理','城关区纳金中心小学','','','','','','','大专','2005-08','0','0','教师','2005-07','','0','','','','0','2006','2006','0','否','','0','',''),('3382','0','152','格桑旺姆','女','1986-07-15','拉萨','藏族','','2007-07','2007-07','0','0','2013-09','0','事业单位','专技十二级-助理','城关区纳金中心小学','','','','','','','大专','2007-07','0','0','教师','1985-01','','0','','','','0','2007','2007','0','否','','0','',''),('3380','0','152','格桑卓嘎','女','1980-05-15','日喀则','藏族','','2006-07','2006-07','0','0','2012-06','0','事业单位','专技十二级-助理','城关区纳金中心小学','','','','','','','大专','2007-08','0','0','教师','2007-08','','0','','','','0','2006','2006','0','否','','0','',''),('3379','0','152','普布卓嘎','女','1987-12-17','拉萨','藏族','','2008-07','2008-07','0','0','2009-05','0','事业单位','专技十二级-助理','城关区纳金中心小学','','','','','','','大专','2008-07','0','0','教师','2008-07','','0','','','','0','2008','2008','0','否','','0','',''),('3383','0','152','旺杰','男','1975-05-22','拉萨','藏族','','1997-07','1997-07','0','0','2008-05','0','事业单位','专技十级-中级','城关区纳金中心小学','','','','','','','中专','1997-07','0','0','教师','1997-07','','0','','','','0','2006','2006','0','否','','0','',''),('3384','0','152','达瓦曲珍','女','1992-10-19','山南','藏族','','2013-12','2013-12','0','0','2013-12','0','事业单位','专技十三级-员级','城关区纳金中心小学','','','','','','','本科','2013-07','0','0','教师','2013-12','','0','','','','0','2013','2013','0','否','','0','',''),('3129','0','152','次旦卓嘎','女','1988-12-05','拉萨','藏族','','2009-08','2009-08','0','0','2011-06','0','事业单位','专技十二级-助理','城关区纳金中心小学','','','','','','','大专','2009-08','0','0','教师','2009-08','','0','','','','0','2009','2009','0','否','','0','',''),('3385','0','152','仁增曲珍','女','1989-04-28','山南','藏族','','2010-07','2010-07','0','0','2014-02','0','事业单位','专技十二级-助理','城关区纳金中心小学','','','','','','','大专','2010-07','3','0','教师','2010-07','','0','','','','0','2010','2010','0','否','','0','',''),('3386','0','152','边巴加措','男','1986-09-10','拉萨','藏族','','2007-07','2007-07','0','0','2015-09','0','事业单位','专技十二级-助理','城关区纳金中心小学','','','','','','','大专','2007-06','0','0','教师','2007-07','','0','','','','0','2007','2007','0','否','','0','',''),('3403','0','152','李洪梅','女','1988-09-07','四川','汉族','','2016-08','2016-08','0','0','2016-08','0','事业单位','专技十三级-员级','城关区纳金中心小学','','','','','','','大专','2010-06','0','0','教师','2016-08','','0','','','','0','2016','2016','0','否','','0','',''),('3390','0','152','次仁卓嘎','女','1992-12-05','日喀则','藏族','','2016-08','2016-08','0','0','2016-09','0','事业单位','专技十三级-员级','城关区纳金中心小学','','','','','','','本科','2016-06','0','0','','2016-08','','0','','','','0','2016','2016','0','否','','0','',''),('3342','0','152','普布仓决','女','1975-12-15','西藏昌都','藏族','','1997-07','1997-07','0','0','2011-06','0','事业单位','专技十级-中级','城关区纳金中心小学','','','','','','','中专','1997-08','0','0','教师','1997-08','','0','','','','0','2006','2006','0','否','','0','',''),('3337','0','152','巴桑','女','1973-06-15','西藏甘孜','藏族','','1996-07','1996-07','0','0','2016-09','0','事业单位','专技十二级-助理','城关区纳金中心小学','','','','','','','大专','1996-07','0','0','教师','1996-07','','0','','','','0','2006','2006','0','否','','0','',''),('3324','0','152','米玛次仁 ','男','1969-04-03','拉萨','藏族','','1990-02','1990-02','0','0','2008-05','0','事业单位','专技十级-中级','城关区纳金中心小学','','','','','','','中专','1995-12','0','0','教师','1990-02','','0','','','','0','2006','2006','0','否','','0','',''),('3335','0','152','李树延','男','1981-09-26','甘肃','汉族','','2001-07','2001-07','0','0','2006-05','0','事业单位','专技十二级-助理','城关区纳金中心小学','','','','','','','中专','2001-07','0','0','教师','2001-07','','0','','','','0','2006','2006','0','否','','0','',''),('3333','0','152','赵华兰','女','1974-07-17','四川','汉族','','1998-07','1998-07','0','0','2014-11','0','事业单位','专技七级-副高','城关区纳金中心小学','','','','','','','中专','1998-08','0','0','教师','1998-07','','0','','','','0','2006','2006','0','否','','0','',''),('3338','0','152','索朗玉珍','女','1986-02-01','西藏拉萨','藏族','','2007-07','2007-07','0','0','2014-05','0','事业单位','专技十级-中级','城关区纳金中心小学','','','','','','','大专','2007-07','0','0','教师','2007-07','','0','','','','0','2007','2007','0','否','','0','',''),('3378','0','152','李德生','男','1988-10-15','河南','汉族','','2012-11','2012-11','0','0','2014-05','0','事业单位','专技十二级-助理','城关区纳金中心小学','','','','','','','大专','2012-07','0','0','教师','2012-11','','0','','','','0','2012','2012','0','否','','0','',''),('3331','0','152','次德吉','女','1979-02-27','西藏拉萨','藏族','','2003-08','2003-08','0','0','2004-08','0','事业单位','专技十二级-助理','城关区纳金中心小学','','','','','','','本科','2003-08','0','0','教师','2003-08','','0','','','','0','2006','2006','0','否','','0','',''),('3481','0','152','次多','男','1994-02-15','拉萨','藏族','','2016-08','2016-08','0','0','2016-08','0','事业单位','专技十三级-员级','城关区纳金中心小学','','','','','','','大专','2016-07','0','0','教师','2016-08','','0','','','','0','2016','2016','0','否','','0','',''),('3387','0','152','西热加措','男','1984-07-28','那区','藏族','','2006-07','2006-07','0','0','2016-03','0','事业单位','专技十二级-助理','城关区纳金中心小学','','','','','','','大专','2006-07','0','0','教师','2006-07','','0','','','','0','2006','2006','0','否','','0','',''),('3323','0','152','格桑旺堆','男','1974-06-20','山南','藏族','','1994-07','1994-07','0','0','2008-05','0','事业单位','专技十级-中级','城关区纳金中心小学','','','','','','','中专','1994-07','0','0','教师','1994-07','','0','','','','0','2006','2006','0','否','','0','',''),('3326','0','152','格桑扎西','男','1990-10-25','昌都','藏族','','2000-08','2000-08','0','0','2008-05','0','事业单位','专技十级-中级','城关区纳金中心小学','','','','','','','中专','1996-07','0','0','教师','1996-07','','0','','','','0','2006','2006','0','否','','0','',''),('3325','0','152','强巴云旦','男','1970-01-04','西藏拉萨','藏族','','1990-03','1990-03','0','0','2002-09','0','事业单位','专技十二级-助理','城关区纳金中心小学','','','','','','','初中','1990-03','0','0','教师','1990-03','','0','','','','0','2006','2006','0','否','','0','',''),('3327','0','152','次勇','女','1971-09-20','西藏昌都','藏族','','1992-07','1992-07','0','0','2008-05','0','事业单位','专技十级-中级','城关区纳金中心小学','','','','','','','中专','1992-07','0','0','教师','1992-07','','0','','','','0','2006','2006','0','否','','0','',''),('3328','0','152','多吉次仁','男','1975-11-01','西藏拉萨','藏族','','1996-07','1996-07','0','0','2004-02','0','事业单位','专技十一级','城关区纳金中心小学','','','','','','','中专','1996-07','0','0','教师','1996-07','','0','','','','0','2006','2006','0','否','','0','',''),('3374','0','152','多次仁','男','1973-10-23','西藏拉萨','藏族','','1993-07','1993-07','0','0','2007-04','0','事业单位','专技十级-中级','城关区纳金中心小学','','','','','','','中专','1993-07','0','0','教师','1993-07','','0','','','','0','2006','2006','0','否','','0','','');|INSERT INTO `tx_jobinfo` (`id`, `personid`, `sort`, `oldposttime`, `oldpostkind`, `oldpostname`, `oldarea`, `oldunitkind`, `oldunitname`, `oldisleader`, `height`)  VALUES ('16644','3328','0','2009-05','事业单位专业技术人员','专技十级-中级','二类区','事业单位','城关区纳金中心小学','','0'),('16560','3481','0','2016-08','事业单位专业技术人员','专技十三级-员级','二类区','事业单位','城关区纳金中心小学','','0'),('16557','3387','0','2006-07','事业单位专业技术人员','专技十三级-员级','四类区','事业单位','城关区纳金中心小学','','0'),('16561','3403','0','2016-08','事业单位专业技术人员','专技十三级-员级','二类区','事业单位','城关区纳金中心小学','','0'),('17040','3388','0','2012-12','事业单位专业技术人员','专技十二级-助理','四类区','事业单位','城关区纳金中心小学','','0'),('17039','3388','0','2011-07','事业单位专业技术人员','专技十三级-员级','四类区','事业单位','城关区纳金中心小学','','0'),('17041','3388','0','2016-08','事业单位专业技术人员','专技十二级-助理','二类区','事业单位','城关区纳金中心小学','','0'),('16558','3387','0','2012-09','事业单位专业技术人员','专技十二级-助理','二类区','事业单位','城关区纳金中心小学','','0'),('16559','3387','0','2016-03','事业单位专业技术人员','专技十二级-助理','二类区','事业单位','城关区纳金中心小学','','0'),('15742','3386','0','2015-09','事业单位专业技术人员','专技十二级-助理','二类区','事业单位','城关区纳金中心小学','','0'),('15741','3386','0','2011-11','事业单位专业技术人员','专技十二级-助理','四类区','事业单位','城关区纳金中心小学','','0'),('15740','3386','0','2008-08','事业单位专业技术人员','专技十三级-员级','四类区','事业单位','城关区纳金中心小学','','0'),('15739','3386','0','2007-07','事业单位专业技术人员','专技十三级-员级','三类区','事业单位','城关区纳金中心小学','','0'),('15900','3385','0','2010-07','事业单位专业技术人员','专技十三级-员级','二类区','事业单位','城关区纳金中心小学','','0'),('15901','3385','0','2013-10','事业单位专业技术人员','专技十二级-助理','二类区','事业单位','城关区纳金中心小学','','0'),('15902','3385','0','2014-02','事业单位专业技术人员','专技十二级-助理','二类区','事业单位','城关区纳金中心小学','','0'),('15734','3383','0','2008-05','事业单位专业技术人员','专技十级-中级','二类区','事业单位','城关区纳金中心小学','','0'),('15735','3384','0','2013-12','事业单位专业技术人员','专技十三级-员级','二类区','事业单位','城关区纳金中心小学','','0'),('15733','3383','0','2002-12','事业单位专业技术人员','专技十二级-助理','二类区','事业单位','城关区纳金中心小学','','0'),('15732','3383','0','1997-08','事业单位专业技术人员','专技十三级-员级','二类区','事业单位','城关区纳金中心小学','','0'),('15730','3382','0','2011-05','事业单位专业技术人员','专技十二级-助理','四类区','事业单位','城关区纳金中心小学','','0'),('15731','3382','0','2013-09','事业单位专业技术人员','专技十二级-助理','二类区','事业单位','城关区纳金中心小学','','0'),('15729','3382','0','2007-07','事业单位专业技术人员','专技十三级-员级','四类区','事业单位','城关区纳金中心小学','','0'),('16568','3381','0','2010-05','事业单位专业技术人员','专技十二级-助理','四类区','事业单位','城关区纳金中心小学','','0'),('16567','3381','0','2005-07','事业单位专业技术人员','专技十三级-员级','四类区','事业单位','城关区纳金中心小学','','0'),('16570','3380','0','2007-08','事业单位专业技术人员','专技十三级-员级','二类区','事业单位','城关区纳金中心小学','','0'),('16569','3381','0','2013-03','事业单位专业技术人员','专技十二级-助理','二类区','事业单位','城关区纳金中心小学','','0'),('16571','3380','0','2012-06','事业单位专业技术人员','专技十二级-助理','二类区','事业单位','城关区纳金中心小学','','0'),('16599','3379','0','2009-05','事业单位专业技术人员','专技十二级-助理','二类区','事业单位','城关区纳金中心小学','','0'),('16598','3379','0','2008-07','事业单位专业技术人员','专技十三级-员级','二类区','事业单位','城关区纳金中心小学','','0'),('16596','3378','0','2012-11','事业单位专业技术人员','专技十三级-员级','二类区','事业单位','城关区纳金中心小学','','0'),('16591','3377','0','2001-01','事业单位专业技术人员','专技十二级-助理','二类区','事业单位','城关区纳金中心小学','','0'),('16590','3377','0','1993-07','事业单位专业技术人员','专技十三级-员级','二类区','事业单位','城关区纳金中心小学','','0'),('16597','3378','0','2014-05','事业单位专业技术人员','专技十二级-助理','二类区','事业单位','城关区纳金中心小学','','0'),('16594','3376','0','2004-12','事业单位专业技术人员','专技十二级-助理','二类区','事业单位','城关区纳金中心小学','','0'),('16592','3377','0','2007-04','事业单位专业技术人员','专技十级-中级','二类区','事业单位','城关区纳金中心小学','','0'),('16593','3376','0','1996-06','事业单位专业技术人员','专技十三级-员级','二类区','事业单位','城关区纳金中心小学','','0'),('16601','3375','0','2001-01','事业单位专业技术人员','专技十二级-助理','二类区','事业单位','城关区纳金中心小学','','0'),('16600','3375','0','1993-07','事业单位专业技术人员','专技十三级-员级','二类区','事业单位','城关区纳金中心小学','','0'),('16595','3376','0','2013-05','事业单位专业技术人员','专技十级-中级','二类区','事业单位','城关区纳金中心小学','','0'),('16602','3375','0','2007-04','事业单位专业技术人员','专技十级-中级','二类区','事业单位','城关区纳金中心小学','','0'),('16604','3374','0','2001-01','事业单位专业技术人员','专技十二级-助理','二类区','事业单位','城关区纳金中心小学','','0'),('16603','3374','0','1993-07','事业单位专业技术人员','专技十三级-员级','二类区','事业单位','城关区纳金中心小学','','0'),('16605','3374','0','2007-04','事业单位专业技术人员','专技十级-中级','二类区','事业单位','城关区纳金中心小学','','0'),('16606','3373','0','2001-05','事业单位专业技术人员','专技十三级-员级','二类区','事业单位','城关区纳金中心小学','','0'),('16607','3373','0','2001-12','事业单位专业技术人员','专技十二级-助理','二类区','事业单位','城关区纳金中心小学','','0'),('16608','3373','0','2009-01','事业单位专业技术人员','专技十级-中级','二类区','事业单位','城关区纳金中心小学','','0'),('16610','3372','0','2001-12','事业单位专业技术人员','专技十二级-助理','二类区','事业单位','城关区纳金中心小学','','0'),('16611','3372','0','2009-05','事业单位专业技术人员','专技十级-中级','二类区','事业单位','城关区纳金中心小学','','0'),('16612','3371','0','1995-07','事业单位专业技术人员','专技十三级-员级','二类区','事业单位','城关区纳金中心小学','','0'),('16609','3372','0','2001-05','事业单位专业技术人员','专技十三级-员级','二类区','事业单位','城关区纳金中心小学','','0'),('16613','3371','0','2002-09','事业单位专业技术人员','专技十二级-助理','二类区','事业单位','城关区纳金中心小学','','0'),('16615','3370','0','1996-07','事业单位专业技术人员','专技十三级-员级','二类区','事业单位','城关区纳金中心小学','','0'),('16614','3371','0','2009-05','事业单位专业技术人员','专技十级-中级','二类区','事业单位','城关区纳金中心小学','','0'),('16616','3370','0','2001-11','事业单位专业技术人员','专技十二级-助理','二类区','事业单位','城关区纳金中心小学','','0'),('16618','3369','0','1997-08','事业单位专业技术人员','专技十三级-员级','二类区','事业单位','城关区纳金中心小学','','0'),('16617','3370','0','2009-05','事业单位专业技术人员','专技十级-中级','二类区','事业单位','城关区纳金中心小学','','0'),('16619','3369','0','2006-01','事业单位专业技术人员','专技十二级-助理','二类区','事业单位','城关区纳金中心小学','','0'),('16620','3368','0','2002-01','事业单位专业技术人员','专技十二级-助理','二类区','事业单位','城关区纳金中心小学','','0'),('16621','3368','0','2008-05','事业单位专业技术人员','专技十级-中级','二类区','事业单位','城关区纳金中心小学','','0'),('16626','3342','0','2003-12','事业单位专业技术人员','专技十二级-助理','二类区','事业单位','城关区纳金中心小学','','0'),('16628','3338','0','2007-07','事业单位专业技术人员','专技十三级-员级','二类区','事业单位','城关区纳金中心小学','','0'),('16627','3342','0','2011-06','事业单位专业技术人员','专技十级-中级','二类区','事业单位','城关区纳金中心小学','','0'),('16630','3338','0','2014-05','事业单位专业技术人员','专技十级-中级','二类区','事业单位','城关区纳金中心小学','','0'),('16629','3338','0','2009-03','事业单位专业技术人员','专技十二级-助理','二类区','事业单位','城关区纳金中心小学','','0'),('16631','3337','0','1996-07','事业单位专业技术人员','专技十三级-员级','二类区','事业单位','城关区纳金中心小学','','0'),('16633','3337','0','2014-05','事业单位专业技术人员','专技十级-中级','二类区','事业单位','城关区纳金中心小学','','0'),('16632','3337','0','2001-10','事业单位专业技术人员','专技十二级-助理','二类区','事业单位','城关区纳金中心小学','','0'),('16635','3335','0','2006-05','事业单位专业技术人员','专技十二级-助理','二类区','事业单位','城关区纳金中心小学','','0'),('16634','3335','0','2001-07','事业单位专业技术人员','专技十三级-员级','二类区','事业单位','城关区纳金中心小学','','0'),('16562','3390','0','2016-09','事业单位专业技术人员','专技十三级-员级','二类区','事业单位','城关区纳金中心小学','','0'),('16641','3331','0','2004-08','事业单位专业技术人员','专技十二级-助理','二类区','事业单位','城关区纳金中心小学','','0'),('16640','3333','0','2014-11','事业单位专业技术人员','专技七级-副高','二类区','事业单位','城关区纳金中心小学','','0'),('16639','3333','0','2008-05','事业单位专业技术人员','专技十级-中级','二类区','事业单位','城关区纳金中心小学','','0'),('16638','3333','0','2002-09','事业单位专业技术人员','专技十二级-助理','二类区','事业单位','城关区纳金中心小学','','0'),('16637','3333','0','1998-07','事业单位专业技术人员','专技十三级-员级','二类区','事业单位','城关区纳金中心小学','','0'),('16642','3328','0','1996-07','事业单位专业技术人员','专技十三级-员级','二类区','事业单位','城关区纳金中心小学','','0'),('16643','3328','0','2004-02','事业单位专业技术人员','专技十一级','二类区','事业单位','城关区纳金中心小学','','0'),('16648','3326','0','1996-07','事业单位专业技术人员','专技十三级-员级','二类区','事业单位','城关区纳金中心小学','','0'),('16649','3326','0','2002-09','事业单位专业技术人员','专技十二级-助理','二类区','事业单位','城关区纳金中心小学','','0'),('16647','3327','0','2008-05','事业单位专业技术人员','专技十级-中级','二类区','事业单位','城关区纳金中心小学','','0'),('16646','3327','0','2001-01','事业单位专业技术人员','专技十二级-助理','二类区','事业单位','城关区纳金中心小学','','0'),('16645','3327','0','1992-07','事业单位专业技术人员','专技十三级-员级','二类区','事业单位','城关区纳金中心小学','','0'),('16650','3326','0','2008-05','事业单位专业技术人员','专技十级-中级','二类区','事业单位','城关区纳金中心小学','','0'),('16651','3325','0','1999-11','事业单位专业技术人员','专技十三级-员级','二类区','事业单位','城关区纳金中心小学','','0'),('16658','3323','0','2008-05','事业单位专业技术人员','专技十级-中级','二类区','事业单位','城关区纳金中心小学','','0'),('16652','3325','0','2002-09','事业单位专业技术人员','专技十二级-助理','二类区','事业单位','城关区纳金中心小学','','0'),('16657','3323','0','2001-12','事业单位专业技术人员','专技十二级-助理','二类区','事业单位','城关区纳金中心小学','','0'),('16656','3323','0','1994-07','事业单位专业技术人员','专技十三级-员级','二类区','事业单位','城关区纳金中心小学','','0'),('16653','3324','0','1995-08','事业单位专业技术人员','专技十三级-员级','二类区','事业单位','城关区纳金中心小学','','0'),('16654','3324','0','2002-09','事业单位专业技术人员','专技十二级-助理','二类区','事业单位','城关区纳金中心小学','','0'),('16655','3324','0','2008-05','事业单位专业技术人员','专技十级-中级','二类区','事业单位','城关区纳金中心小学','','0'),('16659','3322','0','1985-11','事业单位专业技术人员','专技十三级-员级','二类区','事业单位','城关区纳金中心小学','','0'),('16660','3322','0','2002-09','事业单位专业技术人员','专技十二级-助理','二类区','事业单位','城关区纳金中心小学','','0'),('16662','3160','0','2000-07','事业单位专业技术人员','专技十三级-员级','二类区','事业单位','城关区纳金中心小学','','0'),('16661','3322','0','2007-04','事业单位专业技术人员','专技十级-中级','二类区','事业单位','城关区纳金中心小学','','0'),('16663','3160','0','2002-05','事业单位专业技术人员','专技十二级-助理','二类区','事业单位','城关区纳金中心小学','','0'),('16665','3159','0','2006-07','事业单位专业技术人员','专技十三级-员级','二类区','事业单位','城关区纳金中心小学','','0'),('16664','3160','0','2012-06','事业单位专业技术人员','专技十级-中级','二类区','事业单位','城关区纳金中心小学','','0'),('16667','3159','0','2013-05','事业单位专业技术人员','专技十级-中级','二类区','事业单位','城关区纳金中心小学','','0'),('16666','3159','0','2007-12','事业单位专业技术人员','专技十二级-助理','二类区','事业单位','城关区纳金中心小学','','0'),('16678','3158','0','2006-08','事业单位专业技术人员','专技十三级-员级','二类区','事业单位','城关区纳金中心小学','','0'),('16680','3158','0','2016-07','事业单位专业技术人员','专技十级-中级','二类区','事业单位','城关区纳金中心小学','','0'),('16679','3158','0','2007-12','事业单位专业技术人员','专技十二级-助理','二类区','事业单位','城关区纳金中心小学','','0'),('14681','3156','0','2007-12','事业单位专业技术人员','专技十二级-助理','二类区','事业单位','城关区纳金中心小学','','0'),('14682','3156','0','2013-05','事业单位专业技术人员','专技十级-中级','二类区','事业单位','城关区纳金中心小学','','0'),('14680','3156','0','2006-07','事业单位专业技术人员','专技十三级-员级','二类区','事业单位','城关区纳金中心小学','','0'),('16681','3155','0','1999-07','事业单位专业技术人员','专技十三级-员级','二类区','事业单位','城关区纳金中心小学','','0'),('16682','3155','0','2004-12','事业单位专业技术人员','专技十二级-助理','二类区','事业单位','城关区纳金中心小学','','0'),('16684','3154','0','1998-07','事业单位专业技术人员','专技十三级-员级','二类区','事业单位','城关区纳金中心小学','','0'),('16683','3155','0','2011-06','事业单位专业技术人员','专技十级-中级','二类区','事业单位','城关区纳金中心小学','','0'),('16685','3154','0','2005-12','事业单位专业技术人员','专技十二级-助理','二类区','事业单位','城关区纳金中心小学','','0'),('16686','3154','0','2012-06','事业单位专业技术人员','专技十级-中级','二类区','事业单位','城关区纳金中心小学','','0'),('16687','3153','0','1999-07','事业单位专业技术人员','专技十三级-员级','二类区','事业单位','城关区纳金中心小学','','0'),('16690','3152','0','1998-07','事业单位专业技术人员','专技十三级-员级','二类区','事业单位','城关区纳金中心小学','','0'),('16689','3153','0','2012-06','事业单位专业技术人员','专技十级-中级','二类区','事业单位','城关区纳金中心小学','','0'),('16692','3151','0','2000-08','事业单位专业技术人员','专技十三级-员级','二类区','事业单位','城关区纳金中心小学','','0'),('16691','3152','0','2006-12','事业单位专业技术人员','专技十二级-助理','二类区','事业单位','城关区纳金中心小学','','0'),('16693','3151','0','2009-03','事业单位专业技术人员','专技十二级-助理','二类区','事业单位','城关区纳金中心小学','','0'),('16695','3150','0','2005-12','事业单位专业技术人员','专技十二级-助理','二类区','事业单位','城关区纳金中心小学','','0'),('16694','3150','0','1999-07','事业单位专业技术人员','专技十三级-员级','二类区','事业单位','城关区纳金中心小学','','0'),('16697','3148','0','2006-04','事业单位专业技术人员','专技十二级-助理','二类区','事业单位','城关区纳金中心小学','','0'),('16696','3148','0','2004-08','事业单位专业技术人员','专技十三级-员级','二类区','事业单位','城关区纳金中心小学','','0'),('16698','3148','0','2012-06','事业单位专业技术人员','专技十级-中级','二类区','事业单位','城关区纳金中心小学','','0'),('16700','3147','0','2006-04','事业单位专业技术人员','专技十二级-助理','二类区','事业单位','城关区纳金中心小学','','0'),('16699','3147','0','2004-08','事业单位专业技术人员','专技十三级-员级','二类区','事业单位','城关区纳金中心小学','','0'),('16707','3140','0','2013-05','事业单位专业技术人员','专技十级-中级','二类区','事业单位','城关区纳金中心小学','','0'),('16709','3139','0','2006-04','事业单位专业技术人员','专技十二级-助理','二类区','事业单位','城关区纳金中心小学','','0'),('16708','3139','0','2004-08','事业单位专业技术人员','专技十三级-员级','二类区','事业单位','城关区纳金中心小学','','0'),('15789','3138','0','2003-08','事业单位专业技术人员','专技十三级-员级','二类区','事业单位','城关区纳金中心小学','','0'),('15790','3138','0','2005-12','事业单位专业技术人员','专技十二级-助理','二类区','事业单位','城关区纳金中心小学','','0'),('15791','3138','0','2012-06','事业单位专业技术人员','专技十级-中级','二类区','事业单位','城关区纳金中心小学','','0'),('16710','3137','0','1997-07','事业单位专业技术人员','专技十三级-员级','二类区','事业单位','城关区纳金中心小学','','0'),('16711','3137','0','2002-09','事业单位专业技术人员','专技十二级-助理','二类区','事业单位','城关区纳金中心小学','','0'),('16712','3137','0','2013-05','事业单位专业技术人员','专技十级-中级','二类区','事业单位','城关区纳金中心小学','','0'),('16713','3136','0','1993-07','事业单位专业技术人员','专技十三级-员级','二类区','事业单位','城关区纳金中心小学','','0'),('16714','3136','0','2001-01','事业单位专业技术人员','专技十二级-助理','二类区','事业单位','城关区纳金中心小学','','0'),('16715','3136','0','2012-06','事业单位专业技术人员','专技十级-中级','二类区','事业单位','城关区纳金中心小学','','0'),('16716','3135','0','2006-09','事业单位专业技术人员','专技十二级-助理','二类区','事业单位','城关区纳金中心小学','','0'),('16718','3134','0','2005-12','事业单位专业技术人员','专技十二级-助理','二类区','事业单位','城关区纳金中心小学','','0'),('16717','3134','0','1996-07','事业单位专业技术人员','专技十三级-员级','二类区','事业单位','城关区纳金中心小学','','0'),('16719','3133','0','1994-07','事业单位专业技术人员','专技十三级-员级','二类区','事业单位','城关区纳金中心小学','','0'),('16720','3133','0','2001-12','事业单位专业技术人员','专技十二级-助理','二类区','事业单位','城关区纳金中心小学','','0'),('16721','3133','0','2008-05','事业单位专业技术人员','专技十级-中级','二类区','事业单位','城关区纳金中心小学','','0'),('16722','3132','0','2005-07','事业单位专业技术人员','专技十三级-员级','三类区','事业单位','城关区纳金中心小学','','0'),('16723','3132','0','2008-11','事业单位专业技术人员','专技十二级-助理','二类区','事业单位','城关区纳金中心小学','','0'),('16724','3131','0','2008-08','事业单位专业技术人员','专技十三级-员级','二类区','事业单位','城关区纳金中心小学','','0'),('16725','3131','0','2010-05','事业单位专业技术人员','专技十二级-助理','二类区','事业单位','城关区纳金中心小学','','0'),('16726','3130','0','2009-08','事业单位专业技术人员','专技十三级-员级','二类区','事业单位','城关区纳金中心小学','','0'),('16727','3130','0','2011-06','事业单位专业技术人员','专技十二级-助理','二类区','事业单位','城关区纳金中心小学','','0'),('16728','3129','0','2009-08','事业单位专业技术人员','专技十三级-员级','二类区','事业单位','城关区纳金中心小学','','0'),('16729','3129','0','2011-06','事业单位专业技术人员','专技十二级-助理','二类区','事业单位','城关区纳金中心小学','','0'),('16730','3128','0','2010-08','事业单位专业技术人员','专技十三级-员级','二类区','事业单位','城关区纳金中心小学','','0'),('16731','3128','0','2012-06','事业单位专业技术人员','专技十二级-助理','二类区','事业单位','城关区纳金中心小学','','0'),('16732','3127','0','2009-08','事业单位专业技术人员','专技十三级-员级','二类区','事业单位','城关区纳金中心小学','','0'),('16733','3127','0','2011-06','事业单位专业技术人员','专技十二级-助理','二类区','事业单位','城关区纳金中心小学','','0'),('16735','3097','0','2002-09','事业单位专业技术人员','专技十二级-助理','二类区','事业单位','城关区纳金中心小学','','0'),('16688','3153','0','2005-12','事业单位专业技术人员','专技十二级-助理','二类区','事业单位','城关区纳金中心小学','','0'),('16736','3097','0','2009-05','事业单位专业技术人员','专技十级-中级','二类区','事业单位','城关区纳金中心小学','','0'),('16734','3097','0','1997-07','事业单位专业技术人员','专技十三级-员级','二类区','事业单位','城关区纳金中心小学','','0'),('16705','3140','0','2004-08','事业单位专业技术人员','专技十三级-员级','二类区','事业单位','城关区纳金中心小学','','0'),('16706','3140','0','2006-04','事业单位专业技术人员','专技十二级-助理','二类区','事业单位','城关区纳金中心小学','','0'),('16704','3146','0','2013-05','事业单位专业技术人员','专技十级-中级','二类区','事业单位','城关区纳金中心小学','','0'),('16702','3146','0','2004-08','事业单位专业技术人员','专技十三级-员级','二类区','事业单位','城关区纳金中心小学','','0'),('16703','3146','0','2006-04','事业单位专业技术人员','专技十二级-助理','二类区','事业单位','城关区纳金中心小学','','0'),('16701','3147','0','2013-05','事业单位专业技术人员','专技十级-中级','二类区','事业单位','城关区纳金中心小学','','0'),('16737','3092','0','2000-08','事业单位专业技术人员','专技十三级-员级','二类区','事业单位','城关区纳金中心小学','','0'),('16740','3091','0','2008-05','事业单位专业技术人员','专技十级-中级','二类区','事业单位','城关区纳金中心小学','','0'),('16739','3091','0','1997-05','事业单位专业技术人员','专技十二级-助理','二类区','事业单位','城关区纳金中心小学','','0'),('16738','3091','0','1984-10','事业单位专业技术人员','专技十三级-员级','二类区','事业单位','城关区纳金中心小学','','0'),('16625','3342','0','1997-08','事业单位专业技术人员','专技十三级-员级','二类区','事业单位','城关区纳金中心小学','','0'),('16624','3367','0','2014-05','事业单位专业技术人员','专技十级-中级','二类区','事业单位','城关区纳金中心小学','','0'),('16623','3367','0','2003-12','事业单位专业技术人员','专技十二级-助理','二类区','事业单位','城关区纳金中心小学','','0'),('16622','3367','0','1998-08','事业单位专业技术人员','专技十三级-员级','二类区','事业单位','城关区纳金中心小学','','0');|INSERT INTO `tx_studyinfo` (`id`, `personid`, `level`, `gettime`, `school`)  VALUES ('1648','3481','大专','2016-07','拉萨师范高等专科学校'),('1650','3390','本科','2016-05','西藏大学财经学院'),('1647','3387','大专','2006-06','湖南民族教育职业学院'),('1649','3403','大专','2010-06','内江师范学院'),('1651','3380','中专','2016-09','');|INSERT INTO `tx_heightinfo` (`id`, `personid`, `area`, `city`, `county`, `height`, `acc`, `iscity`, `heightid`, `gettime`)  VALUES ('10304','3388','拉萨市','城关区','纳金乡','3670','1-2-13','是','0','2016-09'),('9926','3387','那曲地区','聂荣县','尼玛乡','4725','6-10-7','是','0','2006-07'),('9927','3387','那曲地区','那曲地区','那曲地区','4527','6-1-1','否','0','2009-09'),('9928','3387','拉萨市','城关区','吉崩岗街道办','3650','1-2-4','否','0','2012-07'),('9929','3387','拉萨市','城关区','纳金乡','3670','1-2-13','是','0','2016-03'),('9321','3386','拉萨市','城关区','纳金乡','3670','1-2-13','是','66061','2015-09'),('9320','3386','日喀则市','昂仁县','尼果乡','4750','2-8-11','是','133131','2008-08'),('9319','3386','日喀则市','昂仁县','秋窝乡','4175','2-8-5','是','133125','2007-07'),('9416','3385','山南市','琼结县','琼结镇','3950','3-3-2','是','0','2010-07'),('9417','3385','拉萨市','城关区','纳金乡','3670','1-2-13','是','0','2014-03'),('9316','3384','拉萨市','城关区','城关区','3650','1-2-1','否','66049','2013-12'),('9315','3383','拉萨市','城关区','纳金乡','3670','1-2-13','是','66061','2013-01'),('9314','3383','拉萨市','墨竹工卡县','工卡镇','3858','1-9-2','是','67842','1997-08'),('9313','3382','拉萨市','城关区','纳金乡','3670','1-2-13','是','66061','2013-09'),('9312','3382','那曲地区','安多县','岗尼乡','4931','6-7-11','是','395019','2007-07'),('9939','3381','那曲地区','比如县','夏曲镇','4448','6-4-3','是','0','2005-07'),('9940','3381','拉萨市','城关区','纳金乡','3670','1-2-13','是','0','2013-03'),('9941','3380','昌都市','察雅县','巴日乡','3880','5-10-7','是','0','2007-08'),('9942','3380','拉萨市','林周县','边交林乡','3869','1-3-7','是','0','2009-07'),('9943','3380','拉萨市','城关区','纳金乡','3670','1-2-13','是','0','2012-03'),('9970','3379','拉萨市','尼木县','吞巴乡','3930','1-5-9','是','0','2008-07'),('9971','3379','拉萨市','城关区','纳金乡','3670','1-2-13','是','0','2012-03'),('9969','3378','拉萨市','城关区','纳金乡','3670','1-2-13','是','0','2012-11'),('9965','3377','拉萨市','城关区','城关区','3650','1-2-1','否','0','1993-07'),('9966','3377','拉萨市','城关区','纳金乡','3670','1-2-13','是','0','2011-12'),('9967','3376','拉萨市','曲水县','曲水县','3685','1-6-1','否','0','1996-06'),('9968','3376','拉萨市','城关区','纳金乡','3670','1-2-13','是','0','2010-08'),('9972','3375','拉萨市','城关区','纳金乡','3670','1-2-13','是','0','1993-07'),('9973','3374','拉萨市','城关区','纳金乡','3670','1-2-13','是','0','1993-07'),('9974','3373','拉萨市','城关区','纳金乡','3670','1-2-13','是','0','1991-10'),('9975','3372','拉萨市','城关区','纳金乡','3670','1-2-13','是','0','1992-09'),('9976','3371','拉萨市','墨竹工卡县','墨竹工卡县','3858','1-9-1','否','0','1995-07'),('9977','3371','拉萨市','城关区','纳金乡','3670','1-2-13','是','0','2001-03'),('9978','3370','拉萨市','城关区','纳金乡','3670','1-2-13','是','0','1989-09'),('9979','3369','拉萨市','尼木县','尼木县','3836','1-5-1','否','0','1997-08'),('9980','3369','拉萨市','城关区','纳金乡','3670','1-2-13','是','0','2009-08'),('9981','3368','拉萨市','城关区','纳金乡','3670','1-2-13','是','0','1986-09'),('9982','3367','拉萨市','达孜县','塔杰乡','3800','1-8-3','是','0','1998-08'),('9983','3367','拉萨市','城关区','纳金乡','3670','1-2-13','是','0','2008-08'),('9984','3342','拉萨市','尼木县','续迈乡','4203','1-5-7','是','0','1997-08'),('9985','3342','拉萨市','尼木县','尼木县','3836','1-5-1','否','0','2001-07'),('9986','3342','拉萨市','城关区','纳金乡','3670','1-2-13','是','0','2006-08'),('9987','3338','拉萨市','城关区','纳金乡','3670','1-2-13','是','0','2007-07'),('9988','3337','拉萨市','城关区','纳金乡','3670','1-2-13','是','0','1996-07'),('9989','3335','拉萨市','林周县','江热夏乡','3793','1-3-8','是','0','2001-07'),('9990','3335','拉萨市','林周县','卡孜乡','3923','1-3-6','是','0','2008-08'),('9991','3335','拉萨市','城关区','纳金乡','3670','1-2-13','是','0','2009-01'),('9993','3333','拉萨市','城关区','纳金乡','3670','1-2-13','是','0','1998-07'),('9994','3331','昌都市','八宿县','八宿县','3663','5-12-1','否','0','2003-08'),('9995','3331','拉萨市','城关区','纳金乡','3670','1-2-13','是','0','2009-08'),('9932','3390','拉萨市','城关区','纳金乡','3670','1-2-13','是','0','2016-08'),('9996','3328','拉萨市','城关区','纳金乡','3670','1-2-13','是','0','1996-07'),('9997','3327','拉萨市','城关区','城关区','3650','1-2-1','否','0','1992-07'),('9998','3327','拉萨市','城关区','纳金乡','3670','1-2-13','是','0','1993-07'),('9999','3326','昌都市','贡觉县','贡觉县','3725','5-3-1','否','0','1996-09'),('10000','3326','拉萨市','城关区','纳金乡','3670','1-2-13','是','0','1998-12'),('10001','3325','拉萨市','城关区','纳金乡','3670','1-2-13','是','0','1990-09'),('10002','3324','拉萨市','城关区','纳金乡','3670','1-2-13','是','0','1990-02'),('10003','3323','拉萨市','城关区','纳金乡','3670','1-2-13','是','0','2016-09'),('10004','3322','拉萨市','城关区','纳金乡','3670','1-2-13','是','0','1986-07'),('10005','3160','拉萨市','城关区','城关区','3650','1-2-1','否','0','2000-07'),('10006','3160','拉萨市','城关区','纳金乡','3670','1-2-13','是','0','2016-09'),('8707','3156','拉萨市','城关区','纳金乡','3670','1-2-13','是','66061','2006-07'),('10017','3158','拉萨市','城关区','纳金乡','3670','1-2-13','是','0','2006-08'),('10018','3155','拉萨市','城关区','纳金乡','3670','1-2-13','是','0','1999-07'),('10019','3154','拉萨市','城关区','纳金乡','3670','1-2-13','是','0','1998-07'),('10020','3153','拉萨市','城关区','纳金乡','3670','1-2-13','是','0','1999-07'),('10021','3152','拉萨市','城关区','纳金乡','3670','1-2-13','是','0','1998-07'),('10022','3151','拉萨市','城关区','纳金乡','3670','1-2-13','是','0','2000-08'),('10023','3150','拉萨市','城关区','纳金乡','3670','1-2-13','是','0','1999-07'),('10024','3148','那曲地区','索县','荣布镇','4025','6-8-3','是','0','2004-08'),('10025','3148','拉萨市','城关区','纳金乡','3670','1-2-13','是','0','2007-08'),('10026','3147','昌都市','丁青县','协雄乡','3935','5-9-8','是','0','2004-08'),('10027','3147','拉萨市','城关区','纳金乡','3670','1-2-13','是','0','2007-08'),('10028','3146','昌都市','芒康县','芒康县','3765','5-5-1','否','0','2004-08'),('10029','3146','拉萨市','城关区','纳金乡','3670','1-2-13','是','0','2007-08'),('10030','3140','昌都市','贡觉县','贡觉县','3725','5-3-1','否','0','2004-08'),('10031','3140','拉萨市','曲水县','才纳乡','3602','1-6-6','是','0','2007-07'),('10032','3140','拉萨市','城关区','纳金乡','3670','1-2-13','是','0','2009-01'),('10033','3139','那曲地区','那曲县','油恰乡','4830','6-2-6','是','0','2004-08'),('10034','3139','拉萨市','城关区','纳金乡','3670','1-2-13','是','0','2007-08'),('9343','3138','拉萨市','城关区','纳金乡','3670','1-2-13','是','0','2003-08'),('10035','3137','拉萨市','城关区','纳金乡','3670','1-2-13','是','0','1997-07'),('10036','3136','拉萨市','城关区','纳金乡','3670','1-2-13','是','0','1993-07'),('10037','3135','拉萨市','城关区','纳金乡','3670','1-2-13','是','0','2006-07'),('10038','3134','拉萨市','城关区','纳金乡','3670','1-2-13','是','0','1996-07'),('10039','3133','拉萨市','城关区','纳金乡','3670','1-2-13','是','0','1994-07'),('10040','3132','日喀则市','定结县','定结县','4205','2-13-1','否','0','2005-07'),('10041','3132','日喀则市','谢通门县','谢通门县','4094','2-9-1','否','0','2006-08'),('10042','3132','拉萨市','城关区','纳金乡','3670','1-2-13','是','0','2009-08'),('10043','3131','拉萨市','城关区','纳金乡','3670','1-2-13','是','0','2008-08'),('10044','3130','拉萨市','城关区','纳金乡','3670','1-2-13','是','0','2009-08'),('10045','3129','拉萨市','城关区','纳金乡','3670','1-2-13','是','0','2009-08'),('10046','3128','拉萨市','城关区','纳金乡','3670','1-2-13','是','0','2010-08'),('10047','3127','拉萨市','城关区','纳金乡','3670','1-2-13','是','0','2009-08'),('10048','3097','拉萨市','城关区','纳金乡','3670','1-2-13','是','0','1997-07'),('10049','3092','拉萨市','城关区','纳金乡','3670','1-2-13','是','0','2000-08'),('10050','3091','拉萨市','城关区','纳金乡','3670','1-2-13','是','0','1984-10'),('10007','3159','拉萨市','城关区','纳金乡','3670','1-2-13','是','0','2006-07'),('9930','3481','拉萨市','城关区','纳金乡','3670','1-2-13','是','0','2016-08'),('9931','3403','拉萨市','城关区','纳金乡','3670','1-2-13','是','0','2016-08'),('10303','3388','那曲地区','那曲县','那曲镇','4527','6-2-2','是','0','2011-07');|