INSERT INTO `tx_personinfo` (`id`, `sort`, `userid`, `name`, `sex`, `birthday`, `origin`, `nation`, `partymember`, `worktime`, `intime`, `inadj`, `inyear`, `posttime`, `postadj`, `unitkind`, `postname`, `unitname`, `isleader`, `lastposttime`, `lastunitkind`, `lastpostname`, `lastunitname`, `area`, `education`, `educationtime`, `schooltime`, `educationadj`, `teacherinfo`, `teacherbegin`, `teacherend`, `teacheradj`, `oneinfo`, `onebegin`, `oneend`, `oneadj`, `check2`, `check5`, `coveradj`, `cadre`, `retiretime`, `height`, `note`, `addon`,`ywcadre`) VALUES ('7293','1','146','罗布占堆','男','1981-02','','藏族','','1997-02','1997-02','0','','2014-05','0','机关单位','中级工','那曲市财政局','','','','','','','中专','2002-07','0','0','','','','0','','','','0','0','0','0','否','','','','',''),('7141','8','146','嘎吉','男','1972-05','','藏族','','1990-02','1990-02','0','','2015-01','0','机关单位','高级工','那曲市财政局','','','','','','','暂时没有','','0','0','','','','0','','','','0','0','0','0','否','','','','',''),('7140','0','146','才旺曲珠','男','1972-05','','藏族','','1987-01','1987-01','0','','2015-02','0','机关单位','高级工','那曲市财政局','','','','','','','暂时没有','2019-06','0','0','','','','0','','','','0','0','0','0','否','','','','',''),('7139','1','146','尼吉拉姆','女','1983-07','','藏族','','2003-10','2003-10','0','','2015-03','0','机关单位','中级工','那曲市财政局','','','','','','','中专','2005-07','0','0','','','','0','','','','0','0','0','0','否','','','','',''),('7138','0','146','聂升举','男','1965-11','','汉族','','1983-07','1983-07','0','','2004-06','0','机关单位','高级工','那曲市财政局','','','','','','','暂时没有','1985-01','0','0','','','','0','','','','0','0','0','0','否','','','','',''),('7128','12','146','扎西群宗','女','1987-06','','藏族','','2011-12','2011-12','0','','2015-11','0','机关单位','管理八级-副科','那曲市财政局','','','','','','','本科','2011-06','0','0','','','','0','','','','0','0','0','0','否','','','','',''),('7127','','146','梁菁','女','1991-05','','汉族','','2016-08','2016-08','0','','2016-08','0','机关单位','管理九级-科员','那曲市财政局','','','','','','','本科','2016-06','0','0','','','','0','','','','0','2016','2016','0','否','','','','',''),('7126','','146','汪海翠','女','1992-11','','羌族','','2016-08','2016-08','0','','2016-08','0','机关单位','管理九级-科员','那曲市财政局','','','','','','','本科','2016-06','0','0','','','','0','','','','0','2016','2016','0','否','','','','',''),('7125','15','146','扎杰','男','1981-06','','藏族','','2008-11','2008-11','0','','2014-02','0','机关单位','管理九级-科员','那曲市财政局','','','','','','','本科','2008-07','0','0','','','','0','','','','0','0','0','0','否','','','','',''),('7124','16','146','次仁吉嘎','男','1982-12','','藏族','','2004-07','2004-07','0','','2016-05','0','机关单位','管理八级-副科','那曲市财政局','','','','','','','大专','2004-06','0','0','','','','0','','','','0','0','0','0','否','','','','',''),('7123','17','146','张越宇','男','1979-06','','汉族','','2004-08','2004-08','0','','2016-05','0','机关单位','管理七级-正科','那曲市财政局','','','','','','','本科','2004-07','0','0','','','','0','','','','0','0','0','0','否','','','','',''),('7122','18','146','嘎桑','男','1984-05','','藏族','','2007-07','2007-07','0','','2018-05','0','机关单位','乡科级副职','那曲市财政局','领导职务','','','','','','大专','2007-06','0','0','','','','0','','','','0','0','0','0','否','','','','',''),('7121','13','146','巴桑次仁','男','1974-12','','藏族','','1998-07','1998-07','0','','2012-10','0','机关单位','乡科级正职','那曲市财政局','领导职务','','','','','','大专','1998-06','0','0','','','','0','','','','0','0','0','0','否','','','','',''),('7120','14','146','张华利','男','1979-03','','汉族','','2002-09','1999-09','0','','2019-07','0','机关单位','县处级正职','那曲市医保局','领导职务','','','','','','中专','2002-07','0','0','','','','0','','','','0','0','0','0','否','','','','',''),('7119','','146','格桑罗布','男','1972-07','','藏族','','1994-07','1994-07','0','','2016-06','0','机关单位','县处级副职','那曲市财政局','领导职务','','','','','','中专','1994-07','0','0','','','','0','','','','0','2006','2006','0','否','','','','',''),('7118','16','146','嘎玛顿珠','男','1985-03','','藏族','','2007-08','2007-08','0','','2018-06','0','机关单位','乡科级正职','那曲市财政局','领导职务','','','','','','大专','2007-06','0','0','','','','0','','','','0','0','0','0','否','','','','',''),('7117','0','146','索朗罗布','男','1980-03','','藏族','','2002-07','2002-07','0','','2017-07','0','机关单位','县处级副职','那曲市财政局','非领导职务','','','','','','本科','2002-06','0','0','','','','0','','','','0','0','0','0','否','','','','',''),('7116','24','146','啊措','女','1978-03','','藏族','','2000-07','2000-07','0','','2017-10','0','机关单位','乡科级正职','那曲市财政局','领导职务','','','','','','中专','2000-06','0','0','','','','0','','','','0','0','0','0','否','','','','',''),('7115','19','146','次仁拉姆','女','1987-02','','藏族','','2008-07','2008-07','0','','2018-08','0','机关单位','乡科级正职','那曲市财政局','领导职务','','','','','','本科','2008-07','0','0','','','','0','','','','0','0','0','0','否','','','','',''),('7114','','146','格桑罗布','男','1980-08','','藏族','','2002-07','2002-07','0','','2013-10','0','机关单位','乡科级正职','那曲市财政局','领导职务','','','','','','中专','2002-06','0','0','','','','0','','','','0','2006','2006','0','否','','','','',''),('7113','0','146','米次','男','1979-10','','汉族','','2003-07','2003-07','0','','2013-11','0','机关单位','乡科级正职','那曲市财政局','领导职务','','','','','','本科','2003-07','0','0','','','','0','','','','0','0','0','0','否','','','','',''),('7112','22','146','王秋燕','女','1976-06','','汉族','','1998-07','1998-07','0','','2013-11','0','机关单位','乡科级正职','那曲市财政局','领导职务','','','','','','大专','1998-07','0','0','','','','0','','','','0','0','0','0','否','','','','',''),('7289','','146','夏慧民','男','1982-08','','汉族','党员','2004-07','2019-07','0','','2019-07','0','机关单位','县处级副职','浙江省控股投资管理有限公司','领导职务','','','','','','本科','2004-07','0','0','','','','0','','','','0','2006','2006','0','是','','','','',''),('7290','1','146','孙广杰','男','1970-01','','满族','党员','1992-07','2019-07','0','','2019-07','0','机关单位','县处级副职','辽宁省债务管理办公室','领导职务','','','','','','中专','1992-07','0','0','','','','0','','','','0','0','0','0','是','','','','',''),('7110','','146','达瓦次仁','男','1980-01','','藏族','','2000-07','2000-07','0','','2017-10','0','机关单位','乡科级正职','那曲市财政局','领导职务','','','','','','中专','2000-06','0','0','','','','0','','','','0','2006','2006','0','否','','','','',''),('7111','','146','多吉旺堆','男','1986-09','','藏族','','2008-07','2008-07','0','','2017-10','0','机关单位','乡科级正职','那曲市财政局','领导职务','','','','','','本科','2008-07','0','0','','','','0','','','','0','2008','2008','0','否','','','','',''),('7108','0','146','罗晓波','男','1983-03','','汉族','','2007-07','2007-07','0','','2017-10','0','机关单位','乡科级正职','那曲市财政局','领导职务','','','','','','本科','2007-06','0','0','','','','0','','','','0','0','0','0','否','','','','',''),('7107','','146','孙青华','男','1981-01','','汉族','','2007-07','2007-07','0','','2017-10','0','机关单位','乡科级正职','那曲市财政局','领导职务','','','','','','本科','2007-07','0','0','','','','0','','','','0','2007','2007','0','否','','','','',''),('7105','0','146','何所宽','男','1986-03','','汉族','','2011-07','2011-07','0','','2017-10','0','机关单位','乡科级正职','那曲市财政局','非领导职务','','','','','','本科','2011-07','0','0','','','','0','','','','0','0','0','0','否','','','','',''),('7103','0','146','达娃次仁','男','1983-08','','藏族','','2007-08','2007-08','0','','2017-09','0','机关单位','乡科级正职','那曲市财政局','非领导职务','','','','','','本科','2007-08','0','0','','','','0','','','','0','0','0','0','否','','','','',''),('7104','29','146','焦志峰','男','1980-10','','汉族','','2005-07','2005-07','0','','2017-09','0','机关单位','乡科级正职','那曲市财政局','非领导职务','','','','','','本科','2005-07','0','0','','','','0','','','','0','0','0','0','否','','','','',''),('7102','0','146','王满良','男','1984-04','','汉族','党员','2007-01','2007-01','0','','2019-12','0','机关单位','乡科级正职','那曲市财政局','领导职务','','','','','','大专','2006-07','0','0','','','','0','','','','0','0','0','0','否','','','','',''),('7291','1','146','嘎玛','男','1961-05','','藏族','','1981-04','1981-04','0','','2005-06','0','机关单位','高级工','尼玛县政府','','','','','','','暂时没有','1978-09','0','0','','','','0','','','','0','0','0','0','否','','','','',''),('7292','0','146','布地','男','1971-05','','藏族','','1995-04','1995-04','0','','2015-12','0','机关单位','高级工','那曲市财政局','','','','','','','暂时没有','','0','0','','','','0','','','','0','0','0','0','否','','','','',''),('7085','42','146','杨秀珍','女','1990-11','','藏族','党员','2013-08','2013-08','0','','2016-10','0','机关单位','乡科级副职','那曲市财政局','非领导职务','','','','','','本科','2013-07','0','0','','','','0','','','','0','0','0','0','否','','','','',''),('7084','','146','卓玛','女','1991-07','','藏族','','2014-11','2014-11','0','','2014-11','0','机关单位','科员','那曲市财政局','非领导职务','','','','','','大专','2014-07','0','0','','','','0','','','','0','2014','2014','0','否','','','','',''),('7083','1','146','迟云强','男','1989-09','','汉族','党员','2016-08','2016-08','0','','2016-08','0','机关单位','科员','那曲市财政局','非领导职务','','','','','','本科','2014-06','4','0','','','','0','','','','0','0','0','0','否','','','','',''),('7082','3','146','张春霞','女','1993-05','','汉族','团员','2019-01','2019-01','0','','2019-01','0','机关单位','科员','那曲市财政局','非领导职务','','','','','','本科','2017-06','0','0','','','','0','','','','0','0','0','0','否','','','','',''),('7106','','146','益西群培','男','1977-04','','藏族','','1998-07','1998-07','0','','2010-12','0','机关单位','乡科级正职','那曲市财政局','非领导职务','','','','','','中专','1998-06','0','0','','','','0','','','','0','2006','2006','0','否','','','','',''),('7081','2','146','刘晓玲','女','1994-05','','汉族','团员','2019-01','2019-01','0','','2019-01','0','机关单位','科员','那曲市财政局','非领导职务','','','','','','本科','2017-06','0','0','','','','0','','','','0','0','0','0','否','','','','',''),('7080','1','146','朱碧珍','女','1994-04','','汉族','团员','2019-01','2019-01','0','','2019-01','0','机关单位','科员','那曲市财政局','非领导职务','','','','','','本科','2016-06','0','0','','','','0','','','','0','0','0','0','否','','','','',''),('7086','','146','巴桑措姆','女','1990-01','','藏族','党员','2013-08','2013-08','0','','2016-10','0','机关单位','乡科级副职','那曲市财政局','非领导职务','','','','','','本科','2013-07','0','0','','','','0','','','','0','2013','2013','0','否','','','','',''),('7087','40','146','司边','女','1988-01','','藏族','','2010-08','2010-08','0','','2016-01','0','机关单位','乡科级副职','那曲市财政局','非领导职务','','','','','','大专','2010-07','0','0','','','','0','','','','0','0','0','0','否','','','','',''),('7088','','146','桑旦顿珠','男','1989-01','','藏族','党员','2011-11','2011-11','0','','2018-04','0','机关单位','乡科级副职','那曲市财政局','非领导职务','','','','','','大专','2011-11','0','0','','','','0','','','','0','2011','2011','0','否','','','','',''),('7089','','146','次仁群培','男','1986-06','','藏族','','2010-07','2010-07','0','','2017-09','0','机关单位','乡科级副职','那曲市财政局','领导职务','','','','','','本科','2009-07','0','0','','','','0','','','','0','2010','2010','0','否','','','','',''),('7090','','146','格桑玉珠','女','1989-08','','藏族','党员','2012-07','2012-07','0','','2017-09','0','机关单位','乡科级副职','那曲市财政局','领导职务','','','','','','大专','2012-03','0','0','','','','0','','','','0','2012','2012','0','否','','','','',''),('7091','43','146','巴桑次仁','男','1988-07','','藏族','党员','2012-11','2012-11','0','','2019-11','0','机关单位','乡科级副职','那曲市财政局','领导职务','','','','','','大专','2012-03','0','0','','','','0','','','','0','0','0','0','否','','','','',''),('7092','','146','多吉卓玛','女','1989-08','','藏族','党员','2012-07','2012-07','0','','2017-09','0','机关单位','乡科级副职','那曲市财政局','非领导职务','','','','','','本科','2012-07','0','0','','','','0','','','','0','2012','2012','0','否','','','','',''),('7093','','146','姣吉','女','1993-04','','藏族','党员','2011-07','2011-07','0','','2017-09','0','机关单位','乡科级副职','那曲市财政局','领导职务','','','','','','大专','2011-03','0','0','','','','0','','','','0','2011','2011','0','否','','','','',''),('7094','','146','白玛拉姆','女','1989-11','','藏族','','2012-07','2012-07','0','','2017-09','0','机关单位','乡科级副职','那曲市财政局','领导职务','','','','','','本科','2012-07','0','0','','','','0','','','','0','2012','2012','0','否','','','','',''),('7095','','146','益西措姆','女','1985-09','','藏族','党员','2009-08','2009-08','0','','2017-09','0','机关单位','乡科级正职','那曲市财政局','非领导职务','','','','','','本科','2009-08','0','0','','','','0','','','','0','2009','2009','0','否','','','','',''),('7179','2','146','多吉才觉','男','1973-09','','藏族','','1991-07','1991-07','0','','2013-04','0','机关单位','县处级正职','那曲市财政局','领导职务','','','','','','中专','1991-07','0','0','','','','0','','','','0','0','0','0','否','','','','',''),('7181','0','146','吴冬梅','女','1979-12','','汉族','','1999-07','1999-07','0','','2019-07','0','机关单位','县处级正职','那曲市财政局','领导职务','','','','','','中专','1999-06','0','0','','','','0','','','','0','0','0','0','否','','','','','');|INSERT INTO `tx_jobinfo` (`id`, `personid`, `sort`, `oldposttime`, `oldpostkind`, `oldpostname`, `oldarea`, `oldunitkind`, `oldunitname`, `oldisleader`, `height`)  VALUES ('43476','7116','','2012-09','公务员','乡科级正职','四类区','机关单位','那曲市财政局','非领导职务','0'),('43441','7124','','2013-12','事业单位专业技术人员','专技十级-中级','四类区','事业单位','班戈县教育局','','0'),('43442','7124','','2015-11','事业单位管理人员','管理九级-科员','四类区','机关单位','那曲市财政局','','0'),('43443','7124','','2016-05','事业单位管理人员','管理八级-副科','四类区','机关单位','那曲市财政局','','0'),('43365','7118','','2018-06','公务员','乡科级正职','四类区','机关单位','那曲市财政局','领导职务','0'),('43390','7122','','2018-05','公务员','乡科级副职','四类区','机关单位','那曲市财政局','领导职务','0'),('39982','7094','','2017-09','公务员','乡科级副职','四类区','机关单位','那曲市财政局','领导职务','0'),('39981','7094','','2015-11','公务员','科员','四类区','机关单位','那曲市财政局','非领导职务','0'),('39980','7094','','2012-07','公务员','科员','四类区','机关单位','安多县滩堆乡','非领导职务','0'),('39979','7093','','2017-09','公务员','乡科级副职','四类区','机关单位','那曲市财政局','领导职务','0'),('39977','7093','','2015-03','公务员','科员','四类区','机关单位','那曲市财政局','非领导职务','0'),('39978','7093','','2015-11','公务员','乡科级副职','四类区','机关单位','那曲市财政局','非领导职务','0'),('39976','7093','','2011-07','公务员','科员','四类区','机关单位','安多县帕那镇','非领导职务','0'),('39975','7092','','2017-09','公务员','乡科级副职','四类区','机关单位','那曲市财政局','非领导职务','0'),('39974','7092','','2016-12','公务员','科员','四类区','机关单位','那曲市财政局','非领导职务','0'),('43396','7091','','2015-11','事业单位管理人员','管理九级-科员','四类区','机关单位','那曲市财政局','','0'),('39973','7092','','2012-07','公务员','科员','四类区','机关单位','班戈县人社局','非领导职务','0'),('43398','7091','','2019-11','公务员','乡科级副职','四类区','机关单位','那曲市财政局','领导职务','0'),('43397','7091','','2018-07','公务员','科员','四类区','机关单位','那曲市财政局','非领导职务','0'),('39967','7090','','2012-07','公务员','科员','四类区','机关单位','安多县人社局','非领导职务','0'),('39964','7089','','2013-08','公务员','乡科级副职','四类区','机关单位','申扎县塔尔玛乡','领导职务','0'),('39969','7090','','2017-09','公务员','乡科级副职','四类区','机关单位','那曲市财政局','领导职务','0'),('39968','7090','','2015-12','公务员','科员','四类区','机关单位','那曲市财政局','非领导职务','0'),('39966','7089','','2017-09','公务员','乡科级副职','四类区','机关单位','那曲市财政局','领导职务','0'),('39965','7089','','2017-01','公务员','乡科级副职','四类区','机关单位','那曲市财政局','非领导职务','0'),('39963','7089','','2010-07','公务员','科员','四类区','机关单位','申扎县塔尔玛乡','非领导职务','0'),('39962','7088','','2018-04','公务员','乡科级副职','四类区','机关单位','那曲市财政局','非领导职务','0'),('39961','7088','','2015-09','公务员','乡科级副职','四类区','机关单位','双湖区','领导职务','0'),('41822','7087','','2010-08','公务员','科员','四类区','机关单位','尼玛县政协办','非领导职务','0'),('41823','7087','','2013-11','公务员','乡科级副职','四类区','机关单位','尼玛县政协办','非领导职务','0'),('39960','7088','','2011-11','公务员','科员','四类区','机关单位','双湖区','非领导职务','0'),('41824','7087','','2016-01','公务员','乡科级副职','四类区','机关单位','那曲市财政局','非领导职务','0'),('42730','7290','','2019-07','公务员','县处级副职','四类区','机关单位','辽宁省债务管理办公室','领导职务','0'),('42729','7290','','2013-10','公务员','县处级副职','二类区','机关单位','辽宁省债务管理办法风险管理处','非领导职务','0'),('42727','7290','','2008-06','公务员','乡科级正职','二类区','机关单位','辽宁省财政厅国库收付中心','领导职务','0'),('42728','7290','','2012-04','公务员','县处级副职','二类区','机关单位','辽宁省县（区）财源建设办公室财务审计','领导职务','0'),('43426','7123','','2016-05','事业单位管理人员','管理七级-正科','四类区','机关单位','那曲市财政局','','0'),('43388','7122','','2013-04','公务员','乡科级副职','四类区','机关单位','巴青县阿秀乡','领导职务','0'),('43557','7139','','2015-03','机关工人','中级工','四类区','机关单位','那曲市财政局','','0'),('43503','7293','','2014-05','机关工人','中级工','四类区','机关单位','那曲市财政局','','0'),('43502','7293','','2013-04','事业单位工人','技术工四级-中级工','四类区','机关单位','公路段','','0'),('43501','7293','','1997-02','事业单位工人','普通-普通工','四类区','机关单位','公路段','','0'),('42776','7292','','2005-12','机关工人','中级工','四类区','机关单位','那曲市财政局','','0'),('42773','7291','','2005-06','机关工人','高级工','四类区','机关单位','尼玛县政府','','0'),('42775','7292','','2015-12','机关工人','高级工','四类区','机关单位','那曲市财政局','','0'),('42724','7290','','1997-06','公务员','科员','二类区','机关单位','辽宁省财政厅行政管理服务后期中心','非领导职务','0'),('42725','7290','','2000-07','公务员','乡科级副职','二类区','机关单位','辽宁省预算编制审核服务中心','非领导职务','0'),('42726','7290','','2006-07','公务员','乡科级正职','二类区','机关单位','辽宁省财政厅国库收付中心','非领导职务','0'),('42723','7290','','1995-02','公务员','办事员','二类区','机关单位','辽宁省财政厅行政管理服务后期中心','非领导职务','0'),('42722','7290','','1992-07','公务员','办事员','二类区','机关单位','辽宁省财政厅行政管理服务后期中心','非领导职务','0'),('42677','7289','','2019-07','公务员','县处级副职','四类区','机关单位','浙江省控股投资管理有限公司','领导职务','0'),('42675','7289','','2011-11','公务员','乡科级正职','二类区','机关单位','浙江省财政厅企业处','非领导职务','0'),('42676','7289','','2015-12','公务员','县处级副职','二类区','机关单位','浙江省财政厅企业处','领导职务','0'),('42674','7289','','2008-10','公务员','乡科级副职','二类区','机关单位','浙江省财政厅企业处','非领导职务','0'),('39953','7086','','2016-10','公务员','乡科级副职','四类区','机关单位','那曲市财政局','非领导职务','0'),('39952','7086','','2013-08','公务员','科员','四类区','机关单位','那曲市财政局','非领导职务','0'),('41820','7085','','2013-08','公务员','科员','四类区','机关单位','那曲市财政局','非领导职务','0'),('41821','7085','','2016-10','公务员','乡科级副职','四类区','机关单位','那曲市财政局','非领导职务','0'),('39949','7084','','2014-11','公务员','科员','四类区','机关单位','那曲市财政局','非领导职务','0'),('39948','7083','','2016-08','公务员','科员','四类区','机关单位','那曲市财政局','非领导职务','0'),('39945','7082','','2019-01','公务员','科员','四类区','机关单位','那曲市财政局','非领导职务','0'),('39944','7081','','2019-01','公务员','科员','四类区','机关单位','那曲市财政局','非领导职务','0'),('39946','7080','','2019-01','公务员','科员','四类区','机关单位','那曲市财政局','非领导职务','0'),('39983','7095','','2009-08','公务员','科员','四类区','机关单位','聂荣县白雄乡','非领导职务','0'),('39984','7095','','2013-05','公务员','乡科级副职','四类区','机关单位','聂荣县查当乡','领导职务','0'),('39985','7095','','2015-11','公务员','乡科级副职','四类区','机关单位','那曲市财政局','非领导职务','0'),('39986','7095','','2017-09','公务员','乡科级正职','四类区','机关单位','那曲市财政局','非领导职务','0'),('44272','7102','','2017-09','公务员','乡科级正职','四类区','机关单位','那曲市财政局','非领导职务','0'),('44271','7102','','2013-07','公务员','乡科级副职','四类区','机关单位','索县财政局','非领导职务','0'),('44270','7102','','2007-01','公务员','科员','四类区','机关单位','索县财政局','非领导职务','0'),('41828','7103','','2017-09','公务员','乡科级正职','四类区','机关单位','那曲市财政局','非领导职务','0'),('41827','7103','','2015-04','公务员','乡科级副职','四类区','机关单位','那曲市财政局','非领导职务','0'),('41826','7103','','2011-06','公务员','乡科级副职','四类区','机关单位','班戈县北拉镇','领导职务','0'),('41825','7103','','2007-08','公务员','科员','四类区','机关单位','班戈县北拉镇','非领导职务','0'),('41840','7104','','2017-09','公务员','乡科级正职','四类区','机关单位','那曲市财政局','非领导职务','0'),('41838','7104','','2013-06','公务员','乡科级副职','四类区','机关单位','聂荣县当木江乡','领导职务','0'),('41839','7104','','2016-06','公务员','乡科级副职','四类区','机关单位','那曲市财政局','领导职务','0'),('41837','7104','','2012-03','公务员','乡科级正职','四类区','机关单位','聂荣县永曲乡','领导职务','0'),('41836','7104','','2008-07','公务员','乡科级副职','四类区','机关单位','聂荣县聂荣镇','领导职务','0'),('41835','7104','','2005-07','公务员','科员','四类区','机关单位','聂荣县查当乡','非领导职务','0'),('43198','7105','','2017-10','公务员','乡科级正职','四类区','机关单位','那曲市财政局','非领导职务','0'),('43197','7105','','2014-11','公务员','乡科级副职','四类区','机关单位','那曲市财政局','领导职务','0'),('43196','7105','','2011-07','公务员','科员','四类区','机关单位','那曲市财政局','非领导职务','0'),('40047','7106','','1998-07','公务员','科员','四类区','机关单位','那曲地区工商局','非领导职务','0'),('40048','7106','','2004-05','公务员','科员','四类区','机关单位','那曲市财政局','非领导职务','0'),('40049','7106','','2007-05','公务员','乡科级副职','四类区','机关单位','那曲市财政局','领导职务','0'),('40050','7106','','2010-12','公务员','乡科级正职','四类区','机关单位','那曲市财政局','非领导职务','0'),('40051','7107','','2007-07','公务员','科员','四类区','机关单位','申扎县财政局','非领导职务','0'),('40052','7107','','2013-12','公务员','乡科级副职','四类区','机关单位','申扎县财政局','非领导职务','0'),('40053','7107','','2015-12','公务员','乡科级副职','四类区','机关单位','那曲市财政局','领导职务','0'),('40054','7107','','2017-10','公务员','乡科级正职','四类区','机关单位','那曲市财政局','领导职务','0'),('41844','7108','','2017-10','公务员','乡科级正职','四类区','机关单位','那曲市财政局','领导职务','0'),('41843','7108','','2015-12','公务员','乡科级副职','四类区','机关单位','那曲市财政局','领导职务','0'),('41842','7108','','2012-04','公务员','乡科级副职','三类区','机关单位','巴青县财政局','领导职务','0'),('41841','7108','','2007-07','公务员','科员','三类区','机关单位','巴青县财政局','非领导职务','0'),('40060','7110','','2000-07','公务员','办事员','四类区','机关单位','尼玛县','非领导职务','0'),('40061','7110','','2006-08','公务员','乡科级副职','四类区','机关单位','尼玛县','非领导职务','0'),('40062','7110','','2010-10','公务员','乡科级副职','四类区','机关单位','尼玛县财政局','领导职务','0'),('40063','7110','','2012-04','公务员','乡科级正职','四类区','机关单位','那曲市财政局','非领导职务','0'),('40064','7110','','2017-10','公务员','乡科级正职','四类区','机关单位','那曲市财政局','领导职务','0'),('40065','7111','','2008-07','公务员','科员','三类区','机关单位','索县嘎美乡','非领导职务','0'),('40066','7111','','2013-08','公务员','乡科级副职','四类区','机关单位','那曲市财政局','非领导职务','0'),('40067','7111','','2014-11','公务员','乡科级副职','四类区','机关单位','那曲市财政局','领导职务','0'),('40068','7111','','2017-10','公务员','乡科级正职','四类区','机关单位','那曲市财政局','领导职务','0'),('41923','7112','','2010-11','公务员','乡科级正职','四类区','机关单位','那曲市财政局','非领导职务','0'),('41924','7112','','2013-11','公务员','乡科级正职','四类区','机关单位','那曲市财政局','领导职务','0'),('41922','7112','','2002-08','公务员','乡科级副职','四类区','机关单位','那曲市财政局','领导职务','0'),('41921','7112','','1998-07','公务员','科员','四类区','机关单位','那曲市财政局','非领导职务','0'),('41851','7113','','2013-11','公务员','乡科级正职','四类区','机关单位','那曲市财政局','领导职务','0'),('41850','7113','','2007-05','公务员','乡科级副职','四类区','机关单位','那曲市财政局','非领导职务','0'),('41849','7113','','2003-07','公务员','科员','四类区','机关单位','那曲市财政局','非领导职务','0'),('40076','7114','','2002-07','公务员','办事员','四类区','机关单位','那曲市财政局','非领导职务','0'),('40077','7114','','2006-07','公务员','科员','四类区','机关单位','那曲市财政局','非领导职务','0'),('40078','7114','','2010-11','公务员','乡科级副职','四类区','机关单位','那曲市财政局','领导职务','0'),('40079','7114','','2013-10','公务员','乡科级正职','四类区','机关单位','那曲市财政局','领导职务','0'),('41919','7115','','2016-12','公务员','乡科级正职','四类区','机关单位','那曲市财政局','非领导职务','0'),('41918','7115','','2013-11','公务员','乡科级副职','四类区','机关单位','那曲市财政局','领导职务','0'),('41917','7115','','2012-10','公务员','乡科级副职','四类区','机关单位','那曲市财政局','非领导职务','0'),('41916','7115','','2008-07','公务员','科员','四类区','机关单位','那曲市财政局','非领导职务','0'),('43477','7116','','2017-10','公务员','乡科级正职','四类区','机关单位','那曲市财政局','领导职务','0'),('43475','7116','','2007-12','公务员','乡科级副职','四类区','机关单位','那曲市财政局','非领导职务','0'),('43474','7116','','2005-10','公务员','乡科级副职','四类区','机关单位','尼玛县财政局','非领导职务','0'),('43472','7116','','2000-07','公务员','办事员','四类区','机关单位','尼玛县财政局','非领导职务','0'),('43473','7116','','2003-06','公务员','科员','四类区','机关单位','尼玛县财政局','非领导职务','0'),('41900','7117','','2012-10','公务员','乡科级正职','四类区','机关单位','那曲市财政局','领导职务','0'),('41899','7117','','2008-07','公务员','乡科级副职','四类区','机关单位','那曲市财政局','领导职务','0'),('41898','7117','','2007-06','公务员','乡科级副职','四类区','机关单位','那曲市财政局','非领导职务','0'),('41897','7117','','2002-07','公务员','科员','四类区','机关单位','那曲市财政局','非领导职务','0'),('43364','7118','','2015-08','事业单位管理人员','管理七级-正科','四类区','机关单位','那曲市财政局','','0'),('43363','7118','','2014-05','事业单位管理人员','管理八级-副科','四类区','机关单位','那曲市财政局','','0'),('43362','7118','','2013-05','事业单位管理人员','管理八级-副科','四类区','机关单位','巴青县江绵乡','','0'),('43359','7118','','2007-08','事业单位专业技术人员','专技十三级-员级','三类区','事业单位','巴青县教育局','','0'),('40104','7119','','1994-07','公务员','办事员','三类区','机关单位','索县财政局','非领导职务','0'),('40105','7119','','1997-08','公务员','科员','三类区','机关单位','索县财政局','非领导职务','0'),('40106','7119','','2002-07','公务员','乡科级副职','三类区','机关单位','索县财政局','领导职务','0'),('40107','7119','','2008-12','公务员','乡科级正职','三类区','机关单位','索县财政局','领导职务','0'),('40108','7119','','2015-08','公务员','县处级副职','四类区','机关单位','那曲市财政局','非领导职务','0'),('40109','7119','','2016-06','公务员','县处级副职','四类区','机关单位','那曲市财政局','领导职务','0'),('42630','7120','','2004-06','公务员','乡科级副职','四类区','机关单位','班戈县卫生局','非领导职务','0'),('42631','7120','','2005-06','公务员','乡科级副职','四类区','机关单位','班戈县财政局','领导职务','0'),('42632','7120','','2008-11','公务员','乡科级正职','四类区','机关单位','班戈县财政局','非领导职务','0'),('42633','7120','','2012-10','公务员','乡科级正职','四类区','机关单位','那曲市财政局','领导职务','0'),('42634','7120','','2015-05','公务员','县处级副职','四类区','机关单位','那曲市财政局','领导职务','0'),('42635','7120','','2019-07','公务员','县处级正职','四类区','机关单位','那曲市医保局','领导职务','0'),('41895','7121','','2012-10','公务员','乡科级正职','四类区','机关单位','那曲市财政局','领导职务','0'),('41894','7121','','2009-09','公务员','乡科级正职','四类区','机关单位','那曲市财政局','非领导职务','0'),('41893','7121','','2005-08','公务员','乡科级副职','四类区','机关单位','那曲市财政局','非领导职务','0'),('43389','7122','','2015-01','事业单位管理人员','管理八级-副科','四类区','机关单位','那曲市财政局','领导职务','0'),('43386','7122','','2007-08','事业单位专业技术人员','专技十三级-员级','三类区','机关单位','巴青县水利局','','0'),('43387','7122','','2012-02','事业单位管理人员','管理八级-副科','三类区','机关单位','巴青县宣传部','','0'),('43423','7123','','2004-08','事业单位专业技术人员','专技十二级-助理','三类区','机关单位','索县教育局','','0'),('43425','7123','','2013-11','事业单位管理人员','管理八级-副科','四类区','机关单位','那曲市财政局','','0'),('43424','7123','','2013-02','事业单位专业技术人员','专技十二级-助理','四类区','机关单位','那曲市财政局','','0'),('43439','7124','','2004-07','事业单位专业技术人员','专技十三级-员级','四类区','事业单位','班戈县教育局','','0'),('43440','7124','','2009-05','事业单位专业技术人员','专技十二级-助理','四类区','事业单位','班戈县教育局','','0'),('43192','7125','','2008-11','事业单位专业技术人员','专技十二级-助理','四类区','事业单位','那曲县中学','','0'),('43193','7125','','2014-02','事业单位管理人员','管理九级-科员','四类区','机关单位','那曲市财政局','','0'),('40132','7126','','2016-08','事业单位管理人员','管理九级-科员','四类区','机关单位','那曲市财政局','','0'),('40133','7127','','2016-08','事业单位管理人员','管理九级-科员','四类区','机关单位','那曲市财政局','','0'),('43484','7128','','2011-12','事业单位专业技术人员','专技十二级-助理','四类区','机关单位','聂荣县当木江乡','','0'),('43486','7128','','2015-11','事业单位管理人员','管理八级-副科','四类区','机关单位','那曲市财政局','','0'),('43485','7128','','2014-07','事业单位管理人员','管理九级-科员','四类区','机关单位','那曲市财政局','','0'),('43781','7138','','2004-06','机关工人','高级工','四类区','机关单位','那曲市财政局','','0'),('43556','7139','','2008-12','机关工人','中级工','四类区','机关单位','班戈县财政局','','0'),('43555','7139','','2003-10','机关工人','初级工','四类区','机关单位','班戈县财政局','','0'),('43560','7140','','2015-02','机关工人','高级工','四类区','机关单位','那曲市财政局','','0'),('43559','7140','','2007-09','机关工人','高级工','三类区','机关单位','索县','','0'),('43558','7140','','1987-01','机关工人','中级工','三类区','机关单位','索县','','0'),('43772','7141','','2015-01','机关工人','高级工','四类区','机关单位','那曲市财政局','','0'),('43771','7141','','2012-01','机关工人','中级工','四类区','机关单位','巴青县','','0'),('43770','7141','','2009-10','机关工人','中级工','三类区','机关单位','巴青县','','0'),('41953','7179','','2010-07','公务员','县处级副职','四类区','机关单位','那曲市财政局','领导职务','0'),('41954','7179','','2013-04','公务员','县处级正职','四类区','机关单位','那曲市财政局','领导职务','0'),('41952','7179','','2007-11','公务员','县处级副职','三类区','机关单位','巴青县政府','领导职务','0'),('41951','7179','','2004-05','公务员','乡科级正职','四类区','机关单位','那曲市财政局','领导职务','0'),('41949','7179','','1993-09','公务员','科员','三类区','机关单位','比如县教育局','非领导职务','0'),('41950','7179','','2001-07','公务员','乡科级副职','三类区','机关单位','比如县教育局','领导职务','0'),('41920','7115','','2018-08','公务员','乡科级正职','四类区','机关单位','那曲市财政局','领导职务','0'),('43360','7118','','2009-07','事业单位专业技术人员','专技十二级-助理','三类区','事业单位','巴青县教育局','','0'),('43361','7118','','2011-10','事业单位专业技术人员','专技十二级-助理','四类区','机关单位','巴青县江绵乡龙卡寺管委会','','0'),('41892','7121','','1998-07','公务员','科员','四类区','机关单位','那曲市财政局','非领导职务','0'),('41896','7121','','2008-07','公务员','乡科级副职','四类区','机关单位','那曲市财政局','领导职务','0'),('41901','7117','','2017-07','公务员','县处级副职','四类区','机关单位','那曲市财政局','非领导职务','0'),('42629','7120','','2002-09','公务员','办事员','四类区','机关单位','班戈县卫生局','非领导职务','0'),('41939','7181','','2018-04','公务员','县处级正职','四类区','机关单位','那曲市财政局','非领导职务','0'),('41938','7181','','2013-04','公务员','县处级副职','四类区','机关单位','那曲市财政局','领导职务','0'),('41937','7181','','2009-09','公务员','乡科级正职','四类区','机关单位','那曲市财政局','领导职务','0'),('41936','7181','','2007-11','公务员','乡科级副职','四类区','机关单位','那曲市财政局','领导职务','0'),('41935','7181','','2004-10','公务员','乡科级副职','三类区','机关单位','索县财政局','领导职务','0'),('41934','7181','','2002-07','公务员','科员','三类区','机关单位','索县财政局','非领导职务','0'),('41933','7181','','1999-07','公务员','办事员','三类区','机关单位','索县财政局','非领导职务','0'),('41940','7181','','2019-07','公务员','县处级正职','四类区','机关单位','那曲市财政局','领导职务','0'),('41948','7179','','1991-07','事业单位专业技术人员','专技十三级-员级','三类区','事业单位','比如县教育局','','0'),('42673','7289','','2004-10','公务员','科员','二类区','机关单位','江山市地税局','非领导职务','0'),('43395','7091','','2012-11','事业单位专业技术人员','专技十三级-员级','四类区','机关单位','班戈县财政局','','0'),('43769','7141','','2008-10','机关工人','普通工','三类区','机关单位','巴青县','','0'),('44273','7102','','2019-12','公务员','乡科级正职','四类区','机关单位','那曲市财政局','领导职务','0');|INSERT INTO `tx_studyinfo` (`id`, `personid`, `level`, `gettime`, `school`)  VALUES ('5720','7290','中专','1992-07','辽宁省财政学校财政专业');|INSERT INTO `tx_heightinfo` (`id`, `personid`, `area`, `city`, `county`, `height`, `acc`, `iscity`, `heightid`, `gettime`)  VALUES ('23673','7141','那曲地区','那曲地区','那曲地区','4527','6-1-1','否','','2011-03'),('23553','7139','那曲地区','那曲地区','那曲地区','4527','6-1-1','否','','2003-10'),('23518','7124','那曲地区','那曲地区','那曲地区','4527','6-1-1','否','393473','2004-07'),('23481','7122','那曲地区','那曲地区','那曲地区','4527','6-1-1','否','393473','2013-05'),('23480','7122','那曲地区','巴青县','巴青县','4160','6-3-1','否','393985','2007-08'),('21858','7095','那曲地区','那曲地区','那曲地区','4527','6-1-1','否','393473','2009-08'),('21854','7090','那曲地区','那曲地区','那曲地区','4527','6-1-1','否','393473','2012-07'),('21855','7092','那曲地区','那曲地区','那曲地区','4527','6-1-1','否','393473','2012-07'),('21856','7093','那曲地区','那曲地区','那曲地区','4527','6-1-1','否','393473','2011-07'),('21857','7094','那曲地区','那曲地区','那曲地区','4527','6-1-1','否','393473','2012-07'),('21853','7089','那曲地区','那曲地区','那曲地区','4527','6-1-1','否','393473','2010-07'),('22786','7087','那曲地区','那曲地区','那曲地区','4527','6-1-1','否','','2010-08'),('21852','7088','那曲地区','那曲地区','那曲地区','4527','6-1-1','否','393473','2011-11'),('21849','7086','那曲地区','那曲地区','那曲地区','4527','6-1-1','否','393473','2013-08'),('21848','7084','那曲地区','那曲地区','那曲地区','4527','6-1-1','否','393473','2014-06'),('23222','7292','那曲地区','那曲地区','那曲地区','4527','6-1-1','否','','1995-04'),('23531','7293','那曲地区','那曲地区','那曲地区','4527','6-1-1','否','','1997-02'),('23220','7291','那曲地区','那曲地区','那曲地区','4527','6-1-1','否','','1981-04'),('23200','7290','那曲地区','那曲地区','那曲地区','4527','6-1-1','否','','2019-07'),('21847','7083','那曲地区','那曲地区','那曲地区','4527','6-1-1','否','','2014-07'),('21844','7082','那曲地区','那曲地区','那曲地区','4527','6-1-1','否','','2017-08'),('21843','7081','那曲地区','那曲地区','那曲地区','4527','6-1-1','否','','2017-08'),('21845','7080','那曲地区','那曲地区','那曲地区','4527','6-1-1','否','','2016-08'),('23945','7102','那曲地区','那曲地区','那曲地区','4527','6-1-1','否','','2015-12'),('23944','7102','那曲地区','索县','荣布镇','4025','6-8-3','是','','2007-01'),('22789','7104','那曲地区','那曲地区','那曲地区','4527','6-1-1','否','','2005-07'),('23387','7105','那曲地区','那曲地区','那曲地区','4527','6-1-1','否','','2011-07'),('23386','7105','拉萨市','拉萨市','拉萨市','3650','1-1-1','否','','2009-07'),('21884','7106','那曲地区','那曲地区','那曲地区','4527','6-1-1','否','393473','1998-07'),('21885','7107','拉萨市','拉萨市','拉萨市','3650','1-1-1','否','65793','2005-10'),('21886','7107','那曲地区','那曲地区','那曲地区','4527','6-1-1','否','393473','2007-07'),('22791','7108','那曲地区','那曲地区','那曲地区','4527','6-1-1','否','','2014-05'),('22790','7108','那曲地区','巴青县','巴青县','4160','6-3-1','否','','2007-07'),('21890','7110','那曲地区','那曲地区','那曲地区','4527','6-1-1','否','393473','2000-07'),('21891','7111','那曲地区','索县','索县','4096','6-8-1','否','395265','2008-07'),('21892','7111','那曲地区','那曲地区','那曲地区','4527','6-1-1','否','393473','2011-12'),('21893','7114','那曲地区','那曲地区','那曲地区','4527','6-1-1','否','393473','2002-07'),('22823','7115','那曲地区','那曲地区','那曲地区','4527','6-1-1','否','','2008-07'),('22818','7117','那曲地区','那曲地区','那曲地区','4527','6-1-1','否','','2002-07'),('23476','7118','那曲地区','巴青县','巴青县','4160','6-3-1','否','','2007-08'),('23477','7118','那曲地区','巴青县','阿秀乡','4380','6-3-8','是','','2007-10'),('23478','7118','那曲地区','巴青县','巴青县','4160','6-3-1','否','','2008-05'),('21903','7119','那曲地区','索县','索县','4096','6-8-1','否','395265','1994-07'),('21904','7119','那曲地区','那曲地区','那曲地区','4527','6-1-1','否','393473','2015-08'),('23168','7120','拉萨市','拉萨市','拉萨市','3650','1-1-1','否','','1999-09'),('23169','7120','那曲地区','那曲地区','那曲地区','4527','6-1-1','否','','2002-09'),('22817','7121','那曲地区','那曲地区','那曲地区','4527','6-1-1','否','','1998-07'),('23516','7123','那曲地区','索县','索县','4096','6-8-1','否','','2004-08'),('23517','7123','那曲地区','那曲地区','那曲地区','4527','6-1-1','否','','2013-02'),('21910','7127','那曲地区','那曲地区','那曲地区','4527','6-1-1','否','393473','2016-08'),('23526','7128','那曲地区','那曲地区','那曲地区','4527','6-1-1','否','','2011-12'),('23675','7138','那曲地区','那曲地区','那曲地区','4527','6-1-1','否','','1983-07'),('23555','7140','那曲地区','那曲地区','那曲地区','4527','6-1-1','否','','2015-02'),('23554','7140','那曲地区','索县','索县','4096','6-8-1','否','','1987-01'),('23672','7141','那曲地区','巴青县','巴青县','4160','6-3-1','否','','1996-03'),('23671','7141','那曲地区','巴青县','岗切乡','4518','6-3-6','是','','1993-03'),('23670','7141','那曲地区','巴青县','巴青县','4160','6-3-1','否','','1990-02'),('22785','7085','那曲地区','那曲地区','那曲地区','4527','6-1-1','否','','2013-08'),('22787','7103','那曲地区','那曲地区','那曲地区','4527','6-1-1','否','393473','2007-08'),('22824','7112','那曲地区','那曲地区','那曲地区','4527','6-1-1','否','','1998-07'),('22793','7113','那曲地区','那曲地区','那曲地区','4527','6-1-1','否','393473','2003-07'),('23523','7116','那曲地区','那曲地区','那曲地区','4527','6-1-1','否','','2000-07'),('23479','7118','那曲地区','那曲地区','那曲地区','4527','6-1-1','否','','2011-11'),('22828','7181','那曲地区','那曲地区','那曲地区','4527','6-1-1','否','','2007-11'),('22827','7181','那曲地区','索县','索县','4096','6-8-1','否','','1999-07'),('22834','7179','那曲地区','巴青县','巴青县','4160','6-3-1','否','','2007-11'),('22833','7179','那曲地区','那曲地区','那曲地区','4527','6-1-1','否','','2010-11'),('22832','7179','那曲地区','那曲地区','那曲地区','4527','6-1-1','否','393985','1991-07'),('23483','7091','那曲地区','那曲地区','那曲地区','4527','6-1-1','否','','2012-11'),('23195','7289','那曲地区','那曲地区','那曲地区','4527','6-1-1','否','393473','2019-07'),('23384','7125','那曲地区','那曲地区','那曲地区','4527','6-1-1','否','','2008-11');|