INSERT INTO `tx_personinfo` (`id`, `sort`, `userid`, `name`, `sex`, `birthday`, `origin`, `nation`, `partymember`, `worktime`, `intime`, `inadj`, `inyear`, `posttime`, `postadj`, `unitkind`, `postname`, `unitname`, `isleader`, `lastposttime`, `lastunitkind`, `lastpostname`, `lastunitname`, `area`, `education`, `educationtime`, `schooltime`, `educationadj`, `teacherinfo`, `teacherbegin`, `teacherend`, `teacheradj`, `oneinfo`, `onebegin`, `oneend`, `oneadj`, `check2`, `check5`, `coveradj`, `cadre`, `retiretime`, `height`, `note`, `addon`) VALUES ('5214','0','144','孙晓琴','女','1985-05','四川阆中','汉族','团员','2011-12','2011-12','0','0','2011-12','0','事业单位','专技十二级-助理','院机关','','','','','','','本科','2011-12','4','0','','','','0','','','','0','0','0','0','否','','0','身份证号码：511381198505050700',''),('5150','0','144','何发','男','1981-08','贵州盘县','汉族','党员','2004-08','2004-08','0','0','2017-02','0','事业单位','管理八级-副科','蔬菜所','','','','','','','本科','2004-07','4','0','','','','0','','','','0','2006','2006','0','否','','0','',''),('5152','0','144','边巴央宗','女','1971-08','西藏拉萨','藏族','','1990-12','1990-12','0','0','2017-01','0','事业单位','管理七级-正科','院机关','','','','','','','暂时没有','','0','0','','','','0','','','','0','0','0','0','否','','0','',''),('5151','0','144','陆玉琳','女','1970-02','甘肃武威','汉族','党员','1991-12','1991-12','0','0','2017-01','0','事业单位','管理七级-正科','院机关','','','','','','','暂时没有','','0','0','','','','0','','','','0','0','0','0','否','','0','',''),('5158','0','144','炜斯白央','女','1969-11','西藏拉萨','藏族','党员','1990-07','1990-07','0','0','2017-03','0','事业单位','专技四级-正高','院机关','','','','','','','大专','1990-07','3','0','','','','0','','','','0','0','0','0','否','','0','',''),('5159','0','144','王莉','女','1983-12','','汉族','','2006-07','2006-07','0','0','2017-03','0','事业单位','专技七级-副高','院机关','','','','','','','本科','2006-07','4','0','','','','0','','','','0','0','0','0','否','','0','',''),('6138','','144','仁增旺堆','男','1986-05','','汉族','','2010-11','2010-11','0','','2015-07','0','事业单位','专技十二级-助理','草业所','','','','','','','本科','2010-11','4','0','','','','0','','','','0','0','0','0','否','','','',''),('6521','','144','普布多吉','男','1991-07','西藏山南','藏族','','2017-11','2017-11','0','','2017-11','0','事业单位','专技十二级-助理','食品所','','','','','','','硕士','2011-11','3','0','','','','0','','','','0','0','0','0','否','','','201711公招',''),('6483','','144','马菁林','男','1964-04','河北沧州','汉族','党员','1985-07','1985-07','0','','2017-01','0','事业单位','管理三级-正厅','院机关','非领导职务','','','','','','中专','1985-07','0','0','','','','0','','','','0','0','0','0','否','','','',''),('6482','','144','张思源','男','1990-03','甘肃天水','汉族','党员','2013-12','2013-12','0','','2013-12','0','事业单位','专技十二级-助理','农业所','','','','','','','本科','2013-12','4','0','','','','0','','','','0','0','0','0','否','','','2017.12调入',''),('6124','','144','夏菲','女','1987-03','','汉族','','2013-07','2013-07','0','','2015-09','0','事业单位','专技十级-中级','草业所','','','','','','','硕士','2013-07','3','0','','','','0','','','','0','2013','2013','0','否','','','',''),('6122','','144','周娟娟','女','1987-03','','汉族','','2013-07','2013-07','0','','2015-09','0','事业单位','专技十级-中级','草业所','','','','','','','硕士','2013-07','3','0','','','','0','','','','0','2013','2013','0','否','','','',''),('6123','','144','魏巍','男','1986-09','','汉族','','2013-07','2013-07','0','','2015-09','0','事业单位','专技十级-中级','草业所','','','','','','','硕士','2013-07','3','0','','','','0','','','','0','2013','2013','0','否','','','',''),('6121','','144','土登群培','男','1978-10','西藏拉萨','藏族','党员','2001-07','2001-07','0','','2017-07','0','事业单位','专技九级','草业所','','','','','','','大专','2001-07','3','0','','','','0','','','','0','0','0','0','否','','','201512林芝农牧局调入。',''),('6120','','144','周启龙','男','1988-02','吉林榆树','汉族','','2014-07','2014-07','0','','2016-08','0','事业单位','专技十级-中级','草业所','','','','','','','硕士','2014-07','3','0','','','','0','','','','0','2014','2014','0','否','','','',''),('6119','','144','廖阳慈','男','1990-04','四川眉山','汉族','','2014-07','2014-07','0','','2016-08','0','事业单位','专技十级-中级','草业所','','','','','','','硕士','2014-07','3','0','','','','0','','','','0','2014','2014','0','否','','','',''),('6118','','144','刘云飞','男','1987-05','黑龙江巴彦','汉族','','2014-07','2014-07','0','','2016-08','0','事业单位','专技十级-中级','草业所','','','','','','','硕士','2014-07','3','0','','','','0','','','','0','2014','2014','0','否','','','',''),('6117','','144','史睿智','男','1985-07','','汉族','','2007-10','2007-10','0','','2017-09','0','事业单位','专技十级-中级','草业所','','','','','','','本科','2007-10','4','0','','','','0','','','','0','2007','2007','0','否','','','201504任职草业所科管科副科长，',''),('6116','','144','旦增踏庆','男','1989-07','西藏','藏族','','2014-07','2014-07','0','','2017-09','0','事业单位','专技十级-中级','草业所','','','','','','','硕士','2014-07','3','0','','','','0','','','','0','0','0','0','否','','','公招201407，',''),('6115','','144','陈少锋','男','1987-04','山西','汉族','','2015-08','2015-08','0','','2017-09','0','事业单位','专技十级-中级','草业所','','','','','','','硕士','2015-08','3','0','','','','0','','','','0','0','0','0','否','','','引进人才',''),('6114','','144','白马噶翁','男','1989-06','西藏','藏族','','2014-07','2014-07','0','','2017-07','0','事业单位','专技十一级','草业所','','','','','','','本科','2014-07','4','0','','','','0','','','','0','0','0','0','否','','','201407公招',''),('6113','','144','普布卓玛','女','1991-01','西藏','藏族','','2014-07','2014-07','0','','2017-07','0','事业单位','专技十一级','草业所','','','','','','','本科','2014-07','4','0','','','','0','','','','0','0','0','0','否','','','201407公招',''),('5157','0','144','谭大明','男','1970-02','重庆石柱','土家族','党员','1992-07','1992-07','0','0','2017-03','0','事业单位','专技七级-副高','资环所','','','','','','','中专','1992-07','0','0','','','','0','','','','0','0','0','0','否','','0','',''),('5161','0','144','普布卓玛','女','1978-04','西藏阿里','藏族','','2003-07','2003-07','0','0','2017-03','0','事业单位','专技七级-副高','院机关','','','','','','','本科','2003-07','4','0','','','','0','','','','0','0','0','0','否','','0','',''),('5160','0','144','唐广元','男','1982-10','四川南充','汉族','','2006-07','2006-07','0','0','2017-03','0','事业单位','专技七级-副高','院机关','','','','','','','本科','2006-07','4','0','','','','0','','','','0','0','0','0','否','','0','',''),('5232','0','144','普布卓玛','女','1986-09','阿里革吉','藏族','党员','2009-11','2009-11','0','0','2009-11','0','事业单位','专技十三级-员级','草业所','','','','','','','大专','2009-11','3','0','','','','0','','','','0','2009','2009','0','否','','0','',''),('5285','0','144','单增拉姆','女','1987-05','西藏昌都卡若','藏族','','2010-11','2010-11','0','0','2017-02','0','事业单位','专技十二级-助理','畜牧所','','','','','','','本科','2010-11','4','0','','','','0','','','','0','0','0','0','否','','0','2017年2月调入畜牧所工作，之前享受农牧一线浮动。',''),('5156','0','144','扎西拉宗','女','1972-05','青海玉树','藏族','党员','1993-07','1993-07','0','0','2017-03','0','事业单位','专技七级-副高','院机关','','','','','','','大专','1993-07','3','0','','','','0','','','','0','0','0','0','否','','0','',''),('5154','0','144','郭军艳','女','1975-10','陕西','汉族','党员','1995-12','1995-12','0','0','2017-01','0','事业单位','管理七级-正科','院机关','','','','','','','暂时没有','','0','0','','','','0','','','','0','0','0','0','否','','0','',''),('5155','0','144','央金拉姆','女','1983-10','西藏拉萨','藏族','党员','2008-11','2008-11','0','0','2017-01','0','事业单位','管理七级-正科','院机关','','','','','','','本科','2008-11','3','0','','','','0','','','','0','0','0','0','否','','0','',''),('5290','0','144','白玛群宗','女','1977-06','日喀则','藏族','党员','1994-10','1994-10','0','0','2007-03','0','事业单位','管理八级-副科','畜牧所','','','','','','','暂时没有','','0','0','','','','0','','','','0','0','0','0','否','','0','2017年4月调入。1997年11月由那曲人事局批准转干。',''),('5153','0','144','拉巴参久','女','1971-10','西藏拉萨','藏族','党员','1991-12','1991-12','0','0','2017-01','0','事业单位','管理七级-正科','院机关','','','','','','','暂时没有','','0','0','','','','0','','','','0','0','0','0','否','','0','',''),('5292','0','144','索朗央宗','女','1986-03','西藏林芝','藏族','党员','2012-11','2010-11','3','0','2017-05','0','事业单位','管理九级-科员','蔬菜所','','','','','','','本科','2012-11','4','0','','','','0','','','','0','0','0','0','否','','0','2017年2月调入，2009.03-2011.03三支一扶人员',''),('5148','0','144','祝晓华','女','1972-09','四川南充','汉族','党员','1991-07','1991-07','0','0','2017-10','0','事业单位','管理五级-正县','院机关','','','','','','','中专','1991-07','0','0','','','','0','','','','0','0','0','0','否','','0','',''),('5855','0','144','王建银','男','1986-01','甘肃','汉族','党员','2014-07','2014-07','0','0','2016-08','0','事业单位','专技十级-中级','院机关','','','','','','','硕士','2014-07','3','0','','','','0','','','','0','2014','2014','0','否','','0','2014.07引进人才。',''),('5856','0','144','林斌','男','1985-09','甘肃','汉族','党员','2011-10','2011-10','0','0','2014-12','0','事业单位','专技九级','院机关','','','','','','','硕士','2011-10','3','0','','','','0','','','','0','2011','2011','0','否','','0','2012.12副科，2015.06正科。',''),('5854','0','144','曹倩','女','1988-11','安徽无为','汉族','','2011-12','2011-12','0','0','2016-03','0','事业单位','专技十二级-助理','院机关','','','','','','','本科','2011-12','4','0','','','','0','','','','0','0','0','0','否','','0','2015.11调入院机关。',''),('5857','0','144','古桑德吉','女','1982-06','西藏','藏族','','2006-07','2006-07','0','0','2018-05','0','机关单位','专技八级','院机关','','','','','','','本科','2006-07','4','0','','','','0','','','','0','0','0','0','否','','0','2015.06副科',''),('5858','0','144','王玉霞','女','1978-03','','汉族','','1999-08','1999-08','0','0','2018-05','0','机关单位','专技六级','院机关','','','','','','','大专','1999-08','3','0','','','','0','','','','0','0','0','0','否','','0','',''),('5713','0','144','普布卓玛','女','1985-03','西藏拉萨','汉族','','2007-08','2007-08','0','0','2015-03','0','事业单位','专技十二级-助理','农业所','','','','','','','大专','2007-08','3','0','','','','0','农业','2007-08','2017-06','0','0','0','0','否','','0','2017年5月西藏日喀则昂仁县农贸综合服务中心调入。',''),('5748','0','144','拉巴索朗','男','1987-10','西藏拉萨','藏族','','2008-12','2008-12','0','0','2010-11','0','事业单位','技术工五级-初级工','院机关','','','','','','','大专','2008-11','3','0','','','','0','','','','0','0','0','0','否','','0','2008年12月入伍，2011年11月退伍安置。',''),('5747','0','144','王权权','男','1990-05','安徽','汉族','','2010-02','2010-02','0','0','2012-07','0','事业单位','技术工五级-初级工','院机关','','','','','','','高中','2010-12','0','0','','','','0','','','','0','2010','2010','0','否','','0','',''),('5749','0','144','罗布旺扎','男','1988-11','','藏族','','2008-12','2010-11','0','0','2010-11','0','事业单位','技术工五级-初级工','院机关','','','','','','','高中','','0','0','','','','0','','','','0','2008','2008','0','否','','0','2008.12入伍，2011年11月退伍安置。',''),('5750','0','144','边巴次仁','男','1973-12','西藏拉萨','藏族','','1998-07','1998-07','0','0','1998-07','0','事业单位','技术工五级-初级工','院机关','','','','','','','暂时没有','','0','0','','','','0','','','','0','2006','2006','0','否','','0','',''),('5262','0','144','次仁顿珠','男','1987-08','西藏拉萨','藏族','','2011-12','2011-12','0','0','2011-12','0','事业单位','专技十三级-员级','农业所','','','','','','','大专','2011-12','3','0','','','','0','','','','0','2011','2011','0','否','','0','2016年12月调入农业所',''),('5263','0','144','次仁德吉','女','1983-08','西藏拉萨','藏族','党员','2005-10','2005-10','0','0','2013-04','0','事业单位','管理八级-副科','农业所','','','','','','','大专','2005-08','3','0','','','','0','','','','0','2006','2006','0','否','','0','',''),('5264','0','144','次仁央拉','女','1990-10','西藏日喀则','藏族','党员','2012-10','2012-10','0','0','2012-10','0','事业单位','专技十二级-助理','农业所','','','','','','','本科','2012-10','4','0','','','','0','','','','0','2012','2012','0','否','','0','',''),('5265','0','144','段鹏','男','1983-09','河北新乐','汉族','党员','2009-08','2009-08','0','0','2017-04','0','事业单位','专技十级-中级','农业所','','','','','','','本科','2009-08','4','0','','','','0','','','','0','2009','2009','0','否','','0','',''),('5266','0','144','尼玛嘎姆','女','1985-01','','藏族','','2011-12','2011-12','0','0','2017-04','0','事业单位','管理十级-办事员','农业所','','','','','','','大专','2011-12','3','0','','','','0','','','','0','0','0','0','否','','0','',''),('5860','0','144','何冰梅','女','1971-04','四川南充','汉族','党员','1993-07','1993-07','0','0','2014-12','0','事业单位','专技六级','院机关','','','','','','','大专','1993-07','3','0','','','','0','','','','0','2006','2006','0','否','','0','201506正科',''),('5859','0','144','德吉曲珍','女','1973-02','西藏拉萨市','藏族','党员','1992-08','1992-08','0','0','2017-07','0','事业单位','专技六级','院机关','','','','','','','中专','1992-08','0','0','','','','0','','','','0','0','0','0','否','','0','2017.10副县。',''),('5861','0','144','格桑顿珠','男','1971-03','西藏','藏族','党员','1994-07','1994-07','0','0','2017-07','0','事业单位','专技五级','院机关','','','','','','','本科','1994-07','4','0','','','','0','','','','0','0','0','0','否','','0','',''),('5862','0','144','黄界','男','1971-12','山东成武','汉族','','1993-07','1993-07','0','0','2013-09','0','机关单位','专技四级-正高','院机关','','','','','','','本科','1993-07','4','0','','','','0','','','','0','2006','2006','0','否','','0','201608副县。',''),('5863','0','144','李晓忠','男','1965-12','甘肃敦煌','汉族','党员','1988-08','1988-08','0','0','2017-07','0','事业单位','专技三级','院机关','','','','','','','本科','1988-08','4','0','','','','0','','','','0','2006','2006','0','否','','0','',''),('5864','0','144','闵治平','男','1964-07','陕西渭南','汉族','党员','1987-08','1987-08','0','0','2017-07','0','事业单位','专技三级','蔬菜所','','','','','','','本科','1987-08','4','0','','','','0','','','','0','0','0','0','否','','0','2016.08正县，2012.09副县。',''),('5867','0','144','邓中华','男','1984-07','黑龙江绥化','汉族','党员','2013-04','2013-04','0','0','2016-03','0','事业单位','管理八级-副科','院机关','','','','','','','本科','2013-04','4','0','','','','0','','','','0','2013','2013','0','否','','0','201501调入院机关，工资从当年2月执行。',''),('5889','0','144','翟卿','女','1980-11','山东章丘','汉族','党员','2010-12','2015-07','0','0','2013-12','0','事业单位','专技十级-中级','院机关','','','','','','','博士','2011-04','3','0','','','','0','','','','0','0','0','0','否','','0','',''),('5887','0','144','张忭忭','男','1981-11','','汉族','党员','2004-10','2016-07','0','0','2013-06','0','事业单位','专技七级-副高','院机关','','','','','','','本科','2010-07','3','0','','','','0','','','','0','0','0','0','是','','0','',''),('5865','0','144','张宏斌','男','1992-03','甘肃秦安','汉族','党员','2016-08','2016-08','0','0','2016-08','0','事业单位','管理九级-科员','院机关','','','','','','','本科','2014-08','4','0','','','','0','','','','0','2016','2016','0','否','','0','201408-201608志愿者留藏。海南大学风景园林9园林工程技术',''),('5866','0','144','孟慧君','女','1993-08','山西太原','汉族','党员','2016-08','2016-08','0','0','2016-08','0','事业单位','管理九级-科员','院机关','','','','','','','本科','2016-08','4','0','','','','0','','','','0','2016','2016','0','否','','0','西藏民院人力资源，公招进入。',''),('5869','0','144','巴桑次仁','男','1974-01','西藏拉萨','藏族','党员','1997-07','1997-07','0','0','2017-10','0','事业单位','管理六级-副县','院机关','','','','','','','本科','1997-07','4','0','','','','0','','','','0','0','0','0','否','','0','',''),('5868','0','144','德吉卓嘎','女','1986-07','西藏','藏族','党员','2008-08','2008-08','0','0','2015-06','0','事业单位','管理七级-正科','院机关','','','','','','','大专','2008-08','3','0','','','','0','','','','0','2008','2008','0','否','','0','201109调入质标所，201506正科。',''),('5870','0','144','何小令','女','1979-07','甘肃','汉族','','1999-07','1999-07','0','0','2009-10','0','事业单位','管理七级-正科','院机关','','','','','','','中专','1999-07','0','0','','','','0','','','','0','2006','2006','0','否','','0','',''),('5871','0','144','格桑次仁','男','1972-12','西藏','藏族','','1994-07','1994-07','0','0','2009-10','0','事业单位','管理七级-正科','院机关','','','','','','','中专','1994-07','0','0','','','','0','','','','0','2006','2006','0','否','','0','',''),('5872','0','144','白杰','男','1972-05','西藏拉萨','藏族','党员','1993-03','1993-03','0','0','2009-10','0','事业单位','管理七级-正科','院机关','','','','','','','中专','1993-03','0','0','','','','0','','','','0','2006','2006','0','否','','0','',''),('5873','0','144','旦扎','男','1969-01','西藏拉萨','藏族','党员','1992-07','1992-07','0','0','2009-10','0','事业单位','管理七级-正科','院机关','','','','','','','大专','1992-07','3','0','','','','0','','','','0','2006','2006','0','否','','0','',''),('5874','0','144','李文秀','女','1969-05','四川','汉族','党员','1991-08','1991-08','0','0','2017-10','0','事业单位','管理六级-副县','院机关','','','','','','','本科','1991-08','4','0','','','','0','','','','0','0','0','0','否','','0','',''),('5876','0','144','邓祝英','女','1975-09','湖南','汉族','党员','1997-07','1997-07','0','0','2016-08','0','事业单位','管理六级-副县','院机关','','','','','','','大专','1997-07','3','0','','','','0','','','','0','2006','2006','0','否','','0','',''),('5875','0','144','穷达','女','1975-01','西藏','藏族','','1996-07','1996-07','0','0','2004-05','0','事业单位','管理七级-正科','院机关','','','','','','','大专','1996-07','3','0','','','','0','','','','0','2006','2006','0','否','','0','',''),('5877','0','144','赵海英','女','1972-10','河北衡水','汉族','党员','1992-07','1992-07','0','0','2015-08','0','事业单位','管理六级-副县','蔬菜所','','','','','','','中专','1992-07','0','0','','','','0','','','','0','0','0','0','否','','0','',''),('5276','0','144','扎西央吉','女','1981-08','','汉族','','2004-09','2004-09','0','0','2009-01','0','事业单位','专技十二级-助理','畜牧所','','','','','','','大专','2004-09','3','0','','','','0','','','','0','0','0','0','否','','0','',''),('5274','0','144','普布贵吉','男','1979-06','','汉族','','2000-07','2000-07','0','0','2017-04','0','事业单位','专技十级-中级','资环所','','','','','','','中专','2000-07','0','0','','','','0','','','','0','0','0','0','否','','0','',''),('5275','0','144','索朗曲吉','女','1984-07','西藏错那县','藏族','党员','2007-08','2007-08','0','0','2017-01','0','事业单位','专技十二级-助理','畜牧所','','','','','','','本科','2007-08','4','0','','','','0','','','','0','0','0','0','否','','0','',''),('5273','0','144','张艳','女','1970-02','四川','汉族','','1991-12','1991-12','0','0','2017-04','0','事业单位','技术工二级-技师','蔬菜所','','','','','','','暂时没有','','0','0','','','','0','','','','0','2006','2006','0','否','','0','',''),('5752','0','144','格桑曲珍','女','1972-06','西藏桑日县','藏族','','1998-12','1998-12','0','0','2013-01','0','事业单位','技术工四级-中级工','院机关','','','','','','','初中','','0','0','','','','0','','','','0','0','0','0','否','','0','',''),('5751','0','144','林珠巴桑','男','1985-07','西藏拉萨','藏族','','2004-12','2004-12','0','0','2015-11','0','事业单位','技术工四级-中级工','院机关','','','','','','','初中','','0','0','','','','0','','','','0','2006','2006','0','否','','0','2007年7月退伍安置。',''),('5878','0','144','次旦央金','女','1976-08','西藏','藏族','党员','1996-07','1996-07','0','0','2016-08','0','事业单位','管理六级-副县','院机关','','','','','','','中专','1996-07','4','0','','','','0','','','','0','2006','2006','0','否','','0','',''),('5880','0','144','鲍圣华','男','1972-05','山东威海','汉族','党员','1996-07','1996-07','0','0','2017-10','0','事业单位','管理五级-正县','院机关','','','','','','','大专','1996-07','3','0','','','','0','','','','0','0','0','0','否','','0','',''),('5879','0','144','姬秋英','女','1970-01','西藏','藏族','党员','1985-10','1985-10','0','0','2012-09','0','事业单位','管理六级-副县','院机关','','','','','','','暂时没有','','0','0','','','','0','','','','0','2006','2006','0','否','','0','',''),('5881','0','144','尹桂珍','女','1965-03','安徽宿州','汉族','党员','1983-04','1983-04','0','0','2016-08','0','事业单位','管理五级-正县','院机关','','','','','','','暂时没有','','0','0','','','','0','','','','0','2006','2006','0','否','','0','',''),('5882','0','144','尼玛扎西','男','1965-04','西藏山南','藏族','党员','1985-07','1985-07','0','0','2015-06','0','事业单位','管理三级-正厅','院机关','','','','','','','大专','1985-07','2','0','','','','0','','','','0','2006','2006','0','否','','0','2016.04专技二级。',''),('5883','0','144','贵桑','女','1960-03','西藏','藏族','党员','1980-08','1980-08','0','0','2014-12','0','事业单位','管理四级-副厅','院机关','领导职务','','','','','','中专','1980-08','4','0','','','','0','','','','0','0','0','0','否','','0','',''),('5884','0','144','扎西','男','1961-02','西藏那曲','藏族','党员','1982-08','1982-08','0','0','2012-12','0','事业单位','管理四级-副厅','院机关','','','','','','','本科','1982-08','4','0','','','','0','','','','0','2006','2006','0','否','','0','2016.07人副书记副院长',''),('5886','0','144','王凤忠','男','1972-04','山东烟台','汉族','党员','1998-07','2016-07','0','0','2015-12','0','事业单位','专技四级-正高','院机关','','','','','','','博士','1998-07','2','0','','','','0','','','','0','0','0','0','是','','0','',''),('5885','0','144','牛磊','男','1982-03','河南','汉族','党员','2005-10','2005-10','0','0','2018-05','0','事业单位','专技八级','院机关','','','','','','','大专','2005-10','3','0','','','','0','','','','0','0','0','0','否','','0','201506正科',''),('6379','','144','卫华','男','1968-02','四川','汉族','党员','1991-12','1991-12','0','','2018-05','0','事业单位','专技八级','院机关','','','','','','','暂时没有','2005-08','0','0','','','','0','','','','0','0','0','0','否','','','2015.04正科',''),('6378','','144','代安国','男','1970-01','四川绵羊','汉族','党员','1988-08','1988-08','0','','2015-02','0','事业单位','专技四级-正高','院机关','','','','','','','本科','1988-08','4','0','','','','0','','','','0','2006','2006','0','否','','','2014.02正县',''),('6377','','144','王文峰','男','1979-09','','汉族','党员','2003-07','2003-07','0','','2017-03','0','事业单位','专技四级-正高','院机关','','','','','','','本科','2003-07','4','0','','','','0','','','','0','0','0','0','否','','','',''),('6376','','144','欧珠','男','1961-08','西藏仁布','藏族','党员','1985-07','1985-07','0','','2013-02','0','事业单位','专技五级','院机关','','','','','','','大专','1985-07','2','0','','','','0','','','','0','2006','2006','0','否','','','',''),('6375','','144','贡嘎桑布','男','1971-07','西藏','藏族','党员','1992-07','1992-07','0','','2017-03','0','事业单位','专技七级-副高','院机关','','','','','','','中专','1992-07','0','0','','','','0','','','','0','0','0','0','否','','','2013.06正科',''),('5890','0','144','朱廷兵','男','1987-10','','汉族','','2015-07','2015-07','0','0','2013-09','0','事业单位','专技十级-中级','院机关','','','','','','','博士','2013-07','3','0','','','','0','','','','0','0','0','0','否','','0','',''),('5891','0','144','周朝伟','男','1985-05','','汉族','','2016-08','2016-08','0','0','2014-08','0','事业单位','专技十级-中级','院机关','','','','','','','博士','2016-08','3','0','','','','0','','','','0','0','0','0','否','','0','',''),('5892','0','144','张颖','女','1977-04','','汉族','','2016-08','2016-08','0','0','2014-08','0','事业单位','专技十级-中级','院机关','','','','','','','博士','2016-08','3','0','','','','0','','','','0','2016','2016','0','否','','0','',''),('5893','0','144','姜南','男','1977-04','','汉族','','2015-09','2017-04','0','0','2014-08','0','事业单位','专技十级-中级','院机关','','','','','','','博士','2017-04','3','0','','','','0','','','','0','0','0','0','否','','0','',''),('5894','0','144','张国强','男','1982-04','','汉族','','2009-03','2017-04','0','0','2015-08','0','事业单位','专技十级-中级','院机关','','','','','','','博士','2017-04','3','0','','','','0','','','','0','0','0','0','否','','0','',''),('5407','0','144','扎西央宗','女','1992-05','西藏日喀则','藏族','党员','2013-12','2013-12','0','0','2017-05','0','事业单位','专技十二级-助理','水产所','','','','','','','本科','2013-12','4','0','','','','0','','','','0','0','0','0','否','','0','2017年5月调入水产所工作',''),('5753','0','144','顾嵘嵘','男','1988-01','江苏','汉族','','2005-12','2005-12','0','0','2013-01','0','事业单位','技术工四级-中级工','院机关','','','','','','','初中','','0','0','','','','0','','','','0','0','0','0','否','','0','2008.07退伍安置。',''),('5755','0','144','巴桑次仁','男','1962-12','西藏','藏族','','1993-04','1998-04','0','0','2009-01','0','事业单位','技术工三级-高级工','院机关','','','','','','','暂时没有','','0','0','','','','0','','','','0','0','0','0','否','','0','',''),('5408','0','144','卓玛次仁','女','1986-07','西藏拉萨','藏族','党员','2011-08','2007-12','3','0','2016-02','0','事业单位','管理八级-副科','蔬菜所','','','','','','','大专','2011-08','3','0','','','','0','','','','0','0','0','0','否','','0','2017年6月调入蔬菜所工作（该同志于2007年12月-2011年3月为三支一扶支教人员）',''),('5676','0','144','扎西央宗','女','1980-10','山南隆孜','藏族','党员','2004-08','2004-08','0','0','2015-09','0','事业单位','管理七级-正科','草业所','','','','','','','本科','2004-08','4','0','','','','0','','','','0','0','0','0','否','','0','2017年6月调入草业所',''),('5677','0','144','达瓦桑姆','女','1990-02','阿里普兰','藏族','党员','2014-07','2014-07','0','0','2014-07','0','事业单位','专技十三级-员级','院机关','','','','','','','大专','2014-07','3','0','','','','0','','','','0','2014','2014','0','否','','0','2017捻月调入院机关',''),('5679','0','144','次仁多吉','男','1957-12','阿里','藏族','党员','1972-12','1972-12','0','0','2013-12','0','事业单位','技术工二级-技师','退机关','','','','','','','暂时没有','','0','0','','','','0','','','','0','0','0','0','否','2014-12','0','',''),('5783','0','144','陈裕祥','男','1954-04','江苏泰县','汉族','党员','1978-08','1978-08','0','0','2016-04','0','事业单位','专技二级','畜牧退','','','','','','','大专','1978-08','3','0','','','','0','','','','0','0','0','0','否','2016-05','0','199611副县，2016年5月退休。',''),('5782','0','144','赵好信','男','1952-01','','汉族','党员','1979-04','1979-04','0','0','2013-02','0','事业单位','专技三级','畜牧退','','','','','','','大专','1979-04','3','0','','','','0','','','','0','0','0','0','否','2015-02','0','1982.09副县，199704正县',''),('5853','0','144','胡赟','男','1991-04','安徽宣城','汉族','党员','2016-08','2016-08','0','0','2016-08','0','事业单位','专技十二级-助理','院机关','','','','','','','本科','2014-08','4','0','','','','0','','','','0','0','0','0','否','','0','2014.08-2016.08志愿者考试留藏，2014.07上海大学食品科学与工程。',''),('5680','0','144','四朗伦珠','男','1957-08','西藏昌都','藏族','','1974-12','1974-12','0','0','2013-12','0','事业单位','技术工二级-技师','退机关','','','','','','','暂时没有','','0','0','','','','0','','','','0','0','0','0','否','2014-12','0','',''),('5681','0','144','梅祖建','男','1957-02','重庆','汉族','党员','1974-08','1974-08','0','0','2002-08','0','事业单位','管理五级-正县','退机关','','','','','','','暂时没有','','0','0','','','','0','','','','0','0','0','0','否','2017-03','0','',''),('5682','0','144','徐萨宁','男','1957-04','北京','汉族','党员','1975-07','1975-07','0','0','2013-03','0','事业单位','管理五级-正县','退机关','','','','','','','暂时没有','','0','0','','','','0','','','','0','0','0','0','否','2017-04','0','',''),('5683','0','144','张明兰','女','1957-02','河南','汉族','党员','1979-06','1979-06','0','0','2011-01','0','事业单位','管理四级-副厅','退机关','领导职务','','','','','','大专','1979-06','3','0','','','','0','','','','0','0','0','0','否','2017-03','0','',''),('5685','0','144','林珠班旦','男','1956-03','西藏','藏族','党员','1970-01','1970-01','0','0','2007-07','0','事业单位','专技四级-正高','退机关','','','','','','','暂时没有','','0','0','','','','0','','','','0','0','0','0','否','2016-03','0','',''),('5684','0','144','王保海','男','1952-04','河南','汉族','党员','1979-05','1979-05','0','0','2016-04','0','事业单位','专技二级','退机关','','','','','','','大专','1979-05','3','0','','','','0','','','','0','0','0','0','否','2016-06','0','',''),('5756','0','144','洛桑旺堆','男','1968-04','西藏','藏族','','1998-01','1998-01','2','0','2013-12','0','事业单位','技术工二级-技师','院机关','','','','','','','初中','','0','0','','','','0','','','','0','0','0','14','否','','0','',''),('5757','0','144','洛桑罗布','男','1970-08','四川甘孜','藏族','','1990-12','1990-12','0','0','2013-12','0','事业单位','技术工二级-技师','院机关','','','','','','','暂时没有','','0','0','','','','0','','','','0','2006','2006','0','否','','0','',''),('5754','0','144','尼玛旺久','男','1976-12','西藏谢通门','藏族','','1995-12','1995-12','0','0','2015-11','0','事业单位','技术工三级-高级工','院机关','','','','','','','高中','','0','0','','','','0','','','','0','2006','2006','0','否','','0','退伍',''),('5785','0','144','次珍','女','1988-03','','藏族','','2011-08','2011-08','0','0','2011-08','0','事业单位','专技十三级-员级','草业所','','','','','','','本科','2011-08','4','0','','','','0','','','','0','0','0','0','否','','0','2017.08调入聘为员级，之前公务员工资科员。',''),('5784','0','144','色珠','女','1957-09','西藏当雄','藏族','党员','1980-07','1987-07','0','0','2013-02','0','事业单位','专技三级','畜牧退','','','','','','','大专','','3','0','','','','0','','','','0','0','0','0','否','2015-02','0','199701副县，201310免职。',''),('5149','0','144','扎西顿珠','男','1988-07','西藏拉萨','藏族','','2012-11','2012-11','0','0','2016-12','0','事业单位','专技十三级-员级','蔬菜所','','','','','','','大专','2012-11','3','0','','','','0','','','','0','0','0','0','否','','0','',''),('5674','0','144','巴桑次仁','男','1987-08','西藏','藏族','','2005-12','2008-07','0','0','2016-11','0','事业单位','技术工四级-中级工','草业所','','','','','','','暂时没有','','0','0','','','','0','','','','0','0','0','0','否','','0','',''),('5213','0','144','刘生伟','男','1965-05','','汉族','','1987-08','1987-08','0','0','2014-12','0','事业单位','专技六级','院机关','','','','','','','本科','1987-08','4','0','','','','0','','','','0','0','0','0','否','','0','2011.12正科，2015.06副县（畜牧所）2016.08副县调整院机关开发处）；1989.01-2006.02在青海省工作。',''),('6202','','144','平措班旦','男','1989-02','云南班旦','藏族','党员','2010-11','2010-11','0','','2015-02','0','事业单位','管理八级-副科','畜牧所','','','','','','','大专','2010-11','3','0','','','','0','','','','0','2010','2010','0','否','','','',''),('6201','','144','洛桑顿珠','男','1989-11','','藏族','党员','2012-11','2012-11','0','','2012-11','0','事业单位','专技十三级-员级','畜牧所','','','','','','','本科','2012-11','4','0','','','','0','','','','0','0','0','0','否','','','',''),('6200','','144','索朗央吉','女','1981-12','那曲','藏族','党员','2003-07','2003-07','0','','2007-10','0','事业单位','管理八级-副科','畜牧所','','','','','','','大专','2003-07','3','0','','','','0','','','','0','0','0','0','否','','','',''),('6199','','144','德吉','女','1984-07','仁布县','藏族','党员','2009-11','2009-11','0','','2017-01','0','事业单位','专技十二级-助理','畜牧所','','','','','','','大专','2009-11','3','0','','','','0','','','','0','0','0','0','否','','','',''),('6198','','144','次旺仁增','男','1990-08','','藏族','党员','2013-12','2013-12','0','','2013-12','0','事业单位','专技十三级-员级','畜牧所','','','','','','','本科','2013-12','4','0','','','','0','','','','0','0','0','0','否','','','2017.09调入',''),('6197','','144','邓小虎','男','1973-02','','汉族','党员','1993-08','1993-08','0','','2017-10','0','事业单位','管理六级-副县','院机关','','','','','','','中专','1993-08','4','0','','','','0','','','','0','2006','2006','0','否','','','',''),('6181','','144','边巴卓玛','女','1983-12','拉萨','藏族','党员','2011-08','2008-07','0','','2014-11','0','事业单位','管理八级-副科','畜牧所','','','','','','','大专','2011-08','3','0','','','','0','','','','0','0','0','0','否','','','',''),('6180','','144','扎西央宗','女','1987-06','日喀则','藏族','','2009-11','2009-11','0','','2014-07','0','事业单位','专技十二级-助理','畜牧所','','','','','','','大专','2009-11','3','0','','','','0','','','','0','0','0','0','否','','','2017年7月调入畜牧所',''),('6112','','144','洛桑塔青','男','1979-07','西藏林芝','藏族','党员','1998-07','1998-07','0','','2017-07','0','事业单位','专技十一级','草业所','','','','','','','中专','1999-07','3','0','','','','0','','','','0','0','0','0','否','','','199807（毕业证199907）毕业于西藏电力学校，分配到西藏满拉水电站工作，201210聘为电气助理工程师。',''),('6110','','144','桑旦','男','1985-08','西藏','藏族','','2009-11','2009-11','0','','2015-04','0','事业单位','管理八级-副科','草业所','','','','','','','本科','2009-11','4','0','','','','0','','','','0','2009','2009','0','否','','','201504任职草业所牧草品种选育研究所副主任。',''),('6109','','144','德吉央宗','女','1981-06','西藏日喀则','藏族','','2000-07','2000-07','0','','2015-03','0','事业单位','管理八级-副科','草业所','','','','','','','中专','2000-07','4','0','','','','0','','','','0','2006','2006','0','否','','','201504任职草业所综合办（财务）副主任201506执行工资。',''),('6108','','144','次仁扎西','男','1988-10','西藏','藏族','','2007-12','2010-10','0','','2013-12','0','事业单位','管理八级-副科','草业所','','','','','','','暂时没有','','0','0','','','','0','','','','0','2007','2007','0','否','','','2007.12入伍内地部队，2010退伍。',''),('6107','','144','王玲','女','1993-11','','汉族','','2005-10','2005-10','0','','2015-04','0','事业单位','管理八级-副科','草业所','','','','','','','本科','2005-10','4','0','','','','0','','','','0','2006','2006','0','否','','','201312公招，2015.04副科',''),('6106','','144','旺久','男','1970-03','西藏山南','藏族','党员','1991-07','1991-07','0','','2013-01','0','事业单位','管理六级-副县','草业所','','','','','','','中专','1991-07','4','0','','','','0','','','','0','2006','2006','0','否','','','',''),('6481','','144','田朋佳','女','1987-01','河北保定','汉族','党员','2017-11','2017-11','0','','2017-11','0','事业单位','专技十二级-助理','农业所','','','','','','','硕士','2017-12','2','0','','','','0','','','','0','2017','2017','0','否','','','2017年公招',''),('6101','','144','刘启勇','男','1954-12','江苏宿迁','汉族','党员','1985-07','1985-07','0','','2017-07','0','事业单位','专技三级','水产所','','','','','','','大专','1985-07','2','0','','','','0','','','','0','0','0','0','否','','','1999.03副县，2013.01正县。',''),('6100','','144','牟振波','男','1961-10','黑龙江伊春','汉族','党员','1978-10','2016-08','0','','2013-01','0','事业单位','专技三级','水产所','','','','','','','暂时没有','','0','0','','','','0','','','','0','2006','2006','0','否','','','2016.08高层次引进，2016年11月正县。',''),('6099','','144','张弛','男','1980-10','','汉族','党员','2013-01','2013-10','0','','2015-09','0','事业单位','专技十级-中级','水产所','','','','','','','硕士','2013-01','3','0','','','','0','','','','0','0','0','0','否','','','2016.08副科',''),('6098','','144','陈美群','女','1986-04','','汉族','党员','2013-07','2013-07','0','','2015-09','0','事业单位','专技十级-中级','水产所','','','','','','','硕士','2013-07','3','0','','','','0','','','','0','2013','2013','0','否','','','',''),('6096','','144','刘海平','','1981-08','内蒙','汉族','党员','2008-07','2006-07','0','','2014-09','0','机关单位','专技七级-副高','水产所','','','','','','','硕士','2008-07','3','0','','','','0','','','','0','2008','2008','0','否','','','身份证：152631198108020934.',''),('6097','','144','曾本和','男','1989-12','四川隆昌','汉族','党员','2016-08','2016-08','0','','2016-08','0','事业单位','专技十二级-助理','水产所','','','','','','','硕士','2016-08','3','0','','','','0','','','','0','2016','2016','0','否','','','',''),('6095','','144','周建设','男','1985-04','','汉族','党员','2011-11','2011-11','0','','2017-07','0','事业单位','专技九级','水产所','','','','','','','硕士','2011-11','3','0','','','','0','','','','0','0','0','0','否','','','2016.08正科。',''),('6094','','144','潘瑛子','女','1984-05','','汉族','党员','2006-07','2006-07','0','','2014-12','0','事业单位','专技九级','水产所','','','','','','','本科','2006-07','4','0','','','','0','','','','0','0','0','0','否','','','2016.08正科。',''),('6093','','144','王万良','男','1987-06','甘肃陇西','汉族','党员','2014-07','2014-07','0','','2016-07','0','事业单位','专技十级-中级','水产所','','','','','','','硕士','2014-07','3','0','','','','0','','','','0','2014','2014','0','否','','','',''),('6092','','144','扎西拉姆','女','1983-07','西藏','藏族','','2007-07','2007-07','0','','2016-08','0','事业单位','专技十级-中级','水产所','','','','','','','本科','2007-07','4','0','','','','0','','','','0','2007','2007','0','否','','','根据藏农科政【2016】80号资格，2016.08聘任。',''),('6091','','144','尹秋畯','男','1968-08','','汉族','党员','1985-10','2012-08','0','','2016-08','0','事业单位','管理七级-正科','水产所','','','','','','','暂时没有','','0','0','','','','0','','','','0','2006','2006','0','否','','','2012.08从新疆卷烟厂调入畜牧所。',''),('6089','','144','龚君华','男','1972-01','河南','汉族','党员','1991-12','1991-12','0','','2013-02','0','事业单位','专技十一级','水产所','','','','','','','暂时没有','','0','0','','','','0','','','','0','2006','2006','0','否','','','1996.07取得中专学历，从1998.07享受学历工资。',''),('6088','','144','张镜群','男','1968-06','辽宁兴城','汉族','党员','1984-08','2015-08','0','','2009-09','0','事业单位','技术工二级-技师','水产所','','','','','','','暂时没有','','0','0','','','','0','','','','0','2006','2006','0','否','','','2015.07调入蔬菜所，2015.05技师一级2009.09取得资格，2016.08副科。',''),('6642','','144','尹秋畯','男','1968-01','新疆','汉族','党员','1985-01','2012-08','0','','2016-09','0','事业单位','管理七级-正科','水产所','','','','','','','暂时没有','2008-07','0','0','','','','0','','','','0','2006','2006','0','否','','','','');|INSERT INTO `tx_jobinfo` (`id`, `personid`, `sort`, `oldposttime`, `oldpostkind`, `oldpostname`, `oldarea`, `oldunitkind`, `oldunitname`, `oldisleader`, `height`)  VALUES ('28322','5161','0','2003-07','事业单位专业技术人员','专技十二级-助理','二类区','事业单位','院机关','','0'),('28341','5156','0','1998-11','事业单位管理人员','管理八级-副科','二类区','事业单位','院机关','','0'),('28320','5213','0','2010-06','事业单位专业技术人员','专技七级-副高','二类区','事业单位','院机关','','0'),('28323','5161','0','2012-01','事业单位专业技术人员','专技十级-中级','二类区','事业单位','院机关','','0'),('28324','5161','0','2014-12','事业单位专业技术人员','专技九级','二类区','事业单位','院机关','','0'),('28325','5161','0','2017-03','事业单位专业技术人员','专技七级-副高','二类区','事业单位','院机关','','0'),('28326','5160','0','2006-07','事业单位专业技术人员','专技十二级-助理','二类区','事业单位','院机关','','0'),('28327','5160','0','2011-09','事业单位专业技术人员','专技十级-中级','二类区','事业单位','院机关','','0'),('28328','5160','0','2014-12','事业单位专业技术人员','专技九级','二类区','事业单位','院机关','','0'),('28330','5159','0','2006-07','事业单位专业技术人员','专技十二级-助理','二类区','事业单位','院机关','','0'),('28329','5160','0','2017-03','事业单位专业技术人员','专技七级-副高','二类区','事业单位','院机关','','0'),('28331','5159','0','2012-09','事业单位专业技术人员','专技十级-中级','二类区','事业单位','院机关','','0'),('28333','5158','0','1994-07','事业单位专业技术人员','专技十二级-助理','二类区','事业单位','院机关','','0'),('28332','5159','0','2017-03','事业单位专业技术人员','专技七级-副高','二类区','事业单位','院机关','','0'),('28334','5158','0','2004-07','事业单位专业技术人员','专技十级-中级','二类区','事业单位','院机关','','0'),('28335','5158','0','2010-06','事业单位专业技术人员','专技七级-副高','二类区','事业单位','院机关','','0'),('33693','5157','','2017-03','事业单位专业技术人员','专技七级-副高','二类区','事业单位','资环所','','0'),('28337','5158','0','2017-03','事业单位专业技术人员','专技四级-正高','二类区','事业单位','院机关','','0'),('28336','5158','0','2014-12','事业单位专业技术人员','专技六级','二类区','事业单位','院机关','','0'),('33692','5157','','2013-01','事业单位管理人员','管理六级-副县','二类区','事业单位','资环所','','0'),('33691','5157','','2006-05','事业单位管理人员','管理七级-正科','二类区','事业单位','资环所','','0'),('28342','5156','0','2001-12','事业单位管理人员','管理七级-正科','二类区','事业单位','院机关','','0'),('28343','5156','0','2010-08','事业单位专业技术人员','专技十级-中级','二类区','事业单位','院机关','','0'),('28344','5156','0','2014-12','事业单位专业技术人员','专技九级','二类区','事业单位','院机关','','0'),('28362','5155','0','2008-11','事业单位专业技术人员','专技十二级-助理','二类区','事业单位','院机关','','0'),('28366','5154','0','2001-09','事业单位工人','技术工五级-初级工','二类区','事业单位','院机关','','0'),('28363','5155','0','2012-05','事业单位管理人员','管理九级-科员','二类区','事业单位','院机关','','0'),('28364','5155','0','2014-03','事业单位管理人员','管理八级-副科','二类区','事业单位','院机关','','0'),('28365','5155','0','2017-01','事业单位管理人员','管理七级-正科','二类区','事业单位','院机关','','0'),('28368','5154','0','2006-12','事业单位工人','技术工三级-高级工','二类区','事业单位','院机关','','0'),('28369','5154','0','2013-11','事业单位管理人员','管理八级-副科','二类区','事业单位','院机关','','0'),('27818','5785','0','2011-08','事业单位专业技术人员','专技十三级-员级','二类区','事业单位','草业所','','0'),('27457','5747','0','2012-07','事业单位工人','技术工五级-初级工','二类区','事业单位','院机关','','0'),('27459','5749','0','2010-11','事业单位工人','技术工五级-初级工','二类区','事业单位','院机关','','0'),('27460','5750','0','1998-07','事业单位工人','技术工五级-初级工','二类区','事业单位','院机关','','0'),('27544','5748','0','2010-11','事业单位工人','技术工五级-初级工','二类区','事业单位','院机关','','0'),('27461','5751','0','2015-11','事业单位工人','技术工四级-中级工','二类区','事业单位','院机关','','0'),('32780','6482','','2013-12','事业单位专业技术人员','专技十二级-助理','二类区','事业单位','农业所','','0'),('32778','6481','','2017-11','事业单位专业技术人员','专技十二级-助理','二类区','事业单位','农业所','','0'),('27462','5751','0','2007-06','事业单位工人','技术工五级-初级工','二类区','事业单位','院机关','','0'),('30284','5880','','2017-10','事业单位管理人员','管理五级-正县','二类区','事业单位','院机关','','0'),('30437','6181','','2011-08','事业单位管理人员','管理十级-办事员','二类区','事业单位','畜牧所','','0'),('30436','6180','','2014-07','事业单位专业技术人员','专技十二级-助理','二类区','事业单位','畜牧所','','0'),('30435','6180','','2009-11','事业单位专业技术人员','专技十三级-员级','二类区','事业单位','畜牧所','','0'),('30438','6181','','2014-11','事业单位管理人员','管理八级-副科','二类区','事业单位','畜牧所','','0'),('29822','6112','','2017-07','事业单位专业技术人员','专技十一级','二类区','事业单位','草业所','','0'),('29821','6112','','2015-08','事业单位专业技术人员','专技十二级-助理','二类区','事业单位','草业所','','0'),('29820','6112','','2015-01','事业单位工人','技术工四级-中级工','二类区','事业单位','草业所','','0'),('29818','6112','','2003-12','事业单位工人','技术工五级-初级工','四类区','事业单位','草业所','','0'),('29819','6112','','2008-12','机关工人','中级工','四类区','事业单位','草业所','','0'),('29783','6110','','2009-11','事业单位专业技术人员','专技十二级-助理','二类区','事业单位','草业所','','0'),('29782','6110','','2014-11','事业单位专业技术人员','专技十一级','二类区','事业单位','草业所','','0'),('27546','5752','0','2013-01','事业单位工人','技术工四级-中级工','二类区','事业单位','院机关','','0'),('27547','5752','0','2011-11','事业单位工人','技术工五级-初级工','二类区','机关单位','院机关','','0'),('27542','5753','0','2008-07','事业单位工人','技术工五级-初级工','二类区','事业单位','院机关','','0'),('29909','6138','','2010-11','事业单位专业技术人员','专技十三级-员级','二类区','事业单位','草业所','','0'),('29910','6138','','2015-07','事业单位专业技术人员','专技十二级-助理','二类区','事业单位','草业所','','0'),('29898','6116','','2017-09','事业单位专业技术人员','专技十级-中级','二类区','事业单位','草业所','','0'),('29778','6109','','2012-04','公务员','乡科级副职','二类区','事业单位','草业所','领导职务','0'),('29779','6109','','2004-12','公务员','科员','二类区','事业单位','草业所','非领导职务','0'),('29780','6109','','2000-07','公务员','办事员','二类区','事业单位','草业所','非领导职务','0'),('29781','6110','','2015-04','事业单位管理人员','管理八级-副科','二类区','事业单位','草业所','','0'),('29775','6108','','2013-12','事业单位管理人员','管理八级-副科','二类区','事业单位','草业所','','0'),('29776','6108','','2007-12','事业单位工人','技术工五级-初级工','二类区','事业单位','草业所','','0'),('29777','6109','','2015-03','事业单位管理人员','管理八级-副科','二类区','事业单位','草业所','','0'),('29774','6107','','2007-10','事业单位管理人员','管理九级-科员','二类区','事业单位','草业所','','0'),('29773','6107','','2015-04','事业单位管理人员','管理八级-副科','二类区','事业单位','草业所','','0'),('29768','6106','','2002-03','事业单位管理人员','管理八级-副科','二类区','事业单位','草业所','','0'),('29767','6106','','2004-10','事业单位管理人员','管理七级-正科','二类区','事业单位','草业所','','0'),('29766','6106','','2013-01','事业单位管理人员','管理六级-副县','二类区','事业单位','草业所','','0'),('34213','6379','','1991-12','事业单位工人','技术工五级-初级工','二类区','事业单位','蔬菜所','','0'),('34212','6379','','2018-05','事业单位专业技术人员','专技八级','二类区','事业单位','院机关','','0'),('34197','5858','','2018-05','事业单位专业技术人员','专技六级','二类区','机关单位','院机关','','0'),('34192','5857','','2018-05','事业单位专业技术人员','专技八级','二类区','机关单位','院机关','','0'),('29828','6124','','2013-07','事业单位专业技术人员','专技十二级-助理','二类区','事业单位','草业所','','0'),('29827','6124','','2015-09','事业单位专业技术人员','专技十级-中级','二类区','事业单位','草业所','','0'),('29826','6123','','2013-07','事业单位专业技术人员','专技十二级-助理','二类区','事业单位','草业所','','0'),('29825','6123','','2015-09','事业单位专业技术人员','专技十级-中级','二类区','事业单位','草业所','','0'),('29824','6122','','2013-07','事业单位专业技术人员','专技十二级-助理','二类区','事业单位','草业所','','0'),('29823','6122','','2015-09','事业单位专业技术人员','专技十级-中级','二类区','事业单位','草业所','','0'),('29903','6113','','2017-07','事业单位专业技术人员','专技十一级','二类区','事业单位','草业所','','0'),('29812','6121','','2017-07','事业单位专业技术人员','专技九级','二类区','事业单位','草业所','','0'),('29811','6121','','2013-04','事业单位专业技术人员','专技十级-中级','二类区','事业单位','草业所','','0'),('29810','6121','','2005-05','事业单位专业技术人员','专技十二级-助理','二类区','事业单位','草业所','','0'),('29809','6121','','2001-07','事业单位专业技术人员','专技十三级-员级','二类区','事业单位','草业所','','0'),('29805','6120','','2016-08','事业单位专业技术人员','专技十级-中级','二类区','事业单位','草业所','','0'),('29804','6120','','2014-07','事业单位专业技术人员','专技十二级-助理','二类区','事业单位','草业所','','0'),('29803','6119','','2016-08','事业单位专业技术人员','专技十级-中级','二类区','事业单位','草业所','','0'),('29802','6119','','2014-07','事业单位专业技术人员','专技十二级-助理','二类区','事业单位','草业所','','0'),('29801','6118','','2014-07','事业单位专业技术人员','专技十二级-助理','二类区','事业单位','草业所','','0'),('29800','6118','','2016-08','事业单位专业技术人员','专技十级-中级','二类区','事业单位','草业所','','0'),('29900','6114','','2017-07','事业单位专业技术人员','专技十一级','二类区','事业单位','草业所','','0'),('29797','6117','','2017-09','事业单位专业技术人员','专技十级-中级','二类区','事业单位','草业所','','0'),('29796','6117','','2007-10','事业单位专业技术人员','专技十二级-助理','二类区','事业单位','草业所','','0'),('29795','6117','','2014-11','事业单位专业技术人员','专技十一级','二类区','事业单位','草业所','','0'),('29794','6117','','2015-04','事业单位管理人员','管理八级-副科','二类区','事业单位','草业所','','0'),('29897','6116','','2014-07','事业单位专业技术人员','专技十二级-助理','二类区','事业单位','草业所','','0'),('34023','6115','','2017-09','事业单位专业技术人员','专技十级-中级','二类区','事业单位','草业所','','0'),('34022','6115','','2015-08','事业单位专业技术人员','专技十二级-助理','二类区','事业单位','草业所','','0'),('29899','6114','','2014-07','事业单位专业技术人员','专技十二级-助理','二类区','事业单位','草业所','','0'),('29902','6113','','2014-07','事业单位专业技术人员','专技十二级-助理','二类区','事业单位','草业所','','0'),('32839','6483','','2017-01','事业单位管理人员','管理三级-正厅','二类区','事业单位','院机关','非领导职务','0'),('32838','6483','','2016-04','公务员','厅局级正职','二类区','机关单位','院机关','非领导职务','0'),('32837','6483','','2009-11','公务员','厅局级副职','二类区','机关单位','院机关','领导职务','0'),('32836','6483','','2001-01','公务员','县处级正职','二类区','机关单位','院机关','领导职务','0'),('32835','6483','','1996-10','公务员','县处级副职','二类区','机关单位','院机关','领导职务','0'),('32834','6483','','1992-09','公务员','乡科级正职','二类区','机关单位','院机关','领导职务','0'),('32833','6483','','1990-12','公务员','乡科级副职','二类区','机关单位','院机关','领导职务','0'),('32832','6483','','1985-07','公务员','办事员','二类区','机关单位','院机关','非领导职务','0'),('33005','6521','','2017-11','事业单位专业技术人员','专技十二级-助理','二类区','事业单位','食品所','','0'),('29747','6095','','2017-07','事业单位专业技术人员','专技九级','二类区','事业单位','水产所','','0'),('29742','6101','','2017-07','事业单位专业技术人员','专技三级','二类区','事业单位','水产所','','0'),('29741','6101','','2010-06','事业单位专业技术人员','专技四级-正高','二类区','事业单位','水产所','','0'),('29740','6101','','2004-09','事业单位专业技术人员','专技七级-副高','二类区','事业单位','水产所','','0'),('29739','6101','','1993-12','事业单位专业技术人员','专技十级-中级','二类区','事业单位','水产所','','0'),('29735','6100','','1989-05','事业单位专业技术人员','专技十级-中级','二类区','事业单位','水产所','','0'),('29734','6100','','2001-02','事业单位专业技术人员','专技七级-副高','二类区','事业单位','水产所','','0'),('29733','6100','','2008-01','事业单位专业技术人员','专技四级-正高','二类区','事业单位','水产所','','0'),('29732','6100','','2013-01','事业单位专业技术人员','专技三级','二类区','事业单位','水产所','','0'),('29744','6099','','2015-09','事业单位专业技术人员','专技十级-中级','二类区','事业单位','水产所','','0'),('29743','6099','','2013-01','事业单位专业技术人员','专技十二级-助理','二类区','事业单位','水产所','','0'),('29729','6098','','2013-07','事业单位专业技术人员','专技十二级-助理','二类区','事业单位','水产所','','0'),('29728','6098','','2015-09','事业单位专业技术人员','专技十级-中级','二类区','事业单位','水产所','','0'),('29727','6097','','2016-08','事业单位专业技术人员','专技十二级-助理','二类区','事业单位','水产所','','0'),('29726','6096','','2008-07','事业单位专业技术人员','专技十二级-助理','二类区','机关单位','水产所','','0'),('29725','6096','','2009-08','事业单位专业技术人员','专技十级-中级','二类区','机关单位','水产所','','0'),('29724','6096','','2014-09','事业单位专业技术人员','专技七级-副高','二类区','机关单位','水产所','','0'),('29746','6095','','2013-12','事业单位专业技术人员','专技十级-中级','二类区','事业单位','水产所','','0'),('29745','6095','','2011-11','事业单位专业技术人员','专技十二级-助理','二类区','事业单位','水产所','','0'),('29750','6094','','2006-07','事业单位专业技术人员','专技十二级-助理','二类区','事业单位','水产所','','0'),('29749','6094','','2014-12','事业单位专业技术人员','专技九级','二类区','事业单位','水产所','','0'),('29748','6094','','2011-09','事业单位专业技术人员','专技十级-中级','二类区','事业单位','水产所','','0'),('29718','6093','','2014-07','事业单位专业技术人员','专技十二级-助理','二类区','事业单位','水产所','','0'),('29717','6093','','2016-07','事业单位专业技术人员','专技十级-中级','二类区','事业单位','水产所','','0'),('29716','6092','','2007-07','事业单位专业技术人员','专技十二级-助理','二类区','事业单位','水产所','','0'),('29715','6092','','2014-12','事业单位专业技术人员','专技十一级','二类区','事业单位','水产所','','0'),('29714','6092','','2016-08','事业单位专业技术人员','专技十级-中级','二类区','事业单位','水产所','','0'),('29713','6091','','2012-08','事业单位工人','技术工五级-初级工','二类区','事业单位','水产所','','0'),('29712','6091','','2012-09','事业单位工人','技术工三级-高级工','二类区','事业单位','水产所','','0'),('29711','6091','','2013-12','事业单位管理人员','管理八级-副科','二类区','事业单位','水产所','','0'),('29710','6091','','2016-08','事业单位管理人员','管理七级-正科','二类区','事业单位','水产所','','0'),('29705','6089','','2002-12','事业单位专业技术人员','专技十二级-助理','二类区','事业单位','水产所','','0'),('29704','6089','','2013-02','事业单位专业技术人员','专技十一级','二类区','事业单位','水产所','','0'),('29703','6088','','1984-08','事业单位工人','普通-普通工','二类区','事业单位','水产所','','0'),('29702','6088','','1998-03','事业单位工人','技术工四级-中级工','二类区','事业单位','水产所','','0'),('29701','6088','','2003-12','事业单位工人','技术工三级-高级工','二类区','事业单位','水产所','','0'),('29700','6088','','2009-09','事业单位工人','技术工二级-技师','二类区','事业单位','水产所','','0'),('34898','6642','','2016-09','事业单位管理人员','管理七级-正科','二类区','事业单位','水产所','','0'),('34897','6642','','2014-01','事业单位管理人员','管理八级-副科','二类区','事业单位','畜牧抽','','0'),('34895','6642','','2012-08','事业单位工人','技术工五级-初级工','二类区','事业单位','畜牧所','','0'),('34896','6642','','2013-01','事业单位工人','技术工三级-高级工','二类区','事业单位',' 畜牧所','','0'),('27543','5753','0','2013-01','事业单位工人','技术工四级-中级工','二类区','事业单位','院机关','','0'),('27468','5754','0','2015-11','事业单位工人','技术工三级-高级工','二类区','事业单位','院机关','','0'),('28518','5755','0','2004-12','事业单位工人','技术工四级-中级工','二类区','事业单位','院机关','','0'),('28519','5755','0','2009-01','事业单位工人','技术工三级-高级工','二类区','事业单位','院机关','','0'),('27475','5757','0','2007-03','事业单位工人','技术工三级-高级工','二类区','事业单位','院机关','','0'),('27474','5757','0','2013-12','事业单位工人','技术工二级-技师','二类区','事业单位','院机关','','0'),('29451','5756','0','2006-06','事业单位工人','技术工三级-高级工','二类区','事业单位','院机关','','0'),('29450','5756','0','1998-01','事业单位工人','技术工五级-初级工','二类区','事业单位','院机关','','0'),('27476','5757','0','2001-12','事业单位工人','技术工四级-中级工','二类区','事业单位','院机关','','0'),('32862','5854','','2016-03','事业单位专业技术人员','专技十二级-助理','二类区','事业单位','院机关','','0'),('28305','5853','0','2016-08','事业单位专业技术人员','专技十二级-助理','二类区','事业单位','院机关','','0'),('32861','5854','','2011-12','事业单位专业技术人员','专技十三级-员级','二类区','事业单位','院机关','','0'),('28244','5782','0','2006-09','事业单位专业技术人员','专技四级-正高','二类区','事业单位','畜牧退','','0'),('28243','5782','0','1979-04','事业单位专业技术人员','专技七级-副高','二类区','事业单位','畜牧退','','0'),('28245','5782','0','2013-02','事业单位专业技术人员','专技三级','二类区','事业单位','畜牧退','','0'),('28247','5783','0','2002-06','事业单位专业技术人员','专技四级-正高','二类区','事业单位','畜牧退','','0'),('28248','5783','0','2013-02','事业单位专业技术人员','专技三级','二类区','事业单位','畜牧退','','0'),('28246','5783','0','1996-01','事业单位专业技术人员','专技七级-副高','二类区','事业单位','畜牧退','','0'),('28249','5783','0','2016-04','事业单位专业技术人员','专技二级','二类区','事业单位','畜牧退','','0'),('28241','5784','0','2004-09','事业单位专业技术人员','专技四级-正高','二类区','事业单位','畜牧退','','0'),('28240','5784','0','1998-04','事业单位专业技术人员','专技七级-副高','二类区','事业单位','畜牧退','','0'),('28242','5784','0','2013-02','事业单位专业技术人员','专技三级','二类区','事业单位','畜牧退','','0'),('28306','5866','0','2016-08','事业单位管理人员','管理九级-科员','二类区','事业单位','院机关','','0'),('27620','5292','0','2012-11','事业单位专业技术人员','专技十三级-员级','二类区','事业单位','蔬菜所','','0'),('27621','5292','0','2017-05','事业单位管理人员','管理九级-科员','二类区','事业单位','蔬菜所','','0'),('25327','5290','0','1997-11','事业单位管理人员','管理十级-办事员','二类区','事业单位','畜牧所','','0'),('25326','5290','0','1994-10','事业单位工人','普通-普通工','二类区','事业单位','畜牧所','','0'),('25328','5290','0','2003-10','事业单位管理人员','管理九级-科员','二类区','事业单位','畜牧所','','0'),('25329','5290','0','2007-03','事业单位管理人员','管理八级-副科','二类区','事业单位','畜牧所','','0'),('25306','5275','0','2017-01','事业单位专业技术人员','专技十二级-助理','二类区','事业单位','畜牧所','','0'),('30302','5148','','2017-10','事业单位管理人员','管理五级-正县','二类区','事业单位','院机关','','0'),('30301','5148','','2015-06','事业单位管理人员','管理六级-副县','二类区','事业单位','院机关','','0'),('30300','5148','','2001-12','事业单位管理人员','管理七级-正科','二类区','事业单位','院机关','','0'),('30299','5148','','1998-11','事业单位管理人员','管理八级-副科','二类区','事业单位','院机关','','0'),('24754','5149','0','2012-11','事业单位专业技术人员','专技十三级-员级','二类区','事业单位','蔬菜所','','0'),('24755','5149','0','2016-12','事业单位专业技术人员','专技十三级-员级','二类区','事业单位','蔬菜所','','0'),('24079','5150','0','2004-08','事业单位管理人员','管理九级-科员','四类区','事业单位','蔬菜所','','0'),('24080','5150','0','2012-04','事业单位管理人员','管理八级-副科','四类区','事业单位','蔬菜所','','0'),('28356','5152','0','2013-11','事业单位管理人员','管理八级-副科','二类区','事业单位','院机关','','0'),('28357','5152','0','2017-01','事业单位管理人员','管理七级-正科','二类区','事业单位','院机关','','0'),('25217','5274','0','2007-07','事业单位专业技术人员','专技十二级-助理','四类区','事业单位','资环所','','0'),('28350','5151','0','2000-06','事业单位工人','技术工四级-中级工','二类区','事业单位','院机关','','0'),('28351','5151','0','2009-01','事业单位工人','技术工三级-高级工','二类区','事业单位','院机关','','0'),('28352','5151','0','2013-11','事业单位管理人员','管理八级-副科','二类区','事业单位','院机关','','0'),('28353','5151','0','2017-01','事业单位管理人员','管理七级-正科','二类区','事业单位','院机关','','0'),('24081','5150','0','2017-02','事业单位管理人员','管理八级-副科','二类区','事业单位','蔬菜所','','0'),('28355','5152','0','2007-03','事业单位工人','技术工三级-高级工','二类区','事业单位','院机关','','0'),('28354','5152','0','1999-06','事业单位工人','技术工四级-中级工','二类区','事业单位','院机关','','0'),('28358','5153','0','2000-06','事业单位工人','技术工四级-中级工','二类区','事业单位','院机关','','0'),('28359','5153','0','2013-01','事业单位工人','技术工三级-高级工','二类区','事业单位','院机关','','0'),('25293','5285','0','2017-02','事业单位专业技术人员','专技十二级-助理','二类区','事业单位','畜牧所','','0'),('28360','5153','0','2013-11','事业单位管理人员','管理八级-副科','二类区','事业单位','院机关','','0'),('25292','5285','0','2010-11','事业单位专业技术人员','专技十二级-助理','二类区','事业单位','畜牧所','','0'),('28367','5154','0','2006-06','事业单位工人','技术工四级-中级工','二类区','事业单位','院机关','','0'),('28345','5156','0','2017-03','事业单位专业技术人员','专技七级-副高','二类区','事业单位','院机关','','0'),('27240','5713','0','2015-03','事业单位专业技术人员','专技十二级-助理','二类区','事业单位','农业所','','0'),('27239','5713','0','2007-08','事业单位专业技术人员','专技十三级-员级','二类区','事业单位','农业所','','0'),('25170','5273','0','2017-04','事业单位工人','技术工二级-技师','二类区','事业单位','蔬菜所','','0'),('25169','5273','0','2004-06','事业单位专业技术人员','专技十二级-助理','二类区','事业单位','蔬菜所','','0'),('25168','5273','0','2013-02','事业单位专业技术人员','专技十一级','二类区','事业单位','蔬菜所','','0'),('28254','5855','0','2015-08','事业单位管理人员','管理八级-副科','二类区','事业单位','院机关','','0'),('28253','5855','0','2014-07','事业单位专业技术人员','专技十二级-助理','二类区','事业单位','院机关','','0'),('28255','5855','0','2016-08','事业单位专业技术人员','专技十级-中级','二类区','事业单位','院机关','','0'),('28256','5856','0','2014-12','事业单位专业技术人员','专技九级','二类区','事业单位','院机关','','0'),('28257','5856','0','2012-11','事业单位专业技术人员','专技十级-中级','二类区','机关单位','院机关','','0'),('28258','5856','0','2011-10','事业单位专业技术人员','专技十二级-助理','二类区','机关单位','院机关','','0'),('34191','5857','','2014-12','事业单位专业技术人员','专技九级','二类区','机关单位','院机关','','0'),('34190','5857','','2011-09','事业单位专业技术人员','专技十级-中级','二类区','事业单位','院机关','','0'),('34189','5857','','2006-07','事业单位专业技术人员','专技十二级-助理','二类区','事业单位','院机关','','0'),('34196','5858','','2013-09','事业单位专业技术人员','专技七级-副高','二类区','事业单位','院机关','','0'),('34195','5858','','2013-02','事业单位专业技术人员','专技八级','二类区','事业单位','院机关','','0'),('34194','5858','','2006-05','事业单位专业技术人员','专技十级-中级','二类区','事业单位','院机关','','0'),('34193','5858','','1999-08','事业单位专业技术人员','专技十二级-助理','二类区','事业单位','院机关','','0'),('30313','5859','','2017-07','事业单位专业技术人员','专技六级','二类区','事业单位','院机关','','0'),('30312','5859','','2013-01','事业单位专业技术人员','专技七级-副高','二类区','事业单位','院机关','','0'),('30311','5859','','2004-05','事业单位管理人员','管理七级-正科','二类区','事业单位','院机关','','0'),('30310','5859','','2004-04','事业单位专业技术人员','专技十级-中级','二类区','事业单位','院机关','','0'),('28271','5860','0','2014-12','事业单位专业技术人员','专技六级','二类区','事业单位','院机关','','0'),('28272','5860','0','2010-06','事业单位专业技术人员','专技七级-副高','二类区','事业单位','院机关','','0'),('28273','5860','0','2004-03','事业单位专业技术人员','专技十级-中级','二类区','事业单位','院机关','','0'),('28274','5860','0','1996-06','事业单位专业技术人员','专技十二级-助理','二类区','事业单位','院机关','','0'),('28292','5861','0','1994-07','事业单位专业技术人员','专技十二级-助理','二类区','事业单位','院机关','','0'),('28293','5861','0','2002-05','事业单位专业技术人员','专技十级-中级','二类区','事业单位','院机关','','0'),('28294','5861','0','2008-07','事业单位专业技术人员','专技七级-副高','二类区','事业单位','院机关','','0'),('28295','5861','0','2013-02','事业单位专业技术人员','专技六级','二类区','事业单位','院机关','','0'),('28296','5861','0','2017-07','事业单位专业技术人员','专技五级','二类区','事业单位','院机关','','0'),('28280','5862','0','2013-09','事业单位专业技术人员','专技四级-正高','二类区','机关单位','院机关','','0'),('28281','5862','0','2013-02','事业单位专业技术人员','专技六级','二类区','机关单位','院机关','','0'),('33695','5887','','2013-06','事业单位专业技术人员','专技七级-副高','二类区','事业单位','院机关','','0'),('28494','5889','0','2013-12','事业单位专业技术人员','专技十级-中级','二类区','事业单位','院机关','','0'),('30298','5148','','1996-12','事业单位管理人员','管理九级-科员','二类区','事业单位','院机关','','0'),('28282','5862','0','2007-07','事业单位专业技术人员','专技七级-副高','二类区','机关单位','院机关','','0'),('28283','5862','0','1999-12','事业单位专业技术人员','专技十级-中级','二类区','机关单位','院机关','','0'),('28284','5863','0','2017-07','事业单位专业技术人员','专技三级','二类区','事业单位','院机关','','0'),('28285','5863','0','2010-12','事业单位专业技术人员','专技四级-正高','二类区','事业单位','院机关','','0'),('28286','5863','0','2004-09','事业单位专业技术人员','专技七级-副高','二类区','事业单位','院机关','','0'),('28287','5863','0','1994-04','事业单位专业技术人员','专技十级-中级','二类区','事业单位','院机关','','0'),('33690','5864','','2017-07','事业单位专业技术人员','专技三级','二类区','事业单位','蔬菜所','','0'),('33689','5864','','2010-10','事业单位专业技术人员','专技四级-正高','二类区','事业单位','蔬菜所','','0'),('33688','5864','','2004-09','事业单位专业技术人员','专技七级-副高','二类区','事业单位','蔬菜所','','0'),('33687','5864','','1997-06','事业单位专业技术人员','专技十级-中级','二类区','事业单位','蔬菜所','','0'),('28304','5865','0','2016-08','事业单位管理人员','管理九级-科员','二类区','事业单位','院机关','','0'),('28307','5867','0','2016-03','事业单位管理人员','管理八级-副科','二类区','事业单位','院机关','','0'),('28308','5867','0','2014-12','事业单位管理人员','管理九级-科员','二类区','事业单位','院机关','','0'),('28309','5867','0','2013-04','事业单位专业技术人员','专技十三级-员级','二类区','事业单位','院机关','','0'),('28310','5868','0','2015-06','事业单位管理人员','管理七级-正科','二类区','事业单位','院机关','','0'),('28311','5868','0','2012-12','事业单位管理人员','管理八级-副科','二类区','事业单位','院机关','','0'),('28312','5868','0','2011-09','事业单位管理人员','管理九级-科员','二类区','事业单位','院机关','','0'),('28313','5868','0','2011-08','事业单位管理人员','管理十级-办事员','二类区','事业单位','院机关','','0'),('28314','5868','0','2008-08','公务员','科员','二类区','机关单位','院机关','非领导职务','0'),('30291','5869','','2017-10','事业单位管理人员','管理六级-副县','二类区','事业单位','院机关','','0'),('30290','5869','','2012-12','事业单位管理人员','管理七级-正科','二类区','事业单位','院机关','','0'),('30289','5869','','2007-03','事业单位管理人员','管理八级-副科','二类区','事业单位','院机关','','0'),('28371','5870','0','2009-10','事业单位管理人员','管理七级-正科','二类区','事业单位','院机关','','0'),('28372','5870','0','2004-05','事业单位管理人员','管理八级-副科','二类区','事业单位','院机关','','0'),('28373','5871','0','2009-10','事业单位管理人员','管理七级-正科','二类区','事业单位','院机关','','0'),('28374','5871','0','2004-05','事业单位管理人员','管理八级-副科','二类区','事业单位','院机关','','0'),('28375','5872','0','2009-10','事业单位管理人员','管理七级-正科','二类区','事业单位','院机关','','0'),('28376','5872','0','2005-12','事业单位管理人员','管理八级-副科','二类区','事业单位','院机关','','0'),('28377','5873','0','2009-10','事业单位管理人员','管理七级-正科','二类区','事业单位','院机关','','0'),('28378','5873','0','2004-05','事业单位管理人员','管理八级-副科','二类区','事业单位','院机关','','0'),('28379','5873','0','1996-10','事业单位专业技术人员','专技十二级-助理','二类区','事业单位','院机关','','0'),('28380','5873','0','1992-07','事业单位专业技术人员','专技十三级-员级','二类区','事业单位','院机关','','0'),('30297','5874','','2017-10','事业单位管理人员','管理六级-副县','二类区','事业单位','院机关','','0'),('30295','5874','','1993-06','事业单位管理人员','管理八级-副科','二类区','事业单位','院机关','','0'),('28384','5875','0','2000-08','事业单位管理人员','管理八级-副科','二类区','事业单位','院机关','','0'),('30296','5874','','2000-08','事业单位管理人员','管理七级-正科','二类区','事业单位','院机关','','0'),('28383','5875','0','2004-05','事业单位管理人员','管理七级-正科','二类区','事业单位','院机关','','0'),('28385','5876','0','2016-08','事业单位管理人员','管理六级-副县','二类区','事业单位','院机关','','0'),('28386','5876','0','2005-12','事业单位管理人员','管理七级-正科','二类区','事业单位','院机关','','0'),('34211','6379','','2014-12','事业单位专业技术人员','专技九级','二类区','事业单位','院机关','','0'),('34210','6379','','2011-09','事业单位专业技术人员','专技十级-中级','二类区','事业单位','院机关','','0'),('34208','6379','','2003-12','事业单位工人','技术工三级-高级工','二类区','事业单位','院机关','','0'),('34209','6379','','2005-08','事业单位专业技术人员','专技十二级-助理','二类区','事业单位','院机关','','0'),('31863','6378','','2000-09','事业单位管理人员','管理六级-副县','二类区','事业单位','院机关','','0'),('31862','6378','','2008-05','事业单位专业技术人员','专技七级-副高','二类区','事业单位','院机关','','0'),('31860','6378','','2015-02','事业单位专业技术人员','专技四级-正高','二类区','事业单位','院机关','','0'),('31861','6378','','2013-02','事业单位专业技术人员','专技六级','二类区','事业单位','院机关','','0'),('31859','6377','','2017-03','事业单位专业技术人员','专技四级-正高','二类区','事业单位','院机关','','0'),('31858','6377','','2014-10','事业单位专业技术人员','专技七级-副高','二类区','事业单位','院机关','','0'),('31857','6377','','2013-02','事业单位专业技术人员','专技九级','二类区','事业单位','院机关','','0'),('31856','6377','','2009-07','事业单位专业技术人员','专技十级-中级','二类区','事业单位','院机关','','0'),('31849','6376','','1997-01','事业单位管理人员','管理六级-副县','二类区','事业单位','院机关','','0'),('31855','6377','','2003-07','事业单位专业技术人员','专技十二级-助理','二类区','事业单位','院机关','','0'),('31848','6376','','2004-09','事业单位专业技术人员','专技七级-副高','二类区','事业单位','院机关','','0'),('31847','6376','','2012-06','事业单位管理人员','管理五级-正县','二类区','事业单位','院机关','','0'),('31846','6376','','2013-02','事业单位专业技术人员','专技五级','二类区','事业单位','院机关','','0'),('31867','6375','','2017-03','事业单位专业技术人员','专技七级-副高','二类区','事业单位','院机关','','0'),('31866','6375','','2015-06','事业单位管理人员','管理六级-副县','二类区','事业单位','院机关','','0'),('31864','6375','','2006-06','事业单位专业技术人员','专技十级-中级','二类区','事业单位','院机关','','0'),('31865','6375','','2013-02','事业单位专业技术人员','专技九级','二类区','事业单位','院机关','','0'),('28387','5876','0','2002-09','事业单位管理人员','管理八级-副科','二类区','事业单位','院机关','','0'),('33686','5877','','2015-08','事业单位管理人员','管理六级-副县','二类区','事业单位','蔬菜所','','0'),('33685','5877','','2012-10','事业单位管理人员','管理七级-正科','二类区','事业单位','蔬菜所','','0'),('33684','5877','','2009-10','事业单位管理人员','管理八级-副科','二类区','事业单位','蔬菜所','','0'),('33682','5877','','1992-07','事业单位管理人员','管理十级-办事员','二类区','事业单位','蔬菜所','','0'),('33683','5877','','2004-10','事业单位管理人员','管理九级-科员','二类区','事业单位','蔬菜所','','0'),('28393','5878','0','2016-08','事业单位管理人员','管理六级-副县','二类区','事业单位','院机关','','0'),('28394','5878','0','2009-05','事业单位管理人员','管理七级-正科','二类区','事业单位','院机关','','0'),('25042','5265','0','2009-08','事业单位专业技术人员','专技十二级-助理','二类区','事业单位','农业所','','0'),('25041','5264','0','2012-10','事业单位专业技术人员','专技十二级-助理','二类区','事业单位','农业所','','0'),('25040','5263','0','2013-04','事业单位管理人员','管理八级-副科','二类区','事业单位','农业所','','0'),('25039','5263','0','2005-08','事业单位管理人员','管理十级-办事员','二类区','事业单位','农业所','','0'),('25038','5262','0','2011-12','事业单位专业技术人员','专技十三级-员级','二类区','事业单位','农业所','','0'),('28361','5153','0','2017-01','事业单位管理人员','管理七级-正科','二类区','事业单位','院机关','','0'),('25305','5275','0','2007-08','事业单位专业技术人员','专技十二级-助理','三类区','事业单位','畜牧所','','0'),('25253','5276','0','2009-01','事业单位专业技术人员','专技十二级-助理','二类区','事业单位','畜牧所','','0'),('25252','5276','0','2004-08','事业单位专业技术人员','专技十三级-员级','二类区','事业单位','畜牧所','','0'),('27469','5754','0','2003-12','事业单位工人','技术工四级-中级工','二类区','事业单位','院机关','','0'),('28395','5878','0','2004-01','事业单位管理人员','管理八级-副科','二类区','事业单位','院机关','','0'),('28396','5879','0','2012-09','事业单位管理人员','管理六级-副县','二类区','事业单位','院机关','','0'),('28398','5879','0','1998-08','事业单位管理人员','管理八级-副科','二类区','事业单位','院机关','','0'),('28397','5879','0','2000-08','事业单位管理人员','管理七级-正科','二类区','事业单位','院机关','','0'),('30283','5880','','2012-09','事业单位管理人员','管理六级-副县','二类区','事业单位','院机关','','0'),('30282','5880','','2001-12','事业单位管理人员','管理七级-正科','二类区','事业单位','院机关','','0'),('30281','5880','','1998-11','事业单位管理人员','管理八级-副科','二类区','事业单位','院机关','','0'),('28402','5881','0','2016-08','事业单位管理人员','管理五级-正县','二类区','事业单位','院机关','','0'),('28403','5881','0','2012-09','事业单位管理人员','管理六级-副县','二类区','事业单位','院机关','','0'),('28404','5881','0','2000-08','事业单位管理人员','管理七级-正科','二类区','事业单位','院机关','','0'),('28405','5881','0','1993-06','事业单位管理人员','管理八级-副科','二类区','事业单位','院机关','','0'),('28406','5882','0','2015-06','事业单位管理人员','管理三级-正厅','二类区','事业单位','院机关','','0'),('28407','5882','0','2013-02','事业单位专业技术人员','专技三级','二类区','事业单位','院机关','','0'),('28507','5891','0','2014-08','事业单位专业技术人员','专技十级-中级','二类区','事业单位','院机关','','0'),('28508','5892','0','2014-08','事业单位专业技术人员','专技十级-中级','二类区','事业单位','院机关','','0'),('28513','5894','0','2015-08','事业单位专业技术人员','专技十级-中级','二类区','事业单位','院机关','','0'),('28511','5893','0','2014-08','事业单位专业技术人员','专技十级-中级','二类区','事业单位','院机关','','0'),('28480','5883','0','2014-12','事业单位管理人员','管理四级-副厅','二类区','事业单位','院机关','领导职务','0'),('28486','5886','0','2015-12','事业单位专业技术人员','专技四级-正高','二类区','事业单位','院机关','','0'),('34186','5885','','2012-10','事业单位专业技术人员','专技十级-中级','二类区','事业单位','院机关','','0'),('34187','5885','','2014-12','事业单位专业技术人员','专技九级','二类区','事业单位','院机关','','0'),('28479','5883','0','2014-02','公务员','厅局级副职','二类区','机关单位','院机关','领导职务','0'),('34188','5885','','2018-05','事业单位专业技术人员','专技八级','二类区','事业单位','院机关','','0'),('34184','5885','','2005-10','事业单位专业技术人员','专技十三级-员级','二类区','事业单位','院机关','','0'),('34185','5885','','2009-09','事业单位管理人员','管理八级-副科','二类区','事业单位','院机关','','0'),('28422','5884','0','2007-06','事业单位专业技术人员','专技七级-副高','二类区','事业单位','院机关','','0'),('28423','5884','0','2004-02','事业单位管理人员','管理五级-正县','二类区','事业单位','院机关','','0'),('28424','5884','0','2001-02','事业单位管理人员','管理六级-副县','二类区','事业单位','院机关','','0'),('28473','5883','0','1984-05','事业单位管理人员','管理八级-副科','二类区','事业单位','院机关','','0'),('28421','5884','0','2012-12','事业单位管理人员','管理四级-副厅','二类区','事业单位','院机关','','0'),('28472','5883','0','1980-08','事业单位专业技术人员','专技十三级-员级','二类区','事业单位','院机关','','0'),('28474','5883','0','1985-02','事业单位管理人员','管理八级-副科','二类区','事业单位','院机关','','0'),('28475','5883','0','1989-12','事业单位专业技术人员','专技十级-中级','二类区','事业单位','院机关','','0'),('28476','5883','0','1999-12','事业单位管理人员','管理六级-副县','二类区','事业单位','院机关','','0'),('28477','5883','0','2002-10','事业单位管理人员','管理六级-副县','二类区','事业单位','院机关','','0'),('28478','5883','0','2007-05','公务员','县处级正职','二类区','机关单位','院机关','领导职务','0'),('30288','5869','','1997-07','事业单位管理人员','管理九级-科员','二类区','事业单位','院机关','','0'),('28505','5890','0','2013-09','事业单位专业技术人员','专技十级-中级','二类区','事业单位','院机关','','0'),('28411','5882','0','1997-01','事业单位管理人员','管理六级-副县','二类区','事业单位','院机关','','0'),('28410','5882','0','2002-07','事业单位管理人员','管理五级-正县','二类区','事业单位','院机关','','0'),('28409','5882','0','2003-08','事业单位管理人员','管理四级-副厅','二类区','事业单位','院机关','','0'),('28408','5882','0','2007-07','事业单位专业技术人员','专技四级-正高','二类区','事业单位','院机关','','0'),('28370','5154','0','2017-01','事业单位管理人员','管理七级-正科','二类区','事业单位','院机关','','0'),('27046','5408','0','2011-08','事业单位管理人员','管理九级-科员','二类区','事业单位','蔬菜所','','0'),('27047','5408','0','2016-02','事业单位管理人员','管理八级-副科','二类区','事业单位','蔬菜所','','0'),('25965','5407','0','2017-05','事业单位专业技术人员','专技十二级-助理','二类区','事业单位','水产所','','0'),('25218','5274','0','2012-09','事业单位专业技术人员','专技十级-中级','四类区','事业单位','资环所','','0'),('25964','5407','0','2013-12','事业单位专业技术人员','专技十二级-助理','二类区','事业单位','水产所','','0'),('29452','5756','0','2013-12','事业单位工人','技术工二级-技师','二类区','事业单位','院机关','','0'),('25219','5274','0','2017-04','事业单位专业技术人员','专技十级-中级','二类区','事业单位','资环所','','0'),('25216','5274','0','2000-07','事业单位专业技术人员','专技十三级-员级','四类区','事业单位','资环所','','0'),('28321','5213','0','2014-12','事业单位专业技术人员','专技六级','二类区','事业单位','院机关','','0'),('25043','5265','0','2017-04','事业单位专业技术人员','专技十级-中级','二类区','事业单位','农业所','','0'),('25045','5266','0','2011-12','事业单位专业技术人员','专技十三级-员级','二类区','事业单位','农业所','','0'),('27042','5674','0','2008-07','事业单位工人','技术工五级-初级工','二类区','事业单位','草业所','','0'),('25046','5266','0','2017-04','事业单位管理人员','管理十级-办事员','二类区','事业单位','农业所','','0'),('29772','5676','','2015-09','事业单位管理人员','管理七级-正科','二类区','事业单位','草业所','','0'),('27043','5674','0','2016-11','事业单位工人','技术工四级-中级工','二类区','事业单位','草业所','','0'),('29771','5676','','2012-01','事业单位管理人员','管理八级-副科','二类区','事业单位','草业所','','0'),('29769','5676','','2004-08','事业单位专业技术人员','专技十二级-助理','二类区','事业单位','草业所','','0'),('29770','5676','','2006-06','事业单位管理人员','管理九级-科员','二类区','事业单位','草业所','','0'),('27056','5677','0','2014-07','事业单位专业技术人员','专技十三级-员级','二类区','事业单位','院机关','','0'),('27105','5679','0','2013-12','事业单位工人','技术工二级-技师','二类区','事业单位','退机关','','0'),('27104','5679','0','1992-06','事业单位工人','技术工三级-高级工','二类区','事业单位','退机关','','0'),('27106','5680','0','1994-12','事业单位工人','技术工三级-高级工','二类区','事业单位','退机关','','0'),('27107','5680','0','2013-12','事业单位工人','技术工二级-技师','二类区','事业单位','退机关','','0'),('27100','5681','0','1997-01','事业单位管理人员','管理六级-副县','二类区','事业单位','退机关','','0'),('27101','5681','0','2002-08','事业单位管理人员','管理五级-正县','二类区','事业单位','退机关','','0'),('27096','5682','0','1975-07','事业单位管理人员','管理十级-办事员','二类区','事业单位','退机关','','0'),('27098','5682','0','1997-03','事业单位管理人员','管理六级-副县','二类区','事业单位','退机关','','0'),('27097','5682','0','1977-11','事业单位管理人员','管理九级-科员','二类区','事业单位','退机关','','0'),('27099','5682','0','2013-03','事业单位管理人员','管理五级-正县','二类区','事业单位','退机关','','0'),('27092','5683','0','1994-02','事业单位专业技术人员','专技七级-副高','二类区','事业单位','退机关','','0'),('27091','5683','0','1988-06','事业单位专业技术人员','专技十级-中级','二类区','事业单位','退机关','','0'),('27093','5683','0','1996-06','公务员','县处级正职','二类区','机关单位','退机关','领导职务','0'),('27095','5683','0','2011-01','事业单位管理人员','管理四级-副厅','二类区','事业单位','退机关','领导职务','0'),('27094','5683','0','2003-06','公务员','厅局级副职','二类区','机关单位','退机关','领导职务','0'),('27125','5684','0','2013-02','事业单位专业技术人员','专技三级','二类区','事业单位','退机关','','0'),('27126','5684','0','2016-04','事业单位专业技术人员','专技二级','二类区','事业单位','退机关','','0'),('27124','5684','0','1996-02','事业单位专业技术人员','专技四级-正高','二类区','事业单位','退机关','','0'),('27123','5684','0','1993-06','事业单位专业技术人员','专技七级-副高','二类区','事业单位','退机关','','0'),('27088','5685','0','1995-06','事业单位管理人员','管理六级-副县','二类区','事业单位','退机关','','0'),('27089','5685','0','1998-12','事业单位管理人员','管理五级-正县','二类区','事业单位','退机关','','0'),('27090','5685','0','2007-07','事业单位专业技术人员','专技四级-正高','二类区','事业单位','退机关','','0'),('28319','5213','0','1997-01','事业单位专业技术人员','专技十级-中级','二类区','事业单位','院机关','','0'),('28318','5214','0','2011-12','事业单位专业技术人员','专技十二级-助理','二类区','事业单位','院机关','','0'),('24742','5232','0','2009-11','事业单位专业技术人员','专技十三级-员级','二类区','事业单位','草业所','','0'),('30309','5859','','2001-06','事业单位管理人员','管理八级-副科','二类区','事业单位','院机关','','0'),('30389','6197','','2017-10','事业单位管理人员','管理六级-副县','二类区','事业单位','院机关','','0'),('30390','6197','','2009-05','事业单位管理人员','管理七级-正科','二类区','机关单位','院机关','','0'),('30391','6197','','1998-10','事业单位管理人员','管理八级-副科','二类区','机关单位','院机关','','0'),('30451','6198','','2013-12','事业单位专业技术人员','专技十三级-员级','二类区','事业单位','畜牧所','','0'),('30450','6199','','2017-01','事业单位专业技术人员','专技十二级-助理','二类区','事业单位','畜牧所','','0'),('30449','6199','','2009-11','事业单位专业技术人员','专技十三级-员级','二类区','事业单位','畜牧所','','0'),('30456','6200','','2007-10','事业单位管理人员','管理八级-副科','二类区','事业单位','畜牧所','','0'),('30455','6200','','2006-12','事业单位管理人员','管理九级-科员','二类区','事业单位','畜牧所','','0'),('30454','6200','','2003-07','事业单位管理人员','管理十级-办事员','二类区','事业单位','畜牧所','','0'),('30453','6201','','2012-11','事业单位专业技术人员','专技十三级-员级','二类区','事业单位','畜牧所','','0'),('30457','6202','','2010-11','事业单位专业技术人员','专技十三级-员级','二类区','事业单位','畜牧所','','0'),('30458','6202','','2015-02','事业单位管理人员','管理八级-副科','二类区','事业单位','畜牧所','','0');|INSERT INTO `tx_studyinfo` (`id`, `personid`, `level`, `gettime`, `school`)  VALUES ('4668','6521','硕士','2017-11','西藏大学医学院'),('4579','6483','研究生','2003-07','四川工商管理学院'),('4578','6483','大专','1994-07','西藏大学法律专业'),('3779','6089','中专','1998-07',''),('3544','5861','硕士','2007-09',''),('3957','5859','本科','2007-09',''),('3329','5754','大专','2007-12',''),('3331','5752','大专','2005-07',''),('3326','5749','中专','2015-07','西藏农业广播电视学习'),('3237','5685','大专','1979-08',''),('3238','5682','大专','1986-07',''),('3239','5681','大专','1990-07',''),('3231','5408','本科','2016-04',''),('3229','5674','大专','2017-01','四川科技职工大学计算机信息管理'),('2707','5273','大专','2001-07',''),('3263','5713','本科','2011-06','四川师范大学汉语言文学'),('2709','5274','大专','2003-07','拉萨师范函授'),('2723','5275','研究生','2012-06','西藏党校'),('2696','5263','本科','2012-01','西藏大学'),('2659','5232','本科','2014-04','西藏大学动物医学函授'),('3955','5148','本科','2004-07','中央党校函授'),('3549','5151','大专','2005-12',''),('3550','5152','大专','2007-12',''),('3551','5153','大专','2001-07',''),('3552','5154','大专','2006-01','西南民族大学经济管理'),('3547','5156','本科','2002-07',''),('2732','5290','大专','2005-07','中央党校函授'),('2733','5290','本科','2008-12','中央党校函授经济管理'),('3559','5882','博士','1998-09',''),('3557','5881','中专','1987-07',''),('3558','5881','本科','2004-07',''),('3953','5880','硕士','2004-07',''),('3555','5879','大专','1996-07',''),('3554','5878','大专','2003-06','中央党校函授'),('3553','5873','本科','2006-07','西北农林大'),('3954','5869','硕士','2007-07','辽宁省委党校'),('3782','6091','大专','2002-07','新疆党校函授'),('3783','6096','博士','2016-01','中科院水生生物研究所'),('3784','6100','本科','1993-07','大连水产院养殖系淡鱼专业'),('3795','6108','大专','2014-03',''),('3796','6109','大专','2007-07','西南民族大学计算机财务管理'),('3798','6112','大专','2007-07','南京工程学院'),('3992','6199','本科','2013-06','华中农大函授动物科学'),('3986','6180','本科','2013-07','华中农大函授动物科学'),('3987','6181','本科','2014-01','中央广播电视大学行政管理'),('3993','6200','大专','2009-06','中央党校西藏函授'),('3994','6202','本科','2014-07','华中农业大学函授'),('4395','6377','研究生','2014-07',''),('4944','5887','研究生','2006-07',''),('5045','6379','大专','2005-08','');|INSERT INTO `tx_noteinfo` (`id`, `personid`, `gettime`, `remark`)  VALUES ('68','5408','2007-12','至2011年3月为三支一扶支教人员'),('87','5887','2016-07','援藏干部'),('90','6379','2005-08','取得学历');|INSERT INTO `tx_checkinfo` (`id`, `personid`, `gettime`, `check`)  VALUES ('3480','6138','2010','不通过'),('3828','6521','2017','不通过'),('3752','5854','2012','不通过');|INSERT INTO `tx_heightinfo` (`id`, `personid`, `area`, `city`, `county`, `height`, `acc`, `iscity`, `heightid`, `gettime`)  VALUES ('16543','5214','拉萨市','拉萨市','拉萨市','3650','1-1-1','否','0','2016-12'),('16544','5213','拉萨市','拉萨市','拉萨市','3650','1-1-1','否','0','1987-08'),('16545','5213','林芝市','林芝市','林芝市','3095','4-1-1','否','0','1989-11'),('16546','5213','拉萨市','拉萨市','拉萨市','3650','1-1-1','否','0','2006-03'),('16547','5161','拉萨市','拉萨市','拉萨市','3650','1-1-1','否','0','2003-07'),('16548','5160','拉萨市','拉萨市','拉萨市','3650','1-1-1','否','0','2006-07'),('16550','5158','拉萨市','拉萨市','拉萨市','3650','1-1-1','否','0','1990-07'),('16549','5159','拉萨市','拉萨市','拉萨市','3650','1-1-1','否','0','2006-07'),('18770','5157','拉萨市','拉萨市','拉萨市','3650','1-1-1','否','','1992-07'),('16553','5156','拉萨市','拉萨市','拉萨市','3650','1-1-1','否','0','1996-12'),('16552','5156','昌都市','丁青县','丁青县','3983','5-9-1','否','0','1993-07'),('18960','5885','拉萨市','拉萨市','拉萨市','3650','1-1-1','否','','2005-10'),('16585','5884','拉萨市','拉萨市','拉萨市','3650','1-1-1','否','65793','2006-07'),('16195','5751','拉萨市','拉萨市','拉萨市','3650','1-1-1','否','65793','2004-12'),('18772','5887','拉萨市','拉萨市','拉萨市','3650','1-1-1','否','','2016-07'),('16619','5889','拉萨市','拉萨市','拉萨市','3650','1-1-1','否','65793','2015-07'),('16625','5890','拉萨市','拉萨市','拉萨市','3650','1-1-1','否','0','2015-07'),('16627','5891','拉萨市','拉萨市','拉萨市','3650','1-1-1','否','0','2016-08'),('16631','5893','拉萨市','拉萨市','拉萨市','3650','1-1-1','否','0','2017-04'),('16633','5894','拉萨市','拉萨市','拉萨市','3650','1-1-1','否','0','2017-04'),('16266','5292','林芝市','巴宜区','更章门巴民族乡','3080','4-2-6','是','0','2011-01'),('18962','5858','拉萨市','拉萨市','拉萨市','3650','1-1-1','否','','1999-08'),('16268','5292','拉萨市','拉萨市','拉萨市','3650','1-1-1','否','0','2017-02'),('16267','5292','那曲地区','嘉黎县','夏玛乡','4883','6-5-7','是','0','2012-11'),('15044','5290','拉萨市','拉萨市','拉萨市','3650','1-1-1','否','0','2017-04'),('15043','5290','日喀则市','日喀则市','日喀则市','3835','2-1-1','否','0','1998-01'),('15042','5290','那曲地区','那曲地区','那曲地区','4527','6-1-1','否','0','1995-10'),('15041','5290','日喀则市','日喀则市','日喀则市','3835','2-1-1','否','0','1994-10'),('17451','5148','拉萨市','拉萨市','拉萨市','3650','1-1-1','否','','2006-12'),('17450','5148','那曲地区','巴青县','巴青县','4160','6-3-1','否','','1991-07'),('14800','5149','林芝市','波密县','倾多镇','2830','4-6-3','是','0','2012-11'),('14802','5149','拉萨市','拉萨市','拉萨市','3650','1-1-1','否','0','2016-12'),('14801','5149','林芝市','波密县','波密县','3015','4-6-1','否','0','2013-08'),('14358','5150','阿里地区','普兰县','霍尔乡','4632','7-3-4','是','0','2004-08'),('14359','5150','阿里地区','普兰县','普兰县','3980','7-3-1','否','0','2005-08'),('14360','5150','拉萨市','拉萨市','拉萨市','3650','1-1-1','否','0','2017-02'),('16564','5871','拉萨市','拉萨市','拉萨市','3650','1-1-1','否','65793','1994-07'),('16556','5151','拉萨市','拉萨市','拉萨市','3650','1-1-1','否','0','1991-12'),('16557','5152','拉萨市','拉萨市','拉萨市','3650','1-1-1','否','0','1990-12'),('16558','5153','拉萨市','拉萨市','拉萨市','3650','1-1-1','否','0','1991-12'),('16561','5154','那曲地区','聂荣县','聂荣县','4733','6-10-1','否','0','1995-12'),('16562','5154','拉萨市','拉萨市','拉萨市','3650','1-1-1','否','0','2000-12'),('16198','5754','拉萨市','拉萨市','拉萨市','3650','1-1-1','否','65793','1998-07'),('16229','5753','拉萨市','拉萨市','拉萨市','3650','1-1-1','否','0','2005-12'),('16563','5870','拉萨市','拉萨市','拉萨市','3650','1-1-1','否','65793','1999-07'),('16560','5155','拉萨市','拉萨市','拉萨市','3650','1-1-1','否','0','2012-03'),('16559','5155','日喀则市','日喀则市','日喀则市','3835','2-1-1','否','0','2008-11'),('18091','6378','拉萨市','拉萨市','拉萨市','3650','1-1-1','否','65793','1988-08'),('16636','5755','拉萨市','拉萨市','拉萨市','3650','1-1-1','否','0','1998-04'),('17068','5756','拉萨市','拉萨市','拉萨市','3650','1-1-1','否','0','1984-05'),('16201','5757','拉萨市','拉萨市','拉萨市','3650','1-1-1','否','65793','1989-12'),('15024','5285','拉萨市','拉萨市','拉萨市','3650','1-1-1','否','0','2017-02'),('15023','5285','山南市','乃东区','乃东县','3550','3-2-1','否','0','2010-11'),('14998','5276','昌都市','类乌齐县','类乌齐县','3870','5-11-1','否','0','2004-09'),('14999','5276','拉萨市','拉萨市','拉萨市','3650','1-1-1','否','0','2017-04'),('15026','5275','山南市','浪卡子县','浪卡子县','4460','3-12-1','否','0','2007-08'),('15027','5275','拉萨市','拉萨市','拉萨市','3650','1-1-1','否','0','2016-12'),('14981','5274','拉萨市','拉萨市','拉萨市','3650','1-1-1','否','0','2017-01'),('14980','5274','日喀则市','萨嘎县','萨嘎县','4731','2-18-1','否','0','2010-07'),('14979','5274','日喀则市','萨嘎县','夏如乡','4536','2-18-3','是','0','2000-07'),('16574','5879','拉萨市','拉萨市','拉萨市','3650','1-1-1','否','65793','1985-10'),('14956','5273','拉萨市','拉萨市','拉萨市','3650','1-1-1','否','65793','1991-12'),('15364','5407','拉萨市','拉萨市','拉萨市','3650','1-1-1','否','131329','2017-05'),('15365','5407','日喀则市','日喀则市','日喀则市','3835','2-1-1','否','0','2013-12'),('15987','5408','拉萨市','墨竹工卡县','尼玛江热乡','4063','1-9-7','是','0','2007-12'),('15988','5408','林芝市','工布江达县','加兴乡','4235','4-3-10','是','0','2011-08'),('15989','5408','拉萨市','拉萨市','拉萨市','3650','1-1-1','否','0','2017-06'),('15983','5674','拉萨市','拉萨市','拉萨市','3650','1-1-1','否','0','2008-07'),('16089','5713','拉萨市','拉萨市','拉萨市','3650','1-1-1','否','0','2017-06'),('16088','5713','日喀则市','昂仁县','昂仁县','4358','2-8-1','否','0','2007-08'),('17233','5676','那曲地区','那曲地区','那曲地区','4527','6-1-1','否','','2004-08'),('17234','5676','拉萨市','拉萨市','拉萨市','3650','1-1-1','否','','2017-07'),('15993','5677','山南市','贡嘎县','吉雄镇','3763','3-5-2','是','197890','2014-07'),('16016','5679','阿里地区','阿里地区','阿里地区','4297','7-1-1','否','0','1972-12'),('16017','5679','拉萨市','拉萨市','拉萨市','3650','1-1-1','否','0','1995-08'),('15994','5677','拉萨市','拉萨市','拉萨市','3650','1-1-1','否','65793','2017-05'),('16018','5680','拉萨市','拉萨市','拉萨市','3650','1-1-1','否','0','1974-12'),('16010','5683','拉萨市','拉萨市','拉萨市','3650','1-1-1','否','0','1979-06'),('16013','5681','林芝市','林芝市','林芝市','3095','4-1-1','否','0','1979-08'),('16014','5681','拉萨市','拉萨市','拉萨市','3650','1-1-1','否','0','1980-08'),('16031','5684','拉萨市','拉萨市','拉萨市','3650','1-1-1','否','0','1979-05'),('16012','5682','拉萨市','拉萨市','拉萨市','3650','1-1-1','否','0','1977-07'),('18092','6375','那曲地区','聂荣县','色庆乡','4870','6-10-5','是','','1992-07'),('18093','6375','拉萨市','拉萨市','拉萨市','3650','1-1-1','否','','1995-07'),('18086','6376','拉萨市','拉萨市','拉萨市','3650','1-1-1','否','65793','1985-07'),('17560','6202','拉萨市','拉萨市','拉萨市','3650','1-1-1','否','65793','2017-09'),('17559','6202','林芝市','米林县','羌纳乡','2960','4-4-7','是','263175','2010-11'),('17554','6201','拉萨市','拉萨市','拉萨市','3650','1-1-1','否','','2017-10'),('17553','6201','拉萨市','当雄县','纳木湖乡','4790','1-4-9','是','','2012-11'),('17558','6200','拉萨市','拉萨市','拉萨市','3650','1-1-1','否','','2017-08'),('17557','6200','昌都市','丁青县','丁青县','3983','5-9-1','否','','2009-04'),('17556','6200','昌都市','丁青县','觉恩乡','3945','5-9-5','是','','2007-11'),('17555','6200','昌都市','丁青县','色扎乡','3950','5-9-10','是','','2003-07'),('17548','6199','拉萨市','拉萨市','拉萨市','3650','1-1-1','否','','2017-07'),('17547','6199','日喀则市','萨嘎县','萨嘎县','4731','2-18-1','否','','2010-05'),('17546','6199','日喀则市','萨嘎县','如角乡','4750','2-18-6','是','','2009-11'),('17549','6198','日喀则市','仲巴县','亚热乡','4562','2-14-13','是','','2013-12'),('17498','6197','拉萨市','拉萨市','拉萨市','3650','1-1-1','否','65793','1993-08'),('17261','6122','拉萨市','拉萨市','拉萨市','3650','1-1-1','否','65793','2013-07'),('17259','6112','日喀则市','江孜县','热龙乡','4565','2-4-19','是','','1999-07'),('17260','6112','拉萨市','拉萨市','拉萨市','3650','1-1-1','否','','2015-01'),('17240','6110','拉萨市','拉萨市','拉萨市','3650','1-1-1','否','65793','2013-11'),('17239','6110','那曲地区','聂荣县','桑荣乡','4770','6-10-3','是','395779','2009-11'),('17238','6109','拉萨市','拉萨市','拉萨市','3650','1-1-1','否','65793','2015-02'),('17237','6109','日喀则市','岗巴县','岗巴县','4590','2-19-1','否','135937','2000-07'),('17236','6108','拉萨市','拉萨市','拉萨市','3650','1-1-1','否','65793','2010-10'),('17235','6107','拉萨市','拉萨市','拉萨市','3650','1-1-1','否','65793','2005-10'),('17232','6106','拉萨市','拉萨市','拉萨市','3650','1-1-1','否','65793','2012-03'),('17231','6106','那曲地区','聂荣县','色庆乡','4870','6-10-5','是','395781','2009-03'),('17230','6106','拉萨市','拉萨市','拉萨市','3650','1-1-1','否','65793','2004-10'),('17229','6106','山南市','加查县','加查县','3860','3-13-1','否','199937','2002-03'),('17228','6106','拉萨市','拉萨市','拉萨市','3650','1-1-1','否','65793','1991-07'),('19308','6642','拉萨','城关区','拉萨市','3650','拉萨市','否','0','2012-08'),('16011','5682','林芝市','巴宜区','鲁朗镇','3040','4-2-5','是','0','1975-07'),('16191','5747','拉萨市','拉萨市','拉萨市','3650','1-1-1','否','65793','2010-12'),('16230','5748','拉萨市','拉萨市','拉萨市','3650','1-1-1','否','0','2008-12'),('16193','5749','拉萨市','拉萨市','拉萨市','3650','1-1-1','否','65793','2010-11'),('16194','5750','拉萨市','拉萨市','拉萨市','3650','1-1-1','否','65793','1998-07'),('17530','6181','山南市','加查县','崔久乡','4590','3-13-7','是','','2014-11'),('17529','6181','山南市','加查县','加查县','3860','3-13-1','否','','2012-12'),('17528','6181','山南市','加查县','安绕镇','3860','3-13-2','是','','2011-08'),('17527','6181','山南市','贡嘎县','甲竹林镇','3680','3-5-4','是','','2008-07'),('17526','6180','日喀则市','萨迦县','萨迦县','4468','2-6-1','否','','2009-11'),('17293','6138','拉萨市','拉萨市','拉萨市','3650','1-1-1','否','','2010-11'),('18375','6483','拉萨市','拉萨市','拉萨市','3650','1-1-1','否','','2001-07'),('18374','6483','昌都市','昌都市','昌都市','3560','5-1-1','否','','1998-02'),('18373','6483','拉萨市','拉萨市','拉萨市','3650','1-1-1','否','','1985-07'),('18351','6482','拉萨市','拉萨市','拉萨市','3650','1-1-1','否','','2017-12'),('17263','6124','拉萨市','拉萨市','拉萨市','3650','1-1-1','否','65793','2013-07'),('17262','6123','拉萨市','拉萨市','拉萨市','3650','1-1-1','否','65793','2013-07'),('17256','6121','拉萨市','拉萨市','拉萨市','3650','1-1-1','否','','2015-12'),('17255','6121','林芝市','林芝市','林芝市','3095','4-1-1','否','','2001-08'),('17252','6120','拉萨市','拉萨市','拉萨市','3650','1-1-1','否','65793','2014-07'),('17251','6119','拉萨市','拉萨市','拉萨市','3650','1-1-1','否','65793','2014-07'),('17250','6118','拉萨市','拉萨市','拉萨市','3650','1-1-1','否','65793','2014-07'),('17248','6117','拉萨市','拉萨市','拉萨市','3650','1-1-1','否','65793','2007-10'),('17287','6116','拉萨市','拉萨市','拉萨市','3650','1-1-1','否','','2014-07'),('18916','6115','拉萨市','拉萨市','拉萨市','3650','1-1-1','否','','2015-08'),('17288','6114','拉萨市','拉萨市','拉萨市','3650','1-1-1','否','','2014-07'),('17290','6113','拉萨市','拉萨市','拉萨市','3650','1-1-1','否','','2014-07'),('18488','6521','拉萨市','拉萨市','拉萨市','3650','1-1-1','否','','2017-11'),('17212','6101','拉萨市','拉萨市','拉萨市','3650','1-1-1','否','','1985-07'),('17210','6100','拉萨市','拉萨市','拉萨市','3650','1-1-1','否','65793','2016-08'),('17213','6099','拉萨市','拉萨市','拉萨市','3650','1-1-1','否','','2013-01'),('17208','6098','拉萨市','拉萨市','拉萨市','3650','1-1-1','否','65793','2013-07'),('17207','6097','拉萨市','拉萨市','拉萨市','3650','1-1-1','否','65793','2016-08'),('17206','6096','拉萨市','拉萨市','拉萨市','3650','1-1-1','否','65793','2016-08'),('17205','6096','林芝市','林芝市','林芝市','3095','4-1-1','否','262401','2008-07'),('17214','6095','拉萨市','拉萨市','拉萨市','3650','1-1-1','否','','2011-11'),('17215','6094','拉萨市','拉萨市','拉萨市','3650','1-1-1','否','','2006-07'),('17202','6093','拉萨市','拉萨市','拉萨市','3650','1-1-1','否','65793','2014-07'),('17201','6092','拉萨市','拉萨市','拉萨市','3650','1-1-1','否','65793','2013-01'),('17200','6092','日喀则市','康马县','康马县','4284','2-12-1','否','134145','2007-07'),('17198','6089','拉萨市','拉萨市','拉萨市','3650','1-1-1','否','65793','1991-12'),('17199','6091','拉萨市','拉萨市','拉萨市','3650','1-1-1','否','65793','2012-08'),('17197','6088','拉萨市','拉萨市','拉萨市','3650','1-1-1','否','65793','2015-08'),('18087','6376','那曲地区','聂荣县','色庆乡','4870','6-10-5','是','395781','2011-12'),('14784','5232','拉萨市','拉萨市','拉萨市','3650','1-1-1','否','65793','2017-02'),('16542','5214','林芝市','察隅县','察瓦龙乡','2105','4-7-7','是','0','2011-12'),('14783','5232','那曲地区','那曲县','古露镇','4683','6-2-4','是','393732','2009-11'),('17550','6198','拉萨市','拉萨市','拉萨市','3650','1-1-1','否','','2017-09'),('18350','6482','那曲地区','那曲地区','那曲地区','4527','6-1-1','否','','2013-12'),('18347','6481','拉萨市','拉萨市','拉萨市','3650','1-1-1','否','65793','2017-11'),('16232','5752','拉萨市','拉萨市','拉萨市','3650','1-1-1','否','0','1998-12'),('14903','5262','昌都市','类乌齐县','类乌齐县','3870','5-11-1','否','330497','2011-12'),('14904','5262','拉萨市','拉萨市','拉萨市','3650','1-1-1','否','65793','2016-12'),('14905','5263','昌都市','察雅县','察雅县','3585','5-10-1','否','330241','2005-08'),('14906','5263','拉萨市','拉萨市','拉萨市','3650','1-1-1','否','65793','2016-12'),('14907','5264','山南市','隆子县','列麦乡','3820','3-10-5','是','199173','2012-10'),('14908','5264','拉萨市','拉萨市','拉萨市','3650','1-1-1','否','65793','2017-04'),('14909','5265','拉萨市','拉萨市','拉萨市','3650','1-1-1','否','65793','2009-08'),('14912','5266','林芝市','工布江达县','加兴乡','4235','4-3-10','是','0','2011-12'),('14913','5266','拉萨市','拉萨市','拉萨市','3650','1-1-1','否','0','2016-12'),('16535','5853','拉萨市','拉萨市','拉萨市','3650','1-1-1','否','0','2014-08'),('18386','5854','拉萨市','拉萨市','拉萨市','3650','1-1-1','否','','2015-11'),('16325','5785','拉萨市','拉萨市','拉萨市','3650','1-1-1','否','0','2014-08'),('16324','5785','拉萨市','墨竹工卡县','工卡镇','3858','1-9-2','是','0','2011-08'),('16508','5784','拉萨市','拉萨市','拉萨市','3650','1-1-1','否','0','1980-07'),('16509','5782','拉萨市','拉萨市','拉萨市','3650','1-1-1','否','0','1979-04'),('16510','5783','拉萨市','拉萨市','拉萨市','3650','1-1-1','否','0','1978-08'),('18385','5854','拉萨市','曲水县','曲水县','3685','1-6-1','否','','2013-01'),('18384','5854','拉萨市','曲水县','达嘎乡','3695','1-6-7','是','','2011-12'),('16573','5878','拉萨市','拉萨市','拉萨市','3650','1-1-1','否','65793','1996-07'),('18961','5857','拉萨市','拉萨市','拉萨市','3650','1-1-1','否','','2006-07'),('16516','5856','拉萨市','拉萨市','拉萨市','3650','1-1-1','否','65793','2011-10'),('16515','5855','拉萨市','拉萨市','拉萨市','3650','1-1-1','否','65793','2014-07'),('17453','5859','拉萨市','拉萨市','拉萨市','3650','1-1-1','否','','1992-08'),('16520','5860','拉萨市','拉萨市','拉萨市','3650','1-1-1','否','65793','1993-07'),('16528','5861','林芝市','林芝市','林芝市','3095','4-1-1','否','0','1994-07'),('16529','5861','拉萨市','拉萨市','拉萨市','3650','1-1-1','否','0','1996-07'),('16523','5862','林芝市','林芝市','林芝市','3095','4-1-1','否','262401','1993-07'),('16524','5862','拉萨市','拉萨市','拉萨市','3650','1-1-1','否','65793','2003-07'),('16525','5863','拉萨市','拉萨市','拉萨市','3650','1-1-1','否','65793','1988-08'),('18769','5864','拉萨市','拉萨市','拉萨市','3650','1-1-1','否','','2000-11'),('18768','5864','日喀则市','拉孜县','拉孜县','4058','2-7-1','否','','1987-08'),('16534','5865','拉萨市','拉萨市','拉萨市','3650','1-1-1','否','65793','2014-08'),('16536','5866','拉萨市','拉萨市','拉萨市','3650','1-1-1','否','65793','2016-08'),('16537','5867','拉萨市','拉萨市','拉萨市','3650','1-1-1','否','65793','2013-04'),('16538','5868','那曲地区','那曲地区','那曲地区','4527','6-1-1','否','393473','2008-08'),('16539','5868','拉萨市','拉萨市','拉萨市','3650','1-1-1','否','65793','2011-08'),('17447','5869','拉萨市','拉萨市','拉萨市','3650','1-1-1','否','','2008-03'),('17446','5869','那曲地区','那曲地区','那曲地区','4527','6-1-1','否','','1997-07'),('16565','5872','拉萨市','拉萨市','拉萨市','3650','1-1-1','否','65793','1993-03'),('16628','5892','拉萨市','拉萨市','拉萨市','3650','1-1-1','否','65793','2016-08'),('16566','5873','拉萨市','拉萨市','拉萨市','3650','1-1-1','否','65793','1992-07'),('17449','5874','拉萨市','拉萨市','拉萨市','3650','1-1-1','否','','1991-08'),('16568','5875','那曲地区','那曲地区','那曲地区','4527','6-1-1','否','393473','1996-07'),('16569','5875','拉萨市','拉萨市','拉萨市','3650','1-1-1','否','65793','1999-07'),('16570','5876','拉萨市','拉萨市','拉萨市','3650','1-1-1','否','65793','1997-07'),('18766','5877','林芝市','林芝市','林芝市','3095','4-1-1','否','','1992-07'),('18767','5877','拉萨市','拉萨市','拉萨市','3650','1-1-1','否','','1993-07'),('18965','6379','拉萨市','拉萨市','拉萨市','3650','1-1-1','否','','1991-12'),('16009','5685','拉萨市','拉萨市','拉萨市','3650','1-1-1','否','0','1970-01'),('16575','5879','那曲地区','那曲地区','那曲地区','4527','6-1-1','否','393473','1988-10'),('16576','5879','拉萨市','拉萨市','拉萨市','3650','1-1-1','否','65793','1998-10'),('17444','5880','拉萨市','拉萨市','拉萨市','3650','1-1-1','否','','1996-07'),('16578','5881','拉萨市','拉萨市','拉萨市','3650','1-1-1','否','65793','1982-05'),('16579','5882','拉萨市','拉萨市','拉萨市','3650','1-1-1','否','65793','1985-07'),('16605','5883','日喀则市','日喀则市','日喀则市','3835','2-1-1','否','0','1980-08'),('16606','5883','日喀则市','白朗县','白朗县','3955','2-10-1','否','0','2007-05'),('16607','5883','拉萨市','拉萨市','拉萨市','3650','1-1-1','否','0','2014-12'),('16613','5886','拉萨市','拉萨市','拉萨市','3650','1-1-1','否','0','2016-07'),('16583','5884','拉萨市','拉萨市','拉萨市','3650','1-1-1','否','65793','1982-08'),('16584','5884','那曲地区','聂荣县','聂荣县','4733','6-10-1','否','395777','2003-07'),('18090','6377','拉萨市','拉萨市','拉萨市','3650','1-1-1','否','','2003-07'),('18088','6376','拉萨市','拉萨市','拉萨市','3650','1-1-1','否','65793','2012-12');|