INSERT INTO `tx_personinfo` (`id`, `sort`, `userid`, `name`, `sex`, `birthday`, `origin`, `nation`, `partymember`, `worktime`, `intime`, `inadj`, `inyear`, `posttime`, `postadj`, `unitkind`, `postname`, `unitname`, `isleader`, `lastposttime`, `lastunitkind`, `lastpostname`, `lastunitname`, `area`, `education`, `educationtime`, `schooltime`, `educationadj`, `teacherinfo`, `teacherbegin`, `teacherend`, `teacheradj`, `oneinfo`, `onebegin`, `oneend`, `oneadj`, `check2`, `check5`, `coveradj`, `cadre`, `retiretime`, `height`, `note`, `addon`) VALUES ('5016','0','118','旦增卓嘎','女','1970-07','桑日县','藏族','党员','1991-07','1991-07','0','0','2008-01','0','事业单位','专技十级-中级','泽当镇小学','','','','','','','中专','1991-07','0','0','教师','1991-07','','0','','','','0','2006','2006','0','否','','0','',''),('5014','0','118','久米平措','男','1980-02','扎朗县','藏族','党员','2001-07','2001-07','0','0','2013-11','0','事业单位','专技十级-中级','泽当镇小学','','','','','','','中专','2001-07','0','0','教师','2001-07','','0','','','','0','2006','2006','0','否','','0','',''),('5019','0','118','欧珠卓玛','女','1973-01','乃东区','藏族','党员','1994-07','1994-07','0','0','2013-11','0','事业单位','专技十级-中级','泽当镇小学','','','','','','','中专','1994-07','0','0','教师','1994-07','','0','','','','0','2006','2006','0','否','','0','',''),('5017','0','118','巴桑','女','1971-04','乃东区','藏族','党员','1992-06','1992-06','0','0','2010-01','0','事业单位','专技十级-中级','泽当镇小学','','','','','','','中专','1992-06','0','0','教师','1992-06','','0','','','','0','2006','2006','0','否','','0','',''),('4838','0','118','巴桑大','女','1963-06','乃东区','藏族','','1974-07','1974-07','0','0','2010-10','0','事业单位','专技十级-中级','昌珠镇小学','','','','','','','中专','1993-07','0','0','教师','1974-07','','0','','','','0','2006','2006','0','否','','0','',''),('5023','0','118','尼珍','女','1982-03','乃东区','藏族','党员','2001-06','2001-06','0','0','2013-11','0','事业单位','专技十级-中级','泽当镇小学','','','','','','','中专','2001-06','0','0','教师','2001-06','','0','','','','0','2006','2006','0','否','','0','',''),('5024','0','118','小多吉','男','1985-01','乃东区','藏族','党员','1997-06','1997-06','0','0','2015-12','0','事业单位','专技十级-中级','泽当镇小学','','','','','','','中专','1997-06','0','0','教师','1997-06','','0','','','','0','2006','2006','0','否','','0','',''),('5021','0','118','琼达','男','1965-06','乃东区','藏族','党员','1988-07','1988-07','0','0','2005-12','0','事业单位','专技十级-中级','泽当镇小学','','','','','','','中专','1988-07','0','0','教师','1988-07','','0','','','','0','2006','2006','0','否','','0','',''),('5020','0','118','扎西','男','1971-04','贡嘎县 ','藏族','党员','1993-07','1993-07','0','0','2009-04','0','事业单位','专技十级-中级','泽当镇小学','','','','','','','中专','1993-07','0','0','教师','1993-07','','0','','','','0','2006','2006','0','否','','0','',''),('5025','0','118','达瓦次仁','男','1971-11','扎朗县','藏族','党员','1995-07','1995-07','0','0','2012-09','0','事业单位','专技十级-中级','泽当镇小学','','','','','','','中专','1995-07','0','0','教师','1995-07','','0','','','','0','2006','2006','0','否','','0','',''),('5051','0','118','明久论珠','男','1968-06','琼结县','藏族','党员','1985-09','1985-09','0','0','2008-01','0','事业单位','专技十级-中级','泽当镇小学','','','','','','','中专','1999-05','0','0','教师','1985-09','','0','','','','0','2006','2006','0','否','','0','',''),('5048','0','118','布琼','男','1971-08','乃东区','藏族','党员','1994-07','1994-07','0','0','2013-11','0','事业单位','专技十级-中级','泽当镇小学','','','','','','','中专','1994-07','0','0','教师','1994-07','','0','','','','0','2006','2006','0','否','','0','',''),('5031','0','118','巴桑罗布','男','1985-12','隆子县','藏族','党员','2007-07','2007-07','0','0','2011-09','0','事业单位','专技十二级-助理','泽当镇小学','','','','','','','大专','2007-07','0','0','教师','2007-07','','0','','','','0','2007','2007','0','否','','0','',''),('5030','0','118','强巴平措','男','1975-07','乃东区','藏族','党员','1995-06','1995-06','0','0','2010-01','0','事业单位','专技十级-中级','泽当镇小学','','','','','','','中专','1995-06','0','0','教师','1995-06','','0','','','','0','2006','2006','0','否','','0','',''),('5033','0','118','次仁德吉','女','1990-07','乃东区','藏族','党员','2011-08','2011-08','0','0','2013-11','0','事业单位','专技十二级-助理','泽当镇小学','','','','','','','大专','2011-08','0','0','教师','2011-08','','0','','','','0','2011','2011','0','否','','0','',''),('5050','0','118','达娃卓嘎','女','1969-06','乃东区','藏族','党员','1991-07','1991-07','0','0','2005-09','0','事业单位','专技十二级-助理','泽当镇小学','','','','','','','高中','1991-07','0','0','教师','1991-07','','0','','','','0','2006','2006','0','否','','0','',''),('5079','0','118','高华','女','1964-12','四川','汉族','党员','1988-07','1988-07','0','0','2010-09','0','事业单位','专技七级-副高','区教研','','','','','','','中专','1988-07','0','0','教师','1988-07','','0','','','','0','2006','2006','0','否','','0','',''),('5076','0','118','曲吉卓玛','女','1981-05','曲松县','藏族','党员','2001-06','2001-06','0','0','2013-11','0','事业单位','专技十级-中级','区教研','','','','','','','中专','2001-06','0','0','教师','2001-06','','0','','','','0','2006','2006','0','否','','0','',''),('5018','0','118','德吉曲宗','女','1968-11','错美县','藏族','党员','1985-09','1985-09','0','0','2012-09','0','事业单位','专技十级-中级','泽当镇小学','','','','','','','中专','2003-07','0','0','教师','1985-09','','0','','','','0','2006','2006','0','否','','0','',''),('5029','0','118','巴桑央珍','女','1973-11','贡嘎县','藏族','党员','1993-07','1993-07','0','0','2008-01','0','事业单位','专技十级-中级','泽当镇小学','','','','','','','中专','1993-07','0','0','教师','1993-07','','0','','','','0','2006','2006','0','否','','0','',''),('5032','0','118','辛晋斌','男','1986-01','山西','汉族','党员','2007-07','2007-07','0','0','2011-09','0','事业单位','专技十二级-助理','泽当镇小学','','','','','','','大专','2007-07','0','0','教师','2007-07','','0','','','','0','2007','2007','0','否','','0','',''),('5067','0','118','德庆欧珠','男','1974-06','乃东区','藏族','党员','1994-06','1994-06','0','0','2009-04','0','事业单位','专技十级-中级','区教研','','','','','','','中专','1994-06','0','0','教师','1994-06','','0','','','','0','2006','2006','0','否','','0','',''),('5073','0','118','普布次仁','男','1972-09','乃东区','藏族','党员','1988-06','1988-06','0','0','2010-12','0','事业单位','专技十级-中级','区教研','','','','','','','中专','1999-08','0','0','教师','1988-06','','0','','','','0','2006','2006','0','否','','0','',''),('5028','0','118','达娃卓嘎','女','1975-09','乃东区','藏族','党员','1996-06','1996-06','0','0','2015-12','0','事业单位','专技十级-中级','泽当镇小学','','','','','','','中专','1996-06','0','0','教师','1996-06','','0','','','','0','2006','2006','0','否','','0','',''),('5077','0','118','嘎玛多吉','男','1980-05','贡嘎县','藏族','党员','2003-07','2003-07','0','0','2015-12','0','事业单位','专技十级-中级','区教研','','','','','','','大专','2003-07','0','0','教师','2003-07','','0','','','','0','2006','2006','0','否','','0','',''),('5075','0','118','索朗曲珍','女','1970-08','错那县','藏族','党员','1991-07','1991-07','0','0','2008-01','0','事业单位','专技十级-中级','区教研','','','','','','','中专','1991-07','0','0','教师','1991-07','','0','','','','0','2006','2006','0','否','','0','',''),('5066','0','118','扎西措姆','女','1975-08','错美县','藏族','党员','1996-07','1996-07','0','0','2014-01','0','事业单位','专技十级-中级','区教研','','','','','','','中专','1996-07','0','0','教师','1996-07','','0','','','','0','2006','2006','0','否','','0','',''),('5055','0','118','江阿次仁','男','1968-01','乃东区','藏族','党员','1989-07','1989-07','0','0','2007-02','0','事业单位','专技十级-中级','区教研','','','','','','','中专','1989-07','0','0','教师','1989-07','','0','','','','0','2006','2006','0','否','','0','',''),('5069','0','118','索朗杰布','男','1968-07','错那','藏族','党员','1993-07','1993-07','0','0','2016-01','0','事业单位','专技七级-副高','区教研','','','','','','','中专','1993-07','0','0','教师','1993-07','','0','','','','0','2006','2006','0','否','','0','',''),('5072','0','118','旺英','女','1983-01','陕西','藏族','党员','2004-07','2004-07','0','0','2016-12','0','事业单位','专技十级-中级','区教研','','','','','','','大专','2004-07','3','0','教师','2004-07','','0','','','','0','2006','2006','0','否','','0','',''),('5071','0','118','桑杰群培','女','1984-04','曲松县','藏族','党员','2009-07','2009-07','0','0','2013-06','0','事业单位','专技十二级-助理','区教研','','','','','','','大专','2009-07','0','0','教师','2009-07','','0','','','','0','2009','2009','0','否','','0','',''),('5074','0','118','边宗','女','1982-01','乃东区','藏族','党员','2005-07','2005-07','0','0','2014-10','0','事业单位','专技十级-中级','区教研','','','','','','','大专','2005-07','0','0','教师','2005-07','','0','','','','0','2006','2006','0','否','','0','',''),('5044','0','118','次仁多布杰','男','1969-01','乃东区','藏族','','1993-07','1993-07','0','0','2010-12','0','事业单位','专技十级-中级','泽当镇小学','','','','','','','中专','1993-07','0','0','教师','1993-07','','0','','','','0','2006','2006','0','否','','0','',''),('5045','0','118','王林','女','1990-02','河南','汉族','党员','2010-07','2010-07','0','0','2013-12','0','事业单位','专技十二级-助理','泽当镇小学','','','','','','','大专','2010-07','0','0','教师','2010-07','','0','','','','0','2010','2010','0','否','','0','',''),('5043','0','118','顿珠','男','1976-06','乃东区','藏族','党员','1996-06','1996-06','0','0','2011-06','0','事业单位','专技十级-中级','泽当镇小学','','','','','','','中专','1996-06','0','0','教师','1996-06','','0','','','','0','2006','2006','0','否','','0','',''),('5003','0','118','扎西拉姆','女','1970-07','加查县','藏族','党员','1990-07','1990-07','0','0','2007-02','0','事业单位','专技十级-中级','多颇章乡小学','','','','','','','中专','1990-07','0','0','教师','1990-07','','0','','','','0','2006','2006','0','否','','0','',''),('4996','0','118','平措','男','1963-01','乃东区','藏族','','1981-07','1981-07','0','0','2010-12','0','事业单位','专技十级-中级','多颇章乡小学','','','','','','','初中','1981-07','0','0','教师','1981-07','','0','','','','0','2006','2006','0','否','','0','',''),('4999','0','118','阿旺群培','男','1991-06','乃东区','藏族','党员','2008-08','2008-08','0','0','2015-11','0','事业单位','专技十二级-助理','多颇章乡小学','','','','','','','中专','2008-08','0','0','教师','2008-08','','0','','','','0','2008','2008','0','否','','0','',''),('5001','0','118','平措','男','1993-04','日喀则','藏族','','2016-09','2016-09','0','0','2016-09','0','事业单位','专技十二级-助理','多颇章乡小学','','','','','','','本科','2016-09','0','0','教师','2016-09','','0','','','','0','2016','2016','0','否','','0','',''),('4998','0','118','巴桑卓嘎','女','1968-04','你生气','藏族','','1984-09','1984-09','0','0','1999-05','0','事业单位','专技十二级-助理','多颇章乡小学','','','','','','','初中','1984-09','0','0','教师','1984-09','','0','','','','0','2006','2006','0','否','','0','',''),('5042','0','118','达瓦次仁','男','1970-08','乃东区','藏族','党员','1993-07','1993-07','0','0','2010-12','0','事业单位','专技十级-中级','泽当镇小学','','','','','','','中专','1993-07','0','0','教师','1993-07','','0','','','','0','2006','2006','0','否','','0','',''),('4995','0','118','梁慧棚','男','1991-01','陕西','汉族','党员','2013-12','2013-12','0','0','2015-11','0','事业单位','专技十二级-助理','多颇章乡小学','','','','','','','大专','2013-12','0','0','教师','2013-12','','0','','','','0','2013','2013','0','否','','0','',''),('4992','0','118','白马卓玛','女','1990-08','乃东区','藏族','党员','2010-07','2010-07','0','0','2015-11','0','机关单位','专技十二级-助理','多颇章乡小学','','','','','','','大专','2010-07','0','0','教师','2010-07','','0','','','','0','2010','2010','0','否','','0','',''),('4979','0','118','罗桑','男','1974-05','乃东区','藏族','党员','1994-11','1994-11','0','0','2011-06','0','事业单位','专技十级-中级','结巴乡小学','','','','','','','中专','1999-06','0','0','教师','1994-06','','0','','','','0','2006','2006','0','否','','0','',''),('4994','0','118','巴桑卓嘎','女','1981-02','贡嘎','藏族','党员','2005-08','2005-08','0','0','2015-12','0','事业单位','专技十级-中级','多颇章乡小学','','','','','','','大专','2005-08','0','0','教师','2005-08','','0','','','','0','2006','2006','0','否','','0','',''),('5046','0','118','扎西多吉','男','1972-07','乃东区','藏族','党员','1994-07','1994-07','0','0','2009-04','0','事业单位','专技十级-中级','泽当镇小学','','','','','','','中专','1994-07','0','0','教师','1994-07','','0','','','','0','2006','2006','0','否','','0','',''),('4990','0','118','刚组','女','1981-01','乃东区','藏族','党员','2001-06','2001-06','0','0','2015-12','0','事业单位','专技十级-中级','多颇章乡小学','','','','','','','中专','2001-06','0','0','教师','2001-06','','0','','','','0','2006','2006','0','否','','0','',''),('4978','0','118','旦增','男','1990-01','贡嘎县','藏族','','2015-09','2015-09','0','0','2015-09','0','事业单位','专技十三级-员级','结巴乡小学','','','','','','','大专','2015-09','0','0','教师','2015-09','','0','','','','0','2015','2015','0','否','','0','',''),('5047','0','118','薛阳','女','1990-07','陕西','汉族','党员','2013-01','2013-12','0','0','2013-12','0','事业单位','专技十三级-员级','泽当镇小学','','','','','','','大专','2013-12','0','0','教师','2013-12','','0','','','','0','2013','2013','0','否','','0','',''),('5058','0','118','扎西达瓦','男','1968-05','乃东区','藏族','','1991-07','1991-07','0','0','2007-02','0','事业单位','专技十级-中级','区教研','','','','','','','中专','1991-07','0','0','教师','1991-07','','0','','','','0','2006','2006','0','否','','0','',''),('5062','0','118','米玛扎西','男','1985-05','昌都','藏族','党员','2006-07','2006-07','0','0','2011-04','0','事业单位','专技十二级-助理','区教研','','','','','','','大专','2006-07','0','0','教师','2006-07','','0','','','','0','2006','2006','0','否','','0','',''),('5061','0','118','宗吉','女','1985-06','林芝','藏族','党员','2008-07','2008-07','0','0','2016-12','0','事业单位','专技十级-中级','区教研','','','','','','','本科','2008-07','0','0','教师','2008-07','','0','','','','0','2008','2008','0','否','','0','',''),('5065','0','118','旦巴顿珠','男','1989-11','浪卡子县','藏族','党员','2012-01','2012-01','0','0','2012-01','0','事业单位','专技十二级-助理','区教研','','','','','','','本科','2012-01','0','0','教师','2012-01','','0','','','','0','2012','2012','0','否','','0','',''),('5052','0','118','扎西巴珠','','1971-06','隆子县','藏族','党员','1991-07','1991-07','0','0','2013-09','0','事业单位','专技七级-副高','区教研','','','','','','','中专','1991-07','0','0','教师','1991-07','','0','','','','0','2006','2006','0','否','','0','',''),('5063','0','118','旺珍','女','1970-11','加查县','藏族','党员','1993-07','1993-07','0','0','2005-12','0','事业单位','专技十级-中级','区教研','','','','','','','中专','1993-07','0','0','教师','1993-07','','0','','','','0','2006','2006','0','否','','0','',''),('5057','0','118','罗布次旺','男','1974-08','乃东区','藏族','','1994-07','1994-07','0','0','2010-01','0','事业单位','专技十级-中级','区教研','','','','','','','中专','1994-07','0','0','教师','1994-07','','0','','','','0','2006','2006','0','否','','0','',''),('5064','0','118','欧珠旺姆','女','1979-01','拉萨','藏族','党员','1998-06','1998-06','0','0','2013-11','0','事业单位','专技十级-中级','区教研','','','','','','','中专','1998-06','0','0','教师','1998-06','','0','','','','0','2006','2006','0','否','','0','',''),('5056','0','118','仓决','女','1977-03','乃东区','藏族','党员','1999-07','1999-07','0','0','2013-11','0','事业单位','专技十级-中级','区教研','','','','','','','中专','1999-07','0','0','教师','1999-07','','0','','','','0','2006','2006','0','否','','0','',''),('5070','0','118','杨芳','女','1979-12','河南','汉族','党员','2003-07','2003-07','0','0','2014-10','0','事业单位','专技十级-中级','区教研','','','','','','','本科','2003-07','4','0','教师','2003-07','','0','','','','0','2006','2006','0','否','','0','',''),('5049','0','118','扎西卓嘎','女','1990-02','拉萨','藏族','','2014-08','2014-08','0','0','2014-08','0','事业单位','专技十二级-助理','泽当镇小学','','','','','','','本科','2014-08','0','0','教师','2014-08','','0','','','','0','2014','2014','0','否','','0','',''),('4987','0','118','索朗德吉','男','1982-04','琼结县','藏族','党员','2006-07','2006-07','0','0','2010-06','0','事业单位','专技十二级-助理','多颇章乡小学','','','','','','','大专','2006-07','0','0','教师','2006-07','','0','','','','0','2006','2006','0','否','','0','',''),('4988','0','118','达娃桑珠','男','1980-06','拉萨','藏族','党员','2003-06','2003-06','0','0','2015-12','0','事业单位','专技十级-中级','多颇章乡小学','','','','','','','大专','2003-06','2','0','教师','2003-06','','0','','','','0','2006','2006','0','否','','0','',''),('4984','0','118','巴庆','男','1966-03','乃东区','藏族','党员','1990-09','1990-09','0','0','2008-07','0','事业单位','专技十二级-助理','多颇章乡小学','','','','','','','中专','2006-08','0','0','教师','1990-09','','0','','','','0','2006','2006','0','否','','0','',''),('4966','0','118','普布次仁','男','1972-06','乃东区','藏族','党员','1993-09','1993-09','0','0','2014-10','0','事业单位','专技十级-中级','结巴乡小学','','','','','','','中专','1999-12','0','0','教师','1993-09','','0','','','','0','2006','2006','0','否','','0','',''),('4971','0','118','米玛坚参','男','1977-06','乃东区','藏族','党员','1999-07','1999-07','0','0','2011-06','0','事业单位','专技十级-中级','结巴乡小学','','','','','','','中专','1999-07','0','0','教师','1999-07','','0','','','','0','2006','2006','0','否','','0','',''),('4981','0','118','米玛','男','1978-01','乃东区','藏族','党员','1997-06','1997-06','0','0','2012-09','0','事业单位','专技十级-中级','结巴乡小学','','','','','','','中专','1997-06','0','0','教师','1997-06','','0','','','','0','2006','2006','0','否','','0','',''),('4970','0','118','央宗','女','1987-04','贡嘎县','藏族','党员','2009-07','2009-07','0','0','2011-10','0','事业单位','专技十二级-助理','结巴乡小学','','','','','','','大专','2009-07','0','0','教师','2009-07','','0','','','','0','2009','2009','0','否','','0','',''),('4967','0','118','格桑央珍','女','1988-08','乃东区','藏族','党员','2010-08','2010-08','0','0','2015-11','0','事业单位','专技十二级-助理','结巴乡小学','','','','','','','大专','2010-08','0','0','教师','2010-08','','0','','','','0','2010','2010','0','否','','0','',''),('4975','0','118','白玛拉姆','女','1967-06','乃东区','藏族','','1989-07','1989-07','0','0','2009-04','0','事业单位','专技十级-中级','结巴乡小学','','','','','','','中专','1993-03','0','0','教师','1989-07','','0','','','','0','2006','2006','0','否','','0','',''),('4976','0','118','卓嘎','女','1974-09','','藏族','党员','1999-07','1999-07','0','0','2015-07','0','事业单位','专技十二级-助理','结巴乡小学','','','','','','','中专','1999-07','0','0','教师','1999-07','','0','','','','0','2006','2006','0','否','','0','',''),('4973','0','118','巴桑央宗','女','1984-07','错美县','藏族','党员','2006-08','2006-08','0','0','2013-02','0','事业单位','专技十二级-助理','结巴乡小学','','','','','','','大专','2006-08','0','0','教师','2006-08','','0','','','','0','2006','2006','0','否','','0','',''),('4972','0','118','白玛卓嘎','女','1985-01','曲松县 ','藏族','党员','2007-01','2007-07','0','0','2011-07','0','事业单位','专技十二级-助理','结巴乡小学','','','','','','','大专','2007-07','0','0','教师','2007-07','','0','','','','0','2007','2007','0','否','','0','',''),('4982','0','118','拉巴平措','女','1981-04','乃东区','藏族','党员','2001-06','2001-06','0','0','2014-10','0','事业单位','专技十级-中级','多颇章乡小学','','','','','','','中专','2001-06','0','0','教师','2001-06','','0','','','','0','2006','2006','0','否','','0','',''),('4962','0','118','拉吉色珍','女','1990-11','林芝','藏族','','2011-07','2011-07','0','0','2015-11','0','事业单位','专技十二级-助理','结巴乡小学','','','','','','','大专','2011-07','0','0','教师','2011-07','','0','','','','0','2011','2011','0','否','','0','',''),('4964','0','118','维色多布杰','男','1978-01','乃东区','藏族','党员','1997-07','1997-07','0','0','2010-01','0','事业单位','专技十级-中级','结巴乡小学','','','','','','','中专','1997-07','0','0','教师','1997-07','','0','','','','0','2006','2006','0','否','','0','',''),('4963','0','118','普布扎西','男','1979-11','乃东区','藏族','党员','1999-07','1999-07','0','0','2013-11','0','事业单位','专技十级-中级','结巴乡小学','','','','','','','中专','1999-07','0','0','教师','1999-07','','0','','','','0','2006','2006','0','否','','0','',''),('4985','0','118','嘎珠','男','1973-01','乃东区','藏族','党员','1995-05','1995-05','0','0','2013-11','0','事业单位','专技十级-中级','多颇章乡小学','','','','','','','中专','1999-12','0','0','教师','1995-05','','0','','','','0','2006','2006','0','否','','0','',''),('4965','0','118','次仁旺姆','女','1985-04','林芝','藏族','党员','2005-12','2005-12','0','0','2015-11','0','事业单位','专技十二级-助理','结巴乡小学','','','','','','','大专','2006-01','3','0','教师','2006-01','','0','','','','0','2006','2006','0','否','','0','',''),('4934','0','118','尼玛德吉','女','1992-02','乃东区','藏族','','2013-12','2013-12','0','0','2015-11','0','事业单位','专技十二级-助理','索珠乡小学','','','','','','','大专','2013-12','0','0','教师','2013-12','','0','','','','0','2013','2013','0','否','','0','',''),('4926','0','118','格桑卓玛','女','1969-01','隆子县','藏族','党员','1993-07','1993-07','0','0','2002-01','0','事业单位','专技十二级-助理','索珠乡小学','','','','','','','中专','1993-07','0','0','教师','1993-07','','0','','','','0','2006','2006','0','否','','0','',''),('4956','0','118','米玛拉姆','女','1980-09','洛扎县','藏族','','1998-09','1998-09','0','0','2008-11','0','事业单位','专技十二级-助理','结巴乡小学','','','','','','','大专','2006-09','0','0','教师','2006-09','','0','','','','0','2006','2006','0','否','','0','',''),('4959','0','118','旦增','男','1981-04','日喀则','藏族','党员','2004-07','2004-07','0','0','2009-11','0','事业单位','专技十二级-助理','结巴乡小学','','','','','','','中专','2004-07','0','0','教师','2004-07','','0','','','','0','2006','2006','0','否','','0','',''),('4939','0','118','康吉','女','1990-07','日喀则','藏族','','2014-07','2014-08','0','0','2014-08','0','事业单位','专技十三级-员级','索珠乡小学','','','','','','','大专','2014-08','0','0','教师','2014-08','','0','','','','0','2006','2006','0','否','','0','',''),('4961','0','118','索朗占堆','男','1977-07','错美县','藏族','党员','1995-06','1995-06','0','0','2012-08','0','事业单位','专技十级-中级','结巴乡小学','','','','','','','中专','1995-06','0','0','教师','1995-06','','0','','','','0','2006','2006','0','否','','0','',''),('4932','0','118','卓玛曲珍','女','1990-06','贡嘎县','藏族','党员','2012-11','2012-11','0','0','2012-11','0','事业单位','专技十三级-员级','索珠乡小学','','','','','','','大专','2012-11','0','0','教师','2012-11','','0','','','','0','2012','2012','0','否','','0','',''),('4940','0','118','德吉央宗','女','1990-01','拉萨','藏族','','2015-09','2015-09','0','0','2015-09','0','事业单位','专技十二级-助理','索珠乡小学','','','','','','','本科','2015-09','0','0','教师','2015-09','','0','','','','0','2015','2015','0','否','','0','',''),('5068','0','118','次仁旦增','男','1970-08','隆子县','藏族','党员','1995-07','1995-07','0','0','2009-10','0','事业单位','专技十级-中级','区教研','','','','','','','本科','1995-07','4','0','教师','1995-07','','0','','','','0','2006','2006','0','否','','0','',''),('4937','0','118','格桑多布杰','男','1982-09','错那县','藏族','党员','2003-06','2003-06','0','0','2012-09','0','事业单位','专技十级-中级','索珠乡小学','','','','','','','大专','2003-06','2','0','教师','2003-06','','0','','','','0','2006','2006','0','否','','0','',''),('4928','0','118','白玛曲珍','女','1983-07','乃东区','藏族','党员','2007-09','2007-09','0','0','2014-10','0','事业单位','专技十级-中级','索珠乡小学','','','','','','','本科','2007-07','0','0','教师','2007-07','','0','','','','0','2007','2007','0','否','','0','',''),('4935','0','118','普布多吉','女','1981-01','乃东区','汉族','','2000-07','2000-07','0','0','2014-10','0','事业单位','专技十级-中级','索珠乡小学','','','','','','','中专','2000-07','0','0','教师','2000-07','','0','','','','0','2006','2006','0','否','','0','',''),('4957','0','118','曲尼卓嘎','女','1985-04','桑日县','藏族','','2006-07','2006-07','0','0','2012-07','0','事业单位','专技十二级-助理','结巴乡小学','','','','','','','大专','2006-07','0','0','教师','2006-07','','0','','','','0','2006','2006','0','否','','0','',''),('4929','0','118','达娃卓玛','女','1986-02','乃东区','藏族','党员','2006-08','2006-08','0','0','2015-12','0','事业单位','专技十级-中级','索珠乡小学','','','','','','','大专','2006-08','0','0','教师','2006-08','','0','','','','0','2006','2006','0','否','','0','',''),('4938','0','118','平措欧珠','男','1972-08','琼结县','藏族','','1996-07','1996-07','0','0','2009-04','0','事业单位','专技十级-中级','索珠乡小学','','','','','','','中专','1996-07','0','0','教师','1996-07','','0','','','','0','2006','2006','0','否','','0','',''),('4933','0','118','卓玛','女','1985-06','乃东区','藏族','党员','2006-08','2006-08','0','0','2011-04','0','事业单位','专技十二级-助理','索珠乡小学','','','','','','','大专','2006-08','0','0','教师','2006-08','','0','','','','0','2006','2006','0','否','','0','',''),('4958','0','118','次仁拉珍','女','1983-05','扎朗县','藏族','党员','2007-09','2007-09','0','0','2008-11','0','事业单位','专技十二级-助理','结巴乡小学','','','','','','','本科','2007-09','0','0','教师','2007-09','','0','','','','0','2007','2007','0','否','','0','',''),('4931','0','118','巴桑','女','1983-07','乃东区','藏族','党员','2007-08','2007-08','0','0','2011-07','0','事业单位','专技十二级-助理','索珠乡小学','','','','','','','大专','2007-09','0','0','教师','2007-08','','0','','','','0','2007','2007','0','否','','0','',''),('4930','0','118','次仁卓玛','女','1985-07','乃东区','藏族','党员','2006-08','2006-08','0','0','2009-08','0','事业单位','专技十二级-助理','索珠乡小学','','','','','','','大专','2006-08','0','0','教师','2006-08','','0','','','','0','2006','2006','0','否','','0','',''),('4925','0','118','米玛','男','1976-04','贡嘎县','藏族','党员','1996-06','1996-06','0','0','2012-09','0','事业单位','专技十级-中级','索珠乡小学','','','','','','','中专','1996-06','0','0','教师','1996-06','','0','','','','0','2006','2006','0','否','','0','',''),('4919','0','118','扎桑','女','1975-02','乃东区','藏族','','1998-07','1998-07','0','0','2014-10','0','事业单位','专技十级-中级','昌珠镇小学','','','','','','','大专','1998-07','3','0','教师','1998-07','','0','','','','0','2006','2006','0','否','','0','',''),('4922','0','118','尼玛次仁','男','1966-02','乃东区','藏族','党员','1986-08','1986-08','0','0','2006-08','0','事业单位','专技十二级-助理','昌珠镇小学','','','','','','','初中','1986-08','0','0','教师','1986-08','','0','','','','0','2006','2006','0','否','','0','',''),('4924','0','118','洛桑平措','男','1973-09','乃东区','藏族','','1987-01','1987-01','0','0','2012-09','0','事业单位','专技十级-中级','索珠乡小学','','','','','','','中专','1999-08','0','0','教师','1987-01','','0','','','','0','2006','2006','0','否','','0','',''),('4907','0','118','李梦娇','女','1993-04','陕西','汉族','','2016-09','2016-09','0','0','2016-09','0','事业单位','专技十二级-助理','昌珠镇小学','','','','','','','本科','2016-12','0','0','教师','2016-09','','0','','','','0','2016','2016','0','否','','0','',''),('5059','0','118','洛桑丁增','男','1984-03','昌都','藏族','党员','2005-12','2005-12','0','0','2015-12','0','事业单位','专技十级-中级','区教研','','','','','','','大专','2005-12','0','0','教师','2005-12','','0','','','','0','2006','2006','0','否','','0','',''),('4906','0','118','包念英','女','1985-10','四川','藏族','','2009-08','2009-08','0','0','2015-11','0','事业单位','专技十二级-助理','昌珠镇小学','','','','','','','大专','2009-08','0','0','教师','2009-08','','0','','','','0','2009','2009','0','否','','0','',''),('4905','0','118','拉巴仓决','女','1976-06','乃东区','藏族','','1994-09','1994-09','0','0','2015-12','0','事业单位','专技十级-中级','昌珠镇小学','','','','','','','大专','2006-06','0','0','教师','1994-09','','0','','','','0','2006','2006','0','否','','0','',''),('4848','0','118','米玛女','女','1976-01','乃东区','藏族','','1995-04','1995-04','0','0','2014-10','0','事业单位','专技十级-中级','昌珠镇小学','','','','','','','中专','1999-12','0','0','教师','1995-04','','0','','','','0','2006','2006','0','否','','0','',''),('4884','0','118','索朗曲珍','女','1986-08','贡嘎县','藏族','','2007-07','2007-07','0','0','2011-07','0','事业单位','专技十二级-助理','昌珠镇小学','','','','','','','大专','2007-07','0','0','教师','2007-07','','0','','','','0','2007','2007','0','否','','0','',''),('4851','0','118','旦增拉姆','女','1975-05','错美县','藏族','党员','1996-06','1996-06','0','0','2012-09','0','事业单位','专技十级-中级','昌珠镇小学','','','','','','','中专','1996-06','0','0','教师','1996-06','','0','','','','0','2006','2006','0','否','','0','',''),('4923','0','118','次仁索朗','女','1986-08','隆子县','藏族','党员','2007-07','2007-07','0','0','2013-11','0','事业单位','专技十二级-助理','昌珠镇小学','','','','','','','中专','2007-07','0','0','教师','2007-07','','0','','','','0','2007','2007','0','否','','0','',''),('4921','0','118','尼玛次仁','男','1964-01','乃东区','藏族','党员','1986-09','1986-09','0','0','2015-12','0','事业单位','专技十级-中级','昌珠镇小学','','','','','','','中专','2003-07','0','0','教师','1986-09','','0','','','','0','2006','2006','0','否','','0','',''),('4920','0','118','白玛央宗','女','1989-01','乃东区','藏族','党员','2013-12','2013-12','0','0','2015-11','0','事业单位','专技十二级-助理','昌珠镇小学','','','','','','','大专','2013-12','0','0','教师','2013-12','','0','','','','0','2013','2013','0','否','','0','',''),('4885','0','118','索朗白吉','女','1987-05','隆子县','藏族','','2007-07','2007-07','0','0','2013-02','0','事业单位','专技十二级-助理','昌珠镇小学','','','','','','','大专','2007-07','0','0','教师','2007-07','','0','','','','0','2007','2007','0','否','','0','',''),('4883','0','118','尼玛曲珍','女','1977-01','乃东区','藏族','','1997-07','1997-07','0','0','2013-11','0','事业单位','专技十级-中级','昌珠镇小学','','','','','','','中专','1997-07','0','0','教师','1997-07','','0','','','','0','2006','2006','0','否','','0','',''),('4881','0','118','巴桑小','女','1966-05','乃东区','藏族','','1989-09','1989-09','0','0','2014-10','0','事业单位','专技十级-中级','昌珠镇小学','','','','','','','中专','1994-11','0','0','教师','1989-09','','0','','','','0','2006','2006','0','否','','0','',''),('4908','0','118','姚丽娜','女','1983-06','四川','汉族','','2006-08','2006-08','0','0','2010-01','0','事业单位','专技十二级-助理','昌珠镇小学','','','','','','','大专','2006-08','0','0','教师','2006-08','','0','','','','0','2006','2006','0','否','','0','',''),('4849','0','118','索朗央金','女','1972-06','乃东区','藏族','','1994-07','1994-07','0','0','2016-01','0','事业单位','专技七级-副高','昌珠镇小学','','','','','','','中专','1994-07','0','0','教师','1994-07','','0','','','','0','2006','2006','0','否','','0','',''),('4842','0','118','洛桑次仁','男','1970-04','乃东区','藏族','','1992-07','1992-07','0','0','1999-07','0','事业单位','专技十二级-助理','昌珠镇小学','','','','','','','中专','1992-07','0','0','教师','1992-07','','0','','','','0','2006','2006','0','否','','0','',''),('4882','0','118','古桑央金','女','1968-08','乃东区','藏族','','1989-09','1989-09','0','0','2010-01','0','事业单位','专技十级-中级','昌珠镇小学','','','','','','','中专','1994-11','0','0','教师','1989-09','','0','','','','0','2006','2006','0','否','','0','',''),('4857','0','118','普布次仁','男','1975-07','乃东区','藏族','','1995-06','1995-06','0','0','2013-11','0','事业单位','专技十级-中级','昌珠镇小学','','','','','','','中专','1995-06','0','0','教师','1995-06','','0','','','','0','2006','2006','0','否','','0','',''),('4831','0','118','达娃顿珠','男','1977-07','乃东区','藏族','','1997-07','1997-07','0','0','2006-04','0','事业单位','专技十二级-助理','昌珠镇小学','','','','','','','中专','1997-07','0','0','教师','1997-07','','0','','','','0','2006','2006','0','否','','0','',''),('4830','0','118','白玛卓嘎','女','1976-01','乃东区','藏族','','1997-06','1997-06','0','0','2010-01','0','事业单位','专技十级-中级','昌珠镇小学','','','','','','','中专','1997-06','0','0','教师','1997-06','','0','','','','0','2006','2006','0','否','','0','',''),('4846','0','118','扎桑','女','1973-11','桑日','藏族','','1995-07','1995-07','0','0','2012-09','0','事业单位','专技十级-中级','昌珠镇小学','','','','','','','中专','1995-07','0','0','教师','1995-07','','0','','','','0','2006','2006','0','否','','0','',''),('4828','0','118','普布次仁','男','1974-01','乃东区','藏族','党员','1996-06','1996-06','0','0','2010-01','0','事业单位','专技十级-中级','昌珠镇小学','','','','','','','中专','1996-06','0','0','教师','1996-06','','0','','','','0','2006','2006','0','否','','0','',''),('4833','0','118','米玛央宗','女','1974-11','拉萨','藏族','党员','1995-07','1995-07','0','0','2006-04','0','事业单位','专技十二级-助理','昌珠镇小学','','','','','','','中专','1995-07','0','0','教师','1995-07','','0','','','','0','2006','2006','0','否','','0','',''),('4844','0','118','拉琼','女','1970-03','湖北','藏族','','1993-07','1993-07','0','0','2009-04','0','事业单位','专技十级-中级','昌珠镇小学','','','','','','','中专','1993-07','0','0','教师','1993-07','','0','','','','0','2006','2006','0','否','','0','',''),('4827','0','118','卓嘎','女','1966-08','乃东区','藏族','党员','1989-09','1989-09','0','0','2010-01','0','事业单位','专技十级-中级','昌珠镇小学','','','','','','','中专','1994-11','0','0','教师','1989-09','','0','','','','0','2006','2006','0','否','','0','',''),('4834','0','118','白玛仓决','女','1982-06','乃东区','藏族','','2001-12','2001-12','0','0','2011-09','0','事业单位','专技十二级-助理','昌珠镇小学','','','','','','','大专','2010-12','0','0','教师','2001-12','','0','','','','0','2006','2006','0','否','','0','',''),('4808','0','118','大罗布次仁','男','1969-08','乃东区','藏族','党员','1990-07','1990-07','0','0','2007-02','0','事业单位','专技十级-中级','昌珠镇小学','','','','','','','中专','1990-07','0','0','教师','1990-07','','0','','','','0','2006','2006','0','否','','0','',''),('4825','0','118','嘎玛央宗','女','1972-07','乃东区','藏族','','1993-07','1993-07','0','0','2013-11','0','事业单位','专技十级-中级','昌珠镇小学','','','','','','','中专','1993-07','0','0','教师','1993-07','','0','','','','0','2006','2006','0','否','','0','',''),('4784','0','118','童桂玲','女','1991-01','青海','汉族','党员','2016-09','2016-09','0','0','2016-09','0','事业单位','专技十三级-员级','颇章乡完小','','','','','','','大专','2016-09','0','0','教师','2016-09','','0','','','','0','2016','2016','0','否','','0','',''),('5053','0','118','央珍','女','1967-12','拉萨','藏族','党员','1989-07','1989-07','0','0','2004-02','0','事业单位','专技十级-中级','区教研','','','','','','','中专','1989-07','0','0','教师','1989-07','','0','','','','0','2006','2006','0','否','','0','',''),('4835','0','118','次旦玉珍','女','1986-12','贡嘎县','藏族','','2007-07','2007-07','0','0','2009-02','0','事业单位','专技十二级-助理','昌珠镇小学','','','','','','','大专','2007-07','0','0','教师','2007-07','','0','','','','0','2007','2007','0','否','','0','',''),('4822','0','118','拉珠','女','1970-07','琼结县','藏族','党员','1992-07','1992-07','0','0','2009-05','0','事业单位','专技十级-中级','昌珠镇小学','','','','','','','中专','1992-07','0','0','教师','1992-07','','0','','','','0','2006','2006','0','否','','0','',''),('4832','0','118','罗布次仁 小','男','1975-11','琼结县','藏族','','1995-06','1995-06','0','0','2013-11','0','事业单位','专技十级-中级','昌珠镇小学','','','','','','','中专','1995-06','0','0','教师','1995-06','','0','','','','0','2006','2006','0','否','','0','',''),('4785','0','118','嘎珍','女','1993-09','乃东区','藏族','','2016-09','2016-09','0','0','2016-08','0','事业单位','专技十二级-助理','颇章乡完小','','','','','','','本科','2016-09','0','0','教师','2016-09','','0','','','','0','2016','2016','0','否','','0','',''),('4826','0','118','索朗亚珠','男','1973-06','曲松县','藏族','党员','1995-07','1995-07','0','0','2010-01','0','事业单位','专技十级-中级','昌珠镇小学','','','','','','','中专','1995-07','0','0','教师','1995-07','','0','','','','0','2006','2006','0','否','','0','',''),('3829','0','118','次仁曲旦','男','1976-01','乃东','藏族','','1995-07','1995-07','0','0','2014-10','0','事业单位','专技十级-中级','亚堆乡完小','','','','','','','中专','2000-06','0','0','教师','1995-07','','0','','','','0','2006','2006','0','否','','0','',''),('4781','0','118','普布曲珍','女','1992-01','琼结县','藏族','','2014-08','2014-08','0','0','2014-08','0','事业单位','专技十三级-员级','颇章乡完小','','','','','','','大专','2014-08','0','0','教师','2014-08','','0','','','','0','2014','2014','0','否','','0','',''),('4782','0','118','尼玛','女','1988-04','林芝','藏族','党员','2014-08','2014-08','0','0','2014-08','0','事业单位','专技十三级-员级','颇章乡完小','','','','','','','大专','2014-08','0','0','教师','2014-08','','0','','','','0','2014','2014','0','否','','0','',''),('4820','0','118','扎西卓玛','女','1970-01','贡嘎县','藏族','','1991-07','1971-07','0','0','2013-11','0','事业单位','专技十级-中级','昌珠镇小学','','','','','','','中专','1991-07','0','0','教师','1991-07','','0','','','','0','2006','2006','0','否','','0','',''),('4072','0','118','加措','男','1969-03-01','乃东','藏族','','1986-08','1986-08','0','0','2006-04','0','事业单位','专技十二级-助理','颇章乡完小','','','','','','','初中','1986-08','0','0','教师','1986-08','','0','','','','0','2006','2006','0','否','','0','',''),('4779','0','118','旦增卓玛','女','1986-06','林芝','藏族','党员','2006-08','2006-08','0','0','2011-12','0','事业单位','专技十二级-助理','颇章乡完小','','','','','','','大专','2006-08','0','0','教师','2006-08','','0','','','','0','2006','2006','0','否','','0','',''),('4098','0','118','扎西多吉','男','1979-01-01','乃东','藏族','','2005-08','2005-08','0','0','2007-07','0','事业单位','专技十二级-助理','颇章乡完小','','','','','','','大专','2005-08','0','0','教师','2005-08','','0','','','','0','2006','2006','0','否','','0','',''),('4179','0','118','普布卓玛','女','1975-12-01','乃东','藏族','','1995-07','1995-07','0','0','2010-05','0','事业单位','专技十二级-助理','颇章乡完小','','','','','','','中专','2001-06','0','0','教师','1995-07','','0','','','','0','2006','2006','0','否','','0','',''),('4783','0','118','古桑卓嘎','女','1990-01','错美县','藏族','团员','2015-09','2015-09','0','0','2015-09','0','事业单位','专技十三级-员级','颇章乡完小','','','','','','','大专','2015-09','0','0','教师','2015-09','','0','','','','0','2015','2015','0','否','','0','',''),('4134','0','118','尼玛次仁','男','1980-01-01','隆子县','藏族','','1999-06','1999-06','0','0','2014-10','0','事业单位','专技十级-中级','颇章乡完小','','','','','','','中专','1999-06','0','0','教师','1999-06','','0','','','','0','2006','2006','0','否','','0','',''),('4095','0','118','旦曲','男','1983-05-01','日喀则','藏族','','2004-08','2004-08','0','0','2015-12','0','事业单位','专技十级-中级','颇章乡完小','','','','','','','中专','2004-08','0','0','教师','2004-08','','0','','','','0','2006','2006','0','否','','0','',''),('5089','0','118','次旦','男','1973-04','乃东区','藏族','','1994-04','1994-04','0','0','2013-11','0','事业单位','专技十级-中级','亚堆乡小学','','','','','','','中专','1999-12','0','0','教师','1994-04','','0','','','','0','2006','2006','0','否','','0','',''),('4780','0','118','桑杰曲珍','女','1994-05','浪卡子县','藏族','党员','2016-09','2016-09','0','0','2016-09','0','事业单位','专技十三级-员级','颇章乡完小','','','','','','','大专','2016-09','0','0','教师','2016-09','','0','','','','0','2016','2016','0','否','','0','',''),('4008','0','118','达琼','男','1981-06','乃东','藏族','','2004-07','2004-07','0','0','2013-12','0','事业单位','专技十级-中级','亚堆乡完小','','','','','','','大专','2004-07','0','0','教师','2004-07','','0','','','','0','2006','2006','0','否','','0','',''),('4133','0','118','米玛次仁','男','1974-04','贡嘎县','藏族','','1997-07','1997-07','0','0','2013-11','0','事业单位','专技十级-中级','颇章乡完小','','','','','','','中专','1997-07','0','0','教师','1997-07','','0','','','','0','2006','2006','0','否','','0','',''),('4178','0','118','阿旺洛桑','男','1975-07-01','隆子县','藏族','','1997-06','1997-06','0','0','2015-12','0','事业单位','专技十级-中级','颇章乡完小','','','','','','','中专','1997-06','0','0','教师','1997-06','','0','','','','0','2006','2006','0','否','','0','',''),('5037','0','118','陈树强','男','1988-09','四川','汉族','党员','2010-08','2010-08','0','0','2010-12','0','事业单位','专技十二级-助理','泽当镇小学','','','','','','','大专','2010-08','0','0','教师','2010-08','','0','','','','0','2010','2010','0','否','','0','',''),('4092','0','118','巴桑次仁','男','1979-10','浪卡子县','藏族','','2004-07','2004-07','0','0','2008-07','0','事业单位','专技十二级-助理','颇章乡完小','','','','','','','大专','2004-07','2','0','教师','2004-07','','0','','','','0','2006','2006','0','否','','0','',''),('4093','0','118','查果央金','女','1970-10','隆子县','藏族','','1991-07','1991-07','0','0','2007-02','0','事业单位','专技十级-中级','颇章乡完小','','','','','','','中专','1991-07','0','0','教师','1991-07','','0','','','','0','2006','2006','0','否','','0','',''),('5088','0','118','仓决','女','1973-04','乃东区','藏族','','1995-03','1995-03','0','0','2006-04','0','事业单位','专技十二级-助理','亚堆乡小学','','','','','','','中专','2000-06','0','0','教师','1995-03','','0','','','','0','2006','2006','0','否','','0','',''),('4096','0','118','次仁贡布','男','1989-01-01','曲松县','藏族','','2011-08','2011-08','0','0','2015-11','0','事业单位','专技十二级-助理','颇章乡完小','','','','','','','大专','2011-08','0','0','教师','2011-08','','0','','','','0','2011','2011','0','否','','0','',''),('3830','0','118','洛桑达娃','男','1982-04','乃东','藏族','','2002-07','2002-07','0','0','2016-12','0','事业单位','专技十级-中级','亚堆乡完小','','','','','','','中专','2002-07','0','0','教师','2002-07','','0','','','','0','2006','2006','0','否','','0','',''),('4118','0','118','索朗曲杰','男','1984-12-01','贡嘎','藏族','','2007-07','2007-07','0','0','2013-02','0','事业单位','专技十二级-助理','颇章乡完小','','','','','','','大专','2007-06','0','0','教师','2007-07','','0','','','','0','2007','2007','0','否','','0','',''),('4189','0','118','格桑卓玛','女','1983-06-01','林芝','藏族','','2004-07','2004-07','0','0','2006-04','0','事业单位','专技十二级-助理','颇章乡完小','','','','','','','大专','2004-07','3','0','教师','2004-07','','0','','','','0','2006','2006','0','否','','0','',''),('3824','0','118','旦增','男','1968-07','乃东','藏族','','1994-09','1994-09','0','0','2014-10','0','事业单位','专技十级-中级','亚堆乡完小','','','','','','','中专','1999-12','0','0','教师','1994-09','','0','','','','0','2006','2006','0','否','','0','',''),('3842','0','118','索朗多吉','男','1989-02','贡嘎县','藏族','','2010-08','2010-08','0','0','2013-11','0','事业单位','专技十二级-助理','亚堆乡完小','','','','','','','大专','2010-08','0','0','教师','2010-08','','0','','','','0','2010','2010','0','否','','0','',''),('3922','0','118','杰布','男','1969-03','隆子县','藏族','党员','1987-07','1987-07','0','0','2010-01','0','事业单位','专技十级-中级','亚堆乡完小','','','','','','','中专','1987-07','0','0','教师','1987-07','','0','','','','0','2006','2006','0','否','','0','',''),('4087','0','118','拉巴次仁','男','1980-07-01','日喀则','藏族','','2003-04','2003-04','0','0','2010-10','0','事业单位','专技十二级-助理','颇章乡完小','','','','','','','大专','2007-07','0','0','教师','2003-04','','0','','','','0','2006','2006','0','否','','0','',''),('5027','0','118','琼达','女','1970-06','乃东区','藏族','党员','1990-07','1990-07','0','0','2010-01','0','机关单位','专技十级-中级','泽当镇小学','','','','','','','中专','2000-04','0','0','教师','1990-07','','0','','','','0','2006','2006','0','否','','0','',''),('5041','0','118','玉珍','女','1979-01','乃东区','藏族','党员','1999-07','1999-07','0','0','2013-11','0','事业单位','专技十级-中级','泽当镇小学','','','','','','','中专','1999-07','0','0','教师','1999-07','','0','','','','0','2006','2006','0','否','','0','',''),('4005','0','118','白玛卓嘎','女','1987-07','贡嘎县','藏族','','2009-07','2009-07','0','0','2009-07','0','事业单位','专技十二级-助理','亚堆乡完小','','','','','','','本科','2009-07','0','0','教师','2009-07','','0','','','','0','2009','2009','0','否','','0','',''),('3834','0','118','桑旦拉姆','女','1988-04','措美县','藏族','','2009-07','2009-07','0','0','2011-09','0','事业单位','专技十二级-助理','亚堆乡完小','','','','','','','大专','2009-07','0','0','教师','2009-09','','0','','','','0','2009','2009','0','否','','0','',''),('5036','0','118','巴桑卓玛','女','1985-01','林芝','藏族','党员','2006-09','2006-09','0','0','2015-12','0','事业单位','专技十级-中级','泽当镇小学','','','','','','','大专','2006-09','0','0','教师','2006-09','','0','','','','0','2006','2006','0','否','','0','',''),('3925','0','118','扎西平措','男','1985-03','扎朗县','藏族','','2006-08','2006-08','0','0','2011-09','0','事业单位','专技十二级-助理','亚堆乡完小','','','','','','','中专','2006-07','0','0','教师','2006-08','','0','','','','0','2006','2006','0','否','','0','',''),('5039','0','118','扎桑','女','1970-05','乃东区','藏族','党员','1995-04','1995-04','0','0','2010-01','0','事业单位','专技十级-中级','泽当镇小学','','','','','','','中专','1999-12','0','0','教师','1995-04','','0','','','','0','2006','2006','0','否','','0','',''),('5026','0','118','索朗卓嘎','女','1973-08','曲松县','藏族','党员','1995-07','1995-07','0','0','2013-11','0','事业单位','专技十级-中级','泽当镇小学','','','','','','','中专','1995-07','0','0','教师','1995-07','','0','','','','0','2006','2006','0','否','','0','',''),('5038','0','118','贾苏霞','女','1985-10','山西','汉族','党员','2007-07','2007-10','0','0','2010-11','0','事业单位','专技十二级-助理','泽当镇小学','','','','','','','大专','2007-10','0','0','教师','2007-10','','0','','','','0','2007','2007','0','否','','0','',''),('4119','0','118','仁增次仁','男','1968-09','乃东','藏族','','1991-07','1991-07','0','0','1999-05','0','事业单位','专技十二级-助理','颇章乡完小','','','','','','','中专','1991-07','0','0','教师','1991-07','','0','','','','0','2006','2006','0','否','','0','',''),('3935','0','118','扎西','','1983-03','扎朗县','藏族','','2005-07','2005-07','0','0','2010-05','0','事业单位','专技十二级-助理','亚堆乡完小','','','','','','','大专','2005-07','0','0','教师','2005-07','','0','','','','0','2006','2006','0','否','','0','',''),('4090','0','118','索朗仓单','男','1968-05-01','曲松县','藏族','','1988-09','1988-09','0','0','2015-12','0','事业单位','专技十级-中级','颇章乡完小','','','','','','','中专','1995-07','0','0','教师','1988-09','','0','','','','0','2006','2006','0','否','','0','',''),('4071','0','118','索朗卓嘎','女','1964-04-01','乃东','藏族','','1985-05','1985-05','0','0','2008-01','0','事业单位','专技十级-中级','颇章乡完小','','','','','','','中专','1985-05','0','0','教师','1985-05','','0','','','','0','2006','2006','0','否','','0','',''),('3930','0','118','米玛扎西','男','1983-01','乃东','藏族','','2002-04','2002-04','0','0','2010-12','0','事业单位','普通-普通工','亚堆乡完小','','','','','','','中专','2002-04','0','0','教师','2002-04','','0','','','','0','2006','2006','0','否','','0','',''),('3982','0','118','曲珍','女','1989-09','贡嘎县','藏族','','2008-08','2008-08','0','0','2013-11','0','事业单位','专技十二级-助理','亚堆乡完小','','','','','','','中专','2008-08','0','0','教师','2008-08','','0','','','','0','2008','2008','0','否','','0','',''),('3206','0','118','平措卓玛','女','1994-01','扎朗','藏族','','2016-09','2016-09','0','0','2016-09','0','事业单位','专技十三级-员级','亚堆乡完小','','','','','','','大专','2016-07','0','0','教师','2016-09','','0','','','','0','2016','2016','0','否','','0','',''),('5035','0','118','白玛卓嘎','女','1980-10','乃东区','藏族','党员','2001-07','2001-07','0','0','2016-12','0','事业单位','专技十级-中级','泽当镇小学','','','','','','','中专','2001-07','0','0','教师','2001-07','','0','','','','0','2006','2006','0','否','','0','',''),('4083','0','118','旦增旺姆','女','1985-04-01','乃东','藏族','','2007-09','2007-09','0','0','2007-09','0','事业单位','专技十二级-助理','颇章乡完小','','','','','','','本科','2007-09','0','0','教师','2007-09','','0','','','','0','2007','2007','0','否','','0','',''),('5034','0','118','次仁央宗','女','1984-12','加查县','藏族','党员','2012-02','2012-02','0','0','2012-02','0','事业单位','专技十二级-助理','泽当镇小学','','','','','','','本科','2012-02','0','0','教师','2012-02','','0','','','','0','2012','2012','0','否','','0','',''),('3973','0','118','亚加','','1989-11','隆子县','藏族','','2011-08','2011-08','0','0','2011-08','0','事业单位','专技十三级-员级','亚堆乡完小','','','','','','','大专','2011-07','0','0','教师','2011-08','','0','','','','0','2011','2011','0','否','','0','',''),('4081','0','118','土多格桑','男','1968-09-01','乃东','藏族','','1986-08','1986-08','0','0','2007-02','0','事业单位','专技十二级-助理','颇章乡完小','','','','','','','中专','2003-07','0','0','教师','1986-08','','0','','','','0','2006','2006','0','否','','0','',''),('3840','0','118','嘎多','女','1975-08','乃东县','藏族','','2002-09','2002-09','0','0','2010-08','0','事业单位','专技十二级-助理','亚堆乡完小','','','','','','','大专','2007-07','0','0','教师','2002-09','','0','','','','0','2006','2006','0','否','','0','',''),('3809','0','118','达珍','女','1989-08','乃东','藏族','','2014-08','2014-08','0','0','2014-08','0','事业单位','专技十三级-员级','亚堆乡完小','','','','','','','大专','2014-08','0','0','教师','2014-08','','0','','','','0','2014','2014','0','否','','0','',''),('4074','0','118','索朗','女','1966-07','乃东','藏族','','1989-08','1989-08','0','0','2011-06','0','事业单位','专技十级-中级','颇章乡完小','','','','','','','中专','1994-11','0','0','教师','2003-07','','0','','','','0','2006','2006','0','否','','0','',''),('3926','0','118','巴桑仁增','男','1974-05','乃东区','藏族','党员','1995-06','1995-06','0','0','2010-01','0','事业单位','专技十级-中级','亚堆乡完小','','','','','','','中专','1995-06','0','0','教师','1995-06','','0','','','','0','2006','2006','0','否','','0','',''),('3792','0','118','尼玛顿珠','男','1974-01','乃东','汉族','','1995-03','1995-03','0','0','2013-11','0','事业单位','专技十级-中级','亚堆乡完小','','','','','','','中专','2000-06','0','0','教师','1995-03','','0','','','','0','2006','2006','0','否','','0','',''),('4013','0','118','次仁白玛','女','1991-01','错那县','藏族','','2013-12','2013-12','0','0','2013-12','0','事业单位','专技十二级-助理','亚堆乡完小','','','','','','','本科','2013-12','0','0','教师','2013-12','','0','','','','0','2013','2013','0','否','','0','',''),('3936','0','118','石秀罗央','女','1984-06','那曲','藏族','','2005-07','2005-07','0','0','2010-05','0','事业单位','专技十二级-助理','亚堆乡完小','','','','','','','大专','2005-07','0','0','教师','2005-07','','0','','','','0','2006','2006','0','否','','0','',''),('4079','0','118','米玛次仁','男','1973-02-01','乃东','藏族','','1997-06','1997-06','0','0','2006-04','0','事业单位','专技十二级-助理','颇章乡完小','','','','','','','中专','1997-06','0','0','教师','1997-06','','0','','','','0','2006','2006','0','否','','0','',''),('4003','0','118','普布次仁','男','1986-03','扎朗县','藏族','','2007-07','2007-07','0','0','2011-11','0','事业单位','专技十二级-助理','亚堆乡完小','','','','','','','大专','2007-07','0','0','教师','2007-07','','0','','','','0','2007','2007','0','否','','0','',''),('3845','0','118','达娃坚才','男','1989-07','乃东','藏族','','2010-07','2010-07','0','0','2014-09','0','事业单位','专技十二级-助理','亚堆乡完小','','','','','','','大专','2010-07','0','0','教师','2010-07','','0','','','','0','2010','2010','0','否','','0','',''),('4014','0','118','尼玛卓玛','女','1990-05-01','日喀则','藏族','','2013-12','2013-12','0','0','2015-11','0','事业单位','专技十二级-助理','亚堆乡完小','','','','','','','大专','2013-12','0','0','教师','2013-12','','0','','','','0','2013','2013','0','否','','0','',''),('4890','0','118','卓嘎小','女','1979-10','乃东区','藏族','','2001-07','2001-07','0','0','2012-09','0','事业单位','专技十级-中级','昌珠镇小学','','','','','','','中专','2001-07','0','0','教师','2001-07','','0','','','','0','2006','2006','0','否','','0','',''),('4891','0','118','云旦加措','男','1990-11','乃东区','藏族','','2011-08','2011-08','0','0','2015-11','0','事业单位','专技十二级-助理','昌珠镇小学','','','','','','','大专','2011-08','0','0','教师','2011-08','','0','','','','0','2011','2011','0','否','','0','',''),('4892','0','118','索朗白珍','女','1973-01','乃东区','藏族','','1995-04','1995-04','0','0','2013-11','0','事业单位','专技十级-中级','昌珠镇小学','','','','','','','中专','1999-12','0','0','教师','1995-04','','0','','','','0','2006','2006','0','否','','0','',''),('3983','0','118','江白','男','1983-05','贡嘎县','藏族','','2008-11','2008-11','0','0','2008-11','0','事业单位','专技十二级-助理','亚堆乡完小','','','','','','','本科','2008-11','0','0','教师','2008-11','','0','','','','0','2008','2008','0','否','','0','',''),('4089','0','118','索朗顿珠','男','1978-07-01','错那县','藏族','','1998-07','1998-07','0','0','2006-02','0','事业单位','专技十二级-助理','颇章乡完小','','','','','','','大专','1998-07','0','0','教师','1998-07','','0','','','','0','2006','2006','0','否','','0','',''),('4899','0','118','达娃央金','女','1975-05','乃东区','藏族','','1996-06','1996-06','0','0','2012-09','0','事业单位','专技十级-中级','昌珠镇小学','','','','','','','中专','1996-06','0','0','教师','1996-06','','0','','','','0','2006','2006','0','否','','0','',''),('4776','0','118','索朗群宗','女','1977-12','错那县','藏族','党员','2002-08','2002-08','0','0','2009-03','0','事业单位','专技十二级-助理','颇章乡完小','','','','','','','大专','2007-07','0','0','教师','2002-08','','0','','','','0','2006','2006','0','否','','0','',''),('3197','0','118','次旺白姆','女','1993-06','拉萨','藏族','','2016-09','2016-09','0','0','2016-09','0','事业单位','专技十二级-助理','亚堆乡完小','','','','','','','本科','2016-07','0','0','教师','2016-09','','0','','','','0','2016','2016','0','否','','0','',''),('4197','0','118','普布占堆','男','1980-09','错那县','藏族','','1999-07','1999-07','0','0','2011-06','0','事业单位','专技十级-中级','颇章乡完小','','','','','','','中专','1999-07','0','0','教师','1999-07','','0','','','','0','2006','2006','0','否','','0','',''),('4198','0','118','朗嘎次仁','男','1964-12-01','乃东县','藏族','','1984-07','1984-07','0','0','2014-10','0','事业单位','专技十级-中级','颇章乡完小','','','','','','','中专','2003-07','0','0','教师','1984-07','','0','','','','0','2006','2006','0','否','','0','',''),('4889','0','118','旦巴扎西','男','1986-05','乃东区','藏族','','2006-08','2006-08','0','0','2010-09','0','事业单位','专技十二级-助理','昌珠镇小学','','','','','','','大专','2006-08','0','0','教师','2006-08','','0','','','','0','2006','2006','0','否','','0','',''),('3974','0','118','德吉卓嘎','女','1984-05','青海','藏族','','2006-12','2006-12','0','0','2011-12','0','事业单位','专技十二级-助理','亚堆乡完小','','','','','','','大专','2006-12','0','0','教师','2006-12','','0','','','','0','2006','2006','0','否','','0','',''),('4772','0','118','米玛卓玛','女','1970-10','乃东区','藏族','党员','1995-07','1995-07','0','0','2016-12','0','事业单位','专技十级-中级','颇章乡完小','','','','','','','中专','1995-07','0','0','教师','1995-07','','0','','','','0','2006','2006','0','否','','0','',''),('4190','0','118','巴桑曲珍','女','1980-04-01','乃东','藏族','','2001-07','2001-07','0','0','2014-10','0','事业单位','专技十级-中级','颇章乡完小','','','','','','','中专','2001-07','0','0','教师','2001-07','','0','','','','0','2006','2006','0','否','','0','',''),('4203','0','118','益西卓玛','女','1987-09-01','乃东区','藏族','','2009-07','2009-07','0','0','2011-09','0','事业单位','专技十二级-助理','颇章乡完小','','','','','','','大专','2009-07','0','0','教师','2009-07','','0','','','','0','2009','2009','0','否','','0','',''),('3994','0','118','普布卓嘎','女','1985-07','乃东区','藏族','','2006-08','2006-08','0','0','2013-11','0','事业单位','专技十级-中级','亚堆乡完小','','','','','','','大专','2006-08','0','0','教师','2006-08','','0','','','','0','2006','2006','0','否','','0','',''),('4887','0','118','罗布桑布','男','1981-07','乃东区','藏族','','2006-07','2006-07','0','0','2010-05','0','事业单位','专技十二级-助理','昌珠镇小学','','','','','','','大专','2006-07','0','0','教师','2006-07','','0','','','','0','2006','2006','0','否','','0','',''),('3981','0','118','达瓦曲珍','女','1976-07','乃东','藏族','','1995-07','1995-07','0','0','2010-12','0','事业单位','专技十级-中级','亚堆乡完小','','','','','','','大专','1995-07','0','0','教师','1995-07','','0','','','','0','2006','2006','0','否','','0','',''),('3972','0','118','巴桑曲珍','女','1989-05','贡嘎县','藏族','','2011-08','2011-08','0','0','2011-08','0','事业单位','专技十三级-员级','亚堆乡完小','','','','','','','大专','2011-07','0','0','教师','2011-08','','0','','','','0','2011','2011','0','否','','0','',''),('4778','0','118','索朗曲珍','女','1985-01','乃东区','藏族','','2008-11','2008-11','0','0','2011-01','0','事业单位','专技十二级-助理','颇章乡完小','','','','','','','大专','2008-11','0','0','教师','2008-11','','0','','','','0','2008','2008','0','否','','0','',''),('4777','0','118','扎桑','女','1987-04','乃东区','藏族','党员','2007-07','2007-07','0','0','2009-11','0','事业单位','专技十二级-助理','颇章乡完小','','','','','','','大专','2007-07','0','0','教师','2007-07','','0','','','','0','2007','2007','0','否','','0','',''),('4886','0','118','米玛次仁','男','1974-10','乃东','藏族','','1995-06','1995-06','0','0','2012-09','0','事业单位','专技十级-中级','昌珠镇小学','','','','','','','中专','1995-06','0','0','教师','1995-06','','0','','','','0','2006','2006','0','否','','0','',''),('4897','0','118','周伟斌','男','1976-10','','汉族','','2009-03','2009-03','0','0','2015-11','0','事业单位','专技十二级-助理','昌珠镇小学','','','','','','','大专','2009-03','0','0','教师','2009-03','','0','','','','0','2009','2009','0','否','','0','',''),('4902','0','118','巴珠小','男','1987-06','桑日','藏族','','2008-08','2008-08','0','0','2015-11','0','事业单位','专技十二级-助理','昌珠镇小学','','','','','','','中专','2008-08','0','0','教师','2008-08','','0','','','','0','2008','2008','0','否','','0','',''),('4903','0','118','巴桑卓嘎','女','1989-03','扎朗县','藏族','','2011-08','2011-08','0','0','2011-08','0','事业单位','专技十三级-员级','昌珠镇小学','','','','','','','大专','2011-08','0','0','教师','2011-08','','0','','','','0','2011','2011','0','否','','0','',''),('4893','0','118','达娃卓玛','女','1976-04','乃东区','藏族','','1999-07','1999-07','0','0','2015-12','0','事业单位','专技十级-中级','昌珠镇小学','','','','','','','中专','1999-07','0','0','教师','1999-07','','0','','','','0','2006','2006','0','否','','0','',''),('3977','0','118','康珠','女','1989-05','扎朗县','藏族','','2012-11','2012-11','0','0','2012-11','0','事业单位','专技十二级-助理','亚堆乡完小','','','','','','','本科','2012-11','0','0','教师','2012-11','','0','','','','0','2012','2012','0','否','','0','',''),('4945','0','118','西嘎','男','1979-08','加查县','藏族','党员','2005-12','2005-12','0','0','2010-05','0','事业单位','专技十二级-助理','结巴乡小学','','','','','','','大专','2005-12','3','0','教师','2005-12','','0','','','','0','2006','2006','0','否','','0','',''),('5040','0','118','玉珍拉姆','女','1978-05','','汉族','','1998-07','1998-07','0','0','2015-12','0','事业单位','专技十级-中级','泽当镇小学','','','','','','','中专','1998-07','0','0','教师','1998-07','','0','','','','0','2006','2006','0','否','','0','',''),('4085','0','118','达娃旺姆','','1985-01-01','乃东','藏族','','2006-08','2006-08','0','0','2011-09','0','事业单位','专技十二级-助理','颇章乡完小','','','','','','','大专','2006-08','0','0','教师','2006-08','','0','','','','0','2006','2006','0','否','','0','',''),('4773','0','118','德卿曲珍','女','1986-08','洛扎县','藏族','党员','2007-07','2007-07','0','0','2011-07','0','事业单位','专技十二级-助理','颇章乡完小','','','','','','','大专','2007-07','0','0','教师','2007-07','','0','','','','0','2007','2007','0','否','','0','',''),('4895','0','118','索朗央吉','女','1985-11','曲松县','藏族','','2006-09','2006-09','0','0','2011-07','0','事业单位','专技十二级-助理','昌珠镇小学','','','','','','','大专','2006-09','0','0','教师','2006-09','','0','','','','0','2006','2006','0','否','','0','',''),('4948','0','118','罗珍','女','1982-01','加查县','藏族','党员','2006-07','2006-07','0','0','2013-02','0','事业单位','专技十二级-助理','结巴乡小学','','','','','','','大专','2006-07','0','0','教师','2006-07','','0','','','','0','2006','2006','0','否','','0','',''),('4947','0','118','潘多','女','1981-02','扎朗县','藏族','党员','2005-12','2005-12','0','0','2010-05','0','事业单位','专技十二级-助理','结巴乡小学','','','','','','','大专','2005-12','3','0','教师','2005-12','','0','','','','0','2006','2006','0','否','','0','',''),('4888','0','118','刘婷','女','1989-12','江苏','汉族','','2010-07','2010-07','0','0','2013-02','0','事业单位','专技十二级-助理','昌珠镇小学','','','','','','','大专','2010-07','0','0','教师','2010-07','','0','','','','0','2010','2010','0','否','','0','',''),('4901','0','118','孙子庚','男','1986-05','河南','汉族','','2007-07','2007-07','0','0','2010-10','0','事业单位','专技十二级-助理','昌珠镇小学','','','','','','','本科','2007-07','0','0','教师','2007-07','','0','','','','0','2007','2007','0','否','','0','',''),('4953','0','118','巴桑旺久','男','1983-11','乃东区','藏族','党员','2006-12','2006-12','0','0','2011-12','0','事业单位','专技十二级-助理','结巴乡小学','','','','','','','大专','2006-12','0','0','教师','2006-12','','0','','','','0','2006','2006','0','否','','0','',''),('4904','0','118','徐黎明','女','1983-11','新疆','汉族','','2002-07','2002-07','0','0','2013-10','0','事业单位','专技十级-中级','昌珠镇小学','','','','','','','中专','2002-07','0','0','教师','2002-07','','0','','','','0','2006','2006','0','否','','0','',''),('4894','0','118','米玛','男','1977-08','乃东区','藏族','','1997-08','1997-08','0','0','2002-01','0','事业单位','专技十二级-助理','昌珠镇小学','','','','','','','中专','1997-08','0','0','教师','1997-08','','0','','','','0','2006','2006','0','否','','0','',''),('4954','0','118','德吉措姆','女','1985-06','曲松县','藏族','党员','2007-07','2007-07','0','0','2009-11','0','事业单位','专技十二级-助理','结巴乡小学','','','','','','','大专','2007-07','0','0','教师','2007-11','','0','','','','0','2007','2007','0','否','','0','',''),('5012','0','118','多布杰','男','1986-01','乃东区','藏族','党员','2008-07','2008-07','0','0','2010-05','0','事业单位','专技十二级-助理','泽当镇小学','','','','','','','大专','2008-07','0','0','教师','2008-07','','0','','','','0','2008','2008','0','否','','0','',''),('5010','0','118','巴桑卓嘎','女','1971-12','林芝','藏族','党员','1992-06','1992-06','0','0','2015-12','0','事业单位','专技十级-中级','泽当镇小学','','','','','','','中专','1992-06','0','0','教师','1992-06','','0','','','','0','2006','2006','0','否','','0','',''),('4951','0','118','洛桑卓嘎','女','1973-06','乃东区','藏族','党员','1995-09','1995-09','0','0','2016-12','0','事业单位','专技十级-中级','结巴乡小学','','','','','','','大专','2007-07','0','0','教师','1995-09','','0','','','','0','2006','2006','0','否','','0','',''),('4952','0','118','且增卓玛','女','1988-09','乃东区','藏族','党员','2011-08','2011-08','0','0','2013-11','0','事业单位','专技十二级-助理','结巴乡小学','','','','','','','大专','2011-08','0','0','教师','2011-08','','0','','','','0','2011','2011','0','否','','0','',''),('5007','0','118','达娃玉珍','女','1974-04','琼结县','藏族','党员','1997-07','1997-07','0','0','2013-11','0','事业单位','专技十级-中级','泽当镇乡小学','','','','','','','中专','1997-07','0','0','教师','1997-07','','0','','','','0','2006','2006','0','否','','0','',''),('4900','0','118','普布玉珍','女','1989-02','林芝','汉族','','2012-11','2012-11','0','0','2012-11','0','事业单位','专技十二级-助理','昌珠镇小学','','','','','','','本科','2012-11','0','0','教师','2012-11','','0','','','','0','2012','2012','0','否','','0','',''),('4944','0','118','拉巴次仁','男','1973-05','乃东区','藏族','党员','1995-05','1995-05','0','0','2013-11','0','事业单位','专技十级-中级','结巴乡小学','','','','','','','中专','1999-12','0','0','教师','1999-12','','0','','','','0','2006','2006','0','否','','0','',''),('4941','0','118','阿旺卓玛','女','1993-03','隆子县','藏族','','2016-09','2016-09','0','0','2016-09','0','事业单位','专技十二级-助理','索珠乡小学','','','','','','','本科','2016-09','0','0','教师','2016-09','','0','','','','0','2016','2016','0','否','','0','',''),('5011','0','118','索朗曲珍','女','1973-05','隆子县','藏族','党员','1995-03','1995-03','0','0','2006-04','0','事业单位','专技十二级-助理','泽当镇小学','','','','','','','中专','2000-06','0','0','教师','1995-03','','0','','','','0','2006','2006','0','否','','0','',''),('4955','0','118','朗杰','女','1984-01','乃东区','藏族','','2007-08','2007-08','0','0','2015-11','0','事业单位','专技十二级-助理','结巴乡小学','','','','','','','大专','2007-08','0','0','教师','2007-08','','0','','','','0','2007','2007','0','否','','0','',''),('5005','0','118','洛桑拉姆','女','1974-06','乃东区','藏族','党员','1995-06','1995-06','0','0','2013-11','0','事业单位','专技十级-中级','泽当镇乡小学','','','','','','','中专','1995-06','0','0','教师','1995-06','','0','','','','0','2006','2006','0','否','','0','',''),('4896','0','118','巴珠大','男','1972-01','乃东区','藏族','','1995-07','1995-07','0','0','2011-06','0','事业单位','专技十级-中级','昌珠镇小学','','','','','','','中专','1995-07','0','0','教师','1995-07','','0','','','','0','2006','2006','0','否','','0','',''),('4898','0','118','次旺卓玛','女','1988-07','错那县','藏族','','2013-12','2013-12','0','0','2013-12','0','事业单位','专技十三级-员级','昌珠镇小学','','','','','','','大专','2013-12','0','0','教师','2013-12','','0','','','','0','2013','2013','0','否','','0','',''),('4943','0','118','刚组','男','1977-12','乃东区','藏族','党员','1999-07','1999-07','0','0','2012-09','0','事业单位','专技十级-中级','结巴乡小学','','','','','','','中专','1999-07','0','0','教师','1999-07','','0','','','','0','2006','2006','0','否','','0','',''),('5013','0','118','孙涛','男','1987-03','河南','汉族','党员','2008-07','2008-07','0','0','2010-05','0','事业单位','专技十二级-助理','泽当镇小学','','','','','','','大专','2008-07','0','0','教师','2008-07','','0','','','','0','2008','2008','0','否','','0','',''),('5015','0','118','仓决','女','1975-12','浪卡子县','藏族','党员','1997-07','1997-07','0','0','2017-01','0','事业单位','专技七级-副高','泽当镇小学','','','','','','','中专','1997-07','0','0','教师','1997-07','','0','','','','0','2006','2006','0','否','','0','',''),('5022','0','118','拉珠卓玛','女','1977-08','乃东区','藏族','党员','1995-07','1995-07','0','0','2011-06','0','事业单位','专技十级-中级','泽当镇小学','','','','','','','中专','1999-12','0','0','教师','1999-12','','0','','','','0','2006','2006','0','否','','0','','');|INSERT INTO `tx_jobinfo` (`id`, `personid`, `sort`, `oldposttime`, `oldpostkind`, `oldpostname`, `oldarea`, `oldunitkind`, `oldunitname`, `oldisleader`, `height`)  VALUES ('23428','3197','','2016-09','事业单位专业技术人员','专技十二级-助理','二类区','事业单位','亚堆乡完小','','0'),('23484','3206','','2016-09','事业单位专业技术人员','专技十三级-员级','二类区','事业单位','亚堆乡完小','','0'),('23483','3792','','2013-11','事业单位专业技术人员','专技十级-中级','二类区','事业单位','亚堆乡完小','','0'),('23482','3792','','2006-04','事业单位专业技术人员','专技十二级-助理','二类区','事业单位','亚堆乡完小','','0'),('23481','3792','','1995-03','事业单位专业技术人员','专技十三级-员级','二类区','事业单位','亚堆乡完小','','0'),('23480','3809','','2014-08','事业单位专业技术人员','专技十三级-员级','二类区','事业单位','亚堆乡完小','','0'),('23479','3824','','2014-10','事业单位专业技术人员','专技十级-中级','二类区','事业单位','亚堆乡完小','','0'),('23477','3824','','1994-09','事业单位专业技术人员','专技十三级-员级','二类区','事业单位','亚堆乡完小','','0'),('23478','3824','','2004-05','事业单位专业技术人员','专技十二级-助理','二类区','事业单位','亚堆乡完小','','0'),('23476','3829','','2014-10','事业单位专业技术人员','专技十级-中级','二类区','事业单位','亚堆乡完小','','0'),('23475','3829','','2003-01','事业单位专业技术人员','专技十二级-助理','二类区','事业单位','亚堆乡完小','','0'),('23474','3829','','1995-07','事业单位专业技术人员','专技十三级-员级','二类区','事业单位','亚堆乡完小','','0'),('23529','3830','','2016-12','事业单位专业技术人员','专技十级-中级','二类区','事业单位','亚堆乡完小','','0'),('23528','3830','','2007-05','事业单位专业技术人员','专技十二级-助理','二类区','事业单位','亚堆乡完小','','0'),('23471','3834','','2011-09','事业单位专业技术人员','专技十二级-助理','二类区','事业单位','亚堆乡完小','','0'),('23470','3834','','2009-07','事业单位专业技术人员','专技十三级-员级','二类区','事业单位','亚堆乡完小','','0'),('23469','3840','','2010-08','事业单位专业技术人员','专技十二级-助理','二类区','事业单位','亚堆乡完小','','0'),('23468','3840','','2002-09','事业单位专业技术人员','专技十三级-员级','二类区','事业单位','亚堆乡完小','','0'),('23467','3842','','2013-11','事业单位专业技术人员','专技十二级-助理','二类区','事业单位','亚堆乡完小','','0'),('23466','3842','','2010-08','事业单位专业技术人员','专技十三级-员级','二类区','事业单位','亚堆乡完小','','0'),('23465','3845','','2014-09','事业单位专业技术人员','专技十二级-助理','二类区','事业单位','亚堆乡完小','','0'),('23464','3845','','2010-07','事业单位专业技术人员','专技十三级-员级','二类区','事业单位','亚堆乡完小','','0'),('23463','3922','','2010-01','事业单位专业技术人员','专技十级-中级','二类区','事业单位','亚堆乡完小','','0'),('23462','3922','','1993-03','事业单位专业技术人员','专技十二级-助理','二类区','事业单位','亚堆乡完小','','0'),('23461','3925','','2011-09','事业单位专业技术人员','专技十二级-助理','二类区','事业单位','亚堆乡完小','','0'),('23460','3925','','2006-08','事业单位专业技术人员','专技十三级-员级','二类区','事业单位','亚堆乡完小','','0'),('23459','3926','','2010-01','事业单位专业技术人员','专技十级-中级','二类区','事业单位','亚堆乡完小','','0'),('23457','3926','','1995-06','事业单位专业技术人员','专技十三级-员级','二类区','事业单位','亚堆乡完小','','0'),('23458','3926','','2002-01','事业单位专业技术人员','专技十二级-助理','二类区','事业单位','亚堆乡完小','','0'),('23456','3930','','2010-12','事业单位工人','普通-普通工','二类区','事业单位','亚堆乡完小','','0'),('23455','3935','','2010-05','事业单位专业技术人员','专技十二级-助理','二类区','事业单位','亚堆乡完小','','0'),('23454','3935','','2005-07','事业单位专业技术人员','专技十三级-员级','二类区','事业单位','亚堆乡完小','','0'),('23453','3936','','2010-05','事业单位专业技术人员','专技十二级-助理','二类区','事业单位','亚堆乡完小','','0'),('23452','3936','','2005-07','事业单位专业技术人员','专技十三级-员级','二类区','事业单位','亚堆乡完小','','0'),('23451','3972','','2011-08','事业单位专业技术人员','专技十三级-员级','二类区','事业单位','亚堆乡完小','','0'),('23450','3973','','2011-08','事业单位专业技术人员','专技十三级-员级','二类区','事业单位','亚堆乡完小','','0'),('23449','3974','','2011-12','事业单位专业技术人员','专技十二级-助理','二类区','事业单位','亚堆乡完小','','0'),('23448','3974','','2006-12','事业单位专业技术人员','专技十三级-员级','二类区','事业单位','亚堆乡完小','','0'),('23447','3977','','2012-11','事业单位专业技术人员','专技十二级-助理','二类区','事业单位','亚堆乡完小','','0'),('23446','3981','','2010-12','事业单位专业技术人员','专技十级-中级','二类区','事业单位','亚堆乡完小','','0'),('23445','3981','','2003-03','事业单位专业技术人员','专技十二级-助理','二类区','事业单位','亚堆乡完小','','0'),('23444','3981','','1995-07','事业单位专业技术人员','专技十三级-员级','二类区','事业单位','亚堆乡完小','','0'),('23443','3982','','2013-11','事业单位专业技术人员','专技十二级-助理','二类区','事业单位','亚堆乡完小','','0'),('23442','3982','','2008-08','事业单位专业技术人员','专技十三级-员级','二类区','事业单位','亚堆乡完小','','0'),('23441','3983','','2008-11','事业单位专业技术人员','专技十二级-助理','二类区','事业单位','亚堆乡完小','','0'),('23440','3994','','2013-11','事业单位专业技术人员','专技十级-中级','二类区','事业单位','亚堆乡完小','','0'),('23439','3994','','2009-03','事业单位专业技术人员','专技十二级-助理','二类区','事业单位','亚堆乡完小','','0'),('23438','3994','','2006-08','事业单位专业技术人员','专技十三级-员级','二类区','事业单位','亚堆乡完小','','0'),('23437','4003','','2011-11','事业单位专业技术人员','专技十二级-助理','二类区','事业单位','亚堆乡完小','','0'),('23436','4003','','2007-07','事业单位专业技术人员','专技十三级-员级','二类区','事业单位','亚堆乡完小','','0'),('23435','4005','','2009-07','事业单位专业技术人员','专技十二级-助理','二类区','事业单位','亚堆乡完小','','0'),('23434','4008','','2013-12','事业单位专业技术人员','专技十级-中级','二类区','事业单位','亚堆乡完小','','0'),('23433','4008','','2006-06','事业单位专业技术人员','专技十二级-助理','二类区','事业单位','亚堆乡完小','','0'),('23342','5089','','1994-04','事业单位专业技术人员','专技十三级-员级','二类区','事业单位','亚堆乡小学','','0'),('23341','5088','','2006-04','事业单位专业技术人员','专技十二级-助理','二类区','事业单位','亚堆乡小学','','0'),('23432','4013','','2013-12','事业单位专业技术人员','专技十二级-助理','二类区','事业单位','亚堆乡完小','','0'),('18882','4014','','2013-12','事业单位专业技术人员','专技十三级-员级','二类区','事业单位','亚堆乡完小','','0'),('18883','4014','','2015-11','事业单位专业技术人员','专技十二级-助理','二类区','事业单位','亚堆乡完小','','0'),('19293','4071','','2008-01','事业单位专业技术人员','专技十级-中级','二类区','事业单位','颇章乡完小','','0'),('19292','4071','','1994-11','事业单位专业技术人员','专技十二级-助理','二类区','事业单位','颇章乡完小','','0'),('19291','4071','','1985-05','事业单位专业技术人员','专技十三级-员级','二类区','事业单位','颇章乡完小','','0'),('19061','4072','','1986-08','事业单位专业技术人员','专技十三级-员级','二类区','事业单位','颇章乡完小','','0'),('19062','4072','','2006-04','事业单位专业技术人员','专技十二级-助理','二类区','事业单位','颇章乡完小','','0'),('23526','4074','','2011-06','事业单位专业技术人员','专技十级-中级','二类区','事业单位','颇章乡完小','','0'),('23525','4074','','1994-11','事业单位专业技术人员','专技十二级-助理','二类区','事业单位','颇章乡完小','','0'),('23524','4074','','1989-08','事业单位专业技术人员','专技十三级-员级','二类区','事业单位','颇章乡完小','','0'),('19096','4079','','1997-06','事业单位专业技术人员','专技十三级-员级','二类区','事业单位','颇章乡完小','','0'),('19097','4079','','2006-04','事业单位专业技术人员','专技十二级-助理','二类区','事业单位','颇章乡完小','','0'),('19099','4081','','1986-08','事业单位专业技术人员','专技十三级-员级','二类区','事业单位','颇章乡完小','','0'),('19100','4081','','2007-02','事业单位专业技术人员','专技十二级-助理','二类区','事业单位','颇章乡完小','','0'),('19102','4083','','2007-09','事业单位专业技术人员','专技十二级-助理','二类区','事业单位','颇章乡完小','','0'),('19104','4085','','2011-09','事业单位专业技术人员','专技十二级-助理','二类区','事业单位','颇章乡完小','','0'),('19105','4085','','2006-08','事业单位专业技术人员','专技十三级-员级','二类区','事业单位','颇章乡完小','','0'),('19107','4087','','2003-04','事业单位专业技术人员','专技十三级-员级','二类区','事业单位','颇章乡完小','','0'),('19108','4087','','2010-10','事业单位专业技术人员','专技十二级-助理','二类区','事业单位','颇章乡完小','','0'),('19113','4089','','1998-07','事业单位专业技术人员','专技十三级-员级','二类区','事业单位','颇章乡完小','','0'),('19114','4089','','2006-02','事业单位专业技术人员','专技十二级-助理','二类区','事业单位','颇章乡完小','','0'),('19118','4090','','2015-12','事业单位专业技术人员','专技十级-中级','二类区','事业单位','颇章乡完小','','0'),('19117','4090','','2006-04','事业单位专业技术人员','专技十二级-助理','二类区','事业单位','颇章乡完小','','0'),('23520','4092','','2008-07','事业单位专业技术人员','专技十二级-助理','二类区','事业单位','颇章乡完小','','0'),('23519','4092','','2004-07','事业单位专业技术人员','专技十三级-员级','二类区','事业单位','颇章乡完小','','0'),('23514','4093','','1991-07','事业单位专业技术人员','专技十三级-员级','二类区','事业单位','颇章乡完小','','0'),('23515','4093','','1997-11','事业单位专业技术人员','专技十二级-助理','二类区','事业单位','颇章乡完小','','0'),('23516','4093','','2007-02','事业单位专业技术人员','专技十级-中级','二类区','事业单位','颇章乡完小','','0'),('19141','4096','','2015-11','事业单位专业技术人员','专技十二级-助理','二类区','事业单位','颇章乡完小','','0'),('19140','4096','','2011-08','事业单位专业技术人员','专技十三级-员级','二类区','事业单位','颇章乡完小','','0'),('19139','4095','','2015-12','事业单位专业技术人员','专技十级-中级','二类区','事业单位','颇章乡完小','','0'),('19138','4095','','2009-07','事业单位专业技术人员','专技十二级-助理','二类区','事业单位','颇章乡完小','','0'),('19137','4095','','2004-08','事业单位专业技术人员','专技十三级-员级','二类区','事业单位','颇章乡完小','','0'),('19147','4098','','2007-07','事业单位专业技术人员','专技十二级-助理','二类区','事业单位','颇章乡完小','','0'),('19146','4098','','2005-08','事业单位专业技术人员','专技十三级-员级','二类区','事业单位','颇章乡完小','','0'),('23344','5089','','2013-11','事业单位专业技术人员','专技十级-中级','二类区','事业单位','亚堆乡小学','','0'),('23343','5089','','2002-02','事业单位专业技术人员','专技十二级-助理','二类区','事业单位','亚堆乡小学','','0'),('19187','4118','','2007-07','事业单位专业技术人员','专技十三级-员级','二类区','事业单位','颇章乡完小','','0'),('19188','4118','','2013-02','事业单位专业技术人员','专技十二级-助理','二类区','事业单位','颇章乡完小','','0'),('23492','4119','','1999-05','事业单位专业技术人员','专技十二级-助理','二类区','事业单位','颇章乡完小','','0'),('23491','4119','','1991-07','事业单位专业技术人员','专技十三级-员级','二类区','事业单位','颇章乡完小','','0'),('23498','4133','','2013-11','事业单位专业技术人员','专技十级-中级','二类区','事业单位','颇章乡完小','','0'),('23497','4133','','2006-04','事业单位专业技术人员','专技十二级-助理','二类区','事业单位','颇章乡完小','','0'),('23496','4133','','1997-07','事业单位专业技术人员','专技十三级-员级','二类区','事业单位','颇章乡完小','','0'),('19223','4134','','2014-10','事业单位专业技术人员','专技十级-中级','二类区','事业单位','颇章乡完小','','0'),('19222','4134','','1999-06','事业单位专业技术人员','专技十三级-员级','二类区','事业单位','颇章乡完小','','0'),('19334','4178','','1997-06','事业单位专业技术人员','专技十三级-员级','二类区','事业单位','颇章乡完小','','0'),('19335','4178','','2006-04','事业单位专业技术人员','专技十二级-助理','二类区','事业单位','颇章乡完小','','0'),('19336','4178','','2015-12','事业单位专业技术人员','专技十级-中级','二类区','事业单位','颇章乡完小','','0'),('19337','4179','','1995-07','事业单位专业技术人员','专技十三级-员级','二类区','事业单位','颇章乡完小','','0'),('19338','4179','','2010-05','事业单位专业技术人员','专技十二级-助理','二类区','事业单位','颇章乡完小','','0'),('19381','4189','','2006-04','事业单位专业技术人员','专技十二级-助理','二类区','事业单位','颇章乡完小','','0'),('19380','4189','','2004-07','事业单位专业技术人员','专技十三级-员级','二类区','事业单位','颇章乡完小','','0'),('19382','4190','','2001-07','事业单位专业技术人员','专技十三级-员级','二类区','事业单位','颇章乡完小','','0'),('19383','4190','','2006-04','事业单位专业技术人员','专技十二级-助理','二类区','事业单位','颇章乡完小','','0'),('19384','4190','','2014-10','事业单位专业技术人员','专技十级-中级','二类区','事业单位','颇章乡完小','','0'),('23495','4197','','2011-06','事业单位专业技术人员','专技十级-中级','二类区','事业单位','颇章乡完小','','0'),('23494','4197','','2004-01','事业单位专业技术人员','专技十二级-助理','二类区','事业单位','颇章乡完小','','0'),('23493','4197','','1999-07','事业单位专业技术人员','专技十三级-员级','二类区','事业单位','颇章乡完小','','0'),('19407','4198','','1984-07','事业单位专业技术人员','专技十三级-员级','二类区','事业单位','颇章乡完小','','0'),('19408','4198','','2005-09','事业单位专业技术人员','专技十二级-助理','二类区','机关单位','颇章乡完小','','0'),('19409','4198','','2014-10','事业单位专业技术人员','专技十级-中级','二类区','事业单位','颇章乡完小','','0'),('19421','4203','','2009-07','事业单位专业技术人员','专技十三级-员级','二类区','事业单位','颇章乡完小','','0'),('19422','4203','','2011-09','事业单位专业技术人员','专技十二级-助理','二类区','事业单位','颇章乡完小','','0'),('22069','4773','','2007-07','事业单位专业技术人员','专技十三级-员级','二类区','事业单位','颇章乡完小','','0'),('23490','4772','','2016-12','事业单位专业技术人员','专技十级-中级','二类区','事业单位','颇章乡完小','','0'),('23488','4772','','1995-07','事业单位专业技术人员','专技十三级-员级','二类区','事业单位','颇章乡完小','','0'),('23489','4772','','2004-09','事业单位专业技术人员','专技十二级-助理','二类区','事业单位','颇章乡完小','','0'),('22070','4773','','2011-07','事业单位专业技术人员','专技十二级-助理','二类区','事业单位','颇章乡完小','','0'),('22083','4776','','2002-08','事业单位专业技术人员','专技十三级-员级','二类区','事业单位','颇章乡完小','','0'),('22084','4776','','2009-03','事业单位专业技术人员','专技十二级-助理','二类区','事业单位','颇章乡完小','','0'),('22085','4777','','2007-07','事业单位专业技术人员','专技十三级-员级','二类区','事业单位','颇章乡完小','','0'),('22086','4777','','2009-11','事业单位专业技术人员','专技十二级-助理','二类区','事业单位','颇章乡完小','','0'),('22090','4778','','2011-01','事业单位专业技术人员','专技十二级-助理','二类区','事业单位','颇章乡完小','','0'),('22089','4778','','2008-11','事业单位专业技术人员','专技十三级-员级','二类区','事业单位','颇章乡完小','','0'),('22091','4779','','2006-08','事业单位专业技术人员','专技十三级-员级','二类区','事业单位','颇章乡完小','','0'),('22092','4779','','2011-12','事业单位专业技术人员','专技十二级-助理','二类区','事业单位','颇章乡完小','','0'),('22093','4780','','2016-09','事业单位专业技术人员','专技十三级-员级','二类区','事业单位','颇章乡完小','','0'),('22094','4781','','2014-08','事业单位专业技术人员','专技十三级-员级','二类区','事业单位','颇章乡完小','','0'),('22095','4782','','2014-08','事业单位专业技术人员','专技十三级-员级','二类区','事业单位','颇章乡完小','','0'),('22096','4783','','2015-09','事业单位专业技术人员','专技十三级-员级','二类区','事业单位','颇章乡完小','','0'),('22097','4784','','2016-09','事业单位专业技术人员','专技十三级-员级','二类区','事业单位','颇章乡完小','','0'),('22098','4785','','2016-08','事业单位专业技术人员','专技十二级-助理','二类区','事业单位','颇章乡完小','','0'),('22461','4808','','1999-05','事业单位专业技术人员','专技十二级-助理','二类区','事业单位','昌珠镇小学','','0'),('22462','4808','','2007-02','事业单位专业技术人员','专技十级-中级','二类区','事业单位','昌珠镇小学','','0'),('22570','4820','','2013-11','事业单位专业技术人员','专技十级-中级','二类区','事业单位','昌珠镇小学','','0'),('22569','4820','','1999-07','事业单位专业技术人员','专技十二级-助理','二类区','事业单位','昌珠镇小学','','0'),('22540','4822','','1999-05','事业单位专业技术人员','专技十二级-助理','二类区','事业单位','昌珠镇小学','','0'),('22541','4822','','2009-05','事业单位专业技术人员','专技十级-中级','二类区','事业单位','昌珠镇小学','','0'),('23308','4825','','2013-11','事业单位专业技术人员','专技十级-中级','二类区','事业单位','昌珠镇小学','','0'),('23307','4825','','2002-01','事业单位专业技术人员','专技十二级-助理','二类区','事业单位','昌珠镇小学','','0'),('22557','4826','','2003-02','事业单位专业技术人员','专技十二级-助理','二类区','事业单位','昌珠镇小学','','0'),('22558','4826','','2010-01','事业单位专业技术人员','专技十级-中级','二类区','事业单位','昌珠镇小学','','0'),('23290','4827','','2010-01','事业单位专业技术人员','专技十级-中级','二类区','事业单位','昌珠镇小学','','0'),('23289','4827','','1994-11','事业单位专业技术人员','专技十二级-助理','二类区','事业单位','昌珠镇小学','','0'),('22561','4828','','2002-01','事业单位专业技术人员','专技十二级-助理','二类区','事业单位','昌珠镇小学','','0'),('22562','4828','','2010-01','事业单位专业技术人员','专技十级-中级','二类区','事业单位','昌珠镇小学','','0'),('22566','4830','','2002-01','事业单位专业技术人员','专技十二级-助理','二类区','事业单位','昌珠镇小学','','0'),('22567','4830','','2010-01','事业单位专业技术人员','专技十级-中级','二类区','事业单位','昌珠镇小学','','0'),('22571','4831','','2006-04','事业单位专业技术人员','专技十二级-助理','二类区','事业单位','昌珠镇小学','','0'),('22572','4831','','1997-07','事业单位专业技术人员','专技十三级-员级','二类区','事业单位','昌珠镇小学','','0'),('22575','4832','','2002-01','事业单位专业技术人员','专技十二级-助理','二类区','事业单位','昌珠镇小学','','0'),('22576','4832','','2013-11','事业单位专业技术人员','专技十级-中级','二类区','事业单位','昌珠镇小学','','0'),('22577','4833','','1995-07','事业单位专业技术人员','专技十三级-员级','二类区','事业单位','昌珠镇小学','','0'),('22578','4833','','2006-04','事业单位专业技术人员','专技十二级-助理','二类区','事业单位','昌珠镇小学','','0'),('23353','4834','','2001-12','事业单位工人','普通-普通工','二类区','事业单位','昌珠镇小学','','0'),('23354','4834','','2011-01','事业单位专业技术人员','专技十三级-员级','二类区','事业单位','昌珠镇小学','','0'),('23355','4834','','2011-09','事业单位专业技术人员','专技十二级-助理','二类区','事业单位','昌珠镇小学','','0'),('22585','4835','','2007-07','事业单位专业技术人员','专技十三级-员级','二类区','事业单位','昌珠镇小学','','0'),('22586','4835','','2009-02','事业单位专业技术人员','专技十二级-助理','二类区','事业单位','昌珠镇小学','','0'),('23348','4838','','1993-07','事业单位专业技术人员','专技十二级-助理','二类区','事业单位','昌珠镇小学','','0'),('23349','4838','','2010-10','事业单位专业技术人员','专技十级-中级','二类区','事业单位','昌珠镇小学','','0'),('22620','4842','','1992-07','事业单位专业技术人员','专技十三级-员级','二类区','事业单位','昌珠镇小学','','0'),('22621','4842','','1999-07','事业单位专业技术人员','专技十二级-助理','二类区','事业单位','昌珠镇小学','','0'),('22626','4844','','2000-09','事业单位专业技术人员','专技十二级-助理','二类区','事业单位','昌珠镇小学','','0'),('22627','4844','','2009-04','事业单位专业技术人员','专技十级-中级','二类区','事业单位','昌珠镇小学','','0'),('22630','4846','','2006-04','事业单位专业技术人员','专技十二级-助理','二类区','事业单位','昌珠镇小学','','0'),('22631','4846','','2012-09','事业单位专业技术人员','专技十级-中级','二类区','事业单位','昌珠镇小学','','0'),('22633','4848','','2006-04','事业单位专业技术人员','专技十二级-助理','二类区','事业单位','昌珠镇小学','','0'),('22634','4848','','2014-10','事业单位专业技术人员','专技十级-中级','二类区','事业单位','昌珠镇小学','','0'),('22635','4849','','2000-08','事业单位专业技术人员','专技十二级-助理','二类区','事业单位','昌珠镇小学','','0'),('22636','4849','','2009-04','事业单位专业技术人员','专技十级-中级','二类区','事业单位','昌珠镇小学','','0'),('22637','4849','','2016-01','事业单位专业技术人员','专技七级-副高','二类区','事业单位','昌珠镇小学','','0'),('22645','4851','','2012-09','事业单位专业技术人员','专技十级-中级','二类区','事业单位','昌珠镇小学','','0'),('22644','4851','','2006-04','事业单位专业技术人员','专技十二级-助理','二类区','事业单位','昌珠镇小学','','0'),('22646','4851','','1996-06','事业单位专业技术人员','专技十三级-员级','二类区','事业单位','昌珠镇小学','','0'),('22657','4857','','2006-04','事业单位专业技术人员','专技十二级-助理','二类区','事业单位','昌珠镇小学','','0'),('22658','4857','','2013-11','事业单位专业技术人员','专技十级-中级','二类区','事业单位','昌珠镇小学','','0'),('22659','4857','','1995-06','事业单位专业技术人员','专技十三级-员级','二类区','事业单位','昌珠镇小学','','0'),('23285','4881','','2014-10','事业单位专业技术人员','专技十级-中级','二类区','事业单位','昌珠镇小学','','0'),('22743','4883','','2002-01','事业单位专业技术人员','专技十二级-助理','二类区','事业单位','昌珠镇小学','','0'),('23284','4881','','1994-11','事业单位专业技术人员','专技十二级-助理','二类区','事业单位','昌珠镇小学','','0'),('23288','4882','','2010-01','事业单位专业技术人员','专技十级-中级','二类区','事业单位','昌珠镇小学','','0'),('23287','4882','','1994-11','事业单位专业技术人员','专技十二级-助理','二类区','事业单位','昌珠镇小学','','0'),('22744','4883','','2013-11','事业单位专业技术人员','专技十级-中级','二类区','事业单位','昌珠镇小学','','0'),('22745','4884','','2007-07','事业单位专业技术人员','专技十三级-员级','二类区','事业单位','昌珠镇小学','','0'),('22746','4884','','2011-07','事业单位专业技术人员','专技十二级-助理','二类区','事业单位','昌珠镇小学','','0'),('22747','4885','','2007-07','事业单位专业技术人员','专技十三级-员级','二类区','事业单位','昌珠镇小学','','0'),('22748','4885','','2013-02','事业单位专业技术人员','专技十二级-助理','二类区','事业单位','昌珠镇小学','','0'),('22749','4886','','2002-01','事业单位专业技术人员','专技十二级-助理','二类区','事业单位','昌珠镇小学','','0'),('22750','4886','','2012-09','事业单位专业技术人员','专技十级-中级','二类区','事业单位','昌珠镇小学','','0'),('22751','4887','','2006-07','事业单位专业技术人员','专技十三级-员级','二类区','事业单位','昌珠镇小学','','0'),('22752','4887','','2010-05','事业单位专业技术人员','专技十二级-助理','二类区','事业单位','昌珠镇小学','','0'),('22753','4888','','2010-07','事业单位专业技术人员','专技十三级-员级','二类区','事业单位','昌珠镇小学','','0'),('22754','4888','','2013-02','事业单位专业技术人员','专技十二级-助理','二类区','事业单位','昌珠镇小学','','0'),('22769','4889','','2006-08','事业单位专业技术人员','专技十三级-员级','二类区','事业单位','昌珠镇小学','','0'),('22770','4889','','2010-09','事业单位专业技术人员','专技十二级-助理','二类区','事业单位','昌珠镇小学','','0'),('22771','4890','','2006-04','事业单位专业技术人员','专技十二级-助理','二类区','事业单位','昌珠镇小学','','0'),('22772','4890','','2012-09','事业单位专业技术人员','专技十级-中级','二类区','事业单位','昌珠镇小学','','0'),('22773','4891','','2011-08','事业单位专业技术人员','专技十三级-员级','二类区','事业单位','昌珠镇小学','','0'),('22774','4891','','2015-11','事业单位专业技术人员','专技十二级-助理','二类区','事业单位','昌珠镇小学','','0'),('23302','4892','','2013-11','事业单位专业技术人员','专技十级-中级','二类区','事业单位','昌珠镇小学','','0'),('23301','4892','','2002-01','事业单位专业技术人员','专技十二级-助理','二类区','事业单位','昌珠镇小学','','0'),('22777','4893','','1999-07','事业单位专业技术人员','专技十三级-员级','二类区','事业单位','昌珠镇小学','','0'),('22778','4893','','2006-04','事业单位专业技术人员','专技十二级-助理','二类区','事业单位','昌珠镇小学','','0'),('22779','4893','','2015-12','事业单位专业技术人员','专技十级-中级','二类区','事业单位','昌珠镇小学','','0'),('22780','4894','','1997-08','事业单位专业技术人员','专技十三级-员级','二类区','事业单位','昌珠镇小学','','0'),('22781','4894','','2002-01','事业单位专业技术人员','专技十二级-助理','二类区','事业单位','昌珠镇小学','','0'),('23300','4895','','2011-07','事业单位专业技术人员','专技十二级-助理','二类区','事业单位','昌珠镇小学','','0'),('23299','4895','','2006-09','事业单位专业技术人员','专技十三级-员级','二类区','事业单位','昌珠镇小学','','0'),('22784','4896','','2003-02','事业单位专业技术人员','专技十二级-助理','二类区','事业单位','昌珠镇小学','','0'),('22785','4896','','2011-06','事业单位专业技术人员','专技十级-中级','二类区','事业单位','昌珠镇小学','','0'),('22786','4897','','2009-03','事业单位专业技术人员','专技十三级-员级','二类区','事业单位','昌珠镇小学','','0'),('22787','4897','','2015-11','事业单位专业技术人员','专技十二级-助理','二类区','事业单位','昌珠镇小学','','0'),('22788','4898','','2013-12','事业单位专业技术人员','专技十三级-员级','二类区','事业单位','昌珠镇小学','','0'),('22789','4899','','1996-06','事业单位专业技术人员','专技十三级-员级','二类区','事业单位','昌珠镇小学','','0'),('22790','4899','','2006-04','事业单位专业技术人员','专技十二级-助理','二类区','事业单位','昌珠镇小学','','0'),('22791','4899','','2012-09','事业单位专业技术人员','专技十级-中级','二类区','事业单位','昌珠镇小学','','0'),('22793','4900','','2012-11','事业单位专业技术人员','专技十二级-助理','二类区','事业单位','昌珠镇小学','','0'),('22795','4901','','2010-10','事业单位专业技术人员','专技十二级-助理','二类区','事业单位','昌珠镇小学','','0'),('22796','4902','','2008-08','事业单位专业技术人员','专技十三级-员级','二类区','事业单位','昌珠镇小学','','0'),('22797','4902','','2015-11','事业单位专业技术人员','专技十二级-助理','二类区','事业单位','昌珠镇小学','','0'),('22798','4903','','2011-08','事业单位专业技术人员','专技十三级-员级','二类区','事业单位','昌珠镇小学','','0'),('23501','4904','','2013-10','事业单位专业技术人员','专技十级-中级','二类区','事业单位','昌珠镇小学','','0'),('23500','4904','','2007-12','事业单位专业技术人员','专技十二级-助理','二类区','事业单位','昌珠镇小学','','0'),('23499','4904','','2002-07','事业单位专业技术人员','专技十三级-员级','二类区','事业单位','昌珠镇小学','','0'),('22802','4905','','1994-09','事业单位专业技术人员','专技十三级-员级','二类区','事业单位','昌珠镇小学','','0'),('22803','4905','','2008-08','事业单位专业技术人员','专技十二级-助理','二类区','事业单位','昌珠镇小学','','0'),('22804','4905','','2015-12','事业单位专业技术人员','专技十级-中级','二类区','事业单位','昌珠镇小学','','0'),('22805','4906','','2009-08','事业单位专业技术人员','专技十三级-员级','二类区','事业单位','昌珠镇小学','','0'),('22806','4906','','2015-11','事业单位专业技术人员','专技十二级-助理','二类区','事业单位','昌珠镇小学','','0'),('22807','4907','','2016-09','事业单位专业技术人员','专技十二级-助理','二类区','事业单位','昌珠镇小学','','0'),('22808','4908','','2006-08','事业单位专业技术人员','专技十三级-员级','二类区','事业单位','昌珠镇小学','','0'),('22809','4908','','2010-01','事业单位专业技术人员','专技十二级-助理','二类区','事业单位','昌珠镇小学','','0'),('22863','4919','','2005-09','事业单位专业技术人员','专技十二级-助理','二类区','事业单位','昌珠镇小学','','0'),('22864','4919','','2014-10','事业单位专业技术人员','专技十级-中级','二类区','事业单位','昌珠镇小学','','0'),('22862','4919','','1998-07','事业单位专业技术人员','专技十三级-员级','二类区','事业单位','昌珠镇小学','','0'),('22865','4920','','2013-12','事业单位专业技术人员','专技十三级-员级','二类区','事业单位','昌珠镇小学','','0'),('22866','4920','','2015-11','事业单位专业技术人员','专技十二级-助理','二类区','事业单位','昌珠镇小学','','0'),('22867','4921','','1986-09','事业单位专业技术人员','专技十三级-员级','二类区','事业单位','昌珠镇小学','','0'),('22868','4921','','2008-04','事业单位专业技术人员','专技十二级-助理','二类区','事业单位','昌珠镇小学','','0'),('22869','4921','','2015-12','事业单位专业技术人员','专技十级-中级','二类区','事业单位','昌珠镇小学','','0'),('22870','4922','','1986-08','事业单位专业技术人员','专技十三级-员级','二类区','事业单位','昌珠镇小学','','0'),('22871','4922','','2006-08','事业单位专业技术人员','专技十二级-助理','二类区','事业单位','昌珠镇小学','','0'),('22875','4923','','2013-11','事业单位专业技术人员','专技十二级-助理','二类区','事业单位','昌珠镇小学','','0'),('22874','4923','','2007-07','事业单位专业技术人员','专技十三级-员级','二类区','事业单位','昌珠镇小学','','0'),('22881','4925','','2002-01','事业单位专业技术人员','专技十二级-助理','二类区','事业单位','索珠乡小学','','0'),('23292','4924','','1999-08','事业单位专业技术人员','专技十二级-助理','二类区','事业单位','索珠乡小学','','0'),('23293','4924','','2012-09','事业单位专业技术人员','专技十级-中级','二类区','事业单位','索珠乡小学','','0'),('22882','4925','','2012-09','事业单位专业技术人员','专技十级-中级','二类区','事业单位','索珠乡小学','','0'),('22883','4926','','2002-01','事业单位专业技术人员','专技十二级-助理','二类区','事业单位','索珠乡小学','','0'),('22884','4928','','2007-09','事业单位专业技术人员','专技十二级-助理','二类区','事业单位','索珠乡小学','','0'),('22885','4928','','2014-10','事业单位专业技术人员','专技十级-中级','二类区','事业单位','索珠乡小学','','0'),('22886','4929','','2006-08','事业单位专业技术人员','专技十三级-员级','二类区','事业单位','索珠乡小学','','0'),('22887','4929','','2008-06','事业单位专业技术人员','专技十二级-助理','二类区','事业单位','索珠乡小学','','0'),('22888','4929','','2015-12','事业单位专业技术人员','专技十级-中级','二类区','事业单位','索珠乡小学','','0'),('22889','4930','','2006-08','事业单位专业技术人员','专技十三级-员级','二类区','事业单位','索珠乡小学','','0'),('22890','4930','','2009-08','事业单位专业技术人员','专技十二级-助理','二类区','事业单位','索珠乡小学','','0'),('22891','4931','','2007-08','事业单位专业技术人员','专技十三级-员级','二类区','事业单位','索珠乡小学','','0'),('22892','4931','','2011-07','事业单位专业技术人员','专技十二级-助理','二类区','事业单位','索珠乡小学','','0'),('22893','4932','','2012-11','事业单位专业技术人员','专技十三级-员级','二类区','事业单位','索珠乡小学','','0'),('22894','4933','','2006-08','事业单位专业技术人员','专技十三级-员级','二类区','事业单位','索珠乡小学','','0'),('22895','4933','','2011-04','事业单位专业技术人员','专技十二级-助理','二类区','事业单位','索珠乡小学','','0'),('22896','4934','','2013-12','事业单位专业技术人员','专技十三级-员级','二类区','事业单位','索珠乡小学','','0'),('22897','4934','','2015-11','事业单位专业技术人员','专技十二级-助理','二类区','事业单位','索珠乡小学','','0'),('22898','4935','','2006-04','事业单位专业技术人员','专技十二级-助理','二类区','事业单位','索珠乡小学','','0'),('22899','4935','','2014-10','事业单位专业技术人员','专技十级-中级','二类区','事业单位','索珠乡小学','','0'),('22906','4937','','2012-09','事业单位专业技术人员','专技十级-中级','二类区','事业单位','索珠乡小学','','0'),('22905','4937','','2006-06','事业单位专业技术人员','专技十二级-助理','二类区','事业单位','索珠乡小学','','0'),('22907','4938','','2002-01','事业单位专业技术人员','专技十二级-助理','二类区','事业单位','索珠乡小学','','0'),('22908','4938','','2009-04','事业单位专业技术人员','专技十级-中级','二类区','事业单位','索珠乡小学','','0'),('22910','4939','','2014-08','事业单位专业技术人员','专技十三级-员级','二类区','事业单位','索珠乡小学','','0'),('22911','4940','','2015-09','事业单位专业技术人员','专技十二级-助理','二类区','事业单位','索珠乡小学','','0'),('22912','4941','','2016-09','事业单位专业技术人员','专技十二级-助理','二类区','事业单位','索珠乡小学','','0'),('22941','4947','','2010-05','事业单位专业技术人员','专技十二级-助理','二类区','事业单位','结巴乡小学','','0'),('22925','4943','','2004-01','事业单位专业技术人员','专技十二级-助理','二类区','事业单位','结巴乡小学','','0'),('22926','4943','','2012-09','事业单位专业技术人员','专技十级-中级','二类区','事业单位','结巴乡小学','','0'),('22929','4944','','2004-01','事业单位专业技术人员','专技十二级-助理','二类区','事业单位','结巴乡小学','','0'),('22930','4944','','2013-11','事业单位专业技术人员','专技十级-中级','二类区','事业单位','结巴乡小学','','0'),('22939','4945','','2010-05','事业单位专业技术人员','专技十二级-助理','二类区','事业单位','结巴乡小学','','0'),('22947','4948','','2013-02','事业单位专业技术人员','专技十二级-助理','二类区','事业单位','结巴乡小学','','0'),('22946','4948','','2006-07','事业单位专业技术人员','专技十三级-员级','二类区','事业单位','结巴乡小学','','0'),('23199','5053','','1994-05','事业单位专业技术人员','专技十二级-助理','二类区','事业单位','区教研','','0'),('22954','4951','','1995-09','事业单位专业技术人员','专技十三级-员级','二类区','事业单位','结巴乡小学','','0'),('22955','4951','','2010-10','事业单位专业技术人员','专技十二级-助理','二类区','事业单位','结巴乡小学','','0'),('22956','4951','','2016-12','事业单位专业技术人员','专技十级-中级','二类区','事业单位','结巴乡小学','','0'),('22957','4952','','2011-08','事业单位专业技术人员','专技十三级-员级','二类区','事业单位','结巴乡小学','','0'),('22958','4952','','2013-11','事业单位专业技术人员','专技十二级-助理','二类区','事业单位','结巴乡小学','','0'),('22959','4953','','2006-12','事业单位专业技术人员','专技十三级-员级','二类区','事业单位','结巴乡小学','','0'),('22960','4953','','2011-12','事业单位专业技术人员','专技十二级-助理','二类区','事业单位','结巴乡小学','','0'),('22961','4954','','2007-07','事业单位专业技术人员','专技十三级-员级','二类区','事业单位','结巴乡小学','','0'),('22962','4954','','2009-11','事业单位专业技术人员','专技十二级-助理','二类区','事业单位','结巴乡小学','','0'),('22963','4955','','2007-08','事业单位专业技术人员','专技十三级-员级','二类区','事业单位','结巴乡小学','','0'),('22964','4955','','2015-11','事业单位专业技术人员','专技十二级-助理','二类区','事业单位','结巴乡小学','','0'),('22965','4956','','1998-09','事业单位专业技术人员','专技十三级-员级','二类区','事业单位','结巴乡小学','','0'),('22966','4956','','2008-11','事业单位专业技术人员','专技十二级-助理','二类区','事业单位','结巴乡小学','','0'),('22967','4957','','2006-07','事业单位专业技术人员','专技十三级-员级','二类区','事业单位','结巴乡小学','','0'),('22968','4957','','2012-07','事业单位专业技术人员','专技十二级-助理','二类区','事业单位','结巴乡小学','','0'),('22969','4958','','2007-09','事业单位专业技术人员','专技十三级-员级','二类区','事业单位','结巴乡小学','','0'),('22970','4958','','2008-11','事业单位专业技术人员','专技十二级-助理','二类区','事业单位','结巴乡小学','','0'),('22980','4959','','2009-11','事业单位专业技术人员','专技十二级-助理','二类区','事业单位','结巴乡小学','','0'),('22981','4959','','2004-07','事业单位专业技术人员','专技十三级-员级','二类区','事业单位','结巴乡小学','','0'),('22982','4961','','2006-04','事业单位专业技术人员','专技十二级-助理','二类区','事业单位','结巴乡小学','','0'),('22983','4961','','2012-08','事业单位专业技术人员','专技十级-中级','二类区','事业单位','结巴乡小学','','0'),('22984','4962','','2011-07','事业单位专业技术人员','专技十三级-员级','二类区','事业单位','结巴乡小学','','0'),('22985','4962','','2015-11','事业单位专业技术人员','专技十二级-助理','二类区','事业单位','结巴乡小学','','0'),('22986','4963','','2006-04','事业单位专业技术人员','专技十二级-助理','二类区','事业单位','结巴乡小学','','0'),('22987','4963','','2013-11','事业单位专业技术人员','专技十级-中级','二类区','事业单位','结巴乡小学','','0'),('22988','4964','','2003-02','事业单位专业技术人员','专技十二级-助理','二类区','事业单位','结巴乡小学','','0'),('22989','4964','','2010-01','事业单位专业技术人员','专技十级-中级','二类区','事业单位','结巴乡小学','','0'),('23001','4965','','2015-11','事业单位专业技术人员','专技十二级-助理','二类区','事业单位','结巴乡小学','','0'),('23000','4965','','2006-01','事业单位专业技术人员','专技十三级-员级','二类区','事业单位','结巴乡小学','','0'),('23002','4966','','2003-11','事业单位专业技术人员','专技十二级-助理','二类区','事业单位','结巴乡小学','','0'),('23003','4966','','2014-10','事业单位专业技术人员','专技十级-中级','二类区','事业单位','结巴乡小学','','0'),('23004','4967','','2010-08','事业单位专业技术人员','专技十三级-员级','二类区','事业单位','结巴乡小学','','0'),('23005','4967','','2015-11','事业单位专业技术人员','专技十二级-助理','二类区','事业单位','结巴乡小学','','0'),('23009','4970','','2009-07','事业单位专业技术人员','专技十三级-员级','二类区','事业单位','结巴乡小学','','0'),('23010','4970','','2011-10','事业单位专业技术人员','专技十二级-助理','二类区','事业单位','结巴乡小学','','0'),('23013','4971','','2006-01','事业单位专业技术人员','专技十二级-助理','二类区','事业单位','结巴乡小学','','0'),('23014','4971','','2011-06','事业单位专业技术人员','专技十级-中级','二类区','事业单位','结巴乡小学','','0'),('23015','4972','','2007-07','事业单位专业技术人员','专技十三级-员级','二类区','事业单位','结巴乡小学','','0'),('23016','4972','','2011-07','事业单位专业技术人员','专技十二级-助理','二类区','事业单位','结巴乡小学','','0'),('23017','4973','','2006-08','事业单位专业技术人员','专技十三级-员级','二类区','事业单位','结巴乡小学','','0'),('23018','4973','','2013-02','事业单位专业技术人员','专技十二级-助理','二类区','事业单位','结巴乡小学','','0'),('23021','4975','','2002-01','事业单位专业技术人员','专技十二级-助理','二类区','事业单位','结巴乡小学','','0'),('23022','4975','','2009-04','事业单位专业技术人员','专技十级-中级','二类区','事业单位','结巴乡小学','','0'),('23023','4976','','1999-07','事业单位专业技术人员','专技十三级-员级','二类区','事业单位','结巴乡小学','','0'),('23024','4976','','2015-07','事业单位专业技术人员','专技十二级-助理','二类区','事业单位','结巴乡小学','','0'),('23309','4978','','2015-09','事业单位专业技术人员','专技十三级-员级','二类区','事业单位','结巴乡小学','','0'),('23028','4979','','1994-11','事业单位专业技术人员','专技十三级-员级','二类区','事业单位','结巴乡小学','','0'),('23029','4979','','2003-02','事业单位专业技术人员','专技十二级-助理','二类区','事业单位','结巴乡小学','','0'),('23030','4979','','2011-06','事业单位专业技术人员','专技十级-中级','二类区','事业单位','结巴乡小学','','0'),('23033','4981','','1997-06','事业单位专业技术人员','专技十三级-员级','二类区','事业单位','结巴乡小学','','0'),('23034','4981','','2006-04','事业单位专业技术人员','专技十二级-助理','二类区','事业单位','结巴乡小学','','0'),('23035','4981','','2012-09','事业单位专业技术人员','专技十级-中级','二类区','事业单位','结巴乡小学','','0'),('23040','4982','','2006-04','事业单位专业技术人员','专技十二级-助理','二类区','事业单位','多颇章乡小学','','0'),('23039','4982','','2014-10','事业单位专业技术人员','专技十级-中级','二类区','事业单位','多颇章乡小学','','0'),('23043','4984','','1990-09','事业单位专业技术人员','专技十三级-员级','二类区','事业单位','多颇章乡小学','','0'),('23044','4984','','2008-07','事业单位专业技术人员','专技十二级-助理','二类区','事业单位','多颇章乡小学','','0'),('23045','4985','','2004-05','事业单位专业技术人员','专技十二级-助理','二类区','事业单位','多颇章乡小学','','0'),('23046','4985','','2013-11','事业单位专业技术人员','专技十级-中级','二类区','事业单位','多颇章乡小学','','0'),('23214','5059','','2005-12','事业单位专业技术人员','专技十三级-员级','二类区','事业单位','区教研','','0'),('23048','4987','','2006-07','事业单位专业技术人员','专技十三级-员级','二类区','事业单位','多颇章乡小学','','0'),('23049','4987','','2010-06','事业单位专业技术人员','专技十二级-助理','二类区','事业单位','多颇章乡小学','','0'),('23057','4988','','2015-12','事业单位专业技术人员','专技十级-中级','二类区','事业单位','多颇章乡小学','','0'),('23056','4988','','2006-03','事业单位专业技术人员','专技十二级-助理','二类区','事业单位','多颇章乡小学','','0'),('23055','4988','','2003-06','事业单位专业技术人员','专技十三级-员级','二类区','事业单位','多颇章乡小学','','0'),('23058','4990','','2006-03','事业单位专业技术人员','专技十二级-助理','二类区','事业单位','多颇章乡小学','','0'),('23059','4990','','2015-12','事业单位专业技术人员','专技十级-中级','二类区','事业单位','多颇章乡小学','','0'),('23061','4992','','2010-07','事业单位专业技术人员','专技十三级-员级','二类区','事业单位','多颇章乡小学','','0'),('23062','4992','','2015-11','事业单位专业技术人员','专技十二级-助理','二类区','机关单位','多颇章乡小学','','0'),('23064','4994','','2005-08','事业单位专业技术人员','专技十三级-员级','二类区','事业单位','多颇章乡小学','','0'),('23065','4994','','2007-02','事业单位专业技术人员','专技十二级-助理','二类区','事业单位','多颇章乡小学','','0'),('23066','4994','','2015-12','事业单位专业技术人员','专技十级-中级','二类区','事业单位','多颇章乡小学','','0'),('23067','4995','','2013-12','事业单位专业技术人员','专技十三级-员级','二类区','事业单位','多颇章乡小学','','0'),('23068','4995','','2015-11','事业单位专业技术人员','专技十二级-助理','二类区','事业单位','多颇章乡小学','','0'),('23069','4996','','2000-09','事业单位专业技术人员','专技十二级-助理','二类区','事业单位','多颇章乡小学','','0'),('23070','4996','','2010-12','事业单位专业技术人员','专技十级-中级','二类区','事业单位','多颇章乡小学','','0'),('23072','4998','','1999-05','事业单位专业技术人员','专技十二级-助理','二类区','事业单位','多颇章乡小学','','0'),('23073','4999','','2008-08','事业单位专业技术人员','专技十三级-员级','二类区','事业单位','多颇章乡小学','','0'),('23074','4999','','2015-11','事业单位专业技术人员','专技十二级-助理','二类区','事业单位','多颇章乡小学','','0'),('23076','5001','','2016-09','事业单位专业技术人员','专技十二级-助理','二类区','事业单位','多颇章乡小学','','0'),('23078','5003','','1999-05','事业单位专业技术人员','专技十二级-助理','二类区','事业单位','泽当镇小学','','0'),('23079','5003','','2007-02','事业单位专业技术人员','专技十级-中级','二类区','事业单位','多颇章乡小学','','0'),('23243','5068','','2009-10','事业单位专业技术人员','专技十级-中级','二类区','事业单位','区教研','','0'),('23081','5005','','2006-04','事业单位专业技术人员','专技十二级-助理','二类区','事业单位','泽当镇乡小学','','0'),('23082','5005','','2013-11','事业单位专业技术人员','专技十级-中级','二类区','事业单位','泽当镇乡小学','','0'),('23084','5007','','1997-07','事业单位专业技术人员','专技十三级-员级','二类区','事业单位','泽当镇乡小学','','0'),('23085','5007','','2006-04','事业单位专业技术人员','专技十二级-助理','二类区','事业单位','泽当镇乡小学','','0'),('23086','5007','','2013-11','事业单位专业技术人员','专技十级-中级','二类区','事业单位','泽当镇乡小学','','0'),('23094','5010','','1992-06','事业单位专业技术人员','专技十三级-员级','二类区','事业单位','泽当镇小学','','0'),('23095','5010','','2006-04','事业单位专业技术人员','专技十二级-助理','二类区','事业单位','泽当镇小学','','0'),('23096','5010','','2015-12','事业单位专业技术人员','专技十级-中级','二类区','事业单位','泽当镇小学','','0'),('23097','5011','','2006-04','事业单位专业技术人员','专技十二级-助理','二类区','事业单位','泽当镇小学','','0'),('23098','5012','','2008-07','事业单位专业技术人员','专技十三级-员级','二类区','事业单位','泽当镇小学','','0'),('23099','5012','','2010-05','事业单位专业技术人员','专技十二级-助理','二类区','事业单位','泽当镇小学','','0'),('23100','5013','','2008-07','事业单位专业技术人员','专技十三级-员级','二类区','事业单位','泽当镇小学','','0'),('23101','5013','','2010-05','事业单位专业技术人员','专技十二级-助理','二类区','事业单位','泽当镇小学','','0'),('23102','5014','','2006-05','事业单位专业技术人员','专技十二级-助理','二类区','事业单位','泽当镇小学','','0'),('23103','5014','','2013-11','事业单位专业技术人员','专技十级-中级','二类区','事业单位','泽当镇小学','','0'),('23104','5015','','2002-01','事业单位专业技术人员','专技十二级-助理','二类区','事业单位','泽当镇小学','','0'),('23105','5015','','2009-04','事业单位专业技术人员','专技十级-中级','二类区','事业单位','泽当镇小学','','0'),('23106','5015','','2017-01','事业单位专业技术人员','专技七级-副高','二类区','事业单位','泽当镇小学','','0'),('23107','5016','','1999-12','事业单位专业技术人员','专技十二级-助理','二类区','事业单位','泽当镇小学','','0'),('23108','5016','','2008-01','事业单位专业技术人员','专技十级-中级','二类区','事业单位','泽当镇小学','','0'),('23112','5017','','2010-01','事业单位专业技术人员','专技十级-中级','二类区','事业单位','泽当镇小学','','0'),('23111','5017','','1998-01','事业单位专业技术人员','专技十二级-助理','二类区','事业单位','泽当镇小学','','0'),('23113','5018','','1985-09','事业单位专业技术人员','专技十三级-员级','二类区','事业单位','泽当镇小学','','0'),('23114','5018','','2004-04','事业单位专业技术人员','专技十二级-助理','二类区','事业单位','泽当镇小学','','0'),('23115','5018','','2012-09','事业单位专业技术人员','专技十级-中级','二类区','事业单位','泽当镇小学','','0'),('23116','5019','','1994-07','事业单位专业技术人员','专技十三级-员级','二类区','事业单位','泽当镇小学','','0'),('23117','5019','','2006-04','事业单位专业技术人员','专技十二级-助理','二类区','事业单位','泽当镇小学','','0'),('23118','5019','','2013-11','事业单位专业技术人员','专技十级-中级','二类区','事业单位','泽当镇小学','','0'),('23119','5020','','2002-01','事业单位专业技术人员','专技十二级-助理','二类区','事业单位','泽当镇小学','','0'),('23120','5020','','2009-04','事业单位专业技术人员','专技十级-中级','二类区','事业单位','泽当镇小学','','0'),('23121','5021','','1995-11','事业单位专业技术人员','专技十二级-助理','二类区','事业单位','泽当镇小学','','0'),('23122','5021','','2005-12','事业单位专业技术人员','专技十级-中级','二类区','事业单位','泽当镇小学','','0'),('23123','5022','','2004-01','事业单位专业技术人员','专技十二级-助理','二类区','事业单位','泽当镇小学','','0'),('23124','5022','','2011-06','事业单位专业技术人员','专技十级-中级','二类区','事业单位','泽当镇小学','','0'),('23311','5023','','2013-11','事业单位专业技术人员','专技十级-中级','二类区','事业单位','泽当镇小学','','0'),('23310','5023','','2006-04','事业单位专业技术人员','专技十二级-助理','二类区','事业单位','泽当镇小学','','0'),('23127','5024','','1997-06','事业单位专业技术人员','专技十三级-员级','二类区','事业单位','泽当镇小学','','0'),('23128','5024','','2009-02','事业单位专业技术人员','专技十二级-助理','二类区','事业单位','泽当镇小学','','0'),('23129','5024','','2015-12','事业单位专业技术人员','专技十级-中级','二类区','事业单位','泽当镇小学','','0'),('23133','5025','','2006-04','事业单位专业技术人员','专技十二级-助理','二类区','事业单位','泽当镇小学','','0'),('23134','5025','','2012-09','事业单位专业技术人员','专技十级-中级','二类区','事业单位','泽当镇小学','','0'),('23135','5026','','2006-04','事业单位专业技术人员','专技十二级-助理','二类区','事业单位','泽当镇小学','','0'),('23136','5026','','2013-11','事业单位专业技术人员','专技十级-中级','二类区','事业单位','泽当镇小学','','0'),('23142','5027','','2010-01','事业单位专业技术人员','专技十级-中级','二类区','机关单位','泽当镇小学','','0'),('23141','5027','','2003-02','事业单位专业技术人员','专技十二级-助理','二类区','事业单位','泽当镇小学','','0'),('23140','5027','','1990-07','事业单位专业技术人员','专技十三级-员级','二类区','事业单位','泽当镇小学','','0'),('23143','5028','','2002-01','事业单位专业技术人员','专技十二级-助理','二类区','事业单位','泽当镇小学','','0'),('23144','5028','','2015-12','事业单位专业技术人员','专技十级-中级','二类区','事业单位','泽当镇小学','','0'),('23145','5029','','1999-12','事业单位专业技术人员','专技十二级-助理','二类区','事业单位','泽当镇小学','','0'),('23146','5029','','2008-01','事业单位专业技术人员','专技十级-中级','二类区','事业单位','泽当镇小学','','0'),('23147','5030','','2003-02','事业单位专业技术人员','专技十二级-助理','二类区','事业单位','泽当镇小学','','0'),('23148','5030','','2010-01','事业单位专业技术人员','专技十级-中级','二类区','事业单位','泽当镇小学','','0'),('23149','5031','','2011-09','事业单位专业技术人员','专技十二级-助理','二类区','事业单位','泽当镇小学','','0'),('23150','5031','','2007-07','事业单位专业技术人员','专技十三级-员级','二类区','事业单位','泽当镇小学','','0'),('23151','5032','','2007-07','事业单位专业技术人员','专技十三级-员级','二类区','事业单位','泽当镇小学','','0'),('23152','5032','','2011-09','事业单位专业技术人员','专技十二级-助理','二类区','事业单位','泽当镇小学','','0'),('23153','5033','','2011-08','事业单位专业技术人员','专技十三级-员级','二类区','事业单位','泽当镇小学','','0'),('23154','5033','','2013-11','事业单位专业技术人员','专技十二级-助理','二类区','事业单位','泽当镇小学','','0'),('23155','5034','','2012-02','事业单位专业技术人员','专技十二级-助理','二类区','事业单位','泽当镇小学','','0'),('23156','5035','','2006-01','事业单位专业技术人员','专技十二级-助理','二类区','事业单位','泽当镇小学','','0'),('23157','5035','','2016-12','事业单位专业技术人员','专技十级-中级','二类区','事业单位','泽当镇小学','','0'),('23158','5036','','2006-09','事业单位专业技术人员','专技十三级-员级','二类区','事业单位','泽当镇小学','','0'),('23159','5036','','2008-01','事业单位专业技术人员','专技十二级-助理','二类区','事业单位','泽当镇小学','','0'),('23160','5036','','2015-12','事业单位专业技术人员','专技十级-中级','二类区','事业单位','泽当镇小学','','0'),('23161','5037','','2010-08','事业单位专业技术人员','专技十三级-员级','二类区','事业单位','泽当镇小学','','0'),('23162','5037','','2010-12','事业单位专业技术人员','专技十二级-助理','二类区','事业单位','泽当镇小学','','0'),('23163','5038','','2007-10','事业单位专业技术人员','专技十三级-员级','二类区','事业单位','泽当镇小学','','0'),('23164','5038','','2010-11','事业单位专业技术人员','专技十二级-助理','二类区','事业单位','泽当镇小学','','0'),('23165','5039','','2003-02','事业单位专业技术人员','专技十二级-助理','二类区','事业单位','泽当镇小学','','0'),('23166','5039','','2010-01','事业单位专业技术人员','专技十级-中级','二类区','事业单位','泽当镇小学','','0'),('23167','5040','','2004-03','事业单位专业技术人员','专技十二级-助理','二类区','事业单位','泽当镇小学','','0'),('23168','5040','','2015-12','事业单位专业技术人员','专技十级-中级','二类区','事业单位','泽当镇小学','','0'),('23169','5041','','2006-04','事业单位专业技术人员','专技十二级-助理','二类区','事业单位','泽当镇小学','','0'),('23170','5041','','2013-11','事业单位专业技术人员','专技十级-中级','二类区','事业单位','泽当镇小学','','0'),('23171','5042','','2003-02','事业单位专业技术人员','专技十二级-助理','二类区','事业单位','泽当镇小学','','0'),('23172','5042','','2010-12','事业单位专业技术人员','专技十级-中级','二类区','事业单位','泽当镇小学','','0'),('23173','5043','','2002-01','事业单位专业技术人员','专技十二级-助理','二类区','事业单位','泽当镇小学','','0'),('23174','5043','','2011-06','事业单位专业技术人员','专技十级-中级','二类区','事业单位','泽当镇小学','','0'),('23175','5044','','1999-08','事业单位专业技术人员','专技十二级-助理','二类区','事业单位','泽当镇小学','','0'),('23176','5044','','2010-12','事业单位专业技术人员','专技十级-中级','二类区','事业单位','泽当镇小学','','0'),('23177','5045','','2010-07','事业单位专业技术人员','专技十三级-员级','二类区','事业单位','泽当镇小学','','0'),('23178','5045','','2013-12','事业单位专业技术人员','专技十二级-助理','二类区','事业单位','泽当镇小学','','0'),('23179','5046','','2000-10','事业单位专业技术人员','专技十二级-助理','二类区','事业单位','泽当镇小学','','0'),('23180','5046','','2009-04','事业单位专业技术人员','专技十级-中级','二类区','事业单位','泽当镇小学','','0'),('23181','5047','','2013-12','事业单位专业技术人员','专技十三级-员级','二类区','事业单位','泽当镇小学','','0'),('23188','5048','','2013-11','事业单位专业技术人员','专技十级-中级','二类区','事业单位','泽当镇小学','','0'),('23187','5048','','2006-04','事业单位专业技术人员','专技十二级-助理','二类区','事业单位','泽当镇小学','','0'),('23186','5048','','1994-07','事业单位专业技术人员','专技十三级-员级','二类区','事业单位','泽当镇小学','','0'),('23185','5049','','2014-08','事业单位专业技术人员','专技十二级-助理','二类区','事业单位','泽当镇小学','','0'),('23189','5050','','1991-07','事业单位专业技术人员','专技十三级-员级','二类区','事业单位','泽当镇小学','','0'),('23190','5050','','2005-09','事业单位专业技术人员','专技十二级-助理','二类区','事业单位','泽当镇小学','','0'),('23297','5051','','2008-01','事业单位专业技术人员','专技十级-中级','二类区','事业单位','泽当镇小学','','0'),('23296','5051','','1999-05','事业单位专业技术人员','专技十二级-助理','二类区','事业单位','泽当镇小学','','0'),('23295','5051','','1985-09','事业单位专业技术人员','专技十三级-员级','二类区','事业单位','泽当镇小学','','0'),('23195','5052','','1998-09','事业单位专业技术人员','专技十二级-助理','二类区','事业单位','区教研','','0'),('23196','5052','','2005-12','事业单位专业技术人员','专技十级-中级','二类区','事业单位','区教研','','0'),('23197','5052','','2013-09','事业单位专业技术人员','专技七级-副高','二类区','事业单位','区教研','','0'),('23200','5053','','2004-02','事业单位专业技术人员','专技十级-中级','二类区','事业单位','区教研','','0'),('23202','5055','','1994-11','事业单位专业技术人员','专技十二级-助理','二类区','事业单位','区教研','','0'),('23203','5055','','2007-02','事业单位专业技术人员','专技十级-中级','二类区','事业单位','区教研','','0'),('23204','5056','','2006-04','事业单位专业技术人员','专技十二级-助理','二类区','事业单位','区教研','','0'),('23205','5056','','2013-11','事业单位专业技术人员','专技十级-中级','二类区','事业单位','区教研','','0'),('23206','5057','','1994-07','事业单位专业技术人员','专技十三级-员级','二类区','事业单位','区教研','','0'),('23207','5057','','2003-02','事业单位专业技术人员','专技十二级-助理','二类区','事业单位','区教研','','0'),('23208','5057','','2010-01','事业单位专业技术人员','专技十级-中级','二类区','事业单位','区教研','','0'),('23209','5058','','1997-08','事业单位专业技术人员','专技十二级-助理','二类区','事业单位','区教研','','0'),('23210','5058','','2007-02','事业单位专业技术人员','专技十级-中级','二类区','事业单位','区教研','','0'),('23215','5059','','2006-09','事业单位专业技术人员','专技十二级-助理','二类区','事业单位','区教研','','0'),('23216','5059','','2015-12','事业单位专业技术人员','专技十级-中级','二类区','事业单位','区教研','','0'),('23530','5061','','2008-07','事业单位专业技术人员','专技十三级-员级','二类区','事业单位','区教研','','0'),('23531','5061','','2010-05','事业单位专业技术人员','专技十二级-助理','二类区','事业单位','区教研','','0'),('23532','5061','','2016-12','事业单位专业技术人员','专技十级-中级','二类区','事业单位','区教研','','0'),('23225','5062','','2006-04','事业单位专业技术人员','专技十三级-员级','二类区','事业单位','区教研','','0'),('23226','5062','','2011-04','事业单位专业技术人员','专技十二级-助理','二类区','事业单位','区教研','','0'),('23227','5063','','1999-08','事业单位专业技术人员','专技十二级-助理','二类区','事业单位','区教研','','0'),('23228','5063','','2005-12','事业单位专业技术人员','专技十级-中级','二类区','事业单位','区教研','','0'),('23229','5064','','2006-04','事业单位专业技术人员','专技十二级-助理','二类区','事业单位','区教研','','0'),('23230','5064','','2013-11','事业单位专业技术人员','专技十级-中级','二类区','事业单位','区教研','','0'),('23231','5065','','2012-01','事业单位专业技术人员','专技十二级-助理','二类区','事业单位','区教研','','0'),('23232','5066','','2004-10','事业单位专业技术人员','专技十二级-助理','二类区','事业单位','区教研','','0'),('23233','5066','','2014-01','事业单位专业技术人员','专技十级-中级','二类区','事业单位','区教研','','0'),('23236','5067','','2000-08','事业单位专业技术人员','专技十二级-助理','二类区','事业单位','区教研','','0'),('23237','5067','','2009-04','事业单位专业技术人员','专技十级-中级','二类区','事业单位','区教研','','0'),('23242','5068','','1995-07','事业单位专业技术人员','专技十二级-助理','二类区','事业单位','区教研','','0'),('23245','5069','','1998-10','事业单位专业技术人员','专技十二级-助理','二类区','事业单位','区教研','','0'),('23246','5069','','2009-01','事业单位专业技术人员','专技十级-中级','二类区','事业单位','区教研','','0'),('23247','5069','','2016-01','事业单位专业技术人员','专技七级-副高','二类区','事业单位','区教研','','0'),('23251','5070','','2014-10','事业单位专业技术人员','专技十级-中级','二类区','事业单位','区教研','','0'),('23250','5070','','2003-07','事业单位专业技术人员','专技十二级-助理','二类区','事业单位','区教研','','0'),('23252','5071','','2009-07','事业单位专业技术人员','专技十三级-员级','二类区','事业单位','区教研','','0'),('23253','5071','','2013-06','事业单位专业技术人员','专技十二级-助理','二类区','事业单位','区教研','','0'),('23260','5072','','2016-12','事业单位专业技术人员','专技十级-中级','二类区','事业单位','区教研','','0'),('23259','5072','','2006-01','事业单位专业技术人员','专技十二级-助理','二类区','事业单位','区教研','','0'),('23258','5072','','2004-07','事业单位专业技术人员','专技十三级-员级','二类区','事业单位','区教研','','0'),('23267','5073','','2010-12','事业单位专业技术人员','专技十级-中级','二类区','事业单位','区教研','','0'),('23266','5073','','1999-08','事业单位专业技术人员','专技十二级-助理','二类区','事业单位','区教研','','0'),('23265','5073','','1988-06','事业单位专业技术人员','专技十三级-员级','二类区','事业单位','区教研','','0'),('23268','5074','','2005-07','事业单位专业技术人员','专技十三级-员级','二类区','事业单位','区教研','','0'),('23269','5074','','2007-03','事业单位专业技术人员','专技十二级-助理','二类区','事业单位','区教研','','0'),('23270','5074','','2014-10','事业单位专业技术人员','专技十级-中级','二类区','事业单位','区教研','','0'),('23271','5075','','1999-05','事业单位专业技术人员','专技十二级-助理','二类区','事业单位','区教研','','0'),('23272','5075','','2008-01','事业单位专业技术人员','专技十级-中级','二类区','事业单位','区教研','','0'),('23273','5076','','2013-11','事业单位专业技术人员','专技十级-中级','二类区','事业单位','区教研','','0'),('23274','5076','','2006-04','事业单位专业技术人员','专技十二级-助理','二类区','事业单位','区教研','','0'),('23275','5077','','2003-07','事业单位专业技术人员','专技十三级-员级','二类区','事业单位','区教研','','0'),('23276','5077','','2008-11','事业单位专业技术人员','专技十二级-助理','二类区','事业单位','区教研','','0'),('23277','5077','','2015-12','事业单位专业技术人员','专技十级-中级','二类区','事业单位','区教研','','0'),('23279','5079','','1988-07','事业单位专业技术人员','专技十三级-员级','二类区','事业单位','区教研','','0'),('23280','5079','','1995-11','事业单位专业技术人员','专技十二级-助理','二类区','事业单位','区教研','','0'),('23281','5079','','2004-02','事业单位专业技术人员','专技十级-中级','二类区','事业单位','区教研','','0'),('23282','5079','','2010-09','事业单位专业技术人员','专技七级-副高','二类区','事业单位','区教研','','0'),('23527','3830','','2002-07','事业单位专业技术人员','专技十三级-员级','二类区','事业单位','亚堆乡完小','','0');|INSERT INTO `tx_studyinfo` (`id`, `personid`, `level`, `gettime`, `school`)  VALUES ('2419','3792','中专','2000-06',''),('2418','3824','中专','2001-05','');|INSERT INTO `tx_checkinfo` (`id`, `personid`, `gettime`, `check` FROM `tx_checkinfo`)  VALUES ('2783','4948','2016','不通过'),('2768','4842','2016','不通过'),('2767','4842','2015','不通过'),('2806','4093','2016','不通过'),('2805','4093','2015','不通过'),('2804','4093','2014','不通过');|INSERT INTO `tx_heightinfo` (`id`, `personid`, `area`, `city`, `county`, `height`, `acc`, `iscity`, `heightid`, `gettime`)  VALUES ('13956','3197','山南市','乃东区','亚堆乡','3850','3-2-8','是','','2016-09'),('14005','3206','山南市','乃东区','亚堆乡','3850','3-2-8','是','','2016-09'),('14004','3792','山南市','乃东区','亚堆乡','3850','3-2-8','是','','2003-06'),('14003','3792','昌都市','八宿县','同卡镇','3770','5-12-9','是','','2001-09'),('14002','3792','山南市','乃东区','亚堆乡','3850','3-2-8','是','','1995-03'),('14001','3809','山南市','乃东区','亚堆乡','3850','3-2-8','是','','2016-09'),('14000','3809','山南市','洛扎县','色乡','3918','3-9-7','是','','2014-08'),('13999','3824','山南市','乃东区','亚堆乡','3850','3-2-8','是','','2005-08'),('13998','3824','昌都市','类乌齐县','类乌齐镇','4020','5-11-3','是','','2001-05'),('13997','3824','山南市','乃东区','亚堆乡','3850','3-2-8','是','','1994-09'),('13996','3829','山南市','乃东区','亚堆乡','3850','3-2-8','是','','1995-07'),('14026','3830','山南市','乃东区','亚堆乡','3850','3-2-8','是','','2008-09'),('14025','3830','山南市','曲松县','邱多江乡','4490','3-6-4','是','','2002-07'),('13993','3834','山南市','乃东区','亚堆乡','3850','3-2-8','是','','2009-07'),('13992','3840','山南市','乃东区','亚堆乡','3850','3-2-8','是','','2009-07'),('13991','3840','山南市','加查县','坝乡','4165','3-13-4','是','','2007-08'),('13990','3840','山南市','乃东区','亚堆乡','3850','3-2-8','是','','2002-09'),('13989','3842','山南市','乃东区','亚堆乡','3850','3-2-8','是','','2010-08'),('13988','3845','山南市','乃东区','亚堆乡','3850','3-2-8','是','','2010-07'),('13987','3922','山南市','乃东区','亚堆乡','3850','3-2-8','是','','2010-08'),('13986','3922','山南市','洛扎县','洛扎镇','3940','3-9-2','是','','2000-09'),('13985','3922','山南市','洛扎县','洛扎县','3940','3-9-1','否','','1987-07'),('13984','3925','山南市','乃东区','亚堆乡','3850','3-2-8','是','','2010-08'),('13983','3925','山南市','措美县','乃西乡','4015','3-8-4','是','','2006-09'),('13982','3926','山南市','乃东区','亚堆乡','3850','3-2-8','是','','1995-06'),('13981','3930','山南市','乃东区','亚堆乡','3850','3-2-8','是','','2002-04'),('13980','3935','山南市','乃东区','亚堆乡','3850','3-2-8','是','','2010-01'),('13979','3935','那曲地区','尼玛县','吉瓦乡','4843','6-11-7','是','','2005-07'),('13978','3936','山南市','乃东区','亚堆乡','3850','3-2-8','是','','2010-01'),('13977','3936','那曲地区','尼玛县','吉瓦乡','4843','6-11-7','是','','2005-07'),('13976','3972','山南市','乃东区','亚堆乡','3850','3-2-8','是','','2011-08'),('13975','3973','山南市','乃东区','亚堆乡','3850','3-2-8','是','','2011-08'),('13974','3974','山南市','乃东区','亚堆乡','3850','3-2-8','是','','2006-12'),('13973','3977','山南市','乃东区','亚堆乡','3850','3-2-8','是','','2012-11'),('13972','3981','山南市','乃东区','亚堆乡','3850','3-2-8','是','','2012-08'),('13971','3981','山南市','措美县','措美镇','4230','3-8-2','是','','2009-08'),('13970','3981','昌都市','察雅县','扩达乡','3920','5-10-11','是','','2001-05'),('13969','3981','山南市','扎囊县','扎其乡','3800','3-4-5','是','','1995-07'),('13968','3982','山南市','乃东区','亚堆乡','3850','3-2-8','是','','2008-08'),('13967','3983','山南市','乃东区','亚堆乡','3850','3-2-8','是','','2013-08'),('13966','3983','日喀则市','萨嘎县','如角乡','4750','2-18-6','是','','2008-11'),('13965','3994','山南市','乃东区','亚堆乡','3850','3-2-8','是','','2014-03'),('13964','3994','昌都市','边坝县','边坝镇','4087','5-6-3','是','','2006-08'),('13963','4003','山南市','乃东区','亚堆乡','3850','3-2-8','是','','2014-08'),('13962','4003','日喀则市','昂仁县','阿木雄乡','4963','2-8-14','是','','2007-07'),('13961','4005','山南市','乃东区','亚堆乡','3850','3-2-8','是','','2015-01'),('13960','4005','山南市','错那县','曲卓木乡','4195','3-11-8','是','','2009-07'),('13959','4008','山南市','乃东区','亚堆乡','3850','3-2-8','是','','2015-01'),('13958','4008','山南市','浪卡子县','张达乡','4510','3-12-11','是','','2004-07'),('13921','5088','山南市','乃东区','亚堆乡','3850','3-2-8','是','','1995-03'),('13957','4013','山南市','乃东区','亚堆乡','3850','3-2-8','是','','2013-12'),('11304','4014','山南市','乃东区','亚堆乡','3850','3-2-8','是','197128','2013-12'),('11557','4071','山南市','乃东区','颇章乡','3715','3-2-4','是','','1992-01'),('11556','4071','山南市','扎囊县','吉汝乡','4070','3-4-6','是','','1985-05'),('11407','4072','山南市','乃东区','颇章乡','3715','3-2-4','是','197124','1986-08'),('14024','4074','山南市','乃东区','颇章乡','3715','3-2-4','是','','1989-08'),('11427','4079','山南市','乃东区','颇章乡','3715','3-2-4','是','197124','1997-06'),('11429','4081','山南市','乃东区','颇章乡','3715','3-2-4','是','197124','1986-08'),('11430','4083','日喀则市','聂拉木县','亚来乡','4420','2-17-4','是','135428','2007-09'),('11431','4083','山南市','乃东区','颇章乡','3715','3-2-4','是','197124','2009-01'),('11433','4085','昌都市','贡觉县','则巴乡','3895','5-3-9','是','328457','2006-08'),('11434','4085','山南市','乃东区','颇章乡','3715','3-2-4','是','197124','2009-07'),('11436','4087','山南市','乃东区','乃东县','3550','3-2-1','否','197121','2003-04'),('11437','4087','山南市','加查县','加查镇','3355','3-13-3','是','199939','2007-07'),('11438','4087','山南市','乃东区','颇章乡','3715','3-2-4','是','197124','2010-09'),('11441','4089','山南市','错那县','曲卓木乡','4195','3-11-8','是','199432','1998-07'),('11442','4089','山南市','乃东区','颇章乡','3715','3-2-4','是','197124','2010-07'),('11448','4090','山南市','乃东区','颇章乡','3715','3-2-4','是','','2010-09'),('11447','4090','山南市','曲松县','曲松县','3905','3-6-1','否','','2004-09'),('11446','4090','山南市','曲松县','邱多江乡','4490','3-6-4','是','','1988-09'),('14022','4092','山南市','乃东区','颇章乡','3715','3-2-4','是','','2004-07'),('14020','4093','山南市','乃东区','颇章乡','3715','3-2-4','是','','2010-09'),('14019','4093','山南市','措美县','措美县','4230','3-8-1','否','','1991-07'),('11464','4096','山南市','乃东区','颇章乡','3715','3-2-4','是','197124','2011-08'),('11463','4095','山南市','乃东区','颇章乡','3715','3-2-4','是','','2011-01'),('11462','4095','昌都市','贡觉县','则巴乡','3895','5-3-9','是','','2004-08'),('11469','4098','山南市','乃东区','颇章乡','3715','3-2-4','是','','2009-08'),('11468','4098','山南市','加查县','洛林乡','3755','3-13-6','是','','2005-08'),('13922','5089','山南市','乃东区','亚堆乡','3850','3-2-8','是','197128','1994-04'),('11491','4118','日喀则市','昂仁县','卡嘎镇','4358','2-8-2','是','133122','2007-07'),('11492','4118','山南市','措美县','措美县','4230','3-8-1','否','198657','2009-07'),('11493','4118','山南市','乃东区','颇章乡','3715','3-2-4','是','197124','2012-08'),('14008','4119','山南市','乃东区','颇章乡','3715','3-2-4','是','','1991-07'),('14011','4133','山南市','乃东区','颇章乡','3715','3-2-4','是','','1997-07'),('11512','4134','山南市','乃东区','颇章乡','3715','3-2-4','是','','1999-06'),('11583','4178','山南市','乃东区','颇章乡','3715','3-2-4','是','197124','1997-06'),('11584','4179','山南市','乃东区','颇章乡','3715','3-2-4','是','197124','1995-07'),('11609','4189','山南市','乃东区','颇章乡','3715','3-2-4','是','','2004-07'),('11610','4190','山南市','隆子县','加玉乡','3555','3-10-4','是','199172','2001-07'),('11611','4190','山南市','乃东区','颇章乡','3715','3-2-4','是','197124','2005-07'),('14010','4197','山南市','乃东区','颇章乡','3715','3-2-4','是','','2006-07'),('14009','4197','山南市','隆子县','加玉乡','3555','3-10-4','是','','1999-07'),('11626','4198','山南市','乃东区','颇章乡','3715','3-2-4','是','197124','1984-07'),('11635','4203','山南市','乃东区','颇章乡','3715','3-2-4','是','197124','2009-07'),('13329','4808','山南市','隆子县','隆子县','3975','3-10-1','否','199169','1990-07'),('14007','4772','山南市','乃东区','颇章乡','3715','3-2-4','是','','1995-07'),('13109','4773','山南市','乃东区','颇章乡','3715','3-2-4','是','197124','2007-07'),('13120','4776','山南市','错那县','曲卓木乡','4195','3-11-8','是','199432','2002-08'),('13121','4776','山南市','乃东区','颇章乡','3715','3-2-4','是','197124','2009-07'),('13122','4777','山南市','乃东区','颇章乡','3715','3-2-4','是','197124','2007-07'),('13126','4778','山南市','乃东区','颇章乡','3715','3-2-4','是','','2014-08'),('13125','4778','山南市','措美县','措美镇','4230','3-8-2','是','','2008-11'),('13127','4779','昌都市','八宿县','吉中乡','4305','5-12-12','是','330764','2006-08'),('13128','4779','昌都市','八宿县','拉根乡','3750','5-12-15','是','330767','2014-07'),('13129','4779','山南市','乃东区','颇章乡','3715','3-2-4','是','197124','2016-12'),('13130','4780','山南市','乃东区','颇章乡','3715','3-2-4','是','197124','2016-09'),('13131','4781','山南市','乃东区','颇章乡','3715','3-2-4','是','197124','2014-08'),('13132','4782','山南市','乃东区','颇章乡','3715','3-2-4','是','197124','2014-08'),('13133','4783','山南市','乃东区','颇章乡','3715','3-2-4','是','197124','2015-09'),('13134','4784','山南市','乃东区','颇章乡','3715','3-2-4','是','197124','2016-09'),('13135','4785','山南市','乃东区','颇章乡','3715','3-2-4','是','197124','2016-09'),('13330','4808','山南市','乃东区','昌珠镇','3600','3-2-3','是','197123','1995-07'),('13373','4820','山南市','乃东区','昌珠镇','3600','3-2-3','是','','1991-07'),('13355','4822','山南市','乃东区','昌珠镇','3600','3-2-3','是','197123','1992-07'),('13895','4825','山南市','乃东区','昌珠镇','3600','3-2-3','是','','1993-07'),('13882','4827','山南市','乃东区','昌珠镇','3600','3-2-3','是','','1989-09'),('13369','4828','山南市','乃东区','昌珠镇','3600','3-2-3','是','197123','1996-06'),('13371','4830','山南市','乃东区','昌珠镇','3600','3-2-3','是','197123','1997-06'),('13374','4831','山南市','乃东区','昌珠镇','3600','3-2-3','是','','1997-06'),('13376','4832','山南市','乃东区','昌珠镇','3600','3-2-3','是','197123','1995-06'),('13377','4833','山南市','错那县','错那县','4380','3-11-1','否','199425','1995-07'),('13378','4833','山南市','乃东区','昌珠镇','3600','3-2-3','是','197123','2002-09'),('13928','4834','山南市','乃东区','昌珠镇','3600','3-2-3','是','','2001-12'),('13381','4835','山南市','乃东区','昌珠镇','3600','3-2-3','是','197123','2007-07'),('13926','4838','山南市','乃东区','昌珠镇','3600','3-2-3','是','','1974-07'),('13394','4842','山南市','乃东区','昌珠镇','3600','3-2-3','是','','1992-07'),('13396','4844','山南市','乃东区','昌珠镇','3600','3-2-3','是','197123','1993-07'),('13398','4846','山南市','乃东区','昌珠镇','3600','3-2-3','是','197123','1995-07'),('13400','4848','山南市','乃东区','昌珠镇','3600','3-2-3','是','197123','1995-04'),('13401','4849','山南市','乃东区','昌珠镇','3600','3-2-3','是','197123','1994-07'),('13407','4851','山南市','乃东区','昌珠镇','3600','3-2-3','是','','1997-06'),('13406','4851','山南市','隆子县','雪萨乡','4055','3-10-10','是','','1996-06'),('13414','4857','山南市','乃东区','昌珠镇','3600','3-2-3','是','197123','1995-06'),('13879','4881','山南市','乃东区','昌珠镇','3600','3-2-3','是','','1989-09'),('13881','4882','山南市','乃东区','昌珠镇','3600','3-2-3','是','','1989-09'),('13461','4883','山南市','乃东区','昌珠镇','3600','3-2-3','是','197123','1997-07'),('13462','4884','昌都市','江达县','江达镇','3790','5-4-2','是','328706','2007-07'),('13463','4884','山南市','乃东区','昌珠镇','3600','3-2-3','是','197123','2008-12'),('13464','4885','那曲地区','尼玛县','达果乡','4639','6-11-12','是','396044','2007-07'),('13465','4885','山南市','乃东区','昌珠镇','3600','3-2-3','是','197123','2010-01'),('13466','4886','山南市','乃东区','昌珠镇','3600','3-2-3','是','197123','1995-05'),('13467','4887','那曲地区','尼玛县双湖特别区','嘎措乡','4849','6-12-5','是','396293','2006-07'),('13468','4887','山南市','乃东区','昌珠镇','3600','3-2-3','是','197123','2010-11'),('13469','4888','山南市','乃东区','昌珠镇','3600','3-2-3','是','197123','2010-07'),('13477','4889','昌都市','丁青县','丁青县','3983','5-9-1','否','329985','2006-08'),('13478','4889','山南市','浪卡子县','卡龙乡','4485','3-12-6','是','199686','2009-01'),('13479','4889','山南市','乃东区','昌珠镇','3600','3-2-3','是','197123','2012-08'),('13480','4890','山南市','乃东区','昌珠镇','3600','3-2-3','是','197123','2001-07'),('13481','4891','山南市','乃东区','昌珠镇','3600','3-2-3','是','197123','2011-08'),('13892','4892','山南市','乃东区','昌珠镇','3600','3-2-3','是','','1995-04'),('13483','4893','山南市','隆子县','日当镇','4150','3-10-3','是','199171','1999-07'),('13484','4893','山南市','乃东区','昌珠镇','3600','3-2-3','是','197123','2007-08'),('13485','4894','山南市','乃东区','昌珠镇','3600','3-2-3','是','197123','1997-08'),('13891','4895','山南市','乃东区','昌珠镇','3600','3-2-3','是','','2012-08'),('13890','4895','昌都市','贡觉县','哈加乡','3790','5-3-4','是','','2006-09'),('13488','4896','山南市','乃东区','昌珠镇','3600','3-2-3','是','197123','1995-07'),('13489','4897','山南市','桑日县','桑日镇','3560','3-7-2','是','198402','2009-03'),('13490','4897','昌都市','边坝县','边坝县','3660','5-6-1','否','329217','2010-10'),('13491','4897','山南市','乃东区','昌珠镇','3600','3-2-3','是','197123','2013-03'),('13492','4898','山南市','乃东区','昌珠镇','3600','3-2-3','是','197123','2013-12'),('13493','4899','山南市','乃东区','昌珠镇','3600','3-2-3','是','197123','1996-06'),('13495','4900','山南市','乃东区','昌珠镇','3600','3-2-3','是','','2012-11'),('13499','4901','山南市','乃东区','昌珠镇','3600','3-2-3','是','','2014-08'),('13498','4901','日喀则市','昂仁县','秋窝乡','4175','2-8-5','是','','2007-07'),('13500','4902','山南市','措美县','措美镇','4230','3-8-2','是','198658','2008-08'),('13501','4902','山南市','乃东区','昌珠镇','3600','3-2-3','是','197123','2014-08'),('13502','4903','林芝市','工布江达县','加兴乡','4235','4-3-10','是','262922','2011-08'),('13503','4903','山南市','乃东区','昌珠镇','3600','3-2-3','是','197123','2015-04'),('14013','4904','山南市','乃东区','昌珠镇','3600','3-2-3','是','','2015-09'),('14012','4904','昌都市','芒康县','纳西民族乡','2761','5-5-11','是','','2002-07'),('13506','4905','山南市','乃东区','昌珠镇','3600','3-2-3','是','197123','1994-09'),('13507','4905','山南市','错那县','曲卓木乡','4195','3-11-8','是','199432','2001-09'),('13508','4905','山南市','乃东区','昌珠镇','3600','3-2-3','是','197123','2010-08'),('13509','4906','拉萨市','林周县','甘丹曲果镇','3950','1-3-2','是','66306','2009-08'),('13510','4906','山南市','乃东区','昌珠镇','3600','3-2-3','是','197123','2011-01'),('13511','4907','山南市','乃东区','昌珠镇','3600','3-2-3','是','197123','2016-09'),('13512','4908','昌都市','芒康县','纳西民族乡','2761','5-5-11','是','328971','2006-08'),('13513','4908','山南市','乃东区','昌珠镇','3600','3-2-3','是','197123','2016-10'),('13558','4919','山南市','乃东区','多颇章乡','3688','3-2-6','是','','2007-06'),('13557','4919','昌都市','洛隆县','洛隆县','3820','5-8-1','否','','1998-07'),('13559','4920','山南市','乃东区','昌珠镇','3600','3-2-3','是','197123','2013-12'),('13560','4921','山南市','乃东区','昌珠镇','3600','3-2-3','是','197123','1986-09'),('13561','4922','山南市','乃东区','昌珠镇','3600','3-2-3','是','197123','1986-08'),('13567','4923','山南市','乃东区','昌珠镇','3600','3-2-3','是','','2012-08'),('13566','4923','山南市','贡嘎县','吉雄镇','3763','3-5-2','是','','2011-03'),('13565','4923','日喀则市','聂拉木县','琐作乡','4460','2-17-5','是','','2007-07'),('13884','4924','山南市','乃东区','索珠乡','3900','3-2-7','是','','1987-01'),('13570','4925','山南市','乃东区','索珠乡','3900','3-2-7','是','197127','1996-06'),('13571','4926','山南市','措美县','古堆乡','4375','3-8-5','是','198661','1993-07'),('13572','4926','山南市','乃东区','索珠乡','3900','3-2-7','是','197127','2006-01'),('13573','4928','日喀则市','昂仁县','切热乡','5035','2-8-4','是','133124','2007-07'),('13574','4928','山南市','乃东区','索珠乡','3900','3-2-7','是','197127','2009-09'),('13575','4929','昌都市','江达县','同普乡','3520','5-4-4','是','328708','2006-08'),('13576','4929','山南市','乃东区','索珠乡','3900','3-2-7','是','197127','2010-08'),('13577','4930','昌都市','类乌齐县','长毛岭乡','4210','5-11-8','是','330504','2006-08'),('13578','4930','山南市','乃东区','索珠乡','3900','3-2-7','是','197127','2010-01'),('13579','4931','那曲地区','巴青县','阿秀乡','4380','6-3-8','是','393992','2007-08'),('13580','4931','山南市','乃东区','索珠乡','3900','3-2-7','是','197127','2012-08'),('13581','4932','山南市','乃东区','索珠乡','3900','3-2-7','是','197127','2012-11'),('13582','4933','昌都市','丁青县','尺犊镇','3865','5-9-3','是','329987','2006-08'),('13583','4933','山南市','加查县','加查镇','3355','3-13-3','是','199939','2008-04'),('13584','4933','山南市','乃东区','索珠乡','3900','3-2-7','是','197127','2012-01'),('13585','4934','山南市','乃东区','索珠乡','3900','3-2-7','是','197127','2013-12'),('13586','4935','山南市','加查县','拉绥乡','3585','3-13-5','是','199941','2000-07'),('13587','4935','山南市','乃东区','索珠乡','3900','3-2-7','是','197127','2003-09'),('13592','4937','山南市','乃东区','索珠乡','3900','3-2-7','是','','2015-01'),('13591','4937','山南市','错那县','卡达乡','3970','3-11-11','是','','2003-06'),('13594','4939','山南市','乃东区','索珠乡','3900','3-2-7','是','','2014-08'),('13595','4940','山南市','乃东区','索珠乡','3900','3-2-7','是','197127','2015-09'),('13596','4941','山南市','乃东区','索珠乡','3900','3-2-7','是','197127','2016-09'),('13603','4943','山南市','浪卡子县','多却乡','4570','3-12-5','是','199685','1999-07'),('13604','4943','山南市','乃东区','结巴乡','3670','3-2-5','是','197125','2005-01'),('13606','4944','山南市','乃东区','结巴乡','3670','3-2-5','是','197125','1995-05'),('13617','4945','山南市','乃东区','结巴乡','3670','3-2-5','是','','2010-03'),('13616','4945','那曲地区','巴青县','雅安镇','4230','6-3-4','是','','2005-12'),('13619','4947','那曲地区','聂荣县','白雄乡','4690','6-10-8','是','395784','2005-12'),('13620','4947','山南市','乃东区','结巴乡','3670','3-2-5','是','197125','2010-09'),('13627','4948','山南市','乃东区','结巴乡','3670','3-2-5','是','','2010-08'),('13626','4948','山南市','曲松县','下江乡','4055','3-6-6','是','','2008-03'),('13625','4948','昌都市','八宿县','然乌镇','3995','5-12-3','是','','2006-07'),('13628','4951','山南市','乃东区','结巴乡','3670','3-2-5','是','197125','1995-09'),('13629','4951','山南市','加查县','坝乡','4165','3-13-4','是','199940','2007-07'),('13630','4951','山南市','乃东区','结巴乡','3670','3-2-5','是','197125','2010-07'),('13631','4952','山南市','乃东区','结巴乡','3670','3-2-5','是','197125','2011-08'),('13632','4953','昌都市','八宿县','然乌镇','3995','5-12-3','是','330755','2006-12'),('13633','4953','山南市','乃东区','结巴乡','3670','3-2-5','是','197125','2012-01'),('13634','4954','昌都市','丁青县','当堆乡','3740','5-9-9','是','329993','2007-07'),('13635','4954','山南市','乃东区','结巴乡','3670','3-2-5','是','197125','2012-03'),('13636','4955','日喀则市','仲巴县','帕江乡','4600','2-14-4','是','134660','2007-08'),('13637','4955','山南市','洛扎县','洛扎县','3940','3-9-1','否','198913','2009-03'),('13638','4955','山南市','洛扎县','扎日乡','4340','3-9-6','是','198918','2011-08'),('13639','4955','山南市','乃东区','结巴乡','3670','3-2-5','是','197125','2012-08'),('13640','4956','山南市','洛扎县','生格乡','3775','3-9-4','是','198916','1998-09'),('13641','4956','山南市','乃东区','结巴乡','3670','3-2-5','是','197125','2012-08'),('13642','4957','日喀则市','昂仁县','措迈乡','4913','2-8-10','是','133130','2006-07'),('13643','4957','山南市','加查县','加查县','3860','3-13-1','否','199937','2009-08'),('13644','4957','山南市','乃东区','结巴乡','3670','3-2-5','是','197125','2012-08'),('13645','4958','山南市','乃东区','结巴乡','3670','3-2-5','是','197125','2007-09'),('13655','4959','山南市','乃东区','结巴乡','3670','3-2-5','是','','2013-02'),('13654','4959','昌都市','丁青县','当堆乡','3740','5-9-9','是','','2004-07'),('13656','4961','山南市','乃东区','结巴乡','3670','3-2-5','是','197125','1995-06'),('13657','4962','山南市','乃东区','结巴乡','3670','3-2-5','是','197125','2011-07'),('13658','4963','山南市','加查县','崔久乡','4590','3-13-7','是','199943','1999-07'),('13659','4963','山南市','乃东区','结巴乡','3670','3-2-5','是','197125','2000-09'),('13660','4964','山南市','乃东区','结巴乡','3670','3-2-5','是','197125','1997-07'),('13669','4965','山南市','乃东区','结巴乡','3670','3-2-5','是','','2013-04'),('13668','4965','林芝市','米林县','米林镇','2938','4-4-2','是','','2006-01'),('13670','4966','山南市','乃东区','亚堆乡','3850','3-2-8','是','197128','1993-09'),('13671','4966','昌都市','察雅县','扩达乡','3920','5-10-11','是','330251','2001-07'),('13672','4966','山南市','乃东区','结巴乡','3670','3-2-5','是','197125','2005-08'),('13673','4967','山南市','乃东区','结巴乡','3670','3-2-5','是','197125','2010-08'),('13807','5053','山南市','乃东区','泽当镇','3550','3-2-2','是','197122','1989-07'),('13676','4970','山南市','措美县','哲古镇','4665','3-8-3','是','198659','2009-07'),('13677','4970','山南市','乃东区','结巴乡','3670','3-2-5','是','197125','2014-08'),('13679','4971','山南市','隆子县','雪萨乡','4055','3-10-10','是','199178','1999-07'),('13680','4971','山南市','乃东区','结巴乡','3670','3-2-5','是','197125','2015-01'),('13681','4972','那曲地区','巴青县','本塔乡','4419','6-3-10','是','393994','2007-07'),('13682','4972','山南市','乃东区','结巴乡','3670','3-2-5','是','197125','2015-09'),('13683','4973','昌都市','察雅县','察雅县','3585','5-10-1','否','330241','2006-08'),('13684','4973','山南市','乃东区','结巴乡','3670','3-2-5','是','197125','2008-03'),('13686','4975','山南市','措美县','措美镇','4230','3-8-2','是','198658','1989-07'),('13687','4975','山南市','措美县','措美县','4230','3-8-1','否','198657','1996-08'),('13688','4975','山南市','乃东区','结巴乡','3670','3-2-5','是','197125','2008-08'),('13689','4976','山南市','乃东区','结巴乡','3670','3-2-5','是','197125','1999-07'),('13896','4978','山南市','乃东区','结巴乡','3670','3-2-5','是','','2015-09'),('13692','4979','山南市','乃东区','多颇章乡','3688','3-2-6','是','197126','1994-06'),('13695','4982','山南市','洛扎县','拉康镇','3665','3-9-3','是','198915','2001-06'),('13696','4982','山南市','乃东区','多颇章乡','3688','3-2-6','是','197126','2005-07'),('13698','4984','山南市','乃东区','多颇章乡','3688','3-2-6','是','197126','1990-09'),('13699','4985','山南市','乃东区','多颇章乡','3688','3-2-6','是','197126','1995-05'),('13822','5059','昌都市','左贡县','田妥镇','3600','5-7-3','是','329475','2005-12'),('13701','4987','那曲地区','聂荣县','色庆乡','4870','6-10-5','是','395781','2006-07'),('13702','4987','山南市','乃东区','多颇章乡','3688','3-2-6','是','197126','2010-08'),('13707','4988','山南市','乃东区','多颇章乡','3688','3-2-6','是','','2007-08'),('13706','4988','山南市','浪卡子县','浪卡子县','4460','3-12-1','否','','2003-06'),('13708','4990','山南市','浪卡子县','浪卡子镇','4460','3-12-2','是','199682','2001-06'),('13709','4990','山南市','乃东区','多颇章乡','3688','3-2-6','是','197126','2006-07'),('13711','4992','山南市','乃东区','多颇章乡','3688','3-2-6','是','197126','2010-07'),('13713','4994','山南市','乃东区','多颇章乡','3688','3-2-6','是','197126','2005-08'),('13714','4995','山南市','乃东区','多颇章乡','3688','3-2-6','是','197126','2013-12'),('13715','4996','山南市','乃东区','多颇章乡','3688','3-2-6','是','197126','1981-07'),('13717','4998','山南市','乃东区','多颇章乡','3688','3-2-6','是','197126','1984-09'),('13718','4999','山南市','措美县','哲古镇','4665','3-8-3','是','198659','2008-08'),('13719','4999','山南市','乃东区','多颇章乡','3688','3-2-6','是','197126','2014-08'),('13721','5001','山南市','乃东区','多颇章乡','3688','3-2-6','是','197126','2016-09'),('13723','5003','山南市','乃东区','泽当镇','3550','3-2-2','是','197122','1990-07'),('13846','5068','山南市','乃东区','乃东县','3550','3-2-1','否','','1996-07'),('13725','5005','山南市','乃东区','泽当镇','3550','3-2-2','是','197122','1995-06'),('13727','5007','山南市','乃东区','泽当镇','3550','3-2-2','是','197122','1997-07'),('13732','5010','林芝市','工布江达县','工布江达县','3360','4-3-1','否','262913','1992-06'),('13733','5010','山南市','扎囊县','扎塘镇','3635','3-4-2','是','197634','1995-08'),('13734','5010','山南市','乃东区','泽当镇','3550','3-2-2','是','197122','2000-07'),('13735','5011','山南市','乃东区','泽当镇','3550','3-2-2','是','197122','1995-03'),('13736','5012','山南市','乃东区','泽当镇','3550','3-2-2','是','197122','2008-07'),('13737','5013','山南市','乃东区','泽当镇','3550','3-2-2','是','197122','2008-07'),('13738','5014','山南市','洛扎县','生格乡','3775','3-9-4','是','198916','2001-07'),('13739','5014','山南市','乃东区','泽当镇','3550','3-2-2','是','197122','2008-09'),('13740','5014','山南市','桑日县','白堆乡','3975','3-7-4','是','198404','2004-09'),('13741','5015','山南市','贡嘎县','江塘镇','3690','3-5-5','是','197893','1997-07'),('13742','5015','山南市','乃东区','泽当镇','3550','3-2-2','是','197122','2008-08'),('13743','5016','山南市','贡嘎县','杰德秀镇','3690','3-5-6','是','197894','1991-07'),('13744','5016','山南市','乃东区','泽当镇','3550','3-2-2','是','197122','2008-08'),('13745','5017','山南市','加查县','加查县','3860','3-13-1','否','199937','1992-06'),('13746','5017','山南市','乃东区','泽当镇','3550','3-2-2','是','197122','2001-01'),('13747','5018','山南市','措美县','措美镇','4230','3-8-2','是','198658','1985-09'),('13748','5018','山南市','乃东区','泽当镇','3550','3-2-2','是','197122','2005-07'),('13749','5019','山南市','曲松县','曲松镇','3905','3-6-2','是','198146','1994-07'),('13750','5019','山南市','乃东区','昌珠镇','3600','3-2-3','是','197123','1996-08'),('13751','5020','山南市','措美县','哲古镇','4665','3-8-3','是','198659','1993-07'),('13752','5020','山南市','乃东区','泽当镇','3550','3-2-2','是','197122','2000-08'),('13753','5021','山南市','乃东区','泽当镇','3550','3-2-2','是','197122','1988-07'),('13754','5022','山南市','乃东区','泽当镇','3550','3-2-2','是','197122','1995-07'),('13897','5023','山南市','乃东区','泽当镇','3550','3-2-2','是','','2001-06'),('13756','5024','山南市','乃东区','泽当镇','3550','3-2-2','是','197122','1997-06'),('13758','5025','山南市','乃东区','泽当镇','3550','3-2-2','是','197122','1995-07'),('13759','5026','山南市','乃东区','泽当镇','3550','3-2-2','是','197122','1995-07'),('13761','5027','山南市','乃东区','泽当镇','3550','3-2-2','是','','1990-07'),('13762','5028','山南市','乃东区','泽当镇','3550','3-2-2','是','197122','1996-06'),('13763','5029','山南市','贡嘎县','甲竹林镇','3680','3-5-4','是','197892','1993-07'),('13764','5029','山南市','贡嘎县','贡嘎县','3763','3-5-1','否','197889','1995-02'),('13765','5029','山南市','乃东区','乃东县','3550','3-2-1','否','197121','2000-08'),('13766','5029','山南市','乃东区','泽当镇','3550','3-2-2','是','197122','2008-08'),('13767','5030','山南市','乃东区','泽当镇','3550','3-2-2','是','197122','1995-06'),('13768','5031','日喀则市','谢通门县','通门乡','3950','2-9-16','是','133392','2007-07'),('13769','5031','山南市','乃东区','泽当镇','3550','3-2-2','是','197122','2009-01'),('13770','5032','日喀则市','拉孜县','拉孜县','4058','2-7-1','否','132865','2007-07'),('13771','5032','山南市','乃东区','泽当镇','3550','3-2-2','是','197122','2012-02'),('13772','5033','山南市','乃东区','泽当镇','3550','3-2-2','是','197122','2011-08'),('13773','5034','山南市','乃东区','泽当镇','3550','3-2-2','是','197122','2012-02'),('13774','5035','山南市','乃东区','泽当镇','3550','3-2-2','是','197122','2017-01'),('13775','5036','山南市','扎囊县','扎其乡','3800','3-4-5','是','197637','2006-09'),('13776','5036','山南市','乃东区','泽当镇','3550','3-2-2','是','197122','2012-08'),('13777','5037','山南市','洛扎县','生格乡','3775','3-9-4','是','198916','2010-08'),('13778','5037','山南市','乃东区','泽当镇','3550','3-2-2','是','197122','2012-08'),('13779','5038','日喀则市','聂拉木县','聂拉木县','3975','2-17-1','否','135425','2007-10'),('13780','5038','山南市','乃东区','泽当镇','3550','3-2-2','是','197122','2013-08'),('13781','5039','山南市','乃东区','亚堆乡','3850','3-2-8','是','197128','1995-04'),('13782','5039','山南市','乃东区','泽当镇','3550','3-2-2','是','197122','2011-03'),('13783','5040','山南市','贡嘎县','江塘镇','3690','3-5-5','是','197893','1998-07'),('13784','5040','山南市','乃东区','泽当镇','3550','3-2-2','是','197122','2010-01'),('13785','5041','山南市','乃东区','泽当镇','3550','3-2-2','是','197122','1999-07'),('13786','5042','山南市','乃东区','亚堆乡','3850','3-2-8','是','197128','1993-07'),('13787','5042','山南市','乃东区','泽当镇','3550','3-2-2','是','197122','2012-08'),('13788','5043','山南市','乃东区','泽当镇','3550','3-2-2','是','197122','1996-06'),('13789','5044','山南市','乃东区','泽当镇','3550','3-2-2','是','197122','1993-07'),('13790','5045','那曲地区','嘉黎县','林堤乡','4823','6-5-6','是','394502','2010-07'),('13791','5045','山南市','乃东区','泽当镇','3550','3-2-2','是','197122','2015-09'),('13792','5046','山南市','扎囊县','吉汝乡','4070','3-4-6','是','197638','1994-07'),('13793','5046','山南市','乃东区','泽当镇','3550','3-2-2','是','197122','2010-07'),('13794','5047','山南市','乃东区','泽当镇','3550','3-2-2','是','197122','2013-12'),('13797','5048','山南市','乃东区','泽当镇','3550','3-2-2','是','','1994-07'),('13796','5049','山南市','乃东区','泽当镇','3550','3-2-2','是','197122','2014-08'),('13798','5050','山南市','扎囊县','吉汝乡','4070','3-4-6','是','197638','1991-07'),('13799','5050','山南市','乃东区','昌珠镇','3600','3-2-3','是','197123','1995-08'),('13888','5051','山南市','乃东区','泽当镇','3550','3-2-2','是','','1995-09'),('13887','5051','山南市','琼结县','琼结县','3950','3-3-1','否','','1986-09'),('13886','5051','山南市','琼结县','加麻乡','3990','3-3-5','是','','1985-09'),('13804','5052','山南市','乃东区','颇章乡','3715','3-2-4','是','197124','1991-07'),('13805','5052','山南市','乃东区','乃东县','3550','3-2-1','否','197121','1996-07'),('13808','5053','山南市','乃东区','乃东县','3550','3-2-1','否','197121','2000-09'),('13810','5055','山南市','洛扎县','洛扎镇','3940','3-9-2','是','198914','1989-07'),('13811','5055','山南市','乃东区','泽当镇','3550','3-2-2','是','197122','1992-09'),('13812','5055','山南市','乃东区','乃东县','3550','3-2-1','否','197121','2000-09'),('13813','5056','山南市','曲松县','罗布萨镇','3915','3-6-3','是','198147','1999-07'),('13814','5056','山南市','乃东区','结巴乡','3670','3-2-5','是','197125','2001-09'),('13815','5056','山南市','乃东区','乃东县','3550','3-2-1','否','197121','2006-09'),('13816','5057','山南市','乃东区','亚堆乡','3850','3-2-8','是','197128','1994-07'),('13817','5057','山南市','乃东区','乃东县','3550','3-2-1','否','197121','2005-05'),('13818','5058','山南市','措美县','措美镇','4230','3-8-2','是','198658','1991-07'),('13819','5058','山南市','乃东区','乃东县','3550','3-2-1','否','197121','2007-07'),('13823','5059','山南市','乃东区','乃东县','3550','3-2-1','否','197121','2008-08'),('14027','5061','山南市','乃东区','乃东县','3550','3-2-1','否','','2008-07'),('13826','5062','昌都市','八宿县','白玛镇','3663','5-12-2','是','330754','2006-07'),('13827','5062','山南市','乃东区','乃东县','3550','3-2-1','否','197121','2012-08'),('13828','5063','山南市','乃东区','泽当镇','3550','3-2-2','是','197122','1993-07'),('13829','5063','山南市','乃东区','乃东县','3550','3-2-1','否','197121','2011-07'),('13830','5064','拉萨市','尼木县','麻江乡','4500','1-5-3','是','66819','2006-04'),('13831','5064','山南市','乃东区','颇章乡','3715','3-2-4','是','197124','2003-09'),('13832','5064','山南市','乃东区','乃东县','3550','3-2-1','否','197121','2013-06'),('13833','5065','山南市','乃东区','乃东县','3550','3-2-1','否','197121','2012-01'),('13834','5066','山南市','加查县','加查镇','3355','3-13-3','是','199939','1996-07'),('13835','5066','山南市','乃东区','昌珠镇','3600','3-2-3','是','197123','1997-07'),('13836','5066','山南市','乃东区','乃东县','3550','3-2-1','否','197121','2010-07'),('13839','5067','山南市','乃东区','结巴乡','3670','3-2-5','是','197125','1994-06'),('13840','5067','山南市','乃东区','乃东县','3550','3-2-1','否','197121','2013-08'),('13845','5068','山南市','错那县','错那县','4380','3-11-1','否','','1995-07'),('13848','5069','山南市','洛扎县','洛扎县','3940','3-9-1','否','198913','1993-07'),('13849','5069','山南市','乃东区','乃东县','3550','3-2-1','否','197121','2003-07'),('13851','5070','山南市','乃东区','乃东县','3550','3-2-1','否','','2003-07'),('13852','5071','山南市','乃东区','颇章乡','3715','3-2-4','是','197124','2009-07'),('13853','5071','山南市','乃东区','乃东县','3550','3-2-1','否','197121','2015-01'),('13860','5072','山南市','乃东区','乃东县','3550','3-2-1','否','','2014-01'),('13859','5072','山南市','乃东区','昌珠镇','3600','3-2-3','是','','2006-07'),('13858','5072','山南市','琼结县','琼结县','3950','3-3-1','否','','2004-07'),('13863','5073','山南市','乃东区','索珠乡','3900','3-2-7','是','','1988-06'),('13864','5074','山南市','浪卡子县','打隆镇','4759','3-12-3','是','199683','2005-07'),('13865','5074','山南市','乃东区','索珠乡','3900','3-2-7','是','197127','2010-07'),('13866','5074','山南市','乃东区','乃东县','3550','3-2-1','否','197121','2016-01'),('13867','5075','山南市','隆子县','隆子县','3975','3-10-1','否','199169','1991-07'),('13868','5075','山南市','隆子县','雪萨乡','4055','3-10-10','是','199178','1995-07'),('13869','5075','山南市','乃东区','泽当镇','3550','3-2-2','是','197122','1997-03'),('13870','5075','山南市','乃东区','乃东县','3550','3-2-1','否','197121','2015-01'),('13871','5076','山南市','乃东区','泽当镇','3550','3-2-2','是','197122','2001-06'),('13872','5076','山南市','乃东区','乃东县','3550','3-2-1','否','197121','2016-01'),('13873','5077','日喀则市','定日县','扎西宗乡','4315','2-5-10','是','132362','2003-07'),('13874','5077','日喀则市','白朗县','白朗县','3955','2-10-1','否','133633','2005-07'),('13875','5077','山南市','乃东区','乃东县','3550','3-2-1','否','197121','2006-07'),('13877','5079','山南市','乃东区','乃东县','3550','3-2-1','否','197121','1988-07');|