INSERT INTO `tx_personinfo` (`id`, `sort`, `userid`, `name`, `sex`, `birthday`, `origin`, `nation`, `partymember`, `worktime`, `intime`, `inadj`, `inyear`, `posttime`, `postadj`, `unitkind`, `postname`, `unitname`, `isleader`, `lastposttime`, `lastunitkind`, `lastpostname`, `lastunitname`, `area`, `education`, `educationtime`, `schooltime`, `educationadj`, `teacherinfo`, `teacherbegin`, `teacherend`, `teacheradj`, `oneinfo`, `onebegin`, `oneend`, `oneadj`, `check2`, `check5`, `coveradj`, `cadre`, `retiretime`, `height`, `note`, `addon`) VALUES ('2787','0','1','张炳权','男','1963-10-01','云南玉溪','藏族','','1981-11','1981-11','0','0','2012-05','0','事业单位','管理七级-正科','西藏自治区新闻出版广电局','','','','','','','高中','','0','0','','','','0','','','','0','2006','2006','0','否','','0','',''),('2786','0','1','索朗晋美','男','1977-06-01','西藏拉萨','藏族','党员','1999-07','1999-07','0','0','2010-09','0','事业单位','管理六级-副县','西藏自治区新闻出版广电局','非领导职务','','','','','','大专','1999-07','3','0','','','','0','','','','0','2006','2006','0','否','','0','',''),('2785','0','1','扎西尼玛','男','1969-12-01','西藏日喀则','汉族','党员','1990-08','1990-08','0','0','2013-04','0','机关单位','县处级副职','西藏自治区新闻出版广电局','非领导职务','','','','','','中专','1990-08','4','0','','','','0','','','','0','2006','2006','0','否','','0','',''),('2784','0','1','陈立君','女','1971-02-01','四川南部','汉族','党员','1988-03','1988-03','0','0','2015-11','0','机关单位','县处级正职','西藏自治区新闻出版广电局','领导职务','','','','','','中专','1988-03','1','0','','','','0','','','','0','2006','2006','0','否','','0','',''),('2783','0','1','尚俊霞','女','1972-07-01','重庆','汉族','党员','1991-07','1991-07','0','0','2010-09','0','机关单位','县处级正职','西藏自治区新闻出版广电局','领导职务','','','','','','大专','1991-07','3','0','','','','0','','','','0','2006','2006','0','否','','0','',''),('2782','0','1','格桑达瓦','男','1981-07-01','西藏曲水','藏族','党员','2002-07','2002-07','0','0','2012-04','0','机关单位','乡科级副职','西藏自治区新闻出版广电局','非领导职务','','','','','','中专','1981-07','4','0','','','','0','','','','0','2006','2006','0','否','','0','',''),('2781','0','1','周晓虎','男','1975-09-01','四川中江','汉族','党员','1998-07','1998-07','0','0','2014-11','0','机关单位','乡科级正职','西藏自治区新闻出版广电局','非领导职务','','','','','','大专','1998-07','3','0','','','','0','','','','0','2006','2006','0','否','','0','',''),('2779','0','1','洛桑卓玛','女','1964-09-01','西藏拉萨','藏族','党员','1981-03','1981-03','0','0','2011-07','0','机关单位','县处级副职','西藏自治区新闻出版广电局','领导职务','','','','','','暂时没有','','0','0','','','','0','','','','0','2006','2006','0','否','','0','',''),('2777','0','1','央珍','女','1971-10-01','西藏昌都','藏族','党员','1992-07','1992-07','0','0','2012-08','0','机关单位','县处级副职','西藏自治区新闻出版广电局','领导职务','','','','','','中专','1992-07','3','0','','','','0','','','','0','2006','2006','0','否','','0','',''),('2776','0','1','欧庭希','男','1972-05-01','重庆黔江','汉族','党员','1995-07','1995-07','0','0','2015-03','0','机关单位','县处级正职','西藏自治区新闻出版广电局','非领导职务','','','','','','大专','1995-07','3','0','','','','0','','','','0','2006','2006','0','否','','0','',''),('2775','0','1','李维维','女','1984-03-01','河南鲁山','汉族','党员','2006-07','2006-07','0','0','2014-08','0','机关单位','乡科级正职','西藏自治区新闻出版广电局','非领导职务','','','','','','本科','2006-07','4','0','','','','0','','','','0','2006','2006','0','否','','0','',''),('2774','0','1','加央平措','男','1979-08-01','西藏拉萨','藏族','党员','1999-07','1999-07','0','0','2011-08','0','机关单位','乡科级正职','西藏自治区新闻出版广电局','非领导职务','','','','','','中专','1999-07','4','0','','','','0','','','','0','2006','2006','0','否','','0','',''),('2773','0','1','扎西次仁 ','男','1959-03-01','西藏日喀则','藏族','党员','1976-03','1976-03','0','0','2012-01','0','机关单位','县处级副职','西藏自治区新闻出版广电局','非领导职务','','','','','','高中','','0','0','','','','0','','','','0','2006','2006','0','否','','0','',''),('2750','0','1','杜永红','女','1969-07-01','陕西西安','汉族','党员','1989-06','1998-03','0','0','2015-03','0','机关单位','县处级副职','西藏自治区新闻出版广电局','领导职务','','','','','','高中','','0','0','','','','0','','','','0','2006','2006','0','否','','0','',''),('2747','0','1','向毓红','男','1963-09-01','重庆','汉族','党员','1986-07','1986-07','0','0','2014-10','0','机关单位','县处级正职','西藏自治区新闻出版广电局','领导职务','','','','','','本科','1986-07','4','0','','','','0','','','','0','2006','2006','0','否','','0','',''),('2746','0','1','罗万荣','男','1977-03-01','四川广元','汉族','党员','2001-07','2001-07','0','0','2015-03','0','机关单位','县处级副职','西藏自治区新闻出版广电局','非领导职务','','','','','','本科','2001-07','4','0','','','','0','','','','0','2006','2006','0','否','','0','',''),('2743','0','1','罗布','男','1975-07-01','西藏朗县','藏族','党员','1996-07','1996-07','0','0','2011-07','0','机关单位','县处级副职','西藏自治区新闻出版广电局','领导职务','','','','','','中专','1996-07','4','0','','','','0','','','','0','2006','2006','0','否','','0','',''),('2741','0','1','谭云','男','1962-12-01','云南昆明','汉族','党员','1983-07','1983-07','0','0','2014-12','0','机关单位','县处级正职','西藏自治区新闻出版广电局','领导职务','','','','','','本科','1983-07','4','0','','','','0','','','','0','2006','2006','0','否','','0','',''),('2739','0','1','吴新永','男','1967-08-01','山西永济','汉族','党员','1989-08','1989-08','0','0','2011-07','0','机关单位','县处级副职','西藏自治区新闻出版广电局','领导职务','','','','','','本科','1989-08','4','0','','','','0','','','','0','2006','2006','0','否','','0','',''),('2736','0','1','雍淙','女','1968-03-01','四川成都','藏族','党员','1993-07','1993-07','0','0','2011-07','0','机关单位','县处级副职','西藏自治区新闻出版广电局','领导职务','','','','','','本科','1993-07','4','0','','','','0','','','','0','2006','2006','0','否','','0','',''),('2733','0','1','卫沙沙','男','1960-01-01','山西永济','汉族','党员','1973-07','1984-07','0','0','2012-02','0','机关单位','县处级正职','西藏自治区新闻出版广电局','领导职务','','','','','','本科','1984-07','4','0','','','','0','','','','0','2006','2006','0','否','','0','',''),('2730','0','1','周祥祎','男','1983-08-01','湖南永州','汉族','党员','2003-12','2003-12','0','0','2013-07','0','机关单位','乡科级副职','西藏自治区新闻出版广电局','非领导职务','','','','','','本科','2009-08','0','0','','','','0','','','','0','2006','2006','0','否','','0','',''),('2713','0','1','阿旺德吉','女','1981-03-01','西藏昌都','藏族','党员','2002-07','2002-07','0','0','2012-04','0','机关单位','乡科级副职','西藏自治区新闻出版广电局','非领导职务','','','','','','大专','2002-07','3','0','','','','0','','','','0','2006','2006','0','否','','0','',''),('2697','0','1','杨剑','男','1979-08-01','四川射洪','汉族','党员','2004-07','2004-07','0','0','2012-04','0','机关单位','乡科级副职','西藏自治区新闻出版广电局','非领导职务','','','','','','本科','2004-07','4','0','','','','0','','','','0','2006','2006','0','否','','0','',''),('2693','0','1','周宇','男','1982-02-01','贵州石阡','仡佬族','党员','2005-07','2005-07','0','0','2012-04','0','机关单位','乡科级正职','西藏自治区新闻出版广电局','非领导职务','','','','','','本科','2005-07','4','0','','','','0','','','','0','2006','2006','0','否','','0','',''),('2691','0','1','次仁','男','1962-10-01','西藏乃东','藏族','党员','1989-07','1989-07','0','0','2015-03','0','机关单位','县处级正职','西藏自治区新闻出版广电局','非领导职务','','','','','','本科','1989-07','4','0','','','','0','','','','0','2006','2006','0','否','','0','',''),('2687','0','1','洛桑多吉','男','1972-05-01','西藏拉萨','藏族','党员','1996-07','1996-07','0','0','2012-08','0','机关单位','县处级正职','西藏自治区新闻出版广电局','领导职务','','','','','','本科','1996-07','4','0','','','','0','','','','0','2006','2006','0','否','','0','',''),('2685','0','1','李钰琪','女','1976-12-01','四川射洪','汉族','党员','1998-07','1998-07','0','0','2011-07','0','机关单位','县处级副职','西藏自治区新闻出版广电局','非领导职务','','','','','','大专','1998-07','3','0','','','','0','','','','0','2006','2006','0','否','','0','',''),('2682','0','1','孔平','女','1978-07-01','安徽庐江','汉族','党员','1999-07','1999-07','0','0','2013-07','0','机关单位','县处级正职','西藏自治区新闻出版广电局','非领导职务','','','','','','大专','1999-07','3','0','','','','0','','','','0','2006','2006','0','否','','0','',''),('2703','0','1','德吉','女','1967-09-01','西藏江孜','汉族','党员','1988-07','1988-07','0','0','2012-08','0','机关单位','县处级副职','西藏自治区新闻出版广电局','领导职务','','','','','','大专','1988-07','3','0','','','','0','','','','0','2006','2006','0','否','','0','',''),('2680','0','1','巴桑','男','1964-12-01','西藏贡嘎','藏族','党员','1983-08','1983-08','0','0','2008-04','0','机关单位','县处级正职','西藏自治区新闻出版广电局','领导职务','','','','','','中专','1983-07','4','0','','','','0','','','','0','2006','2006','0','否','','0','',''),('2675','0','1','次仁旺杰','男','1980-04-01','西藏贡嘎','藏族','党员','2003-07','2003-07','0','0','2012-06','0','机关单位','乡科级正职','西藏自治区新闻出版广电局','非领导职务','','','','','','本科','2003-07','4','0','','','','0','','','','0','2006','2006','0','否','','0','',''),('2674','0','1','索朗玉珍','女','1976-09-01','西藏拉萨','汉族','党员','1997-07','1997-07','0','0','2010-10','0','机关单位','县处级副职','西藏自治区新闻出版广电局','领导职务','','','','','','大专','1997-07','3','0','','','','0','','','','0','2006','2006','0','否','','0','',''),('2673','0','1','易祯龙','男','1974-07-01','重庆合川','汉族','党员','1996-07','1996-07','0','0','2012-08','0','机关单位','县处级正职','西藏自治区新闻出版广电局','领导职务','','','','','','大专','1996-07','3','0','','','','0','','','','0','2006','2006','0','否','','0','',''),('2672','0','1','王长举','男','1977-09-01','河南孟州','汉族','党员','2001-07','2001-07','0','0','2012-04','0','机关单位','乡科级正职','西藏自治区新闻出版广电局','非领导职务','','','','','','大专','2001-07','3','0','','','','0','','','','0','2006','2006','0','否','','0','',''),('2671','0','1','巴桑塔曲','女','1974-12-01','西藏拉孜','藏族','党员','2000-07','2000-07','0','0','2015-02','0','机关单位','县处级副职','西藏自治区新闻出版广电局','非领导职务','','','','','','本科','2000-07','4','0','','','','0','','','','0','2006','2006','0','否','','0','',''),('2670','0','1','阿楠','男','1964-06-01','西藏堆龙','藏族','党员','1986-07','1986-07','0','0','2010-04','0','机关单位','县处级正职','西藏自治区新闻出版广电局','领导职务','','','','','','本科','1986-07','4','0','','','','0','','','','0','2006','2006','0','否','','0','',''),('2669','0','1','赵文婷','女','1984-10-01','山西昔阳','汉族','党员','2006-07','2006-07','0','0','2014-11','0','机关单位','乡科级正职','西藏自治区新闻出版广电局','非领导职务','','','','','','本科','2006-07','4','0','','','','0','','','','0','2006','2006','0','否','','0','',''),('2665','0','1','罗敏','女','1971-08-01','四川双流','汉族','党员','1991-11','1991-11','0','0','2015-03','0','机关单位','县处级副职','西藏自治区新闻出版广电局','领导职务','','','','','','大专','1991-07','3','0','','','','0','','','','0','2006','2006','0','否','','0','',''),('2664','0','1','罗松群培','男','1969-11-01','西藏察隅','汉族','党员','1991-07','1991-07','0','0','2014-12','0','机关单位','县处级正职','西藏自治区新闻出版广电局','领导职务','','','','','','本科','1991-07','4','0','','','','0','','','','0','2006','2006','0','否','','0','',''),('2661','0','1','盛乃鹏','男','1982-05-01','山东日照','汉族','党员','2007-07','2007-07','0','0','2012-04','0','机关单位','乡科级副职','西藏自治区新闻出版广电局','非领导职务','','','','','','本科','2007-07','4','0','','','','0','','','','0','2007','2007','0','否','','0','',''),('2701','0','1','张百忍','男','1961-06-01','山西万荣','汉族','党员','1986-07','1986-07','0','0','2010-06','0','机关单位','县处级正职','西藏自治区新闻出版广电局','领导职务','','','','','','本科','1986-07','4','0','','','','0','','','','0','2006','2006','0','否','','0','',''),('2658','0','1','桑川','女','1979-08-01','重庆','汉族','党员','2001-07','2001-07','0','0','2011-07','0','机关单位','乡科级正职','西藏自治区新闻出版广电局','非领导职务','','','','','','大专','2001-07','3','0','','','','0','','','','0','2006','2006','0','否','','0','',''),('2641','0','1','旺青格列','男','1983-08-01','四川巴塘','藏族','党员','2002-09','2006-07','0','0','2009-03','0','机关单位','乡科级正职','西藏自治区新闻出版广电局','非领导职务','','','','','','本科','2006-07','4','0','','','','0','','','','0','2006','2006','0','否','','0','',''),('2640','0','1','陈春霞','女','1977-09-01','河南鄢陵','汉族','党员','2000-07','2000-07','0','0','2015-03','0','机关单位','县处级副职','西藏自治区新闻出版广电局','非领导职务','','','','','','大专','2000-07','3','0','','','','0','','','','0','2006','2006','0','否','','0','',''),('2639','0','1','普布多吉','男','1965-11-01','西藏南木林','汉族','党员','1988-07','1988-07','0','0','2012-01','0','机关单位','县处级副职','西藏自治区新闻出版广电局','领导职务','','','','','','本科','1988-07','4','0','','','','0','','','','0','2006','2006','0','否','','0','',''),('2638','0','1','安政法','男','1983-12-01','河北赞皇','汉族','党员','2007-07','2007-07','0','0','2013-07','0','机关单位','乡科级副职','西藏自治区新闻出版广电局','非领导职务','','','','','','本科','2007-07','4','0','','','','0','','','','0','2007','2007','0','否','','0','',''),('2637','0','1','阿米娜','女','1977-12-01','西藏拉萨','藏族','党员','2001-07','2001-07','0','0','2010-09','0','机关单位','乡科级正职','西藏自治区新闻出版广电局','非领导职务','','','','','','本科','2001-07','4','0','','','','0','','','','0','2006','2006','0','否','','0','',''),('2636','0','1','戴毅','男','1966-09-01','四川隆昌','汉族','党员','1988-07','1988-07','0','0','2013-01','0','机关单位','县处级正职','西藏自治区新闻出版广电局','领导职务','','','','','','大专','1988-07','3','0','','','','0','','','','0','2006','2006','0','否','','0','',''),('2634','0','1','贾婧','女','1981-11-01','四川南部','汉族','党员','2004-08','2004-08','0','0','2013-09','0','机关单位','乡科级副职','西藏自治区新闻出版广电局','非领导职务','','','','','','本科','2004-08','4','0','','','','0','','','','0','2006','2006','0','否','','0','',''),('2633','0','1','索南卓玛','女','1985-08-01','甘肃夏河','汉族','党员','2007-07','2007-07','0','0','2014-08','0','机关单位','乡科级正职','西藏自治区新闻出版广电局','非领导职务','','','','','','本科','2007-07','4','0','','','','0','','','','0','2007','2007','0','否','','0','',''),('2632','0','1','王卫东','男','1981-07-01','甘肃庄浪','汉族','党员','2005-08','2005-08','0','0','2014-02','0','机关单位','乡科级正职','西藏自治区新闻出版广电局','非领导职务','','','','','','本科','2005-08','4','0','','','','0','','','','0','2006','2006','0','否','','0','',''),('2631','0','1','宋建波','男','1980-02-01','山东济宁','汉族','党员','1998-12','1998-12','0','0','2012-04','0','机关单位','乡科级正职','西藏自治区新闻出版广电局','领导职务','','','','','','大专','2006-07','0','0','','','','0','','','','0','2006','2006','0','否','','0','',''),('2629','0','1','边杰','女','1976-02-01','西藏拉萨','汉族','党员','1996-07','1996-07','0','0','2012-08','0','机关单位','县处级副职','西藏自治区新闻出版广电局','非领导职务','','','','','','中专','1996-07','3','0','','','','0','','','','0','2006','2006','0','否','','0','',''),('2627','0','1','达瓦乔','男','1964-04-01','西藏林芝','汉族','党员','1983-07','1983-07','0','0','2013-07','0','机关单位','县处级正职','西藏自治区新闻出版广电局','非领导职务','','','','','','中专','1983-07','4','0','','','','0','','','','0','2006','2006','0','否','','0','',''),('2623','0','1','洛桑丹增','男','1963-09-01','西藏拉萨','汉族','党员','1987-07','1987-07','0','0','2013-01','0','机关单位','县处级正职','西藏自治区新闻出版广电局','非领导职务','','','','','','中专','1987-07','5','0','','','','0','','','','0','2006','2006','0','否','','0','',''),('2611','0','1','唐也','男','1974-04-01','四川蓬安','汉族','党员','1996-06','1996-06','0','0','2013-10','0','机关单位','县处级副职','西藏自治区新闻出版广电局','领导职务','','','','','','大专','1996-06','2','0','','','','0','','','','0','2006','2006','0','否','','0','',''),('2584','0','1','普布','男','1981-09-01','西藏拉萨','汉族','党员','1999-12','1999-12','0','0','2006-06','0','事业单位','技术工四级-中级工','培训中心','','','','','','','初中','','0','0','','','','0','','','','0','2006','2006','0','否','','0','',''),('2577','0','1','郭秀芳','男','1972-11-01','河南浚县','汉族','党员','1994-07','1994-07','0','0','2008-09','0','事业单位','管理七级-正科','培训中心','','','','','','','中专','1994-07','4','0','','','','0','','','','0','2006','2006','0','否','','0','',''),('2574','0','1','丁羽','女','1987-12-01','四川仪陇','汉族','党员','2007-07','2007-07','0','0','2015-08','0','机关单位','乡科级副职','西藏自治区新闻出版广电局','非领导职务','','','','','','本科','2007-07','4','0','','','','0','','','','0','2007','2007','0','否','','0','',''),('2579','0','1','赵喜娟','女','1971-07-01','山西屯留','汉族','党员','1990-06','1990-06','0','0','2011-08','0','事业单位','专技十级-中级','培训中心','','','','','','','高中','','0','0','','','','0','','','','0','2006','2006','0','否','','0','',''),('2580','0','1','杨云钧','男','1977-01-01','青海大通','汉族','党员','2006-06','2006-06','0','0','2013-08','0','事业单位','专技十级-中级','培训中心','','','','','','','大专','2006-06','3','0','','','','0','','','','0','2006','2006','0','否','','0','',''),('2581','0','1','巴央','女','1980-11-01','西藏昌都','汉族','党员','2006-05','2006-05','0','0','2008-12','0','事业单位','专技十二级-助理','培训中心','','','','','','','大专','2006-05','3','0','','','','0','','','','0','2006','2006','0','否','','0','',''),('2582','0','1','土登次仁','男','1981-07-01','西藏林州','藏族','党员','2001-12','2001-12','0','0','2007-01','0','事业单位','技术工五级-初级工','培训中心','','','','','','','高中','','0','0','','','','0','','','','0','2006','2006','0','否','','0','',''),('2569','0','1','泽仁罗布','男','1969-07-01','四川马尔康','汉族','党员','1991-06','1991-06','0','0','2011-08','0','机关单位','县处级副职','西藏自治区新闻出版广电局','领导职务','','','','','','中专','1991-06','4','0','','','','0','','','','0','2006','2006','0','否','','0','',''),('2565','0','1','邢海虹','女','1973-05-01','黑龙江牡丹江','汉族','党员','1996-07','1996-07','0','0','2012-08','0','机关单位','县处级正职','西藏自治区新闻出版广电局','领导职务','','','','','','大专','1996-07','3','0','','','','0','','','','0','2006','2006','0','否','','0','',''),('2583','0','1','公嘎','男','1963-07-01','青海玉树','藏族','','1982-12','1982-12','0','0','2008-08','0','事业单位','技术工三级-高级工','培训中心','','','','','','','初中','','0','0','','','','0','','','','0','2006','2006','0','否','','0','',''),('2558','0','1','刘红卫','男','1981-08-01','山西绛县','汉族','党员','2005-07','2005-07','0','0','2011-08','0','机关单位','乡科级正职','西藏自治区新闻出版广电局','非领导职务','','','','','','本科','2005-07','4','0','','','','0','','','','0','0','0','0','否','','0','',''),('2554','0','1','金梅青','女','1973-11-01','河南兰考','汉族','党员','1994-07','1994-07','0','0','2010-04','0','机关单位','县处级正职','西藏自治区新闻出版广电局','领导职务','','','','','','大专','1994-07','3','0','','','','0','','','','0','2006','2006','0','否','','0','',''),('2878','0','1','珍措','女','1980-04-01','西藏嘉黎','藏族','党员','2001-07','2001-07','0','0','2016-04','0','事业单位','专技七级-副高','拉萨监测台','','','','','','','中专','2001-07','2','0','','','','0','','','','0','2006','2006','0','否','','0','',''),('2877','0','1','朗朗措姆','女','1983-02-01','西藏芒康','藏族','党员','2002-07','2002-07','0','0','2010-08','0','事业单位','专技十级-中级','拉萨监测台','','','','','','','中专','2002-07','2','0','','','','0','','','','0','2006','2006','0','否','','0','',''),('2879','0','1','石勇','男','1977-10-01','西藏日喀则','藏族','党员','2002-07','2002-07','0','0','2012-05','0','事业单位','管理七级-正科','拉萨监测台','','','','','','','本科','2002-07','4','0','','','','0','','','','0','2006','2006','0','否','','0','',''),('2880','0','1','仁青克珠','男','1984-09-01','西藏昌都','藏族','党员','2004-07','2004-07','0','0','2014-08','0','事业单位','专技十级-中级','拉萨监测台','','','','','','','中专','2004-07','3','0','','','','0','','','','0','2006','2006','0','否','','0','',''),('2881','0','1','多吉次仁','男','1982-05-01','西藏堆龙德庆','藏族','党员','2002-07','2002-07','0','0','2010-08','0','事业单位','专技十级-中级','拉萨监测台','','','','','','','中专','2002-07','2','0','','','','0','','','','0','2006','2006','0','否','','0','',''),('2882','0','1','边巴拉姆','女','1982-10-01','西藏拉萨','汉族','','2006-05','2006-05','0','0','2016-04','0','事业单位','专技十级-中级','拉萨监测台','','','','','','','中专','2000-07','2','0','','','','0','','','','0','2006','2006','0','否','','0','',''),('2883','0','1','洛桑次成','男','1984-09-01','西藏拉萨','汉族','','2004-07','2004-07','0','0','2007-12','0','事业单位','专技十二级-助理','拉萨监测台','','','','','','','中专','2004-07','2','0','','','','0','','','','0','2006','2006','0','否','','0','',''),('2884','0','1','洛桑次仁','男','1978-03-01','四川康定','藏族','','1997-12','1997-12','0','0','2006-12','0','事业单位','技术工五级-初级工','拉萨监测台','','','','','','','初中','','0','0','','','','0','','','','0','2006','2006','0','否','','0','',''),('2885','0','1','龚香菊','女','1979-06-01','贵州黔西','汉族','','2006-05','2006-05','0','0','2013-08','0','事业单位','专技十级-中级','拉萨监测台','','','','','','','中专','2006-05','2','0','','','','0','','','','0','2006','2006','0','否','','0','',''),('2886','0','1','李健','女','1973-10-01','重庆','汉族','党员','2006-05','2006-05','0','0','2010-03','0','事业单位','专技十二级-助理','拉萨监测台','','','','','','','大专','2006-05','3','0','','','','0','','','','0','2006','2006','0','否','','0','',''),('2887','0','1','尼玛次仁','男','1979-08-01','西藏日喀则','汉族','党员','1997-12','1997-12','0','0','2013-08','0','事业单位','专技十级-中级','拉萨监测台','','','','','','','初中','','0','0','','','','0','','','','0','2006','2006','0','否','','0','',''),('2888','0','1','巴桑仓决','女','1984-06-01','山东高唐','藏族','党员','2004-07','2004-07','0','0','2012-08','0','事业单位','专技十级-中级','拉萨监测台','','','','','','','中专','2004-07','2','0','','','','0','','','','0','2006','2006','0','否','','0','',''),('2889','0','1','格桑曲珍','女','1982-12-01','西堆龙德庆藏','藏族','党员','2002-07','2002-07','0','0','2013-08','0','事业单位','专技十级-中级','拉萨监测台','','','','','','','中专','2002-07','2','0','','','','0','','','','0','2006','2006','0','否','','0','',''),('2892','0','1','永胜','男','1970-06-01','四川康定','藏族','党员','1990-03','1990-03','0','0','2015-12','0','事业单位','技术工四级-中级工','拉萨监测台','','','','','','','初中','','0','0','','','','0','','','','0','2006','2006','0','否','','0','',''),('2902','0','1','刘长青','男','1964-07-01','湖北襄阳','汉族','党员','1982-09','1982-09','0','0','2008-04','0','事业单位','专技七级-副高','维护队','','','','','','','暂时没有','','0','0','','','','0','','','','0','2006','2006','0','否','','0','',''),('2894','0','1','如给','女','1985-04-01','西藏拉萨','汉族','党员','2007-03','2007-03','0','0','2009-10','0','事业单位','专技十三级-员级','拉萨监测台','非领导职务','','','','','','大专','2006-07','3','0','','','','0','','','','0','2007','2007','0','否','','0','',''),('2905','0','1','央宗','男','1972-07-01','西藏亚东','藏族','党员','1993-07','1993-07','0','0','2008-08','0','事业单位','管理七级-正科','维护队','','','','','','','中专','1993-07','4','0','','','','0','','','','0','2006','2006','0','否','','0','',''),('2914','0','1','张虹','女','1968-07-01','河北易县','汉族','','1987-12','1987-12','0','0','2010-08','0','事业单位','专技十级-中级','维护队','','','','','','','高中','','0','0','','','','0','','','','0','2006','2006','0','否','','0','',''),('2912','0','1','冉茶宗','男','1979-01-01','四川苍溪','汉族','','2001-07','2001-07','0','0','2014-08','0','事业单位','专技七级-副高','维护队','','','','','','','本科','2001-07','4','0','','','','0','','','','0','2006','2006','0','否','','0','',''),('2916','0','1','孙丹','男','1980-07-01','四川南部','汉族','党员','1998-12','1998-12','0','0','2011-08','0','事业单位','专技十级-中级','维护队','','','','','','','高中','','0','0','','','','0','','','','0','2006','2006','0','否','','0','',''),('2918','0','1','张翠翠','女','1987-06-01','陕西绥德','汉族','党员','2008-11','2008-11','0','0','2014-07','0','事业单位','专技十级-中级','维护队','','','','','','','本科','2008-07','4','0','','','','0','','','','0','2008','2008','0','否','','0','',''),('2921','0','1','桑旦曲珍','女','1974-03-01','西藏林芝','藏族','党员','1995-07','1995-07','0','0','2009-07','0','事业单位','专技十级-中级','维护队','','','','','','','中专','1995-07','2','0','','','','0','','','','0','2006','2006','0','否','','0','',''),('2924','0','1','扎西平措','男','1975-01-01','西藏拉萨','汉族','党员','1996-07','1996-07','0','0','2016-04','0','事业单位','专技七级-副高','音像出版社','','','','','','','中专','1996-07','2','0','','','','0','','','','0','2006','2006','0','否','','0','',''),('2797','0','1','王军','男','1987-09-01','云南大姚','彝族','党员','2005-12','2005-12','0','0','2011-10','0','机关单位','初级工','西藏自治区新闻出版广电局','','','','','','','高中','','0','0','','','','0','','','','0','2006','2006','0','否','','0','',''),('251','0','1','邢志阳','男','1981-09-25','河南睢县','汉族','党员','2005-07','2005-07','0','0','2013-07','0','机关单位','乡科级正职','西藏自治区新闻出版广电局','非领导职务','','','','','','本科','2005-07','4','0','','','','0','','','','0','2006','2006','0','否','','0','',''),('255','0','1','雷路飞','男','1976-12-01','四川渠县','汉族','党员','1995-12','1995-12','0','0','2015-03','0','事业单位','管理七级-正科','西藏自治区新闻出版广电局','','','','','','','本科','2005-12','0','0','','','','0','','','','0','2006','2006','0','否','','0','',''),('2788','0','1','冯波','男','1967-04-01','陕西渭南','汉族','党员','1994-12','1994-12','0','0','2012-05','0','事业单位','管理七级-正科','西藏自治区新闻出版广电局','','','','','','','初中','','0','0','','','','0','','','','0','2006','2006','0','否','','0','',''),('2796','0','1','祝捷','女','1991-05-01','四川南充','汉族','','2009-02','2009-02','0','0','2009-09','0','机关单位','普通工','西藏自治区新闻出版广电局','','','','','','','中专','2008-07','3','0','','','','0','','','','0','2009','2009','0','否','','0','',''),('2794','0','1','才旺久美','男','1978-09-01','青海','汉族','党员','1996-12','1996-12','0','0','2005-07','0','机关单位','中级工','西藏自治区新闻出版广电局','','','','','','','高中','','0','0','','','','0','','','','0','2006','2006','0','否','','0','',''),('2795','0','1','杨雷','男','1990-09-01','四川乐至','汉族','党员','2007-12','2010-11','0','0','2010-11','0','机关单位','初级工','西藏自治区新闻出版广电局','','','','','','','高中','','0','0','','','','0','','','','0','2007','2007','0','否','','0','',''),('2830','0','1','普布次仁','男','1959-03-01','西藏拉萨','藏族','','1981-11','1981-11','0','0','2001-11','0','机关单位','高级工','西藏自治区新闻出版广电局','','','','','','','暂时没有','','0','0','','','','0','','','','0','2006','2006','0','否','','0','',''),('2831','0','1','顾业祖','男','1978-01-01','甘肃武威','汉族','党员','1998-12','1998-12','0','0','2010-01','0','机关单位','中级工','西藏自治区新闻出版广电局','','','','','','','高中','','0','0','','','','0','','','','0','2006','2006','0','否','','0','',''),('2832','0','1','崔光辉','男','1972-08-01','河北唐县','汉族','党员','1990-12','1990-12','0','0','2013-06','0','机关单位','技师','西藏自治区新闻出版广电局','','','','','','','高中','','0','0','','','','0','','','','0','2006','2006','0','否','','0','',''),('2833','0','1','刘绍辉','男','1976-07-01','四川营山','汉族','党员','1994-12','1994-12','0','0','2002-12','0','机关单位','中级工','西藏自治区新闻出版广电局','','','','','','','高中','','0','0','','','','0','','','','0','2006','2006','0','否','','0','',''),('2834','0','1','龙泉','男','1972-12-01','四川渠县','汉族','党员','1992-12','1992-12','0','0','2009-07','0','机关单位','高级工','西藏自治区新闻出版广电局','','','','','','','高中','','0','0','','','','0','','','','0','2006','2006','0','否','','0','',''),('2836','0','1','朱林英','女','1968-04-01','山东东明','汉族','党员','1988-07','1988-07','0','0','2014-12','0','事业单位','管理五级-正县','质检中心','领导职务','','','','','','大专','1988-07','3','0','','','','0','','','','0','2006','2006','0','否','','0','',''),('2838','0','1','尼玛','男','1974-06-01','西藏工布江达','藏族','党员','1994-07','1994-07','0','0','2015-07','0','事业单位','专技七级-副高','质检中心','非领导职务','','','','','','大专','1994-07','2','0','','','','0','','','','0','2006','2006','0','否','','0','',''),('2839','0','1','罗桑尼玛','男','1973-06-01','西藏拉萨','藏族','党员','2000-07','2000-07','0','0','2016-04','0','事业单位','专技十级-中级','质检中心','','','','','','','本科','2000-07','4','0','','','','0','','','','0','2006','2006','0','否','','0','',''),('2840','0','1','扎西欧珠','男','1982-03-01','西藏错那','藏族','党员','2005-08','2005-08','0','0','2015-03','0','事业单位','管理七级-正科','质检中心','','','','','','','本科','2005-07','4','0','','','','0','','','','0','2006','2006','0','否','','0','',''),('2841','0','1','斗改才让','男','1981-01-01','青海海南','藏族','党员','2012-11','2012-11','0','0','2016-04','0','事业单位','专技十级-中级','质检中心','','','','','','','研究生','2012-07','2','0','','','','0','','','','0','2012','2012','0','否','','0','',''),('2842','0','1','吉姆','女','1988-11-01','西藏林州','汉族','党员','2011-08','2011-08','0','0','2015-08','0','事业单位','专技十二级-助理','质检中心','','','','','','','本科','2011-07','4','0','','','','0','','','','0','2011','2011','0','否','','0','',''),('2843','0','1','巴桑次仁','男','1978-02-01','西藏拉萨','藏族','党员','1996-12','1996-12','0','0','2013-03','0','事业单位','技术工五级-初级工','质检中心','','','','','','','高中','','0','0','','','','0','','','','0','2006','2006','0','否','','0','',''),('2844','0','1','达瓦平措','男','1992-07-01','西藏扎达','汉族','','2015-09','2015-09','0','0','2015-09','0','事业单位','专技十二级-助理','质检中心','','','','','','','本科','2015-07','4','0','','','','0','','','','0','2015','2015','0','否','','0','',''),('2845','0','1','熊丹','女','1993-12-01','四川德阳','汉族','','2015-09','2015-09','0','0','2015-09','0','事业单位','专技十二级-助理','质检中心','','','','','','','本科','2015-07','4','0','','','','0','','','','0','2015','2015','0','否','','0','',''),('2846','0','1','杜佳蕾','女','1993-10-01','河北石家庄','汉族','党员','2015-09','2015-09','0','0','2015-09','0','事业单位','专技十二级-助理','质检中心','','','','','','','本科','2015-07','4','0','','','','0','','','','0','2015','2015','0','否','','0','',''),('2847','0','1','德央','女','1991-07-01','云南德庆','汉族','党员','2015-09','2015-09','0','0','2015-09','0','事业单位','专技十二级-助理','质检中心','','','','','','','本科','2015-07','4','0','','','','0','','','','0','2015','2015','0','否','','0','',''),('2848','0','1','次吉','女','1984-11-01','西藏曲水','汉族','党员','2011-08','2011-08','0','0','2016-01','0','事业单位','专技十二级-助理','质检中心','非领导职务','','','','','','本科','2011-07','4','0','','','','0','','','','0','2011','2011','0','否','','0','',''),('2849','0','1','洛桑卓玛','女','1978-11-01','西藏加查','汉族','','2011-11','2011-11','0','0','2011-11','0','事业单位','专技十二级-助理','质检中心','','','','','','','本科','2011-07','4','0','','','','0','','','','0','2011','2011','0','否','','0','',''),('2875','0','1','拉巴卓玛','女','1979-02-01','西藏那曲','藏族','党员','2001-07','2001-07','0','0','2012-08','0','事业单位','专技十级-中级','拉萨监测台','','','','','','','中专','2001-07','2','0','','','','0','','','','0','2006','2006','0','否','','0','',''),('3141','','1','朗杰兰姿','女','1984-11-05','西藏拉萨','藏族','','2016-08','2016-08','0','','2016-08','0','事业单位','专技十一级','西藏音像出版社','','','','','','','硕士','2016-07','3','0','','','','0','','','','0','2016','2016','0','否','','','',''),('3142','','1','汪庆欢','女','1991-03-23','河南新乡','汉族','党员','2016-08','2016-08','0','','2016-08','0','事业单位','专技十一级','西藏音像出版社','','','','','','','硕士','2016-07','3','0','','','','0','','','','0','2016','2016','0','否','','','',''),('3143','','1','魏晨光','女','1991-08-07','山东桓台','汉族','党员','2016-08','2016-08','0','','2016-08','0','事业单位','专技十二级-助理','西藏音像出版社','','','','','','','本科','2016-07','4','0','','','','0','','','','0','2016','2016','0','否','','','','');|INSERT INTO `tx_jobinfo` (`id`, `personid`, `sort`, `oldposttime`, `oldpostkind`, `oldpostname`, `oldarea`, `oldunitkind`, `oldunitname`, `oldisleader`, `height`)  VALUES ('13596','251','','2010-07','公务员','乡科级副职','二类区','机关单位','西藏自治区新闻出版广电局','非领导职务','0'),('13595','251','','2005-07','公务员','科员','二类区','机关单位','西藏自治区新闻出版广电局','非领导职务','0'),('1347','255','0','2015-03','事业单位管理人员','管理七级-正科','二类区','事业单位','西藏自治区新闻出版广电局','','0'),('1346','255','0','2011-03','事业单位管理人员','管理八级-副科','二类区','事业单位','西藏自治区新闻出版广电局','','0'),('13601','2554','','2009-06','公务员','乡科级副职','二类区','机关单位','西藏自治区新闻出版局','非领导职务','0'),('13600','2554','','2003-12','公务员','县处级副职','二类区','机关单位','西藏自治区新闻出版局','领导职务','0'),('13599','2554','','2000-09','公务员','乡科级正职','二类区','机关单位','西藏自治区新闻出版局','领导职务','0'),('13598','2554','','1994-07','公务员','科员','二类区','机关单位','西藏自治区新闻出版局','非领导职务','0'),('12201','2558','','2011-08','公务员','乡科级正职','二类区','机关单位','西藏自治区新闻出版广电局','非领导职务','0'),('12200','2558','','2011-02','公务员','乡科级副职','二类区','机关单位','西藏自治区新闻出版局','非领导职务','0'),('12199','2558','','2008-03','公务员','乡科级副职','二类区','机关单位','西藏自治区新闻出版局','领导职务','0'),('12198','2558','','2005-07','公务员','科员','二类区','机关单位','西藏自治区新闻出版局','非领导职务','0'),('12336','2565','','2012-08','公务员','县处级正职','二类区','机关单位','西藏自治区新闻出版广电局','领导职务','0'),('12334','2565','','2003-04','公务员','乡科级正职','二类区','机关单位','西藏自治区新闻出版局','领导职务','0'),('12335','2565','','2010-04','公务员','县处级副职','二类区','机关单位','西藏自治区新闻出版局','领导职务','0'),('12333','2565','','2000-10','公务员','乡科级副职','二类区','机关单位','西藏自治区新闻出版局','非领导职务','0'),('12365','2569','','2006-05','公务员','乡科级正职','二类区','机关单位','西藏自治区新闻出版局','非领导职务','0'),('12364','2569','','2004-03','公务员','乡科级副职','二类区','机关单位','西藏自治区新闻出版局','非领导职务','0'),('12361','2569','','1991-06','事业单位专业技术人员','专技十三级-员级','二类区','事业单位','西藏人民出版社','','0'),('12363','2569','','2002-06','公务员','乡科级副职','二类区','机关单位','西藏自治区新闻出版局','领导职务','0'),('12362','2569','','2000-03','公务员','科员','二类区','机关单位','西藏自治区新闻出版局','非领导职务','0'),('13594','2574','','2015-08','公务员','乡科级副职','二类区','机关单位','西藏自治区新闻出版广电局','非领导职务','0'),('13593','2574','','2013-07','公务员','乡科级副职','二类区','机关单位','西藏自治区新闻出版局','领导职务','0'),('13462','2875','','2012-08','事业单位专业技术人员','专技十级-中级','二类区','事业单位','拉萨监测台','','0'),('13894','2577','','1994-07','事业单位管理人员','管理十级-办事员','二类区','事业单位','培训中心','','0'),('13896','2577','','2008-09','事业单位管理人员','管理七级-正科','二类区','事业单位','培训中心','','0'),('13895','2577','','2000-06','事业单位管理人员','管理八级-副科','二类区','事业单位','培训中心','','0'),('12005','2579','','2011-08','事业单位专业技术人员','专技十级-中级','二类区','事业单位','培训中心','','0'),('12004','2579','','2007-12','事业单位专业技术人员','专技十二级-助理','二类区','事业单位','培训中心','','0'),('12003','2579','','1990-06','事业单位专业技术人员','专技十三级-员级','二类区','事业单位','培训中心','','0'),('13591','2580','','2013-08','事业单位专业技术人员','专技十级-中级','二类区','事业单位','培训中心','','0'),('13588','2580','','2006-06','事业单位专业技术人员','专技十三级-员级','二类区','事业单位','培训中心','','0'),('13589','2580','','2008-12','事业单位专业技术人员','专技十二级-助理','二类区','事业单位','培训中心','','0'),('13590','2580','','2012-05','事业单位管理人员','管理八级-副科','二类区','事业单位','培训中心','','0'),('13592','2574','','2007-07','公务员','科员','二类区','机关单位','西藏自治区新闻出版局','非领导职务','0'),('13898','2581','','2008-12','事业单位专业技术人员','专技十二级-助理','二类区','事业单位','培训中心','','0'),('13897','2581','','2006-05','事业单位专业技术人员','专技十三级-员级','二类区','事业单位','培训中心','','0'),('12038','2582','','2007-01','事业单位工人','技术工五级-初级工','二类区','事业单位','培训中心','','0'),('12019','2583','','2008-08','事业单位工人','技术工三级-高级工','二类区','事业单位','培训中心','','0'),('12040','2584','','2006-06','事业单位工人','技术工四级-中级工','二类区','事业单位','培训中心','','0'),('12039','2584','','2005-11','事业单位工人','技术工五级-初级工','二类区','事业单位','培训中心','','0'),('12398','2611','','2011-12','公务员','乡科级正职','二类区','机关单位','西藏自治区新闻出版广电局','非领导职务','0'),('12399','2611','','2013-10','公务员','县处级副职','二类区','机关单位','西藏自治区新闻出版广电局','领导职务','0'),('12397','2611','','2006-05','公务员','乡科级正职','二类区','机关单位','西藏自治区新闻出版广电局','领导职务','0'),('12396','2611','','2003-09','公务员','乡科级副职','二类区','机关单位','西藏自治区新闻出版广电局','领导职务','0'),('12395','2611','','2000-08','公务员','科员','二类区','机关单位','西藏自治区新闻出版广电局','非领导职务','0'),('12352','2623','','2013-01','公务员','县处级正职','二类区','机关单位','西藏自治区新闻出版广电局','非领导职务','0'),('12351','2623','','2004-06','事业单位管理人员','管理六级-副县','二类区','事业单位','西藏电视台','','0'),('12350','2623','','2001-03','事业单位管理人员','管理七级-正科','二类区','事业单位','西藏电视台','','0'),('12349','2623','','1998-05','事业单位管理人员','管理八级-副科','二类区','事业单位','西藏电视台','','0'),('12348','2623','','1987-07','事业单位专业技术人员','专技十三级-员级','二类区','事业单位','西藏电视台','','0'),('12409','2627','','2013-07','公务员','县处级正职','二类区','机关单位','西藏自治区新闻出版广电局','非领导职务','0'),('12408','2627','','2011-07','公务员','县处级副职','二类区','机关单位','西藏自治区新闻出版广电局','领导职务','0'),('12407','2627','','2004-12','公务员','县处级副职','二类区','机关单位','西藏自治区新闻出版广电局','非领导职务','0'),('12406','2627','','1997-10','公务员','乡科级正职','二类区','机关单位','西藏自治区新闻出版广电局','领导职务','0'),('12405','2627','','1995-10','公务员','乡科级副职','二类区','机关单位','西藏自治区新闻出版广电局','领导职务','0'),('12404','2627','','1983-07','公务员','科员','二类区','机关单位','西藏自治区新闻出版广电局','非领导职务','0'),('12357','2629','','2012-08','公务员','县处级副职','二类区','机关单位','西藏自治区新闻出版广电局','非领导职务','0'),('12356','2629','','2006-03','公务员','乡科级正职','二类区','机关单位','西藏自治区新闻出版广电局','非领导职务','0'),('12355','2629','','2003-05','公务员','乡科级副职','二类区','机关单位','西藏自治区新闻出版广电局','非领导职务','0'),('12354','2629','','1999-12','公务员','科员','二类区','机关单位','西藏自治区新闻出版广电局','非领导职务','0'),('12353','2629','','1996-07','公务员','办事员','二类区','机关单位','西藏自治区新闻出版广电局','非领导职务','0'),('13903','2631','','2012-04','公务员','乡科级正职','二类区','机关单位','西藏自治区新闻出版广电局','领导职务','0'),('13902','2631','','2008-08','公务员','乡科级副职','二类区','机关单位','西藏自治区新闻出版广电局','领导职务','0'),('13901','2631','','2006-07','公务员','科员','二类区','机关单位','西藏自治区新闻出版广电局','非领导职务','0'),('12317','2632','','2014-02','公务员','乡科级正职','二类区','机关单位','西藏自治区新闻出版广电局','非领导职务','0'),('12316','2632','','2010-09','公务员','乡科级副职','二类区','机关单位','西藏自治区新闻出版广电局','非领导职务','0'),('12315','2632','','2005-08','公务员','科员','二类区','机关单位','西藏自治区新闻出版广电局','非领导职务','0'),('13584','2633','','2011-08','公务员','乡科级副职','二类区','机关单位','西藏自治区新闻出版广电局','非领导职务','0'),('13583','2633','','2007-07','公务员','科员','二类区','机关单位','西藏自治区新闻出版广电局','非领导职务','0'),('12322','2634','','2013-09','公务员','乡科级副职','二类区','机关单位','西藏自治区新闻出版广电局','非领导职务','0'),('12321','2634','','2004-08','公务员','科员','二类区','机关单位','西藏自治区新闻出版广电局','非领导职务','0'),('12380','2636','','2010-08','公务员','县处级正职','二类区','机关单位','西藏自治区新闻出版广电局','非领导职务','0'),('12379','2636','','2004-04','公务员','县处级副职','二类区','机关单位','西藏自治区新闻出版广电局','领导职务','0'),('12378','2636','','1999-09','公务员','乡科级正职','二类区','机关单位','西藏自治区新闻出版广电局','非领导职务','0'),('12377','2636','','1994-07','公务员','乡科级副职','二类区','机关单位','西藏自治区新闻出版广电局','非领导职务','0'),('12187','2637','','2001-07','事业单位专业技术人员','专技十二级-助理','二类区','事业单位','拉萨八中','','0'),('12188','2637','','2007-05','事业单位专业技术人员','专技十级-中级','二类区','事业单位','拉萨八中','','0'),('12189','2637','','2010-09','公务员','乡科级正职','二类区','机关单位','西藏自治区新闻出版广电局','非领导职务','0'),('13582','2638','','2013-07','公务员','乡科级副职','二类区','机关单位','西藏自治区新闻出版广电局','非领导职务','0'),('13581','2638','','2012-02','公务员','科员','二类区','机关单位','西藏自治区新闻出版广电局','非领导职务','0'),('13580','2638','','2007-07','公务员','科员','二类区','机关单位','西藏江达县波罗乡','非领导职务','0'),('13602','2554','','2010-04','公务员','县处级正职','二类区','机关单位','西藏自治区新闻出版广电局','领导职务','0'),('12332','2565','','1996-07','公务员','科员','二类区','机关单位','西藏自治区新闻出版局','非领导职务','0'),('12366','2569','','2011-08','公务员','县处级副职','二类区','机关单位','西藏自治区新闻出版广电局','领导职务','0'),('12345','2639','','2012-01','公务员','县处级副职','二类区','机关单位','西藏自治区新闻出版广电局','领导职务','0'),('12344','2639','','2002-04','事业单位管理人员','管理七级-正科','二类区','事业单位','西藏电视台','','0'),('12343','2639','','1997-08','事业单位管理人员','管理八级-副科','二类区','事业单位','西藏电视台','','0'),('12342','2639','','1988-07','事业单位专业技术人员','专技十二级-助理','二类区','事业单位','西藏电视台','','0'),('12403','2640','','2015-03','公务员','县处级副职','二类区','机关单位','西藏自治区新闻出版广电局','非领导职务','0'),('12402','2640','','2008-04','公务员','乡科级正职','二类区','机关单位','西藏自治区新闻出版广电局','非领导职务','0'),('12401','2640','','2005-01','公务员','乡科级副职','二类区','机关单位','西藏自治区新闻出版广电局','非领导职务','0'),('12400','2640','','2000-07','公务员','科员','二类区','机关单位','西藏自治区新闻出版广电局','非领导职务','0'),('12231','2641','','2009-03','公务员','乡科级正职','二类区','机关单位','西藏自治区新闻出版广电局','非领导职务','0'),('12324','2658','','2011-07','公务员','乡科级正职','二类区','机关单位','西藏自治区新闻出版广电局','非领导职务','0'),('12323','2658','','2001-07','事业单位专业技术人员','专技十二级-助理','二类区','事业单位','西藏电视台 ','','0'),('13573','2661','','2012-04','公务员','乡科级副职','二类区','机关单位','西藏自治区新闻出版广电局','非领导职务','0'),('13572','2661','','2007-07','公务员','科员','二类区','机关单位','洛隆县中亦乡','非领导职务','0'),('12330','2664','','2012-01','事业单位管理人员','管理五级-正县','二类区','机关单位','西藏电视台 ','非领导职务','0'),('12329','2664','','2010-08','公务员','县处级正职','二类区','机关单位','西藏自治区新闻出版广电局','非领导职务','0'),('12328','2664','','2004-04','公务员','县处级副职','二类区','机关单位','西藏自治区新闻出版广电局','领导职务','0'),('12327','2664','','2000-06','事业单位管理人员','管理六级-副县','二类区','事业单位','西藏电视台 ','','0'),('12326','2664','','1994-01','事业单位管理人员','管理七级-正科','二类区','事业单位','西藏电视台 ','','0'),('12325','2664','','1991-07','事业单位专业技术人员','专技十二级-助理','二类区','事业单位','西藏电视台 ','','0'),('12341','2665','','2015-03','公务员','县处级副职','二类区','机关单位','西藏自治区新闻出版广电局','领导职务','0'),('12340','2665','','2011-07','公务员','县处级副职','二类区','机关单位','西藏自治区新闻出版广电局','非领导职务','0'),('12339','2665','','2002-08','公务员','乡科级正职','二类区','机关单位','西藏自治区新闻出版广电局','非领导职务','0'),('12338','2665','','1998-08','公务员','乡科级副职','二类区','机关单位','西藏自治区新闻出版广电局','非领导职务','0'),('12337','2665','','1991-11','事业单位管理人员','管理九级-科员','二类区','事业单位','昌都地区歌舞团','','0'),('13597','251','','2013-07','公务员','乡科级正职','二类区','机关单位','西藏自治区新闻出版广电局','非领导职务','0'),('13585','2633','','2014-08','公务员','乡科级正职','二类区','机关单位','西藏自治区新闻出版广电局','非领导职务','0'),('12331','2664','','2014-12','公务员','县处级正职','二类区','机关单位','西藏自治区新闻出版广电局','领导职务','0'),('12381','2636','','2013-01','公务员','县处级正职','二类区','机关单位','西藏自治区新闻出版广电局','领导职务','0'),('13576','2669','','2014-11','公务员','乡科级正职','二类区','机关单位','西藏自治区新闻出版广电局','非领导职务','0'),('13575','2669','','2011-07','公务员','乡科级副职','二类区','机关单位','西藏自治区新闻出版广电局','非领导职务','0'),('13574','2669','','2006-07','公务员','科员','二类区','机关单位','隆子县日当镇','非领导职务','0'),('12435','2670','','1986-07','事业单位管理人员','管理九级-科员','二类区','事业单位','阿里地区藏医院','','0'),('12436','2670','','1989-12','公务员','乡科级正职','二类区','机关单位','阿里地区卫生局','非领导职务','0'),('12437','2670','','2001-11','公务员','乡科级正职','二类区','机关单位','西藏自治区新闻出版广电局','领导职务','0'),('12438','2670','','2003-12','公务员','县处级副职','二类区','机关单位','西藏自治区新闻出版广电局','领导职务','0'),('12439','2670','','2010-04','公务员','县处级正职','二类区','机关单位','西藏自治区新闻出版广电局','领导职务','0'),('12461','2671','','2000-07','公务员','科员','二类区','机关单位','工布江达县朱拉乡','非领导职务','0'),('12462','2671','','2002-03','公务员','乡科级副职','二类区','机关单位','工布江达县朱拉乡','领导职务','0'),('12463','2671','','2004-11','公务员','乡科级副职','二类区','机关单位','林芝地区编译局','非领导职务','0'),('12464','2671','','2005-06','公务员','乡科级正职','二类区','机关单位','林芝地区编译局','领导职务','0'),('12465','2671','','2011-11','公务员','乡科级正职','二类区','机关单位','西藏自治区新闻出版广电局','非领导职务','0'),('12466','2671','','2015-02','公务员','县处级副职','二类区','机关单位','西藏自治区新闻出版广电局','非领导职务','0'),('12467','2672','','2001-07','公务员','科员','二类区','机关单位','墨脱县农牧局','非领导职务','0'),('12468','2672','','2005-04','公务员','乡科级副职','二类区','机关单位','墨脱县农牧局','领导职务','0'),('12469','2672','','2007-04','公务员','乡科级副职','二类区','机关单位','林芝地震局','非领导职务','0'),('12470','2672','','2012-04','公务员','乡科级正职','二类区','机关单位','西藏自治区新闻出版广电局','非领导职务','0'),('12471','2673','','1996-07','公务员','科员','二类区','机关单位','西藏自治区新闻出版广电局','非领导职务','0'),('12472','2673','','2000-09','公务员','乡科级副职','二类区','机关单位','西藏自治区新闻出版广电局','非领导职务','0'),('12473','2673','','2003-04','公务员','乡科级正职','二类区','机关单位','西藏自治区新闻出版广电局','领导职务','0'),('12474','2673','','2010-04','公务员','县处级副职','二类区','机关单位','西藏自治区新闻出版广电局','非领导职务','0'),('12475','2673','','2010-09','公务员','县处级副职','二类区','机关单位','西藏自治区新闻出版广电局','领导职务','0'),('12476','2673','','2012-08','公务员','县处级正职','二类区','机关单位','西藏自治区新闻出版广电局','领导职务','0'),('12484','2674','','2010-10','公务员','县处级副职','二类区','机关单位','西藏自治区新闻出版广电局','领导职务','0'),('12483','2674','','2003-04','公务员','乡科级正职','二类区','机关单位','西藏自治区新闻出版广电局','非领导职务','0'),('12482','2674','','2001-11','公务员','乡科级副职','二类区','机关单位','西藏自治区新闻出版广电局','非领导职务','0'),('12481','2674','','1997-07','公务员','科员','二类区','机关单位','西藏自治区新闻出版广电局','非领导职务','0'),('12485','2675','','2003-07','公务员','科员','二类区','机关单位','桑日县统战部','非领导职务','0'),('12486','2675','','2006-10','公务员','乡科级副职','二类区','机关单位','桑日县统战部','领导职务','0'),('12487','2675','','2011-11','公务员','乡科级正职','二类区','机关单位','桑日县曲龙寺管委会','领导职务','0'),('12488','2675','','2012-06','公务员','乡科级正职','二类区','机关单位','西藏自治区新闻出版广电局','非领导职务','0'),('12498','2680','','1983-08','公务员','科员','二类区','机关单位','西藏自治区新闻出版广电局','非领导职务','0'),('12499','2680','','1990-08','公务员','乡科级副职','二类区','机关单位','西藏自治区新闻出版广电局','领导职务','0'),('12500','2680','','1995-11','公务员','乡科级正职','二类区','机关单位','西藏自治区新闻出版广电局','领导职务','0'),('12501','2680','','2001-02','公务员','县处级副职','二类区','机关单位','西藏自治区新闻出版广电局','领导职务','0'),('12502','2680','','2008-04','公务员','县处级正职','二类区','机关单位','西藏自治区新闻出版广电局','领导职务','0'),('12507','2682','','1997-07','公务员','科员','二类区','机关单位','西藏自治区新闻出版广电局','非领导职务','0'),('12508','2682','','2003-11','公务员','乡科级副职','二类区','机关单位','西藏自治区新闻出版广电局','非领导职务','0'),('12509','2682','','2005-08','公务员','乡科级正职','二类区','机关单位','西藏自治区新闻出版广电局','非领导职务','0'),('12510','2682','','2008-10','公务员','县处级副职','二类区','机关单位','西藏自治区新闻出版广电局','领导职务','0'),('12511','2682','','2013-07','公务员','县处级正职','二类区','机关单位','西藏自治区新闻出版广电局','非领导职务','0'),('12518','2685','','1998-07','公务员','科员','二类区','机关单位','西藏自治区新闻出版广电局','非领导职务','0'),('12519','2685','','2002-03','公务员','乡科级副职','二类区','机关单位','西藏自治区新闻出版广电局','非领导职务','0'),('12520','2685','','2004-07','公务员','乡科级正职','二类区','机关单位','西藏自治区新闻出版广电局','非领导职务','0'),('12521','2685','','2011-07','公务员','县处级副职','二类区','机关单位','西藏自治区新闻出版广电局','非领导职务','0'),('12525','2687','','1996-07','公务员','科员','二类区','机关单位','西藏自治区新闻出版广电局','非领导职务','0'),('12526','2687','','2001-11','公务员','乡科级副职','二类区','机关单位','西藏自治区新闻出版广电局','非领导职务','0'),('12527','2687','','2003-04','公务员','乡科级正职','二类区','机关单位','西藏自治区新闻出版广电局','非领导职务','0'),('12528','2687','','2010-09','公务员','县处级副职','二类区','机关单位','西藏自治区新闻出版广电局','领导职务','0'),('12529','2687','','2012-08','公务员','县处级正职','二类区','机关单位','西藏自治区新闻出版广电局','领导职务','0'),('12535','2691','','2001-11','公务员','乡科级正职','二类区','机关单位','西藏自治区新闻出版广电局','非领导职务','0'),('12536','2691','','2003-04','公务员','乡科级正职','二类区','机关单位','西藏自治区新闻出版广电局','领导职务','0'),('12537','2691','','2009-08','公务员','县处级副职','二类区','机关单位','西藏自治区新闻出版广电局','非领导职务','0'),('12538','2691','','2010-04','公务员','县处级副职','二类区','机关单位','西藏自治区新闻出版广电局','领导职务','0'),('12539','2691','','2015-03','公务员','县处级正职','二类区','机关单位','西藏自治区新闻出版广电局','非领导职务','0'),('13571','2693','','2012-04','公务员','乡科级正职','二类区','机关单位','西藏自治区新闻出版广电局','非领导职务','0'),('13570','2693','','2009-03','公务员','乡科级副职','二类区','机关单位','西藏自治区新闻出版广电局','非领导职务','0'),('13569','2693','','2005-07','公务员','科员','二类区','机关单位','西藏自治区新闻出版广电局','非领导职务','0'),('12745','2697','','2012-04','公务员','乡科级副职','二类区','机关单位','西藏自治区新闻出版广电局','非领导职务','0'),('12744','2697','','2004-07','公务员','科员','二类区','机关单位','西藏自治区新闻出版广电局','非领导职务','0'),('12564','2701','','1976-07','事业单位专业技术人员','专技十二级-助理','二类区','事业单位','拉萨市委党校','','0'),('12565','2701','','1990-11','公务员','科员','二类区','机关单位','西藏自治区新闻出版广电局','非领导职务','0'),('12566','2701','','1992-12','公务员','乡科级副职','二类区','机关单位','西藏自治区新闻出版广电局','非领导职务','0'),('12567','2701','','1993-09','公务员','乡科级正职','二类区','机关单位','西藏自治区新闻出版广电局','非领导职务','0'),('12568','2701','','1996-08','公务员','县处级副职','二类区','机关单位','西藏自治区新闻出版广电局','领导职务','0'),('12569','2701','','2005-08','公务员','县处级正职','二类区','机关单位','西藏自治区新闻出版广电局','非领导职务','0'),('12570','2701','','2010-06','公务员','县处级正职','二类区','机关单位','西藏自治区新闻出版广电局','领导职务','0'),('13461','2875','','2012-05','事业单位管理人员','管理七级-正科','二类区','事业单位','拉萨监测台','','0'),('13952','2703','','2012-08','公务员','县处级副职','二类区','机关单位','西藏自治区新闻出版广电局','领导职务','0'),('13951','2703','','2009-08','公务员','县处级副职','二类区','机关单位','西藏自治区新闻出版广电局','非领导职务','0'),('13950','2703','','2006-04','公务员','乡科级正职','二类区','机关单位','西藏自治区新闻出版广电局','领导职务','0'),('13949','2703','','2003-04','公务员','乡科级正职','二类区','机关单位','西藏自治区新闻出版广电局','非领导职务','0'),('13948','2703','','2001-09','公务员','乡科级副职','二类区','机关单位','西藏自治区新闻出版广电局','非领导职务','0'),('13947','2703','','1988-07','事业单位管理人员','管理九级-科员','二类区','事业单位','拉萨中学','','0'),('13460','2875','','2006-12','事业单位专业技术人员','专技十二级-助理','二类区','事业单位','拉萨监测台','','0'),('13459','2875','','2006-07','事业单位管理人员','管理八级-副科','二类区','事业单位','拉萨监测台','','0'),('13458','2875','','2001-07','事业单位专业技术人员','专技十三级-员级','二类区','事业单位','拉萨监测台','','0'),('12601','2713','','2002-07','公务员','科员','二类区','机关单位','尼木县尼木乡','非领导职务','0'),('12602','2713','','2012-04','公务员','乡科级副职','二类区','机关单位','西藏自治区新闻出版广电局','非领导职务','0'),('12743','2730','','2013-07','公务员','乡科级副职','二类区','机关单位','西藏自治区新闻出版广电局','非领导职务','0'),('12742','2730','','2009-08','公务员','科员','二类区','机关单位','西藏自治区新闻出版广电局','非领导职务','0'),('12634','2733','','1973-07','事业单位专业技术人员','专技十三级-员级','特别区','事业单位','西藏电视台 ','','0'),('12635','2733','','1984-07','事业单位专业技术人员','专技十二级-助理','二类区','事业单位','西藏电视台 ','','0'),('12636','2733','','1995-03','事业单位管理人员','管理八级-副科','二类区','事业单位','西藏电视台 ','','0'),('12637','2733','','1997-08','事业单位管理人员','管理七级-正科','二类区','事业单位','西藏电视台 ','','0'),('12638','2733','','2004-01','事业单位管理人员','管理六级-副县','二类区','事业单位','西藏电视台 ','','0'),('12639','2733','','2011-10','公务员','县处级副职','二类区','机关单位','西藏自治区新闻出版广电局','领导职务','0'),('12640','2733','','2012-02','公务员','县处级正职','二类区','机关单位','西藏自治区新闻出版广电局','领导职务','0'),('12662','2736','','1993-07','公务员','科员','二类区','机关单位','西藏自治区新闻出版广电局','非领导职务','0'),('12663','2736','','1997-12','公务员','乡科级副职','二类区','机关单位','西藏自治区新闻出版广电局','非领导职务','0'),('12664','2736','','2001-04','公务员','乡科级正职','二类区','机关单位','西藏自治区新闻出版广电局','非领导职务','0'),('12665','2736','','2011-07','公务员','县处级副职','二类区','机关单位','西藏自治区新闻出版广电局','领导职务','0'),('12687','2739','','1989-08','事业单位专业技术人员','专技十二级-助理','二类区','事业单位','602台','','0'),('12688','2739','','1995-11','事业单位管理人员','管理八级-副科','二类区','事业单位','602台','','0'),('12689','2739','','2002-08','公务员','乡科级正职','二类区','机关单位','西藏自治区新闻出版广电局','非领导职务','0'),('12690','2739','','2007-11','公务员','县处级副职','二类区','机关单位','西藏自治区新闻出版广电局','非领导职务','0'),('12691','2739','','2011-07','公务员','县处级副职','二类区','机关单位','西藏自治区新闻出版广电局','领导职务','0'),('12705','2741','','1983-08','事业单位管理人员','管理九级-科员','二类区','事业单位','西藏电视台 ','','0'),('12706','2741','','1995-03','事业单位管理人员','管理七级-正科','二类区','事业单位','西藏电视台 ','','0'),('12707','2741','','1997-03','事业单位管理人员','管理六级-副县','二类区','事业单位','西藏电视台 ','','0'),('12708','2741','','2004-12','事业单位管理人员','管理五级-正县','二类区','事业单位','西藏电视台 ','','0'),('12709','2741','','2014-12','公务员','县处级正职','二类区','机关单位','西藏自治区新闻出版广电局','领导职务','0'),('12717','2743','','1996-07','事业单位管理人员','管理九级-科员','二类区','事业单位','中波台','','0'),('12718','2743','','2000-01','事业单位管理人员','管理八级-副科','二类区','事业单位','中波台','','0'),('12719','2743','','2006-12','事业单位管理人员','管理七级-正科','二类区','事业单位','中波台','','0'),('12720','2743','','2011-07','公务员','县处级副职','二类区','机关单位','西藏自治区新闻出版广电局','领导职务','0'),('12738','2746','','2001-07','事业单位管理人员','管理九级-科员','二类区','事业单位','中波台','','0'),('12739','2746','','2004-05','事业单位管理人员','管理八级-副科','二类区','事业单位','中波台','','0'),('12740','2746','','2008-08','事业单位管理人员','管理七级-正科','二类区','事业单位','中波台','','0'),('12741','2746','','2015-03','公务员','县处级副职','二类区','机关单位','西藏自治区新闻出版广电局','非领导职务','0'),('12748','2747','','1986-07','公务员','科员','二类区','机关单位','西藏自治区新闻出版广电局','非领导职务','0'),('12749','2747','','1988-04','公务员','乡科级副职','二类区','机关单位','西藏自治区新闻出版广电局','领导职务','0'),('12750','2747','','1994-01','事业单位管理人员','管理八级-副科','二类区','事业单位','西藏电视台 ','领导职务','0'),('12751','2747','','1997-08','事业单位管理人员','管理七级-正科','二类区','事业单位','西藏电视台 ','领导职务','0'),('12752','2747','','2004-04','公务员','县处级副职','二类区','机关单位','西藏自治区新闻出版广电局','领导职务','0'),('12753','2747','','2010-10','事业单位管理人员','管理五级-正县','二类区','事业单位','西藏电视台 ','领导职务','0'),('12754','2747','','2014-10','公务员','县处级正职','二类区','机关单位','西藏自治区新闻出版广电局','领导职务','0'),('12761','2750','','1989-06','事业单位工人','普通-普通工','特别区','事业单位','青海湟源县招待所','','0'),('12762','2750','','1998-04','事业单位管理人员','管理九级-科员','二类区','事业单位','培训中心','','0'),('12763','2750','','2000-01','公务员','乡科级副职','二类区','机关单位','西藏自治区新闻出版广电局','非领导职务','0'),('12764','2750','','2005-08','公务员','乡科级正职','二类区','机关单位','西藏自治区新闻出版广电局','非领导职务','0'),('12765','2750','','2011-07','公务员','县处级副职','二类区','机关单位','西藏自治区新闻出版广电局','非领导职务','0'),('12766','2750','','2015-03','公务员','县处级副职','二类区','机关单位','西藏自治区新闻出版广电局','领导职务','0'),('14635','2773','','2012-01','公务员','县处级副职','二类区','机关单位','西藏自治区新闻出版广电局','非领导职务','0'),('14634','2773','','2006-05','事业单位管理人员','管理七级-正科','二类区','事业单位','西藏电视台 ','领导职务','0'),('14633','2773','','2005-12','事业单位管理人员','管理八级-副科','二类区','事业单位','西藏电视台 ','领导职务','0'),('14632','2773','','1999-12','公务员','乡科级副职','二类区','事业单位','西藏自治区新闻出版广电局','领导职务','0'),('14631','2773','','1998-04','事业单位管理人员','管理八级-副科','二类区','事业单位','西藏电视台 ','领导职务','0'),('14630','2773','','1992-01','公务员','乡科级副职','二类区','机关单位','西藏自治区新闻出版广电局','领导职务','0'),('14629','2773','','1987-09','公务员','科员','二类区','事业单位','西藏自治区新闻出版广电局','非领导职务','0'),('14628','2773','','1982-04','事业单位管理人员','管理九级-科员','二类区','事业单位','日喀则地区电视台','','0'),('14627','2773','','1976-03','事业单位管理人员','管理十级-办事员','二类区','事业单位','日喀则地区汽修厂','','0'),('12891','2774','','1999-07','公务员','办事员','二类区','机关单位','米林县丹娘乡','非领导职务','0'),('12892','2774','','2000-11','事业单位专业技术人员','专技十三级-员级','二类区','事业单位','米林县电视台','非领导职务','0'),('12893','2774','','2001-10','公务员','办事员','二类区','机关单位','林芝地区文广局','非领导职务','0'),('12894','2774','','2003-07','公务员','科员','二类区','机关单位','林芝地区文广局','非领导职务','0'),('12895','2774','','2006-07','公务员','乡科级副职','二类区','机关单位','林芝地区文广局','非领导职务','0'),('12896','2774','','2011-03','公务员','乡科级副职','二类区','机关单位','西藏自治区新闻出版广电局','非领导职务','0'),('12897','2774','','2011-08','公务员','乡科级正职','二类区','机关单位','西藏自治区新闻出版广电局','非领导职务','0'),('13568','2775','','2014-08','公务员','乡科级正职','二类区','机关单位','西藏自治区新闻出版广电局','非领导职务','0'),('13567','2775','','2011-08','公务员','乡科级副职','二类区','机关单位','西藏自治区新闻出版广电局','非领导职务','0'),('13566','2775','','2010-08','公务员','科员','二类区','机关单位','西藏自治区新闻出版广电局','非领导职务','0'),('13565','2775','','2006-07','公务员','科员','二类区','机关单位','察隅县古拉乡','非领导职务','0'),('12902','2776','','1995-07','公务员','科员','二类区','机关单位','西藏自治区新闻出版广电局','非领导职务','0'),('12903','2776','','2000-07','公务员','乡科级副职','二类区','机关单位','西藏自治区新闻出版广电局','非领导职务','0'),('12904','2776','','2002-07','公务员','乡科级正职','二类区','机关单位','西藏自治区新闻出版广电局','非领导职务','0'),('12905','2776','','2008-10','公务员','县处级副职','二类区','机关单位','西藏自治区新闻出版广电局','领导职务','0'),('12906','2776','','2015-03','公务员','县处级正职','二类区','机关单位','西藏自治区新闻出版广电局','非领导职务','0'),('12907','2777','','1998-01','公务员','科员','二类区','机关单位','西藏自治区新闻出版广电局','非领导职务','0'),('12908','2777','','2003-04','公务员','乡科级副职','二类区','机关单位','西藏自治区新闻出版广电局','非领导职务','0'),('12909','2777','','2006-04','公务员','乡科级正职','二类区','机关单位','西藏自治区新闻出版广电局','非领导职务','0'),('12910','2777','','2010-09','公务员','县处级副职','二类区','机关单位','西藏自治区新闻出版广电局','非领导职务','0'),('12911','2777','','2012-08','公务员','县处级副职','二类区','机关单位','西藏自治区新闻出版广电局','领导职务','0'),('12914','2779','','1984-11','公务员','科员','二类区','机关单位','西藏自治区新闻出版广电局','非领导职务','0'),('12915','2779','','1995-05','公务员','乡科级副职','二类区','机关单位','西藏自治区新闻出版广电局','领导职务','0'),('12916','2779','','1999-10','公务员','乡科级正职','二类区','机关单位','西藏自治区新闻出版广电局','非领导职务','0'),('12917','2779','','2011-07','公务员','县处级副职','二类区','机关单位','西藏自治区新闻出版广电局','领导职务','0'),('12925','2781','','1998-07','公务员','科员','二类区','机关单位','扎朗县财政局','非领导职务','0'),('12926','2781','','2002-03','事业单位管理人员','管理九级-科员','二类区','事业单位','拉萨市医保中心','非领导职务','0'),('12927','2781','','2011-03','公务员','科员','二类区','机关单位','拉萨市就业局','非领导职务','0'),('12928','2781','','2011-09','公务员','乡科级副职','二类区','机关单位','拉萨市就业局','非领导职务','0'),('12929','2781','','2014-11','公务员','乡科级正职','二类区','机关单位','西藏自治区新闻出版广电局','非领导职务','0'),('12930','2782','','2002-07','公务员','办事员','二类区','机关单位','米林县里龙乡','非领导职务','0'),('12931','2782','','2005-07','公务员','科员','二类区','机关单位','米林县里龙乡','非领导职务','0'),('12932','2782','','2007-11','事业单位管理人员','管理九级-科员','二类区','事业单位','自治区新华书店','非领导职务','0'),('12933','2782','','2010-09','公务员','科员','二类区','机关单位','西藏自治区新闻出版广电局','非领导职务','0'),('12934','2782','','2012-04','公务员','乡科级副职','二类区','机关单位','西藏自治区新闻出版广电局','非领导职务','0'),('12935','2783','','1991-07','公务员','科员','二类区','机关单位','西藏自治区新闻出版广电局','非领导职务','0'),('12936','2783','','1995-11','公务员','乡科级副职','二类区','机关单位','西藏自治区新闻出版广电局','领导职务','0'),('12937','2783','','1997-09','事业单位管理人员','管理七级-正科','二类区','事业单位','自治区有线电视台','领导职务','0'),('12938','2783','','2001-02','公务员','县处级副职','二类区','机关单位','西藏自治区新闻出版广电局','领导职务','0'),('12939','2783','','2010-09','公务员','县处级正职','二类区','机关单位','西藏自治区新闻出版广电局','领导职务','0'),('13249','2784','','2015-11','公务员','县处级正职','二类区','机关单位','西藏自治区新闻出版广电局','领导职务','0'),('13248','2784','','2014-10','公务员','县处级副职','二类区','机关单位','西藏自治区新闻出版广电局','领导职务','0'),('13246','2784','','2004-06','公务员','乡科级正职','二类区','机关单位','西藏自治区新闻出版广电局','领导职务','0'),('13247','2784','','2010-12','公务员','县处级副职','二类区','机关单位','西藏自治区新闻出版广电局','非领导职务','0'),('13245','2784','','1999-10','公务员','乡科级正职','二类区','机关单位','西藏自治区新闻出版广电局','非领导职务','0'),('13244','2784','','1997-08','公务员','乡科级副职','二类区','机关单位','西藏自治区新闻出版广电局','非领导职务','0'),('13243','2784','','1992-06','公务员','科员','三类区','机关单位','比如县','非领导职务','0'),('12948','2785','','1990-08','公务员','办事员','四类区','机关单位','聂荣县','非领导职务','0'),('12949','2785','','1994-04','公务员','科员','四类区','机关单位','聂荣县','非领导职务','0'),('12950','2785','','1995-04','公务员','乡科级副职','四类区','机关单位','聂荣县','领导职务','0'),('12951','2785','','1998-05','公务员','乡科级副职','二类区','机关单位','西藏自治区新闻出版广电局','非领导职务','0'),('12952','2785','','2005-12','公务员','乡科级正职','二类区','机关单位','西藏自治区新闻出版广电局','非领导职务','0'),('12953','2785','','2013-04','公务员','县处级副职','二类区','机关单位','西藏自治区新闻出版广电局','非领导职务','0'),('12954','2786','','1999-07','公务员','科员','二类区','机关单位','贡嘎县','非领导职务','0'),('12955','2786','','2002-10','公务员','乡科级副职','二类区','机关单位','贡嘎县','领导职务','0'),('12956','2786','','2003-10','公务员','乡科级副职','二类区','机关单位','西藏自治区新闻出版广电局','非领导职务','0'),('12957','2786','','2006-04','公务员','乡科级正职','二类区','机关单位','西藏自治区新闻出版广电局','非领导职务','0'),('12958','2786','','2010-09','事业单位管理人员','管理六级-副县','二类区','事业单位','西藏自治区新闻出版广电局','非领导职务','0'),('12959','2787','','1984-06','机关工人','初级工','二类区','机关单位','西藏自治区新闻出版广电局','','0'),('12960','2787','','1995-06','机关工人','中级工','二类区','机关单位','西藏自治区新闻出版广电局','','0'),('12961','2787','','2004-04','机关工人','高级工','二类区','机关单位','西藏自治区新闻出版广电局','','0'),('12962','2787','','2010-01','事业单位管理人员','管理八级-副科','二类区','事业单位','西藏自治区新闻出版广电局','','0'),('12963','2787','','2012-05','事业单位管理人员','管理七级-正科','二类区','事业单位','西藏自治区新闻出版广电局','','0'),('12964','2788','','1997-01','机关工人','初级工','二类区','机关单位','西藏自治区新闻出版广电局','','0'),('12965','2788','','2006-06','机关工人','中级工','二类区','机关单位','西藏自治区新闻出版广电局','','0'),('12966','2788','','2008-12','机关工人','高级工','二类区','机关单位','西藏自治区新闻出版广电局','','0'),('12967','2788','','2010-01','事业单位管理人员','管理八级-副科','二类区','事业单位','西藏自治区新闻出版广电局','','0'),('12968','2788','','2012-05','事业单位管理人员','管理七级-正科','二类区','事业单位','西藏自治区新闻出版广电局','','0'),('13054','2796','','2009-09','机关工人','普通工','二类区','机关单位','西藏自治区新闻出版广电局','','0'),('13900','2794','','2005-07','机关工人','中级工','二类区','机关单位','西藏自治区新闻出版广电局','','0'),('13053','2795','','2010-11','机关工人','初级工','二类区','机关单位','西藏自治区新闻出版广电局','','0'),('13242','2784','','1988-03','公务员','办事员','三类区','机关单位','比如县','非领导职务','0'),('13055','2797','','2011-10','机关工人','初级工','二类区','机关单位','西藏自治区新闻出版广电局','','0'),('13155','2831','','2006-12','机关工人','初级工','二类区','机关单位','西藏自治区新闻出版广电局','','0'),('14636','2830','','1999-01','机关工人','初级工','二类区','机关单位','西藏自治区新闻出版广电局','','0'),('14637','2830','','2001-11','机关工人','高级工','二类区','机关单位','西藏自治区新闻出版广电局','','0'),('13156','2831','','2010-01','机关工人','中级工','二类区','机关单位','西藏自治区新闻出版广电局','','0'),('13157','2832','','2013-06','机关工人','技师','二类区','机关单位','西藏自治区新闻出版广电局','','0'),('14588','2833','','2002-12','机关工人','中级工','二类区','机关单位','西藏自治区新闻出版广电局','','0'),('13159','2834','','2009-07','机关工人','高级工','二类区','机关单位','西藏自治区新闻出版广电局','','0'),('13162','2836','','1993-10','公务员','乡科级副职','二类区','机关单位','西藏自治区新闻出版广电局','非领导职务','0'),('13163','2836','','1997-02','公务员','乡科级正职','二类区','机关单位','西藏自治区新闻出版广电局','非领导职务','0'),('13164','2836','','1998-01','公务员','乡科级正职','二类区','机关单位','西藏自治区新闻出版广电局','领导职务','0'),('13165','2836','','2000-09','事业单位管理人员','管理六级-副县','二类区','事业单位','自治区新华书店','领导职务','0'),('13166','2836','','2003-04','事业单位管理人员','管理五级-正县','二类区','事业单位','自治区新华书店','领导职务','0'),('13167','2836','','2012-08','公务员','县处级正职','二类区','机关单位','西藏自治区新闻出版广电局','领导职务','0'),('13168','2836','','2014-12','事业单位管理人员','管理五级-正县','二类区','事业单位','质检中心','领导职务','0'),('13178','2838','','2005-09','事业单位管理人员','管理八级-副科','二类区','事业单位','林芝','','0'),('13179','2838','','2008-01','事业单位专业技术人员','专技十级-中级','二类区','事业单位','林芝','','0'),('13180','2838','','2011-06','公务员','乡科级正职','二类区','机关单位','林芝','非领导职务','0'),('13181','2838','','2015-03','事业单位管理人员','管理六级-副县','二类区','事业单位','质监中心','非领导职务','0'),('13182','2838','','2015-07','事业单位专业技术人员','专技七级-副高','二类区','事业单位','质检中心','非领导职务','0'),('13183','2839','','2000-07','事业单位专业技术人员','专技十二级-助理','二类区','事业单位','日喀则中学','','0'),('13184','2839','','2011-01','事业单位管理人员','管理八级-副科','二类区','事业单位','西藏人民出版社','','0'),('13185','2839','','2013-08','事业单位管理人员','管理七级-正科','二类区','事业单位','西藏人民出版社','','0'),('13186','2839','','2016-04','事业单位专业技术人员','专技十级-中级','二类区','事业单位','质检中心','','0'),('13205','2840','','2005-07','事业单位专业技术人员','专技十二级-助理','二类区','事业单位','人民出版社','','0'),('13206','2840','','2011-01','事业单位管理人员','管理八级-副科','二类区','事业单位','人民出版社','','0'),('13207','2840','','2015-03','事业单位管理人员','管理七级-正科','二类区','事业单位','质检中心','','0'),('13208','2841','','2012-11','事业单位管理人员','管理九级-科员','二类区','事业单位','质检中心','','0'),('13209','2841','','2015-08','事业单位专业技术人员','专技十二级-助理','二类区','事业单位','质检中心','','0'),('13210','2841','','2016-04','事业单位专业技术人员','专技十级-中级','二类区','事业单位','质检中心','','0'),('13546','2842','','2015-08','事业单位专业技术人员','专技十二级-助理','二类区','事业单位','质检中心','','0'),('13545','2842','','2012-11','事业单位管理人员','管理九级-科员','二类区','事业单位','质检中心','','0'),('13218','2843','','2013-03','事业单位工人','技术工五级-初级工','二类区','事业单位','质检中心','','0'),('13534','2844','','2015-09','事业单位专业技术人员','专技十二级-助理','二类区','事业单位','质检中心','','0'),('13535','2845','','2015-09','事业单位专业技术人员','专技十二级-助理','二类区','事业单位','质检中心','','0'),('13536','2846','','2015-09','事业单位专业技术人员','专技十二级-助理','二类区','事业单位','质检中心','','0'),('13540','2847','','2015-09','事业单位专业技术人员','专技十二级-助理','二类区','事业单位','质检中心','','0'),('13551','2848','','2011-08','公务员','科员','二类区','机关单位','工布江达','非领导职务','0'),('13553','2849','','2011-11','事业单位专业技术人员','专技十二级-助理','二类区','事业单位','质检中心','','0'),('13552','2848','','2016-01','事业单位专业技术人员','专技十二级-助理','二类区','事业单位','质检中心','非领导职务','0'),('13464','2877','','2002-07','事业单位专业技术人员','专技十三级-员级','二类区','事业单位','拉萨监测台','','0'),('13465','2877','','2006-12','事业单位专业技术人员','专技十二级-助理','二类区','事业单位','拉萨监测台','','0'),('13466','2877','','2008-08','事业单位管理人员','管理八级-副科','二类区','事业单位','拉萨监测台','','0'),('13467','2877','','2010-08','事业单位专业技术人员','专技十级-中级','二类区','事业单位','拉萨监测台','','0'),('13469','2878','','2001-07','事业单位专业技术人员','专技十三级-员级','二类区','事业单位','拉萨监测台','','0'),('13470','2878','','2003-12','事业单位专业技术人员','专技十二级-助理','二类区','事业单位','拉萨监测台','','0'),('13471','2878','','2008-08','事业单位管理人员','管理八级-副科','二类区','事业单位','拉萨监测台','','0'),('13472','2878','','2009-06','事业单位专业技术人员','专技十级-中级','二类区','事业单位','拉萨监测台','','0'),('13473','2878','','2012-05','事业单位管理人员','管理七级-正科','二类区','事业单位','拉萨监测台','','0'),('13474','2878','','2016-04','事业单位专业技术人员','专技七级-副高','二类区','事业单位','拉萨监测台','','0'),('13475','2879','','2002-09','事业单位专业技术人员','专技十二级-助理','二类区','事业单位','拉萨监测台','','0'),('13476','2879','','2006-12','事业单位管理人员','管理八级-副科','二类区','事业单位','拉萨监测台','','0'),('13477','2879','','2012-05','事业单位管理人员','管理七级-正科','二类区','事业单位','拉萨监测台','','0'),('13478','2880','','2004-07','事业单位专业技术人员','专技十三级-员级','二类区','事业单位','拉萨监测台','','0'),('13479','2880','','2008-01','事业单位专业技术人员','专技十二级-助理','二类区','事业单位','拉萨监测台','','0'),('13480','2880','','2012-05','事业单位管理人员','管理八级-副科','二类区','事业单位','拉萨监测台','','0'),('13481','2880','','2014-08','事业单位专业技术人员','专技十级-中级','二类区','事业单位','拉萨监测台','','0'),('13482','2881','','2002-07','事业单位专业技术人员','专技十三级-员级','二类区','事业单位','拉萨监测台','','0'),('13483','2881','','2007-04','事业单位专业技术人员','专技十二级-助理','二类区','事业单位','拉萨监测台','','0'),('13484','2881','','2010-08','事业单位专业技术人员','专技十级-中级','二类区','事业单位','拉萨监测台','','0'),('13557','2882','','2016-04','事业单位专业技术人员','专技十级-中级','二类区','事业单位','拉萨监测台','','0'),('13555','2882','','2009-01','事业单位专业技术人员','专技十二级-助理','二类区','事业单位','拉萨监测台','','0'),('13556','2882','','2012-05','事业单位管理人员','管理八级-副科','二类区','事业单位','拉萨监测台','','0'),('13489','2883','','2004-07','事业单位专业技术人员','专技十三级-员级','二类区','事业单位','拉萨监测台','','0'),('13490','2883','','2007-12','事业单位专业技术人员','专技十二级-助理','二类区','事业单位','拉萨监测台','','0'),('13491','2884','','2006-12','事业单位工人','技术工五级-初级工','二类区','事业单位','拉萨监测台','','0'),('13492','2885','','2006-05','事业单位专业技术人员','专技十三级-员级','二类区','事业单位','拉萨监测台','','0'),('13493','2885','','2008-12','事业单位专业技术人员','专技十二级-助理','二类区','事业单位','拉萨监测台','','0'),('13494','2885','','2013-08','事业单位专业技术人员','专技十级-中级','二类区','事业单位','拉萨监测台','','0'),('13562','2886','','2010-03','事业单位专业技术人员','专技十二级-助理','二类区','事业单位','拉萨监测台','','0'),('13561','2886','','2006-05','事业单位专业技术人员','专技十三级-员级','二类区','事业单位','拉萨监测台','','0'),('13502','2887','','2013-08','事业单位专业技术人员','专技十级-中级','二类区','事业单位','拉萨监测台','','0'),('13501','2887','','2007-12','事业单位专业技术人员','专技十二级-助理','二类区','事业单位','拉萨监测台','','0'),('13500','2887','','2000-12','事业单位专业技术人员','专技十三级-员级','二类区','事业单位','拉萨监测台','','0'),('13503','2888','','2004-07','事业单位专业技术人员','专技十三级-员级','二类区','事业单位','拉萨监测台','','0'),('13504','2888','','2006-11','事业单位管理人员','管理八级-副科','二类区','事业单位','拉萨监测台','','0'),('13505','2888','','2008-03','事业单位专业技术人员','专技十二级-助理','二类区','事业单位','拉萨监测台','','0'),('13506','2888','','2012-08','事业单位专业技术人员','专技十级-中级','二类区','事业单位','拉萨监测台','','0'),('15955','2889','','2013-08','事业单位专业技术人员','专技十级-中级','二类区','事业单位','拉萨监测台','','0'),('15954','2889','','2006-12','事业单位专业技术人员','专技十二级-助理','二类区','事业单位','拉萨监测台','','0'),('15953','2889','','2002-07','事业单位专业技术人员','专技十三级-员级','二类区','事业单位','拉萨监测台','','0'),('13517','2892','','1993-03','事业单位工人','技术工五级-初级工','二类区','机关单位','西藏自治区新闻出版广电局','','0'),('13518','2892','','2006-06','事业单位工人','技术工四级-中级工','二类区','机关单位','西藏自治区新闻出版广电局','','0'),('13519','2892','','2015-12','事业单位工人','技术工四级-中级工','二类区','事业单位','拉萨监测台','','0'),('13564','2894','','2009-10','事业单位专业技术人员','专技十三级-员级','二类区','事业单位','拉萨监测台','非领导职务','0'),('13563','2894','','2007-03','公务员','科员','二类区','机关单位','西藏自治区新闻出版广电局','非领导职务','0'),('13554','2882','','2006-05','事业单位专业技术人员','专技十三级-员级','二类区','事业单位','拉萨监测台','','0'),('13610','2902','','1982-12','事业单位工人','普通-普通工','二类区','事业单位','维护队','','0'),('13611','2902','','1993-07','事业单位专业技术人员','专技十二级-助理','二类区','事业单位','维护队','','0'),('13612','2902','','1998-02','事业单位专业技术人员','专技十级-中级','二类区','事业单位','维护队','','0'),('13613','2902','','2001-11','事业单位管理人员','管理七级-正科','二类区','事业单位','维护队','','0'),('13614','2902','','2008-04','事业单位专业技术人员','专技七级-副高','二类区','事业单位','维护队','','0'),('13622','2905','','1993-07','事业单位专业技术人员','专技十三级-员级','二类区','事业单位','维护队','','0'),('13623','2905','','2006-05','事业单位管理人员','管理八级-副科','二类区','事业单位','维护队','','0'),('13624','2905','','2008-08','事业单位管理人员','管理七级-正科','二类区','事业单位','维护队','','0'),('13642','2912','','2001-07','事业单位专业技术人员','专技十二级-助理','二类区','事业单位','维护队','','0'),('13643','2912','','2001-10','事业单位管理人员','管理八级-副科','二类区','事业单位','维护队','','0'),('13644','2912','','2008-05','事业单位专业技术人员','专技十级-中级','二类区','事业单位','维护队','','0'),('13645','2912','','2008-09','事业单位管理人员','管理七级-正科','二类区','事业单位','维护队','','0'),('13646','2912','','2014-08','事业单位专业技术人员','专技七级-副高','二类区','事业单位','维护队','','0'),('13651','2914','','2005-12','事业单位专业技术人员','专技十二级-助理','二类区','事业单位','维护队','','0'),('13652','2914','','2008-08','事业单位管理人员','管理八级-副科','二类区','事业单位','维护队','','0'),('13653','2914','','2010-08','事业单位专业技术人员','专技十级-中级','二类区','事业单位','维护队','','0'),('13657','2916','','1998-12','事业单位工人','技术工五级-初级工','二类区','事业单位','维护队','','0'),('13658','2916','','2007-12','事业单位专业技术人员','专技十二级-助理','二类区','事业单位','维护队','','0'),('13659','2916','','2011-08','事业单位专业技术人员','专技十级-中级','二类区','事业单位','维护队','','0'),('13664','2918','','2008-11','事业单位专业技术人员','专技十二级-助理','二类区','事业单位','中波台','','0'),('13665','2918','','2014-07','事业单位专业技术人员','专技十级-中级','二类区','事业单位','维护队','','0'),('13673','2921','','1995-07','事业单位专业技术人员','专技十三级-员级','二类区','事业单位','维护队','','0'),('13674','2921','','2003-01','事业单位专业技术人员','专技十二级-助理','二类区','事业单位','维护队','','0'),('13675','2921','','2009-07','事业单位专业技术人员','专技十级-中级','二类区','事业单位','维护队','','0'),('13876','2924','','2008-08','事业单位管理人员','管理七级-正科','二类区','事业单位','音像出版社','','0'),('13875','2924','','2007-06','事业单位专业技术人员','专技十级-中级','二类区','事业单位','音像出版社','','0'),('13874','2924','','2006-05','事业单位管理人员','管理八级-副科','二类区','事业单位','音像出版社','','0'),('13873','2924','','1996-07','事业单位专业技术人员','专技十三级-员级','二类区','事业单位','音像出版社','','0'),('13877','2924','','2016-04','事业单位专业技术人员','专技七级-副高','二类区','事业单位','音像出版社','','0'),('14643','3141','','2016-08','事业单位专业技术人员','专技十一级','二类区','事业单位','西藏音像出版社','','0'),('14642','3142','','2016-08','事业单位专业技术人员','专技十一级','二类区','事业单位','西藏音像出版社','','0'),('14641','3143','','2016-08','事业单位专业技术人员','专技十二级-助理','二类区','事业单位','西藏音像出版社','','0');|INSERT INTO `tx_studyinfo` (`id`, `personid`, `level`, `gettime`, `school`)  VALUES ('282','255','本科','2001-12',''),('1030','2664','研究生','2005-06',''),('1199','2554','硕士','2012-07',''),('1036','2636','本科','2000-12',''),('1026','2582','大专','2011-07',''),('1035','2569','本科','2011-01',''),('1031','2565','本科','2003-12',''),('1032','2665','本科','2006-12',''),('1033','2623','大专','2012-07',''),('1034','2629','大专','2003-07',''),('1037','2636','研究生','2010-07',''),('1039','2611','研究生','2012-06',''),('1040','2640','研究生','2011-12',''),('1041','2627','大专','2009-07',''),('1042','2672','本科','2009-12',''),('1043','2673','本科','2009-12',''),('1045','2674','本科','2002-12',''),('1046','2680','大专','2005-12',''),('1047','2682','本科','2010-10',''),('1048','2685','研究生','2004-07',''),('1051','2701','研究生','2004-07',''),('1215','2703','研究生','2006-07',''),('1280','2773','本科','2003-06',''),('1092','2774','大专','2007-06',''),('1093','2776','研究生','2006-07',''),('1094','2777','大专','2003-07',''),('1087','2750','本科','2004-12',''),('1059','2713','本科','2005-12',''),('1086','2750','大专','2002-06',''),('1085','2750','中专','1999-07',''),('1084','2746','研究生','2008-06',''),('1076','2743','大专','2009-06',''),('1096','2779','中专','1987-07',''),('1098','2781','本科','2010-03',''),('1099','2782','大专','2005-07',''),('1100','2782','本科','2008-12',''),('1101','2783','研究生','2006-07',''),('1102','2785','大专','2003-07',''),('1103','2788','大专','2002-07',''),('1209','2794','大专','2013-07',''),('1133','2831','大专','2014-01',''),('1279','2833','大专','2011-01',''),('1135','2834','本科','2007-06',''),('1186','2875','大专','2006-06',''),('1187','2877','大专','2012-01',''),('1188','2878','大专','2005-06',''),('1189','2881','大专','2009-07',''),('1198','2882','大专','2005-06',''),('1191','2884','大专','2011-08',''),('1192','2885','大专','2012-01',''),('1194','2887','大专','2010-01',''),('1195','2888','大专','2009-06',''),('1200','2905','大专','2003-06',''),('1201','2912','硕士','2010-06',''),('1202','2914','中专','2004-07',''),('1203','2916','大专','2003-06',''),('1204','2921','大专','2006-06',''),('1207','2924','大专','2006-07','');|INSERT INTO `tx_checkinfo` (`id`, `personid`, `gettime`, `check`)  VALUES ('1655','251','2005','称职'),('1656','2554','1994',''),('1654','2574','2007','不通过'),('1653','2580','2006','不通过'),('1660','2581','2006','不通过'),('1646','2894','2007','不定等次'),('1636','2844','2015','不通过'),('1637','2845','2015','不通过'),('1638','2846','2015','不通过'),('1639','2847','2015','不通过'),('1640','2842','2011','不通过'),('1644','2882','2006','不通过'),('1642','2848','2011','不通过'),('1643','2849','2011','不通过'),('1645','2886','2006','不通过'),('1647','2775','2006','不通过'),('1648','2661','2007','不通过'),('1649','2669','2006','不通过'),('1650','2638','2007','不通过'),('1651','2633','2007','不通过'),('1657','2918','2008','不通过'),('1871','2833','2007','不通过'),('1877','3141','2016','不通过'),('1876','3142','2016','不通过'),('1875','3143','2016','不通过');|INSERT INTO `tx_heightinfo` (`id`, `personid`, `area`, `city`, `county`, `height`, `acc`, `iscity`, `heightid`, `gettime`)  VALUES ('8113','251','拉萨','城关','纳金乡','3650','纳金乡','否','','2005-07'),('484','255','拉萨','城关区','纳金乡','3650','纳金乡','否','0','1995-12'),('8103','2669','拉萨','城关区','纳金乡','3650','纳金乡','否','','2012-04'),('7347','2558','拉萨','城关区','纳金乡','3650','纳金乡','否','','2005-07'),('8114','2554','拉萨','城关区','纳金乡','3650','纳金乡','否','','1994-07'),('7414','2565','拉萨','城关区','纳金乡','3650','纳金乡','否','','1996-07'),('7229','2579','拉萨','城关区','纳金乡','3650','纳金乡','否','0','1990-06'),('8110','2580','林芝','米林','米林','2950','米林','否','','2006-06'),('8112','2574','拉萨','城关区','纳金乡','3650','纳金乡','否','','2007-07'),('8279','2577','拉萨','城关区','纳金乡','3650','纳金乡','否','','1994-07'),('8280','2581','拉萨','城关区','纳金乡','3650','纳金乡','否','','2006-05'),('7241','2582','拉萨','城关区','纳金乡','3650','纳金乡','否','','2001-12'),('7242','2584','山南','错那','错那','4380','错那','否','','1999-12'),('8111','2580','拉萨','城关区','纳金乡','3650','纳金乡','否','','2010-06'),('7437','2611','拉萨','城关 ','纳金','3650','纳金','否','','1996-06'),('7419','2623','拉萨','城关区','纳金乡','3650','纳金乡','否','','1987-07'),('7439','2627','拉萨','城关区 ','纳金乡','3650','纳金乡','否','','1983-07'),('7420','2629','拉萨','城关区','纳金乡','3650','纳金乡','否','','1996-07'),('8284','2631','山南市','琼结县','琼结县','3950','3-3-1','否','197377','2006-12'),('8283','2631','日喀则市','岗巴县','岗巴县','4590','2-19-1','否','135937','2001-12'),('7409','2632','拉萨','城关区','纳金乡','3650','纳金乡','否','','2005-08'),('8108','2633','拉萨','城关区','纳金乡','3650','纳金乡','否','','2007-08'),('7411','2634','拉萨','城关区','纳金乡','3650','纳金乡','否','','2004-08'),('7431','2636','拉萨','城关区','纳金乡','3650','纳金乡','否','','1988-07'),('7343','2637','拉萨','城关区','纳金乡','3650','纳金乡','否','0','2001-07'),('8107','2638','拉萨','城关区','纳金乡','3650','纳金乡','否','','2010-07'),('8106','2638','昌都','江达','波罗乡','3395','波罗乡','是','','2007-07'),('7416','2639','拉萨','城关区','纳金乡','3650','纳金乡','否','','1988-07'),('7438','2640','拉萨','城关区','纳金乡','3650','纳金乡','否','','2000-07'),('7355','2641','拉萨','城关区','纳金乡','3650','纳金乡','否','0','2002-07'),('7412','2658','拉萨','城关区','纳金乡','3650','纳金乡','否','','2001-07'),('8100','2661','拉萨','城关区','纳金乡','3650','纳金乡','否','','2010-09'),('8099','2661','昌都','洛隆县 ','中亦乡','3900','中亦乡','是','','2007-07'),('7413','2664','拉萨','城关区','纳金乡','3650','纳金乡','否','','1991-07'),('7415','2665','拉萨','城关区','城关区','3650','纳金乡','否','','1991-11'),('8102','2669','山南','隆子县','隆子镇','3975','隆子镇','否','','2007-11'),('8101','2669','山南','隆子县','日当镇','4150','日当镇','是','','2006-07'),('7481','2670','拉萨','城关区','纳金乡','3650','纳金乡','否','0','1986-07'),('7501','2671','林芝','工布江达','朱拉乡','3660','朱拉乡','是','0','2000-07'),('7502','2671','林芝','林芝','八一','3020','八一','否','0','2004-11'),('7503','2671','拉萨','城关区','纳金乡','3650','纳金乡','否','0','2011-01'),('7504','2672','拉萨','城关区','纳金乡','3650','纳金乡','否','0','2010-07'),('7505','2673','拉萨','城关区','纳金乡','3650','纳金乡','否','0','1996-07'),('7507','2674','拉萨','城关区','纳金乡','3650','纳金乡','否','','1997-07'),('7508','2675','拉萨','城关区','纳金乡','3650','纳金乡','否','0','2003-07'),('7515','2680','拉萨','城关区','纳金乡','3650','纳金乡','否','0','1983-08'),('7518','2682','拉萨','城关区','纳金乡','3650','纳金乡','否','0','1999-07'),('7523','2685','拉萨','城关区','纳金乡','3650','纳金乡','否','0','1998-07'),('7524','2687','拉萨','城关区','纳金乡','3650','纳金乡','否','0','1996-07'),('7528','2691','拉萨','城关区','纳金乡','3650','纳金乡','否','0','1989-07'),('8098','2693','拉萨','城关区','纳金乡','3650','纳金乡','否','','2005-07'),('7629','2697','拉萨','城关区','纳金乡','3650','纳金乡','否','','2004-07'),('7538','2701','拉萨','城关区','纳金乡','3650','纳金乡','否','0','1986-07'),('8312','2703','拉萨','城关区','纳金乡','3650','纳金乡','否','','1988-07'),('7560','2713','拉萨','城关区','纳金乡','3650','纳金乡','是','0','2002-07'),('7561','2713','拉萨','城关区','纳金乡','3650','纳金乡','否','0','2007-07'),('7628','2730','拉萨','城关区','纳金乡','3650','纳金乡','否','','2007-07'),('7581','2733','拉萨','拉萨','纳金乡','3650','纳金乡','否','0','1984-07'),('7593','2736','拉萨','城关区','纳金乡','3650','纳金乡','否','0','1993-07'),('7605','2739','拉萨','城关区','纳金乡','3650','纳金乡','否','0','1989-08'),('7613','2741','拉萨','城关区','纳金乡','3650','纳金乡','否','0','1983-07'),('7617','2743','拉萨','城关区','纳金乡','3650','纳金乡','否','0','2011-07'),('7627','2746','拉萨','城关区','纳金乡','3650','纳金乡','否','0','2001-07'),('7632','2747','拉萨','城关区','纳金乡','3650','纳金乡','否','0','1987-07'),('7640','2750','拉萨','城关区','城关区','3650','纳金乡','否','0','1998-03'),('8679','2773','拉萨','城关区','纳金乡','3650','纳金乡','否','','1976-03'),('7735','2774','拉萨','城关区','纳金乡','3650','纳金乡','否','0','2011-03'),('8097','2775','拉萨','城关区','纳金乡','3650','纳金乡','否','','2010-08'),('7737','2776','拉萨','城关区','纳金乡','3650','纳金乡','否','0','1995-07'),('7738','2777','拉萨','城关区','纳金乡','3650','纳金乡','否','0','1992-07'),('7740','2779','拉萨','城关区','纳金乡','3650','纳金乡','否','0','1981-03'),('7744','2781','拉萨','城关区','纳金乡','3650','纳金乡','否','0','1998-07'),('7745','2782','拉萨','城关区','纳金乡','3650','纳金乡','否','0','2007-11'),('7746','2783','拉萨','城关区','纳金乡','3650','纳金乡','否','0','1991-07'),('7915','2784','拉萨','城关区','纳金乡','3650','纳金乡','否','','1997-08'),('7748','2785','那曲','聂荣县','聂荣乡','4733','聂荣乡','否','0','1998-08'),('7749','2785','拉萨','城关区','纳金乡','3650','纳金乡','否','0','1998-05'),('7750','2786','拉萨','城关区','纳金乡','3650','纳金乡','否','0','1999-07'),('7751','2787','拉萨','城关区','纳金乡','3650','纳金乡','否','0','1981-11'),('7752','2788','拉萨','城关区','纳金乡','3650','纳金乡','否','0','2007-08'),('7914','2784','那曲','比如','比如','4150','比如','否','','1988-03'),('8282','2794','拉萨','城关区','纳金乡','3650','纳金乡','否','','2000-12'),('7806','2795','拉萨','城关区','纳金乡','3650','纳金乡','否','0','2010-11'),('7807','2796','拉萨','城关区','纳金乡','3650','纳金乡','否','0','2009-02'),('7808','2797','拉萨','城关区','纳金乡','3650','纳金乡','否','0','2005-12'),('8680','2830','拉萨','城关区','纳金乡','3650','纳金乡','否','','1981-11'),('7870','2831','拉萨','城关区','纳金乡','3650','纳金乡','否','0','1998-12'),('7871','2832','拉萨','城关区','纳金乡','3650','纳金乡','否','0','1990-12'),('8657','2833','拉萨','城关区','纳金乡','3650','纳金乡','否','','1994-12'),('7873','2834','拉萨','城关区','纳金乡','3670','纳金乡','否','0','1992-12'),('7875','2836','拉萨','城关区','纳金乡','3650','纳金乡','否','0','1988-07'),('7883','2838','林芝','工布江达','工布江达','3360','工布江达','否','0','1994-07'),('7884','2838','林芝','工布江达','朱拉乡','3660','朱拉乡','是','0','2000-06'),('7885','2838','林芝','林芝','八一','3020','八一','否','0','2002-08'),('7886','2838','拉萨','城关区','纳金乡','3650','纳金乡','否','0','2011-06'),('7887','2839','拉萨','城关区','纳金乡','3650','纳金乡','否','0','2000-07'),('7896','2840','拉萨','城关区','纳金乡','3650','纳金乡','否','0','2005-07'),('7897','2841','拉萨','城关区','纳金乡','3650','纳金乡','否','0','2012-11'),('8085','2842','拉萨','城关区','纳金乡','3650','纳金乡','否','','2011-08'),('7901','2843','拉萨','城关区','纳金乡','3650','纳金乡','否','0','1996-12'),('8079','2844','拉萨','城关区','纳金乡','3650','纳金乡','否','','2015-09'),('8080','2845','拉萨','城关区','纳金乡','3650','纳金乡','否','','2015-09'),('8081','2846','拉萨','城关区','纳金乡','3650','纳金乡','否','','2015-09'),('8083','2847','拉萨','城关区','纳金乡','3650','纳金乡','否','','2015-09'),('8090','2848','拉萨','城关区','城关区','3650','纳金乡','否','','2015-12'),('8089','2848','林芝','工布江达','工布江达','3360','工布江达','否','','2013-11'),('8092','2849','拉萨','城关区','纳金乡','3650','纳金乡','否','','2015-12'),('8091','2849','山南','错那县','错那镇','4380','错那镇','否','','2011-11'),('8088','2848','林芝','工布江达','朱拉乡','3660','朱拉乡','是','','2011-08'),('8052','2875','拉萨','城关区','纳金乡','3650','纳金乡','否','0','2001-07'),('8054','2877','拉萨','城关区','纳金乡','3650','纳金乡','否','0','2002-07'),('8057','2878','拉萨','城关区','纳金乡','3650','纳金乡','否','0','2001-07'),('8058','2879','拉萨','城关区','纳金乡','3650','纳金乡','否','0','2006-12'),('8059','2880','拉萨','城关区','纳金乡','3650','纳金乡','否','0','2004-07'),('8060','2881','拉萨','城关区','纳金乡','3650','纳金乡','否','0','2002-07'),('8093','2882','日喀则','拉孜','拉孜','4050','拉孜','否','','2006-05'),('8063','2883','拉萨','城关区','纳金乡','3650','纳金乡','否','0','2004-07'),('8064','2884','拉萨','城关区','纳金乡','3650','纳金乡','否','0','1997-12'),('8065','2885','日喀则','聂拉木','樟木','2460','樟木','否','0','2006-05'),('8066','2885','拉萨','城关区','纳金乡','3650','纳金乡','否','0','2009-11'),('8096','2886','拉萨','城关区','纳金乡','3650','纳金乡','否','','2006-05'),('8069','2887','拉萨','纳金乡','纳金乡','3650','纳金乡','否','','1997-12'),('8070','2888','林芝','林芝','八一','3020','八一','否','0','2004-07'),('8071','2888','拉萨','城关区','纳金乡','3650','纳金乡','否','0','2011-06'),('9435','2889','拉萨','城关区','城关区','3650','纳金乡','纳金乡','','2002-07'),('8077','2892','拉萨','城关区','纳金乡','3650','纳金乡','否','0','1990-03'),('8094','2882','拉萨','城关区','纳金乡','3650','纳金乡','否','','2009-01'),('8118','2902','拉萨','城关区','纳金乡','3650','纳金乡','否','0','1982-09'),('8121','2905','拉萨','城关区','纳金乡','3650','纳金乡','否','0','1993-07'),('8130','2912','拉萨','城关区','纳金乡','3650','纳金乡','否','0','2001-07'),('8132','2914','拉萨','城关区','纳金乡','3650','纳金乡','否','0','1987-12'),('8134','2916','拉萨','城关区','纳金乡','3650','纳金乡','否','0','1998-12'),('8136','2918','拉萨','城关区','纳金乡','3650','纳金乡','否','0','2010-11'),('8139','2921','拉萨','城关区','纳金乡','3650','纳金乡','否','0','1995-07'),('8266','2924','拉萨市','拉萨市','拉萨市','3650','1-1-1','否','65793','2016-09'),('8686','3141','拉萨市','城关区','八廓街道办','3650','1-2-2','否','','2016-08'),('8685','3142','拉萨市','拉萨市','拉萨市','3650','1-1-1','否','','2016-08'),('8684','3143','拉萨市','拉萨市','拉萨市','3650','1-1-1','否','','2016-08');|